103.214.20.215 - - [06/Jul/2024:09:30:10 +0330] "GET /fa/pclv-75/ HTTP/2.0" 200 21949 "-" "Mozilla/5.0 (Windows NT 10.0; Win64; x64) AppleWebKit/537.36 (KHTML, like Gecko) Chrome/126.0.0.0 Safari/537.36"
103.214.20.215 - - [06/Jul/2024:09:30:14 +0330] "POST /mod_pagespeed_beacon?url=https%3A%2F%2Fsaffgroup.com%2Ffa%2Fpclv-75%2F HTTP/2.0" 204 - "https://saffgroup.com/fa/pclv-75/" "Mozilla/5.0 (Windows NT 10.0; Win64; x64) AppleWebKit/537.36 (KHTML, like Gecko) Chrome/126.0.0.0 Safari/537.36"
103.214.20.215 - - [06/Jul/2024:09:30:17 +0330] "GET /en/bandar-abbas-water-intake-project-sako-is-successfully-completed/ HTTP/2.0" 200 20938 "-" "Mozilla/5.0 (Windows NT 10.0; Win64; x64) AppleWebKit/537.36 (KHTML, like Gecko) Chrome/126.0.0.0 Safari/537.36"
103.214.20.215 - - [06/Jul/2024:09:30:20 +0330] "POST /mod_pagespeed_beacon?url=https%3A%2F%2Fsaffgroup.com%2Fen%2Fbandar-abbas-water-intake-project-sako-is-successfully-completed%2F HTTP/2.0" 204 - "https://saffgroup.com/en/bandar-abbas-water-intake-project-sako-is-successfully-completed/" "Mozilla/5.0 (Windows NT 10.0; Win64; x64) AppleWebKit/537.36 (KHTML, like Gecko) Chrome/126.0.0.0 Safari/537.36"
103.214.20.215 - - [06/Jul/2024:09:30:21 +0330] "GET /en/communication-with-the-ceo/ HTTP/2.0" 200 20268 "-" "Mozilla/5.0 (Windows NT 10.0; Win64; x64) AppleWebKit/537.36 (KHTML, like Gecko) Chrome/126.0.0.0 Safari/537.36"
103.214.20.215 - - [06/Jul/2024:09:30:23 +0330] "POST /mod_pagespeed_beacon?url=https%3A%2F%2Fsaffgroup.com%2Fen%2Fcommunication-with-the-ceo%2F HTTP/2.0" 204 - "https://saffgroup.com/en/communication-with-the-ceo/" "Mozilla/5.0 (Windows NT 10.0; Win64; x64) AppleWebKit/537.36 (KHTML, like Gecko) Chrome/126.0.0.0 Safari/537.36"
103.214.20.215 - - [06/Jul/2024:09:30:24 +0330] "GET /en/south-pars-oil-layer/ HTTP/2.0" 200 20359 "-" "Mozilla/5.0 (Windows NT 10.0; Win64; x64) AppleWebKit/537.36 (KHTML, like Gecko) Chrome/126.0.0.0 Safari/537.36"
103.214.20.215 - - [06/Jul/2024:09:30:26 +0330] "POST /mod_pagespeed_beacon?url=https%3A%2F%2Fsaffgroup.com%2Fen%2Fsouth-pars-oil-layer%2F HTTP/2.0" 204 - "https://saffgroup.com/en/south-pars-oil-layer/" "Mozilla/5.0 (Windows NT 10.0; Win64; x64) AppleWebKit/537.36 (KHTML, like Gecko) Chrome/126.0.0.0 Safari/537.36"
103.214.20.215 - - [06/Jul/2024:09:30:28 +0330] "GET /fa/category/projects/ HTTP/2.0" 200 18503 "-" "Mozilla/5.0 (Windows NT 10.0; Win64; x64) AppleWebKit/537.36 (KHTML, like Gecko) Chrome/126.0.0.0 Safari/537.36"
103.214.20.215 - - [06/Jul/2024:09:30:30 +0330] "POST /mod_pagespeed_beacon?url=https%3A%2F%2Fsaffgroup.com%2Ffa%2Fcategory%2Fprojects%2F HTTP/2.0" 204 - "https://saffgroup.com/fa/category/projects/" "Mozilla/5.0 (Windows NT 10.0; Win64; x64) AppleWebKit/537.36 (KHTML, like Gecko) Chrome/126.0.0.0 Safari/537.36"
103.214.20.215 - - [06/Jul/2024:09:30:34 +0330] "GET /en/sako-desalination/b HTTP/2.0" 301 20 "-" "Mozilla/5.0 (Windows NT 10.0; Win64; x64) AppleWebKit/537.36 (KHTML, like Gecko) Chrome/126.0.0.0 Safari/537.36"
103.214.20.215 - - [06/Jul/2024:09:30:35 +0330] "GET /en/bandar-abbas-refinery-offshore-pipeline/ HTTP/2.0" 200 18274 "-" "Mozilla/5.0 (Windows NT 10.0; Win64; x64) AppleWebKit/537.36 (KHTML, like Gecko) Chrome/126.0.0.0 Safari/537.36"
103.214.20.215 - - [06/Jul/2024:09:30:37 +0330] "GET /fa/salman-tripod-renovation/ HTTP/2.0" 200 21251 "-" "Mozilla/5.0 (Windows NT 10.0; Win64; x64) AppleWebKit/537.36 (KHTML, like Gecko) Chrome/126.0.0.0 Safari/537.36"
103.214.20.215 - - [06/Jul/2024:09:30:40 +0330] "POST /mod_pagespeed_beacon?url=https%3A%2F%2Fsaffgroup.com%2Ffa%2Fsalman-tripod-renovation%2F HTTP/2.0" 204 - "https://saffgroup.com/fa/salman-tripod-renovation/" "Mozilla/5.0 (Windows NT 10.0; Win64; x64) AppleWebKit/537.36 (KHTML, like Gecko) Chrome/126.0.0.0 Safari/537.36"
103.214.20.215 - - [06/Jul/2024:09:30:43 +0330] "GET /fa/ HTTP/2.0" 200 32120 "-" "Mozilla/5.0 (Windows NT 10.0; Win64; x64) AppleWebKit/537.36 (KHTML, like Gecko) Chrome/126.0.0.0 Safari/537.36"
103.214.20.215 - - [06/Jul/2024:09:30:45 +0330] "GET /fa/epc-package-for-two-asd-tug-boats/ HTTP/2.0" 200 21662 "-" "Mozilla/5.0 (Windows NT 10.0; Win64; x64) AppleWebKit/537.36 (KHTML, like Gecko) Chrome/126.0.0.0 Safari/537.36"
103.214.20.215 - - [06/Jul/2024:09:30:48 +0330] "POST /mod_pagespeed_beacon?url=https%3A%2F%2Fsaffgroup.com%2Ffa%2Fepc-package-for-two-asd-tug-boats%2F HTTP/2.0" 204 - "https://saffgroup.com/fa/epc-package-for-two-asd-tug-boats/" "Mozilla/5.0 (Windows NT 10.0; Win64; x64) AppleWebKit/537.36 (KHTML, like Gecko) Chrome/126.0.0.0 Safari/537.36"
46.148.35.242 - - [06/Jul/2024:09:30:50 +0330] "POST /cpsess1500353364/3rdparty/roundcube/index.php?_task=mail&_action=refresh HTTP/2.0" 200 55 "https://webmail.saffgroup.com/cpsess1500353364/3rdparty/roundcube/index.php?_task=mail&_caps=pdf%3D1%2Cflash%3D0%2Ctiff%3D0%2Cwebp%3D1%2Cpgpmime%3D0&_uid=564&_mbox=INBOX&_action=show" "Mozilla/5.0 (Windows NT 6.1; Win64; x64; rv:109.0) Gecko/20100101 Firefox/115.0"
103.214.20.215 - - [06/Jul/2024:09:30:52 +0330] "GET /fa/south-pars-oil-layer-inauguration/ HTTP/2.0" 200 22137 "-" "Mozilla/5.0 (Windows NT 10.0; Win64; x64) AppleWebKit/537.36 (KHTML, like Gecko) Chrome/126.0.0.0 Safari/537.36"
103.214.20.215 - - [06/Jul/2024:09:30:54 +0330] "POST /mod_pagespeed_beacon?url=https%3A%2F%2Fsaffgroup.com%2Ffa%2Fsouth-pars-oil-layer-inauguration%2F HTTP/2.0" 204 - "https://saffgroup.com/fa/south-pars-oil-layer-inauguration/" "Mozilla/5.0 (Windows NT 10.0; Win64; x64) AppleWebKit/537.36 (KHTML, like Gecko) Chrome/126.0.0.0 Safari/537.36"
103.214.20.215 - - [06/Jul/2024:09:30:57 +0330] "GET /en/sadaf-3000/ HTTP/2.0" 200 20900 "-" "Mozilla/5.0 (Windows NT 10.0; Win64; x64) AppleWebKit/537.36 (KHTML, like Gecko) Chrome/126.0.0.0 Safari/537.36"
103.214.20.215 - - [06/Jul/2024:09:31:00 +0330] "POST /mod_pagespeed_beacon?url=https%3A%2F%2Fsaffgroup.com%2Fen%2Fsadaf-3000%2F HTTP/2.0" 204 - "https://saffgroup.com/en/sadaf-3000/" "Mozilla/5.0 (Windows NT 10.0; Win64; x64) AppleWebKit/537.36 (KHTML, like Gecko) Chrome/126.0.0.0 Safari/537.36"
103.214.20.215 - - [06/Jul/2024:09:31:01 +0330] "GET /fa/8217-2/ HTTP/2.0" 200 21732 "-" "Mozilla/5.0 (Windows NT 10.0; Win64; x64) AppleWebKit/537.36 (KHTML, like Gecko) Chrome/126.0.0.0 Safari/537.36"
103.214.20.215 - - [06/Jul/2024:09:31:03 +0330] "POST /mod_pagespeed_beacon?url=https%3A%2F%2Fsaffgroup.com%2Ffa%2F8217-2%2F HTTP/2.0" 204 - "https://saffgroup.com/fa/8217-2/" "Mozilla/5.0 (Windows NT 10.0; Win64; x64) AppleWebKit/537.36 (KHTML, like Gecko) Chrome/126.0.0.0 Safari/537.36"
103.214.20.215 - - [06/Jul/2024:09:31:06 +0330] "GET /en/ofogh-2-saff-9000/ HTTP/2.0" 200 20985 "-" "Mozilla/5.0 (Windows NT 10.0; Win64; x64) AppleWebKit/537.36 (KHTML, like Gecko) Chrome/126.0.0.0 Safari/537.36"
103.214.20.215 - - [06/Jul/2024:09:31:08 +0330] "POST /mod_pagespeed_beacon?url=https%3A%2F%2Fsaffgroup.com%2Fen%2Fofogh-2-saff-9000%2F HTTP/2.0" 204 - "https://saffgroup.com/en/ofogh-2-saff-9000/" "Mozilla/5.0 (Windows NT 10.0; Win64; x64) AppleWebKit/537.36 (KHTML, like Gecko) Chrome/126.0.0.0 Safari/537.36"
103.214.20.215 - - [06/Jul/2024:09:31:09 +0330] "GET /en/ofogh-1saff-400/ HTTP/2.0" 200 20810 "-" "Mozilla/5.0 (Windows NT 10.0; Win64; x64) AppleWebKit/537.36 (KHTML, like Gecko) Chrome/126.0.0.0 Safari/537.36"
103.214.20.215 - - [06/Jul/2024:09:31:11 +0330] "POST /mod_pagespeed_beacon?url=https%3A%2F%2Fsaffgroup.com%2Fen%2Fofogh-1saff-400%2F HTTP/2.0" 204 - "https://saffgroup.com/en/ofogh-1saff-400/" "Mozilla/5.0 (Windows NT 10.0; Win64; x64) AppleWebKit/537.36 (KHTML, like Gecko) Chrome/126.0.0.0 Safari/537.36"
103.214.20.215 - - [06/Jul/2024:09:31:13 +0330] "GET /en/ngl-kharg/b HTTP/2.0" 301 20 "-" "Mozilla/5.0 (Windows NT 10.0; Win64; x64) AppleWebKit/537.36 (KHTML, like Gecko) Chrome/126.0.0.0 Safari/537.36"
103.214.20.215 - - [06/Jul/2024:09:31:14 +0330] "GET /en/bandar-abbas-refinery-offshore-pipeline/ HTTP/2.0" 200 18274 "-" "Mozilla/5.0 (Windows NT 10.0; Win64; x64) AppleWebKit/537.36 (KHTML, like Gecko) Chrome/126.0.0.0 Safari/537.36"
103.214.20.215 - - [06/Jul/2024:09:31:16 +0330] "GET /en/ofogh-2-saff-9000/b HTTP/2.0" 301 20 "-" "Mozilla/5.0 (Windows NT 10.0; Win64; x64) AppleWebKit/537.36 (KHTML, like Gecko) Chrome/126.0.0.0 Safari/537.36"
103.214.20.215 - - [06/Jul/2024:09:31:18 +0330] "GET /en/bandar-abbas-refinery-offshore-pipeline/ HTTP/2.0" 200 18274 "-" "Mozilla/5.0 (Windows NT 10.0; Win64; x64) AppleWebKit/537.36 (KHTML, like Gecko) Chrome/126.0.0.0 Safari/537.36"
103.214.20.215 - - [06/Jul/2024:09:31:20 +0330] "GET /fa/salman-offshore-facilities/ HTTP/2.0" 200 21478 "-" "Mozilla/5.0 (Windows NT 10.0; Win64; x64) AppleWebKit/537.36 (KHTML, like Gecko) Chrome/126.0.0.0 Safari/537.36"
103.214.20.215 - - [06/Jul/2024:09:31:22 +0330] "POST /mod_pagespeed_beacon?url=https%3A%2F%2Fsaffgroup.com%2Ffa%2Fsalman-offshore-facilities%2F HTTP/2.0" 204 - "https://saffgroup.com/fa/salman-offshore-facilities/" "Mozilla/5.0 (Windows NT 10.0; Win64; x64) AppleWebKit/537.36 (KHTML, like Gecko) Chrome/126.0.0.0 Safari/537.36"
46.148.35.242 - - [06/Jul/2024:09:31:50 +0330] "POST /cpsess1500353364/3rdparty/roundcube/index.php?_task=mail&_action=refresh HTTP/2.0" 200 57 "https://webmail.saffgroup.com/cpsess1500353364/3rdparty/roundcube/index.php?_task=mail&_caps=pdf%3D1%2Cflash%3D0%2Ctiff%3D0%2Cwebp%3D1%2Cpgpmime%3D0&_uid=564&_mbox=INBOX&_action=show" "Mozilla/5.0 (Windows NT 6.1; Win64; x64; rv:109.0) Gecko/20100101 Firefox/115.0"
46.148.35.242 - - [06/Jul/2024:09:32:50 +0330] "POST /cpsess1500353364/3rdparty/roundcube/index.php?_task=mail&_action=refresh HTTP/2.0" 200 57 "https://webmail.saffgroup.com/cpsess1500353364/3rdparty/roundcube/index.php?_task=mail&_caps=pdf%3D1%2Cflash%3D0%2Ctiff%3D0%2Cwebp%3D1%2Cpgpmime%3D0&_uid=564&_mbox=INBOX&_action=show" "Mozilla/5.0 (Windows NT 6.1; Win64; x64; rv:109.0) Gecko/20100101 Firefox/115.0"
46.148.35.242 - - [06/Jul/2024:09:33:51 +0330] "POST /cpsess1500353364/3rdparty/roundcube/index.php?_task=mail&_action=refresh HTTP/2.0" 200 58 "https://webmail.saffgroup.com/cpsess1500353364/3rdparty/roundcube/index.php?_task=mail&_caps=pdf%3D1%2Cflash%3D0%2Ctiff%3D0%2Cwebp%3D1%2Cpgpmime%3D0&_uid=564&_mbox=INBOX&_action=show" "Mozilla/5.0 (Windows NT 6.1; Win64; x64; rv:109.0) Gecko/20100101 Firefox/115.0"
46.148.35.242 - - [06/Jul/2024:09:34:51 +0330] "POST /cpsess1500353364/3rdparty/roundcube/index.php?_task=mail&_action=refresh HTTP/2.0" 200 58 "https://webmail.saffgroup.com/cpsess1500353364/3rdparty/roundcube/index.php?_task=mail&_caps=pdf%3D1%2Cflash%3D0%2Ctiff%3D0%2Cwebp%3D1%2Cpgpmime%3D0&_uid=564&_mbox=INBOX&_action=show" "Mozilla/5.0 (Windows NT 6.1; Win64; x64; rv:109.0) Gecko/20100101 Firefox/115.0"
46.148.35.242 - - [06/Jul/2024:09:35:51 +0330] "POST /cpsess1500353364/3rdparty/roundcube/index.php?_task=mail&_action=refresh HTTP/2.0" 200 58 "https://webmail.saffgroup.com/cpsess1500353364/3rdparty/roundcube/index.php?_task=mail&_caps=pdf%3D1%2Cflash%3D0%2Ctiff%3D0%2Cwebp%3D1%2Cpgpmime%3D0&_uid=564&_mbox=INBOX&_action=show" "Mozilla/5.0 (Windows NT 6.1; Win64; x64; rv:109.0) Gecko/20100101 Firefox/115.0"
66.249.66.207 - - [06/Jul/2024:09:36:02 +0330] "GET /fa/wp-content/uploads/2014/10/ipad-iphone-90x59.png HTTP/1.1" 200 7015 "-" "Googlebot-Image/1.0"
65.49.20.69 - - [06/Jul/2024:09:36:11 +0330] "GET /favicon.ico HTTP/1.1" 404 - "-" "Mozilla/5.0 (Macintosh; Intel Mac OS X 10_15_7) AppleWebKit/537.36 (KHTML, like Gecko) Chrome/123.0.0.0 Safari/537.36"
46.148.35.242 - - [06/Jul/2024:09:36:52 +0330] "POST /cpsess1500353364/3rdparty/roundcube/index.php?_task=mail&_action=refresh HTTP/2.0" 200 58 "https://webmail.saffgroup.com/cpsess1500353364/3rdparty/roundcube/index.php?_task=mail&_caps=pdf%3D1%2Cflash%3D0%2Ctiff%3D0%2Cwebp%3D1%2Cpgpmime%3D0&_uid=564&_mbox=INBOX&_action=show" "Mozilla/5.0 (Windows NT 6.1; Win64; x64; rv:109.0) Gecko/20100101 Firefox/115.0"
46.148.35.242 - - [06/Jul/2024:09:37:52 +0330] "POST /cpsess1500353364/3rdparty/roundcube/index.php?_task=mail&_action=refresh HTTP/2.0" 200 58 "https://webmail.saffgroup.com/cpsess1500353364/3rdparty/roundcube/index.php?_task=mail&_caps=pdf%3D1%2Cflash%3D0%2Ctiff%3D0%2Cwebp%3D1%2Cpgpmime%3D0&_uid=564&_mbox=INBOX&_action=show" "Mozilla/5.0 (Windows NT 6.1; Win64; x64; rv:109.0) Gecko/20100101 Firefox/115.0"
65.49.20.69 - - [06/Jul/2024:09:38:27 +0330] "GET / HTTP/1.1" 200 11183 "-" "Mozilla/5.0 (X11; Linux x86_64; rv:107.0) Gecko/20100101 Firefox/107.0"
46.148.35.242 - - [06/Jul/2024:09:38:53 +0330] "POST /cpsess1500353364/3rdparty/roundcube/index.php?_task=mail&_action=refresh HTTP/2.0" 200 58 "https://webmail.saffgroup.com/cpsess1500353364/3rdparty/roundcube/index.php?_task=mail&_caps=pdf%3D1%2Cflash%3D0%2Ctiff%3D0%2Cwebp%3D1%2Cpgpmime%3D0&_uid=564&_mbox=INBOX&_action=show" "Mozilla/5.0 (Windows NT 6.1; Win64; x64; rv:109.0) Gecko/20100101 Firefox/115.0"
79.132.193.205 - - [06/Jul/2024:09:39:04 +0330] "POST /fa/wp-cron.php?doing_wp_cron=1720246144.4159328937530517578125 HTTP/1.1" 200 1 "https://saffgroup.com/fa/wp-cron.php?doing_wp_cron=1720246144.4159328937530517578125" "WordPress/5.9.3; https://saffgroup.com/fa"
217.76.60.63 - - [06/Jul/2024:09:39:03 +0330] "GET /fa/%D8%A8%D8%A7%D8%B2%D8%AF%DB%8C%D8%AF-%D8%B1%D8%A6%DB%8C%D8%B3-%D9%87%DB%8C%D8%A6%D8%AA-%D9%85%D8%AF%DB%8C%D8%B1%D9%87-%D9%88-%D9%85%D8%AF%DB%8C%D8%B1%D8%A7%D9%86-%D8%A7%D8%B1%D8%B4%D8%AF-%D8%B4%D8%B1/reactorsaz-4/feed/ HTTP/1.1" 200 587 "-" "Mozilla/5.0 (compatible; MJ12bot/v1.4.8; http://mj12bot.com/)"
46.148.35.242 - - [06/Jul/2024:09:39:53 +0330] "POST /cpsess1500353364/3rdparty/roundcube/index.php?_task=mail&_action=refresh HTTP/2.0" 200 58 "https://webmail.saffgroup.com/cpsess1500353364/3rdparty/roundcube/index.php?_task=mail&_caps=pdf%3D1%2Cflash%3D0%2Ctiff%3D0%2Cwebp%3D1%2Cpgpmime%3D0&_uid=564&_mbox=INBOX&_action=show" "Mozilla/5.0 (Windows NT 6.1; Win64; x64; rv:109.0) Gecko/20100101 Firefox/115.0"
79.132.193.205 - - [06/Jul/2024:09:40:02 +0330] "POST /fa/wp-cron.php?doing_wp_cron=1720246202.8902320861816406250000 HTTP/1.1" 200 1 "https://saffgroup.com/fa/wp-cron.php?doing_wp_cron=1720246202.8902320861816406250000" "WordPress/5.9.3; https://saffgroup.com/fa"
217.76.60.63 - - [06/Jul/2024:09:40:02 +0330] "GET /fa/%D8%A8%D8%A7%D8%B2%D8%AF%DB%8C%D8%AF-%D8%B1%D8%A6%DB%8C%D8%B3-%D9%87%DB%8C%D8%A6%D8%AA-%D9%85%D8%AF%DB%8C%D8%B1%D9%87-%D9%88-%D9%85%D8%AF%DB%8C%D8%B1%D8%A7%D9%86-%D8%A7%D8%B1%D8%B4%D8%AF-%D8%B4-2/ HTTP/1.1" 200 20029 "-" "Mozilla/5.0 (compatible; MJ12bot/v1.4.8; http://mj12bot.com/)"
91.92.249.227 - - [06/Jul/2024:09:40:53 +0330] "GET /.env HTTP/1.1" 404 - "-" "Mozilla/5.0 (Linux; Android 9; SM-G955U) AppleWebKit/537.36 (KHTML, like Gecko) Chrome/76.0.3809.111 Mobile Safari/537.36"
46.148.35.242 - - [06/Jul/2024:09:40:53 +0330] "POST /cpsess1500353364/3rdparty/roundcube/index.php?_task=mail&_action=refresh HTTP/2.0" 200 58 "https://webmail.saffgroup.com/cpsess1500353364/3rdparty/roundcube/index.php?_task=mail&_caps=pdf%3D1%2Cflash%3D0%2Ctiff%3D0%2Cwebp%3D1%2Cpgpmime%3D0&_uid=564&_mbox=INBOX&_action=show" "Mozilla/5.0 (Windows NT 6.1; Win64; x64; rv:109.0) Gecko/20100101 Firefox/115.0"
52.70.240.171 - - [06/Jul/2024:09:40:53 +0330] "GET /robots.txt HTTP/1.1" 200 122 "-" "Mozilla/5.0 (Macintosh; Intel Mac OS X 10_10_1) AppleWebKit/600.2.5 (KHTML, like Gecko) Version/8.0.2 Safari/600.2.5 (Amazonbot/0.1; +https://developer.amazon.com/support/amazonbot)"
217.76.60.63 - - [06/Jul/2024:09:40:53 +0330] "GET /robots.txt HTTP/1.1" 200 122 "-" "Mozilla/5.0 (compatible; MJ12bot/v1.4.8; http://mj12bot.com/)"
52.70.240.171 - - [06/Jul/2024:09:40:54 +0330] "GET /fa/%D8%A8%D8%A7%D8%B2%D8%AF%DB%8C%D8%AF-%D9%85%D8%AF%DB%8C%D8%B1%D8%B9%D8%A7%D9%85%D9%84-%D8%B4%D8%B1%DA%A9%D8%AA-%D9%86%D9%81%D8%AA-%D9%81%D9%84%D8%A7%D8%AA-%D9%82%D8%A7%D8%B1%D9%87-%D8%A7%DB%8C%D8%B1/ HTTP/1.1" 200 22821 "-" "Mozilla/5.0 (Macintosh; Intel Mac OS X 10_10_1) AppleWebKit/600.2.5 (KHTML, like Gecko) Version/8.0.2 Safari/600.2.5 (Amazonbot/0.1; +https://developer.amazon.com/support/amazonbot)"
23.22.35.162 - - [06/Jul/2024:09:41:01 +0330] "GET /fa/wp-content/plugins/captcha-code-authentication/captcha_code_file.php?rand=234460690 HTTP/1.1" 200 2921 "-" "Mozilla/5.0 (Macintosh; Intel Mac OS X 10_10_1) AppleWebKit/600.2.5 (KHTML, like Gecko) Version/8.0.2 Safari/600.2.5 (Amazonbot/0.1; +https://developer.amazon.com/support/amazonbot)"
23.22.35.162 - - [06/Jul/2024:09:41:49 +0330] "GET /fa/ HTTP/1.1" 200 38657 "-" "Mozilla/5.0 (Macintosh; Intel Mac OS X 10_10_1) AppleWebKit/600.2.5 (KHTML, like Gecko) Version/8.0.2 Safari/600.2.5 (Amazonbot/0.1; +https://developer.amazon.com/support/amazonbot)"
46.148.35.242 - - [06/Jul/2024:09:41:53 +0330] "POST /cpsess1500353364/3rdparty/roundcube/index.php?_task=mail&_action=refresh HTTP/2.0" 200 58 "https://webmail.saffgroup.com/cpsess1500353364/3rdparty/roundcube/index.php?_task=mail&_caps=pdf%3D1%2Cflash%3D0%2Ctiff%3D0%2Cwebp%3D1%2Cpgpmime%3D0&_uid=564&_mbox=INBOX&_action=show" "Mozilla/5.0 (Windows NT 6.1; Win64; x64; rv:109.0) Gecko/20100101 Firefox/115.0"
217.76.60.63 - - [06/Jul/2024:09:42:03 +0330] "GET /fa/%D8%A8%D8%A7%D8%B2%D8%AF%DB%8C%D8%AF-%D8%B1%D8%A6%DB%8C%D8%B3-%D9%87%DB%8C%D8%A6%D8%AA-%D9%85%D8%AF%DB%8C%D8%B1%D9%87-%D9%88-%D9%85%D8%AF%DB%8C%D8%B1%D8%A7%D9%86-%D8%A7%D8%B1%D8%B4%D8%AF-%D8%B4-2/feed/ HTTP/1.1" 200 695 "-" "Mozilla/5.0 (compatible; MJ12bot/v1.4.8; http://mj12bot.com/)"
65.49.20.69 - - [06/Jul/2024:09:42:40 +0330] "GET /geoserver/web/ HTTP/1.1" 404 - "-" "Mozilla/5.0 (Macintosh; Intel Mac OS X 10_15_7) AppleWebKit/605.1.15 (KHTML, like Gecko) Version/17.4 Safari/605.1.15"
46.148.35.242 - - [06/Jul/2024:09:42:54 +0330] "POST /cpsess1500353364/3rdparty/roundcube/index.php?_task=mail&_action=refresh HTTP/2.0" 200 58 "https://webmail.saffgroup.com/cpsess1500353364/3rdparty/roundcube/index.php?_task=mail&_caps=pdf%3D1%2Cflash%3D0%2Ctiff%3D0%2Cwebp%3D1%2Cpgpmime%3D0&_uid=564&_mbox=INBOX&_action=show" "Mozilla/5.0 (Windows NT 6.1; Win64; x64; rv:109.0) Gecko/20100101 Firefox/115.0"
217.76.60.63 - - [06/Jul/2024:09:43:38 +0330] "GET /fa/%D8%A8%D8%A7%D8%B2%D8%AF%DB%8C%D8%AF-%D8%B1%D8%A6%DB%8C%D8%B3-%D9%87%DB%8C%D8%A6%D8%AA-%D9%85%D8%AF%DB%8C%D8%B1%D9%87-%D9%88-%D9%85%D8%AF%DB%8C%D8%B1%D8%A7%D9%86-%D8%A7%D8%B1%D8%B4%D8%AF-%D8%B4-2/ngl-1/feed/ HTTP/1.1" 200 579 "-" "Mozilla/5.0 (compatible; MJ12bot/v1.4.8; http://mj12bot.com/)"
46.148.35.242 - - [06/Jul/2024:09:43:56 +0330] "POST /cpsess1500353364/3rdparty/roundcube/index.php?_task=mail&_action=refresh HTTP/2.0" 200 58 "https://webmail.saffgroup.com/cpsess1500353364/3rdparty/roundcube/index.php?_task=mail&_caps=pdf%3D1%2Cflash%3D0%2Ctiff%3D0%2Cwebp%3D1%2Cpgpmime%3D0&_uid=564&_mbox=INBOX&_action=show" "Mozilla/5.0 (Windows NT 6.1; Win64; x64; rv:109.0) Gecko/20100101 Firefox/115.0"
79.132.193.205 - - [06/Jul/2024:09:44:29 +0330] "POST /fa/wp-cron.php?doing_wp_cron=1720246469.9740669727325439453125 HTTP/1.1" 200 1 "https://saffgroup.com/fa/wp-cron.php?doing_wp_cron=1720246469.9740669727325439453125" "WordPress/5.9.3; https://saffgroup.com/fa"
82.99.227.18 - - [06/Jul/2024:09:44:29 +0330] "GET /fa/saff-group/ HTTP/2.0" 200 22737 "https://www.google.com/" "Mozilla/5.0 (Windows NT 10.0; Win64; x64) AppleWebKit/537.36 (KHTML, like Gecko) Chrome/126.0.0.0 Safari/537.36"
82.99.227.18 - - [06/Jul/2024:09:44:30 +0330] "GET /fa/wp-content/themes/Zephyr/fonts/fonts/fonts.css?ver=5.9.3 HTTP/2.0" 200 1380 "https://saffgroup.com/fa/saff-group/" "Mozilla/5.0 (Windows NT 10.0; Win64; x64) AppleWebKit/537.36 (KHTML, like Gecko) Chrome/126.0.0.0 Safari/537.36"
82.99.227.18 - - [06/Jul/2024:09:44:30 +0330] "GET /fa/wp-content/plugins/revslider/revslider-fonts/fonts.css?ver=5.9.3 HTTP/2.0" 200 1380 "https://saffgroup.com/fa/saff-group/" "Mozilla/5.0 (Windows NT 10.0; Win64; x64) AppleWebKit/537.36 (KHTML, like Gecko) Chrome/126.0.0.0 Safari/537.36"
82.99.227.18 - - [06/Jul/2024:09:44:30 +0330] "GET /fa/wp-content/themes/Zephyr/common/css/base/ripple.css?ver=8.5.1 HTTP/2.0" 200 391 "https://saffgroup.com/fa/saff-group/" "Mozilla/5.0 (Windows NT 10.0; Win64; x64) AppleWebKit/537.36 (KHTML, like Gecko) Chrome/126.0.0.0 Safari/537.36"
82.99.227.18 - - [06/Jul/2024:09:44:30 +0330] "GET /fa/wp-content/plugins/newsletter/style.css?ver=7.4.3 HTTP/2.0" 200 1190 "https://saffgroup.com/fa/saff-group/" "Mozilla/5.0 (Windows NT 10.0; Win64; x64) AppleWebKit/537.36 (KHTML, like Gecko) Chrome/126.0.0.0 Safari/537.36"
82.99.227.18 - - [06/Jul/2024:09:44:30 +0330] "GET /fa/wp-content/themes/Zephyr/common/css/rtl.min.css?ver=8.5.1 HTTP/2.0" 200 3818 "https://saffgroup.com/fa/saff-group/" "Mozilla/5.0 (Windows NT 10.0; Win64; x64) AppleWebKit/537.36 (KHTML, like Gecko) Chrome/126.0.0.0 Safari/537.36"
82.99.227.18 - - [06/Jul/2024:09:44:30 +0330] "GET /fa/wp-content/plugins/js_composer/assets/css/js_composer.min.css?ver=6.7.0 HTTP/2.0" 200 41040 "https://saffgroup.com/fa/saff-group/" "Mozilla/5.0 (Windows NT 10.0; Win64; x64) AppleWebKit/537.36 (KHTML, like Gecko) Chrome/126.0.0.0 Safari/537.36"
82.99.227.18 - - [06/Jul/2024:09:44:30 +0330] "GET /fa/wp-content/themes/Zephyr/css/style.min.css?ver=8.5.1 HTTP/2.0" 200 58077 "https://saffgroup.com/fa/saff-group/" "Mozilla/5.0 (Windows NT 10.0; Win64; x64) AppleWebKit/537.36 (KHTML, like Gecko) Chrome/126.0.0.0 Safari/537.36"
82.99.227.18 - - [06/Jul/2024:09:44:30 +0330] "GET /fa/wp-content/themes/Zephyr-child/style.css?ver=8.5.1 HTTP/2.0" 200 123 "https://saffgroup.com/fa/saff-group/" "Mozilla/5.0 (Windows NT 10.0; Win64; x64) AppleWebKit/537.36 (KHTML, like Gecko) Chrome/126.0.0.0 Safari/537.36"
82.99.227.18 - - [06/Jul/2024:09:44:30 +0330] "GET /fa/wp-content/themes/Zephyr/common/js/base/ripple.min.js?ver=8.5.1 HTTP/2.0" 200 764 "https://saffgroup.com/fa/saff-group/" "Mozilla/5.0 (Windows NT 10.0; Win64; x64) AppleWebKit/537.36 (KHTML, like Gecko) Chrome/126.0.0.0 Safari/537.36"
82.99.227.18 - - [06/Jul/2024:09:44:30 +0330] "GET /fa/wp-content/uploads/smile_fonts/Defaults/Defaults.css?ver=3.19.11 HTTP/2.0" 200 4455 "https://saffgroup.com/fa/saff-group/" "Mozilla/5.0 (Windows NT 10.0; Win64; x64) AppleWebKit/537.36 (KHTML, like Gecko) Chrome/126.0.0.0 Safari/537.36"
82.99.227.18 - - [06/Jul/2024:09:44:30 +0330] "GET /fa/wp-content/plugins/revslider/public/assets/css/rs6.css?ver=6.5.15 HTTP/2.0" 200 11778 "https://saffgroup.com/fa/saff-group/" "Mozilla/5.0 (Windows NT 10.0; Win64; x64) AppleWebKit/537.36 (KHTML, like Gecko) Chrome/126.0.0.0 Safari/537.36"
82.99.227.18 - - [06/Jul/2024:09:44:30 +0330] "GET /fa/wp-includes/js/jquery/jquery.min.js?ver=3.6.0 HTTP/2.0" 200 30310 "https://saffgroup.com/fa/saff-group/" "Mozilla/5.0 (Windows NT 10.0; Win64; x64) AppleWebKit/537.36 (KHTML, like Gecko) Chrome/126.0.0.0 Safari/537.36"
82.99.227.18 - - [06/Jul/2024:09:44:30 +0330] "GET /fa/wp-content/themes/Zephyr/js/us.core.min.js?ver=8.5.1 HTTP/2.0" 200 40612 "https://saffgroup.com/fa/saff-group/" "Mozilla/5.0 (Windows NT 10.0; Win64; x64) AppleWebKit/537.36 (KHTML, like Gecko) Chrome/126.0.0.0 Safari/537.36"
82.99.227.18 - - [06/Jul/2024:09:44:31 +0330] "GET /fa/wp-includes/js/wp-emoji-release.min.js?ver=5.9.3 HTTP/2.0" 200 4542 "https://saffgroup.com/fa/saff-group/" "Mozilla/5.0 (Windows NT 10.0; Win64; x64) AppleWebKit/537.36 (KHTML, like Gecko) Chrome/126.0.0.0 Safari/537.36"
82.99.227.18 - - [06/Jul/2024:09:44:31 +0330] "GET /fa/wp-content/plugins/revslider/public/assets/js/rbtools.min.js?ver=6.5.15 HTTP/2.0" 200 47240 "https://saffgroup.com/fa/saff-group/" "Mozilla/5.0 (Windows NT 10.0; Win64; x64) AppleWebKit/537.36 (KHTML, like Gecko) Chrome/126.0.0.0 Safari/537.36"
82.99.227.18 - - [06/Jul/2024:09:44:31 +0330] "GET /fa/wp-content/uploads/2023/01/Untitled-1-copy-1.jpg HTTP/2.0" 200 238003 "https://saffgroup.com/fa/saff-group/" "Mozilla/5.0 (Windows NT 10.0; Win64; x64) AppleWebKit/537.36 (KHTML, like Gecko) Chrome/126.0.0.0 Safari/537.36"
82.99.227.18 - - [06/Jul/2024:09:44:31 +0330] "GET /fa/wp-content/uploads/2022/05/Rectangle-332-min.png HTTP/2.0" 200 201778 "https://saffgroup.com/fa/saff-group/" "Mozilla/5.0 (Windows NT 10.0; Win64; x64) AppleWebKit/537.36 (KHTML, like Gecko) Chrome/126.0.0.0 Safari/537.36"
82.99.227.18 - - [06/Jul/2024:09:44:31 +0330] "GET /fa/wp-content/plugins/revslider/public/assets/js/rs6.min.js?ver=6.5.15 HTTP/2.0" 200 94275 "https://saffgroup.com/fa/saff-group/" "Mozilla/5.0 (Windows NT 10.0; Win64; x64) AppleWebKit/537.36 (KHTML, like Gecko) Chrome/126.0.0.0 Safari/537.36"
82.99.227.18 - - [06/Jul/2024:09:44:31 +0330] "GET /fa/wp-content/uploads/2017/07/SAFF-logo.png HTTP/2.0" 200 24558 "https://saffgroup.com/fa/saff-group/" "Mozilla/5.0 (Windows NT 10.0; Win64; x64) AppleWebKit/537.36 (KHTML, like Gecko) Chrome/126.0.0.0 Safari/537.36"
82.99.227.18 - - [06/Jul/2024:09:44:31 +0330] "GET /fa/wp-content/themes/Zephyr/fonts/fonts/fonts/woff2/IRANSansWeb_Medium.woff2 HTTP/2.0" 200 26892 "https://saffgroup.com/fa/wp-content/themes/Zephyr/fonts/fonts/fonts.css?ver=5.9.3" "Mozilla/5.0 (Windows NT 10.0; Win64; x64) AppleWebKit/537.36 (KHTML, like Gecko) Chrome/126.0.0.0 Safari/537.36"
82.99.227.18 - - [06/Jul/2024:09:44:31 +0330] "GET /fa/wp-content/themes/Zephyr/fonts/fonts/fonts/woff2/IRANSansWeb_FaNum_Medium.woff2 HTTP/2.0" 200 25782 "https://saffgroup.com/fa/wp-content/themes/Zephyr/fonts/fonts/fonts.css?ver=5.9.3" "Mozilla/5.0 (Windows NT 10.0; Win64; x64) AppleWebKit/537.36 (KHTML, like Gecko) Chrome/126.0.0.0 Safari/537.36"
82.99.227.18 - - [06/Jul/2024:09:44:31 +0330] "GET /fa/wp-content/themes/Zephyr/fonts/fonts/fonts/woff2/robotoregular.woff2 HTTP/2.0" 200 19824 "https://saffgroup.com/fa/wp-content/themes/Zephyr/fonts/fonts/fonts.css?ver=5.9.3" "Mozilla/5.0 (Windows NT 10.0; Win64; x64) AppleWebKit/537.36 (KHTML, like Gecko) Chrome/126.0.0.0 Safari/537.36"
82.99.227.18 - - [06/Jul/2024:09:44:31 +0330] "GET /fa/wp-content/themes/Zephyr/fonts/fa-solid-900.woff2?ver=8.5.1 HTTP/2.0" 200 78273 "https://saffgroup.com/fa/saff-group/" "Mozilla/5.0 (Windows NT 10.0; Win64; x64) AppleWebKit/537.36 (KHTML, like Gecko) Chrome/126.0.0.0 Safari/537.36"
82.99.227.18 - - [06/Jul/2024:09:44:31 +0330] "GET /fa/wp-content/themes/Zephyr/fonts/fa-brands-400.woff2?ver=8.5.1 HTTP/2.0" 200 76741 "https://saffgroup.com/fa/saff-group/" "Mozilla/5.0 (Windows NT 10.0; Win64; x64) AppleWebKit/537.36 (KHTML, like Gecko) Chrome/126.0.0.0 Safari/537.36"
82.99.227.18 - - [06/Jul/2024:09:44:31 +0330] "GET /fa/wp-content/themes/Zephyr/fonts/material-icons.woff2?ver=8.5.1 HTTP/2.0" 200 110565 "https://saffgroup.com/fa/saff-group/" "Mozilla/5.0 (Windows NT 10.0; Win64; x64) AppleWebKit/537.36 (KHTML, like Gecko) Chrome/126.0.0.0 Safari/537.36"
82.99.227.18 - - [06/Jul/2024:09:44:31 +0330] "GET /fa/wp-content/uploads/2022/05/01-MAIN-low-99-3-min-1024x729.png HTTP/2.0" 200 525440 "https://saffgroup.com/fa/saff-group/" "Mozilla/5.0 (Windows NT 10.0; Win64; x64) AppleWebKit/537.36 (KHTML, like Gecko) Chrome/126.0.0.0 Safari/537.36"
82.99.227.18 - - [06/Jul/2024:09:44:31 +0330] "GET /fa/wp-content/plugins/revslider/revslider-fonts/fonts/woff2/robotoregular.woff2 HTTP/2.0" 200 19824 "https://saffgroup.com/fa/wp-content/plugins/revslider/revslider-fonts/fonts.css?ver=5.9.3" "Mozilla/5.0 (Windows NT 10.0; Win64; x64) AppleWebKit/537.36 (KHTML, like Gecko) Chrome/126.0.0.0 Safari/537.36"
82.99.227.18 - - [06/Jul/2024:09:44:31 +0330] "POST /mod_pagespeed_beacon?url=https%3A%2F%2Fsaffgroup.com%2Ffa%2Fsaff-group%2F HTTP/2.0" 204 - "https://saffgroup.com/fa/saff-group/" "Mozilla/5.0 (Windows NT 10.0; Win64; x64) AppleWebKit/537.36 (KHTML, like Gecko) Chrome/126.0.0.0 Safari/537.36"
82.99.227.18 - - [06/Jul/2024:09:44:31 +0330] "GET /fa/wp-content/uploads/2022/05/SAFF-logo-150x149.png HTTP/2.0" 200 20476 "https://saffgroup.com/fa/saff-group/" "Mozilla/5.0 (Windows NT 10.0; Win64; x64) AppleWebKit/537.36 (KHTML, like Gecko) Chrome/126.0.0.0 Safari/537.36"
65.49.20.69 - - [06/Jul/2024:09:44:41 +0330] "GET /.git/config HTTP/1.1" 404 - "-" "Mozilla/5.0 (Windows NT 10.0; WOW64) AppleWebKit/537.36 (KHTML, like Gecko) Chrome/94.0.4606.71 Safari/537.36 SE 2.X MetaSr 1.0"
46.148.35.242 - - [06/Jul/2024:09:44:54 +0330] "POST /cpsess1500353364/3rdparty/roundcube/index.php?_task=mail&_action=refresh HTTP/2.0" 200 58 "https://webmail.saffgroup.com/cpsess1500353364/3rdparty/roundcube/index.php?_task=mail&_caps=pdf%3D1%2Cflash%3D0%2Ctiff%3D0%2Cwebp%3D1%2Cpgpmime%3D0&_uid=564&_mbox=INBOX&_action=show" "Mozilla/5.0 (Windows NT 6.1; Win64; x64; rv:109.0) Gecko/20100101 Firefox/115.0"
82.99.227.18 - - [06/Jul/2024:09:45:02 +0330] "GET /fa/wp-content/uploads/2024/05/photo1715763985-150x150.jpeg HTTP/2.0" 200 5341 "https://saffgroup.com/fa/saff-group/" "Mozilla/5.0 (Windows NT 10.0; Win64; x64) AppleWebKit/537.36 (KHTML, like Gecko) Chrome/126.0.0.0 Safari/537.36"
82.99.227.18 - - [06/Jul/2024:09:45:28 +0330] "GET /fa/wp-content/uploads/2024/01/IMG_7239-150x150.jpg HTTP/2.0" 200 7896 "https://saffgroup.com/fa/saff-group/" "Mozilla/5.0 (Windows NT 10.0; Win64; x64) AppleWebKit/537.36 (KHTML, like Gecko) Chrome/126.0.0.0 Safari/537.36"
82.99.227.18 - - [06/Jul/2024:09:45:35 +0330] "GET /fa/wp-content/uploads/2023/11/IMG_6806-150x150.jpg HTTP/2.0" 200 8761 "https://saffgroup.com/fa/saff-group/" "Mozilla/5.0 (Windows NT 10.0; Win64; x64) AppleWebKit/537.36 (KHTML, like Gecko) Chrome/126.0.0.0 Safari/537.36"
82.99.227.18 - - [06/Jul/2024:09:45:36 +0330] "GET /fa/wp-content/uploads/2022/05/Group-580.png HTTP/2.0" 200 532 "https://saffgroup.com/fa/saff-group/" "Mozilla/5.0 (Windows NT 10.0; Win64; x64) AppleWebKit/537.36 (KHTML, like Gecko) Chrome/126.0.0.0 Safari/537.36"
79.132.193.205 - - [06/Jul/2024:09:45:44 +0330] "POST /fa/wp-cron.php?doing_wp_cron=1720246544.7598259449005126953125 HTTP/1.1" 200 1 "https://saffgroup.com/fa/wp-cron.php?doing_wp_cron=1720246544.7598259449005126953125" "WordPress/5.9.3; https://saffgroup.com/fa"
82.99.227.18 - - [06/Jul/2024:09:45:43 +0330] "GET /fa/contact-us/ HTTP/2.0" 200 21384 "https://saffgroup.com/fa/saff-group/" "Mozilla/5.0 (Windows NT 10.0; Win64; x64) AppleWebKit/537.36 (KHTML, like Gecko) Chrome/126.0.0.0 Safari/537.36"
82.99.227.18 - - [06/Jul/2024:09:45:45 +0330] "GET /fa/wp-content/plugins/gfstylespro/themes/sp_kiwi.min.css?ver=5.9.3 HTTP/2.0" 200 1089 "https://saffgroup.com/fa/contact-us/" "Mozilla/5.0 (Windows NT 10.0; Win64; x64) AppleWebKit/537.36 (KHTML, like Gecko) Chrome/126.0.0.0 Safari/537.36"
82.99.227.18 - - [06/Jul/2024:09:45:45 +0330] "GET /fa/wp-content/plugins/gfstylespro/styles/rtl.min.css?ver=5.9.3 HTTP/2.0" 200 1777 "https://saffgroup.com/fa/contact-us/" "Mozilla/5.0 (Windows NT 10.0; Win64; x64) AppleWebKit/537.36 (KHTML, like Gecko) Chrome/126.0.0.0 Safari/537.36"
82.99.227.18 - - [06/Jul/2024:09:45:45 +0330] "GET /fa/wp-content/plugins/gfstylespro/fonts/material_icons/md-icons.css?ver=5.9.3 HTTP/2.0" 200 7523 "https://saffgroup.com/fa/contact-us/" "Mozilla/5.0 (Windows NT 10.0; Win64; x64) AppleWebKit/537.36 (KHTML, like Gecko) Chrome/126.0.0.0 Safari/537.36"
82.99.227.18 - - [06/Jul/2024:09:45:45 +0330] "GET /fa/wp-content/plugins/gfstylespro/styles/gfstylespro.min.css?ver=2.5.2 HTTP/2.0" 200 13235 "https://saffgroup.com/fa/contact-us/" "Mozilla/5.0 (Windows NT 10.0; Win64; x64) AppleWebKit/537.36 (KHTML, like Gecko) Chrome/126.0.0.0 Safari/537.36"
82.99.227.18 - - [06/Jul/2024:09:45:45 +0330] "GET /fa/wp-content/uploads/gravity_forms/0-dba5e8ad4f0540c75a5980cfc99596c7/933208185.png HTTP/2.0" 200 2364 "https://saffgroup.com/fa/contact-us/" "Mozilla/5.0 (Windows NT 10.0; Win64; x64) AppleWebKit/537.36 (KHTML, like Gecko) Chrome/126.0.0.0 Safari/537.36"
82.99.227.18 - - [06/Jul/2024:09:45:45 +0330] "GET /fa/wp-content/uploads/2022/05/contact-e-min.jpg HTTP/2.0" 200 79568 "https://saffgroup.com/fa/contact-us/" "Mozilla/5.0 (Windows NT 10.0; Win64; x64) AppleWebKit/537.36 (KHTML, like Gecko) Chrome/126.0.0.0 Safari/537.36"
82.99.227.18 - - [06/Jul/2024:09:45:45 +0330] "POST /mod_pagespeed_beacon?url=https%3A%2F%2Fsaffgroup.com%2Ffa%2Fcontact-us%2F HTTP/2.0" 204 - "https://saffgroup.com/fa/contact-us/" "Mozilla/5.0 (Windows NT 10.0; Win64; x64) AppleWebKit/537.36 (KHTML, like Gecko) Chrome/126.0.0.0 Safari/537.36"
46.148.35.242 - - [06/Jul/2024:09:45:55 +0330] "POST /cpsess1500353364/3rdparty/roundcube/index.php?_task=mail&_action=refresh HTTP/2.0" 200 58 "https://webmail.saffgroup.com/cpsess1500353364/3rdparty/roundcube/index.php?_task=mail&_caps=pdf%3D1%2Cflash%3D0%2Ctiff%3D0%2Cwebp%3D1%2Cpgpmime%3D0&_uid=564&_mbox=INBOX&_action=show" "Mozilla/5.0 (Windows NT 6.1; Win64; x64; rv:109.0) Gecko/20100101 Firefox/115.0"
157.55.39.7 - - [06/Jul/2024:09:45:57 +0330] "GET /en/wp-content/uploads/2022/05/IMG_20161231_144803-150x150.jpg HTTP/2.0" 200 6358 "-" "Mozilla/5.0 AppleWebKit/537.36 (KHTML, like Gecko; compatible; bingbot/2.0; +http://www.bing.com/bingbot.htm) Chrome/116.0.1938.76 Safari/537.36"
79.132.193.205 - - [06/Jul/2024:09:46:02 +0330] "POST /fa/wp-cron.php?doing_wp_cron=1720246562.6433980464935302734375 HTTP/1.1" 200 1 "https://saffgroup.com/fa/wp-cron.php?doing_wp_cron=1720246562.6433980464935302734375" "WordPress/5.9.3; https://saffgroup.com/fa"
82.99.227.18 - - [06/Jul/2024:09:46:01 +0330] "GET /fa/communication-with-the-ceo/ HTTP/2.0" 200 21431 "https://saffgroup.com/fa/contact-us/" "Mozilla/5.0 (Windows NT 10.0; Win64; x64) AppleWebKit/537.36 (KHTML, like Gecko) Chrome/126.0.0.0 Safari/537.36"
82.99.227.18 - - [06/Jul/2024:09:46:03 +0330] "GET /fa/wp-content/uploads/gravity_forms/0-dba5e8ad4f0540c75a5980cfc99596c7/916167651.png HTTP/2.0" 200 3000 "https://saffgroup.com/fa/communication-with-the-ceo/" "Mozilla/5.0 (Windows NT 10.0; Win64; x64) AppleWebKit/537.36 (KHTML, like Gecko) Chrome/126.0.0.0 Safari/537.36"
82.99.227.18 - - [06/Jul/2024:09:46:03 +0330] "GET /fa/wp-content/uploads/2024/01/IMG_7239-150x150.jpg.pagespeed.ce.IEcr8SaGni.jpg HTTP/2.0" 200 7896 "https://saffgroup.com/fa/communication-with-the-ceo/" "Mozilla/5.0 (Windows NT 10.0; Win64; x64) AppleWebKit/537.36 (KHTML, like Gecko) Chrome/126.0.0.0 Safari/537.36"
82.99.227.18 - - [06/Jul/2024:09:46:03 +0330] "POST /mod_pagespeed_beacon?url=https%3A%2F%2Fsaffgroup.com%2Ffa%2Fcommunication-with-the-ceo%2F HTTP/2.0" 204 - "https://saffgroup.com/fa/communication-with-the-ceo/" "Mozilla/5.0 (Windows NT 10.0; Win64; x64) AppleWebKit/537.36 (KHTML, like Gecko) Chrome/126.0.0.0 Safari/537.36"
82.99.227.18 - - [06/Jul/2024:09:46:06 +0330] "GET /fa/wp-content/uploads/2023/11/IMG_6806-150x150.jpg.pagespeed.ce.-47aShT7-n.jpg HTTP/2.0" 200 8761 "https://saffgroup.com/fa/communication-with-the-ceo/" "Mozilla/5.0 (Windows NT 10.0; Win64; x64) AppleWebKit/537.36 (KHTML, like Gecko) Chrome/126.0.0.0 Safari/537.36"
82.99.227.18 - - [06/Jul/2024:09:46:06 +0330] "GET /fa/wp-content/uploads/2022/05/Group-580.png.pagespeed.ce.ztHUT7M6am.png HTTP/2.0" 200 532 "https://saffgroup.com/fa/communication-with-the-ceo/" "Mozilla/5.0 (Windows NT 10.0; Win64; x64) AppleWebKit/537.36 (KHTML, like Gecko) Chrome/126.0.0.0 Safari/537.36"
82.99.227.18 - - [06/Jul/2024:09:46:13 +0330] "GET /fa/%d9%be%db%8c%d8%a7%d9%85-%d9%85%d8%af%db%8c%d8%b1-%d8%b9%d8%a7%d9%85%d9%84/ HTTP/2.0" 200 20172 "https://saffgroup.com/fa/communication-with-the-ceo/" "Mozilla/5.0 (Windows NT 10.0; Win64; x64) AppleWebKit/537.36 (KHTML, like Gecko) Chrome/126.0.0.0 Safari/537.36"
82.99.227.18 - - [06/Jul/2024:09:46:14 +0330] "GET /fa/wp-content/uploads/2022/05/13.jpg HTTP/2.0" 200 116377 "https://saffgroup.com/fa/%d9%be%db%8c%d8%a7%d9%85-%d9%85%d8%af%db%8c%d8%b1-%d8%b9%d8%a7%d9%85%d9%84/" "Mozilla/5.0 (Windows NT 10.0; Win64; x64) AppleWebKit/537.36 (KHTML, like Gecko) Chrome/126.0.0.0 Safari/537.36"
82.99.227.18 - - [06/Jul/2024:09:46:14 +0330] "POST /mod_pagespeed_beacon?url=https%3A%2F%2Fsaffgroup.com%2Ffa%2F%25d9%25be%25db%258c%25d8%25a7%25d9%2585-%25d9%2585%25d8%25af%25db%258c%25d8%25b1-%25d8%25b9%25d8%25a7%25d9%2585%25d9%2584%2F HTTP/2.0" 204 - "https://saffgroup.com/fa/%d9%be%db%8c%d8%a7%d9%85-%d9%85%d8%af%db%8c%d8%b1-%d8%b9%d8%a7%d9%85%d9%84/" "Mozilla/5.0 (Windows NT 10.0; Win64; x64) AppleWebKit/537.36 (KHTML, like Gecko) Chrome/126.0.0.0 Safari/537.36"
46.148.35.242 - - [06/Jul/2024:09:46:55 +0330] "POST /cpsess1500353364/3rdparty/roundcube/index.php?_task=mail&_action=refresh HTTP/2.0" 200 57 "https://webmail.saffgroup.com/cpsess1500353364/3rdparty/roundcube/index.php?_task=mail&_caps=pdf%3D1%2Cflash%3D0%2Ctiff%3D0%2Cwebp%3D1%2Cpgpmime%3D0&_uid=564&_mbox=INBOX&_action=show" "Mozilla/5.0 (Windows NT 6.1; Win64; x64; rv:109.0) Gecko/20100101 Firefox/115.0"
82.99.227.18 - - [06/Jul/2024:09:47:00 +0330] "GET /fa/saff-group/ HTTP/2.0" 200 22780 "https://saffgroup.com/fa/%d9%be%db%8c%d8%a7%d9%85-%d9%85%d8%af%db%8c%d8%b1-%d8%b9%d8%a7%d9%85%d9%84/" "Mozilla/5.0 (Windows NT 10.0; Win64; x64) AppleWebKit/537.36 (KHTML, like Gecko) Chrome/126.0.0.0 Safari/537.36"
82.99.227.18 - - [06/Jul/2024:09:47:02 +0330] "POST /mod_pagespeed_beacon?url=https%3A%2F%2Fsaffgroup.com%2Ffa%2Fsaff-group%2F HTTP/2.0" 204 - "https://saffgroup.com/fa/saff-group/" "Mozilla/5.0 (Windows NT 10.0; Win64; x64) AppleWebKit/537.36 (KHTML, like Gecko) Chrome/126.0.0.0 Safari/537.36"
46.148.35.242 - - [06/Jul/2024:09:47:55 +0330] "POST /cpsess1500353364/3rdparty/roundcube/index.php?_task=mail&_action=refresh HTTP/2.0" 200 59 "https://webmail.saffgroup.com/cpsess1500353364/3rdparty/roundcube/index.php?_task=mail&_caps=pdf%3D1%2Cflash%3D0%2Ctiff%3D0%2Cwebp%3D1%2Cpgpmime%3D0&_uid=564&_mbox=INBOX&_action=show" "Mozilla/5.0 (Windows NT 6.1; Win64; x64; rv:109.0) Gecko/20100101 Firefox/115.0"
190.92.215.37 - - [06/Jul/2024:09:48:38 +0330] "GET /fa/%d8%ad%d8%b6%d9%88%d8%b1-%d8%b4%d8%b1%da%a9%d8%aa-%d8%b5%d9%86%d8%a7%db%8c%d8%b9-%d9%81%d8%b1%d8%a7%d8%b3%d8%a7%d8%ad%d9%84-%d8%b5%d9%81-%d8%af%d8%b1-%d8%a8%db%8c%d8%b3%d8%aa-%d9%88-%d9%87%d9%81/ HTTP/2.0" 200 21922 "-" "Mozilla/5.0 (Windows NT 10.0; Win64; x64) AppleWebKit/537.36 (KHTML, like Gecko) Chrome/101.0.4951.67 Safari/537.36"
46.148.35.242 - - [06/Jul/2024:09:48:56 +0330] "POST /cpsess1500353364/3rdparty/roundcube/index.php?_task=mail&_action=refresh HTTP/2.0" 200 58 "https://webmail.saffgroup.com/cpsess1500353364/3rdparty/roundcube/index.php?_task=mail&_caps=pdf%3D1%2Cflash%3D0%2Ctiff%3D0%2Cwebp%3D1%2Cpgpmime%3D0&_uid=564&_mbox=INBOX&_action=show" "Mozilla/5.0 (Windows NT 6.1; Win64; x64; rv:109.0) Gecko/20100101 Firefox/115.0"
46.148.35.242 - - [06/Jul/2024:09:49:56 +0330] "POST /cpsess1500353364/3rdparty/roundcube/index.php?_task=mail&_action=refresh HTTP/2.0" 200 58 "https://webmail.saffgroup.com/cpsess1500353364/3rdparty/roundcube/index.php?_task=mail&_caps=pdf%3D1%2Cflash%3D0%2Ctiff%3D0%2Cwebp%3D1%2Cpgpmime%3D0&_uid=564&_mbox=INBOX&_action=show" "Mozilla/5.0 (Windows NT 6.1; Win64; x64; rv:109.0) Gecko/20100101 Firefox/115.0"
79.132.193.205 - - [06/Jul/2024:09:50:17 +0330] "POST /fa/wp-cron.php?doing_wp_cron=1720246817.6429040431976318359375 HTTP/1.1" 200 1 "https://saffgroup.com/fa/wp-cron.php?doing_wp_cron=1720246817.6429040431976318359375" "WordPress/5.9.3; https://saffgroup.com/fa"
82.99.227.18 - - [06/Jul/2024:09:50:16 +0330] "GET /fa/marine-fleet/ HTTP/2.0" 200 21105 "https://saffgroup.com/fa/saff-group/" "Mozilla/5.0 (Windows NT 10.0; Win64; x64) AppleWebKit/537.36 (KHTML, like Gecko) Chrome/126.0.0.0 Safari/537.36"
82.99.227.18 - - [06/Jul/2024:09:50:18 +0330] "GET /fa/wp-content/uploads/2022/05/11-2.jpg HTTP/2.0" 200 92516 "https://saffgroup.com/fa/marine-fleet/" "Mozilla/5.0 (Windows NT 10.0; Win64; x64) AppleWebKit/537.36 (KHTML, like Gecko) Chrome/126.0.0.0 Safari/537.36"
82.99.227.18 - - [06/Jul/2024:09:50:18 +0330] "GET /fa/wp-content/uploads/2022/05/sadaf3000.jpg HTTP/2.0" 200 165447 "https://saffgroup.com/fa/marine-fleet/" "Mozilla/5.0 (Windows NT 10.0; Win64; x64) AppleWebKit/537.36 (KHTML, like Gecko) Chrome/126.0.0.0 Safari/537.36"
82.99.227.18 - - [06/Jul/2024:09:50:18 +0330] "GET /fa/wp-content/uploads/2022/05/ofogh1.jpg HTTP/2.0" 200 173895 "https://saffgroup.com/fa/marine-fleet/" "Mozilla/5.0 (Windows NT 10.0; Win64; x64) AppleWebKit/537.36 (KHTML, like Gecko) Chrome/126.0.0.0 Safari/537.36"
82.99.227.18 - - [06/Jul/2024:09:50:18 +0330] "GET /fa/wp-content/uploads/2022/05/02-2-min.jpg HTTP/2.0" 200 125700 "https://saffgroup.com/fa/marine-fleet/" "Mozilla/5.0 (Windows NT 10.0; Win64; x64) AppleWebKit/537.36 (KHTML, like Gecko) Chrome/126.0.0.0 Safari/537.36"
82.99.227.18 - - [06/Jul/2024:09:50:18 +0330] "POST /mod_pagespeed_beacon?url=https%3A%2F%2Fsaffgroup.com%2Ffa%2Fmarine-fleet%2F HTTP/2.0" 204 - "https://saffgroup.com/fa/marine-fleet/" "Mozilla/5.0 (Windows NT 10.0; Win64; x64) AppleWebKit/537.36 (KHTML, like Gecko) Chrome/126.0.0.0 Safari/537.36"
82.99.227.18 - - [06/Jul/2024:09:50:18 +0330] "GET /fa/wp-content/uploads/2022/05/02-4-min.jpg HTTP/2.0" 200 199949 "https://saffgroup.com/fa/marine-fleet/" "Mozilla/5.0 (Windows NT 10.0; Win64; x64) AppleWebKit/537.36 (KHTML, like Gecko) Chrome/126.0.0.0 Safari/537.36"
82.99.227.18 - - [06/Jul/2024:09:50:18 +0330] "GET /fa/wp-content/uploads/2020/07/LB90-scaled.jpg HTTP/2.0" 200 533068 "https://saffgroup.com/fa/marine-fleet/" "Mozilla/5.0 (Windows NT 10.0; Win64; x64) AppleWebKit/537.36 (KHTML, like Gecko) Chrome/126.0.0.0 Safari/537.36"
82.99.227.18 - - [06/Jul/2024:09:50:18 +0330] "GET /fa/wp-content/uploads/2020/07/PCLV75-scaled.jpg HTTP/2.0" 200 481406 "https://saffgroup.com/fa/marine-fleet/" "Mozilla/5.0 (Windows NT 10.0; Win64; x64) AppleWebKit/537.36 (KHTML, like Gecko) Chrome/126.0.0.0 Safari/537.36"
46.148.35.242 - - [06/Jul/2024:09:50:56 +0330] "POST /cpsess1500353364/3rdparty/roundcube/index.php?_task=mail&_action=refresh HTTP/2.0" 200 58 "https://webmail.saffgroup.com/cpsess1500353364/3rdparty/roundcube/index.php?_task=mail&_caps=pdf%3D1%2Cflash%3D0%2Ctiff%3D0%2Cwebp%3D1%2Cpgpmime%3D0&_uid=564&_mbox=INBOX&_action=show" "Mozilla/5.0 (Windows NT 6.1; Win64; x64; rv:109.0) Gecko/20100101 Firefox/115.0"
82.99.227.18 - - [06/Jul/2024:09:51:24 +0330] "GET /fa/projects/ HTTP/2.0" 200 23558 "https://saffgroup.com/fa/marine-fleet/" "Mozilla/5.0 (Windows NT 10.0; Win64; x64) AppleWebKit/537.36 (KHTML, like Gecko) Chrome/126.0.0.0 Safari/537.36"
82.99.227.18 - - [06/Jul/2024:09:51:26 +0330] "GET /fa/wp-content/uploads/2022/01/Dsc00177.jpg HTTP/2.0" 200 271573 "https://saffgroup.com/fa/projects/" "Mozilla/5.0 (Windows NT 10.0; Win64; x64) AppleWebKit/537.36 (KHTML, like Gecko) Chrome/126.0.0.0 Safari/537.36"
82.99.227.18 - - [06/Jul/2024:09:51:26 +0330] "GET /fa/wp-content/uploads/2022/03/%D8%AF%DB%8C%DB%8C%D8%B1-1.jpg HTTP/2.0" 200 697619 "https://saffgroup.com/fa/projects/" "Mozilla/5.0 (Windows NT 10.0; Win64; x64) AppleWebKit/537.36 (KHTML, like Gecko) Chrome/126.0.0.0 Safari/537.36"
82.99.227.18 - - [06/Jul/2024:09:51:26 +0330] "POST /mod_pagespeed_beacon?url=https%3A%2F%2Fsaffgroup.com%2Ffa%2Fprojects%2F HTTP/2.0" 204 - "https://saffgroup.com/fa/projects/" "Mozilla/5.0 (Windows NT 10.0; Win64; x64) AppleWebKit/537.36 (KHTML, like Gecko) Chrome/126.0.0.0 Safari/537.36"
82.99.227.18 - - [06/Jul/2024:09:51:26 +0330] "GET /fa/wp-content/uploads/2023/01/Page-56.jpg HTTP/2.0" 200 683751 "https://saffgroup.com/fa/projects/" "Mozilla/5.0 (Windows NT 10.0; Win64; x64) AppleWebKit/537.36 (KHTML, like Gecko) Chrome/126.0.0.0 Safari/537.36"
82.99.227.18 - - [06/Jul/2024:09:51:26 +0330] "GET /fa/wp-content/uploads/2022/05/Salman-Tripod-Renovation-2.jpg HTTP/2.0" 200 657232 "https://saffgroup.com/fa/projects/" "Mozilla/5.0 (Windows NT 10.0; Win64; x64) AppleWebKit/537.36 (KHTML, like Gecko) Chrome/126.0.0.0 Safari/537.36"
82.99.227.18 - - [06/Jul/2024:09:51:26 +0330] "GET /fa/wp-content/uploads/2016/02/Spq1.5.jpg HTTP/2.0" 200 89559 "https://saffgroup.com/fa/projects/" "Mozilla/5.0 (Windows NT 10.0; Win64; x64) AppleWebKit/537.36 (KHTML, like Gecko) Chrome/126.0.0.0 Safari/537.36"
82.99.227.18 - - [06/Jul/2024:09:51:26 +0330] "GET /fa/wp-content/uploads/2022/05/Salman-Offshore-Facilities-6.jpg HTTP/2.0" 200 424956 "https://saffgroup.com/fa/projects/" "Mozilla/5.0 (Windows NT 10.0; Win64; x64) AppleWebKit/537.36 (KHTML, like Gecko) Chrome/126.0.0.0 Safari/537.36"
82.99.227.18 - - [06/Jul/2024:09:51:26 +0330] "GET /fa/wp-content/uploads/2022/05/SIRRI-A-E-Field-Development-5.jpg HTTP/2.0" 200 334068 "https://saffgroup.com/fa/projects/" "Mozilla/5.0 (Windows NT 10.0; Win64; x64) AppleWebKit/537.36 (KHTML, like Gecko) Chrome/126.0.0.0 Safari/537.36"
82.99.227.18 - - [06/Jul/2024:09:51:26 +0330] "GET /fa/wp-content/uploads/2022/05/Bandar-Abbas-Refinery-Offshore-Pipeline-6.jpg HTTP/2.0" 200 546313 "https://saffgroup.com/fa/projects/" "Mozilla/5.0 (Windows NT 10.0; Win64; x64) AppleWebKit/537.36 (KHTML, like Gecko) Chrome/126.0.0.0 Safari/537.36"
82.99.227.18 - - [06/Jul/2024:09:51:26 +0330] "GET /fa/wp-content/uploads/0217/03/1.jpg HTTP/2.0" 200 248131 "https://saffgroup.com/fa/projects/" "Mozilla/5.0 (Windows NT 10.0; Win64; x64) AppleWebKit/537.36 (KHTML, like Gecko) Chrome/126.0.0.0 Safari/537.36"
46.148.35.242 - - [06/Jul/2024:09:51:57 +0330] "POST /cpsess1500353364/3rdparty/roundcube/index.php?_task=mail&_action=refresh HTTP/2.0" 200 57 "https://webmail.saffgroup.com/cpsess1500353364/3rdparty/roundcube/index.php?_task=mail&_caps=pdf%3D1%2Cflash%3D0%2Ctiff%3D0%2Cwebp%3D1%2Cpgpmime%3D0&_uid=564&_mbox=INBOX&_action=show" "Mozilla/5.0 (Windows NT 6.1; Win64; x64; rv:109.0) Gecko/20100101 Firefox/115.0"
46.148.35.242 - - [06/Jul/2024:09:52:57 +0330] "POST /cpsess1500353364/3rdparty/roundcube/index.php?_task=mail&_action=refresh HTTP/2.0" 200 58 "https://webmail.saffgroup.com/cpsess1500353364/3rdparty/roundcube/index.php?_task=mail&_caps=pdf%3D1%2Cflash%3D0%2Ctiff%3D0%2Cwebp%3D1%2Cpgpmime%3D0&_uid=564&_mbox=INBOX&_action=show" "Mozilla/5.0 (Windows NT 6.1; Win64; x64; rv:109.0) Gecko/20100101 Firefox/115.0"
46.148.35.242 - - [06/Jul/2024:09:54:05 +0330] "POST /cpsess1500353364/3rdparty/roundcube/index.php?_task=mail&_action=refresh HTTP/2.0" 200 58 "https://webmail.saffgroup.com/cpsess1500353364/3rdparty/roundcube/index.php?_task=mail&_caps=pdf%3D1%2Cflash%3D0%2Ctiff%3D0%2Cwebp%3D1%2Cpgpmime%3D0&_uid=564&_mbox=INBOX&_action=show" "Mozilla/5.0 (Windows NT 6.1; Win64; x64; rv:109.0) Gecko/20100101 Firefox/115.0"
46.148.35.242 - - [06/Jul/2024:09:54:58 +0330] "POST /cpsess1500353364/3rdparty/roundcube/index.php?_task=mail&_action=refresh HTTP/2.0" 200 59 "https://webmail.saffgroup.com/cpsess1500353364/3rdparty/roundcube/index.php?_task=mail&_caps=pdf%3D1%2Cflash%3D0%2Ctiff%3D0%2Cwebp%3D1%2Cpgpmime%3D0&_uid=564&_mbox=INBOX&_action=show" "Mozilla/5.0 (Windows NT 6.1; Win64; x64; rv:109.0) Gecko/20100101 Firefox/115.0"
13.84.166.30 - - [06/Jul/2024:09:55:15 +0330] "GET /.env HTTP/1.1" 404 - "-" "Mozilla/5.0 (Linux; U; Android 4.4.2; en-US; HM NOTE 1W Build/KOT49H) AppleWebKit/534.30 (KHTML, like Gecko) Version/4.0 UCBrowser/11.0.5.850 U3/0.8.0 Mobile Safari/534.30"
13.84.166.30 - - [06/Jul/2024:09:55:16 +0330] "POST / HTTP/1.1" 200 11183 "-" "Mozilla/5.0 (Linux; U; Android 4.4.2; en-US; HM NOTE 1W Build/KOT49H) AppleWebKit/534.30 (KHTML, like Gecko) Version/4.0 UCBrowser/11.0.5.850 U3/0.8.0 Mobile Safari/534.30"
82.99.227.18 - - [06/Jul/2024:09:55:40 +0330] "GET /fa/wp-content/uploads/2022/05/South-Pars-Phase-19-Sea-Water-Intake-5.jpg HTTP/2.0" 200 602681 "https://saffgroup.com/fa/projects/" "Mozilla/5.0 (Windows NT 10.0; Win64; x64) AppleWebKit/537.36 (KHTML, like Gecko) Chrome/126.0.0.0 Safari/537.36"
82.99.227.18 - - [06/Jul/2024:09:55:41 +0330] "GET /fa/wp-content/uploads/2022/05/400098000660_118398.jpg HTTP/2.0" 200 82829 "https://saffgroup.com/fa/projects/" "Mozilla/5.0 (Windows NT 10.0; Win64; x64) AppleWebKit/537.36 (KHTML, like Gecko) Chrome/126.0.0.0 Safari/537.36"
82.99.227.18 - - [06/Jul/2024:09:55:40 +0330] "GET /fa/wp-content/uploads/2022/05/Page-41-copy.jpg HTTP/2.0" 200 389049 "https://saffgroup.com/fa/projects/" "Mozilla/5.0 (Windows NT 10.0; Win64; x64) AppleWebKit/537.36 (KHTML, like Gecko) Chrome/126.0.0.0 Safari/537.36"
82.99.227.18 - - [06/Jul/2024:09:55:40 +0330] "GET /fa/wp-content/uploads/2022/05/263753_837.jpg HTTP/2.0" 200 66312 "https://saffgroup.com/fa/projects/" "Mozilla/5.0 (Windows NT 10.0; Win64; x64) AppleWebKit/537.36 (KHTML, like Gecko) Chrome/126.0.0.0 Safari/537.36"
82.99.227.18 - - [06/Jul/2024:09:55:41 +0330] "GET /fa/wp-content/uploads/2022/05/Picture2-scaled.jpg HTTP/2.0" 200 576624 "https://saffgroup.com/fa/projects/" "Mozilla/5.0 (Windows NT 10.0; Win64; x64) AppleWebKit/537.36 (KHTML, like Gecko) Chrome/126.0.0.0 Safari/537.36"
82.99.227.18 - - [06/Jul/2024:09:55:41 +0330] "GET /fa/wp-content/uploads/2022/05/Page-50.jpg HTTP/2.0" 200 331710 "https://saffgroup.com/fa/projects/" "Mozilla/5.0 (Windows NT 10.0; Win64; x64) AppleWebKit/537.36 (KHTML, like Gecko) Chrome/126.0.0.0 Safari/537.36"
82.99.227.18 - - [06/Jul/2024:09:55:41 +0330] "GET /fa/wp-content/uploads/2022/05/KAL-Booster-Station-project-1.jpg HTTP/2.0" 200 302534 "https://saffgroup.com/fa/projects/" "Mozilla/5.0 (Windows NT 10.0; Win64; x64) AppleWebKit/537.36 (KHTML, like Gecko) Chrome/126.0.0.0 Safari/537.36"
82.99.227.18 - - [06/Jul/2024:09:55:41 +0330] "GET /fa/wp-content/uploads/2016/02/20150822_153918_resized.jpg HTTP/2.0" 200 1479362 "https://saffgroup.com/fa/projects/" "Mozilla/5.0 (Windows NT 10.0; Win64; x64) AppleWebKit/537.36 (KHTML, like Gecko) Chrome/126.0.0.0 Safari/537.36"
46.148.35.242 - - [06/Jul/2024:09:55:58 +0330] "POST /cpsess1500353364/3rdparty/roundcube/index.php?_task=mail&_action=refresh HTTP/2.0" 401 12230 "https://webmail.saffgroup.com/cpsess1500353364/3rdparty/roundcube/index.php?_task=mail&_caps=pdf%3D1%2Cflash%3D0%2Ctiff%3D0%2Cwebp%3D1%2Cpgpmime%3D0&_uid=564&_mbox=INBOX&_action=show" "Mozilla/5.0 (Windows NT 6.1; Win64; x64; rv:109.0) Gecko/20100101 Firefox/115.0"
79.132.193.205 - - [06/Jul/2024:09:56:41 +0330] "POST /fa/wp-cron.php?doing_wp_cron=1720247201.8310420513153076171875 HTTP/1.1" 200 1 "https://saffgroup.com/fa/wp-cron.php?doing_wp_cron=1720247201.8310420513153076171875" "WordPress/5.9.3; https://saffgroup.com/fa"
