27.115.124.104 - - [05/Jul/2024:22:05:49 +0330] "GET /fa/wp-content/themes/Zephyr/fonts/fonts/fonts/woff2/IRANSansWeb_Medium.woff2 HTTP/2.0" 200 26892 "https://saffgroup.com/fa/wp-content/themes/Zephyr/fonts/fonts/fonts.css?ver=5.9.3" "Mozilla/5.0 (Windows NT 6.1; WOW64) AppleWebKit/537.36 (KHTML, like Gecko) Chrome/50.0.2661.102 Safari/537.36"
27.115.124.104 - - [05/Jul/2024:22:05:49 +0330] "GET /fa/wp-content/themes/Zephyr/fonts/fonts/fonts/woff2/IRANSansWeb_FaNum_Medium.woff2 HTTP/2.0" 200 25782 "https://saffgroup.com/fa/wp-content/themes/Zephyr/fonts/fonts/fonts.css?ver=5.9.3" "Mozilla/5.0 (Windows NT 6.1; WOW64) AppleWebKit/537.36 (KHTML, like Gecko) Chrome/50.0.2661.102 Safari/537.36"
27.115.124.104 - - [05/Jul/2024:22:05:49 +0330] "GET /fa/wp-content/themes/Zephyr/js/us.core.min.js?ver=8.5.1 HTTP/2.0" 200 40612 "https://saffgroup.com/fa/" "Mozilla/5.0 (Windows NT 6.1; WOW64) AppleWebKit/537.36 (KHTML, like Gecko) Chrome/50.0.2661.102 Safari/537.36"
27.115.124.104 - - [05/Jul/2024:22:05:49 +0330] "GET /fa/wp-content/plugins/revslider/public/assets/js/rbtools.min.js?ver=6.5.15 HTTP/2.0" 200 47240 "https://saffgroup.com/fa/" "Mozilla/5.0 (Windows NT 6.1; WOW64) AppleWebKit/537.36 (KHTML, like Gecko) Chrome/50.0.2661.102 Safari/537.36"
27.115.124.104 - - [05/Jul/2024:22:05:49 +0330] "GET /fa/wp-content/themes/Zephyr/fonts/fonts/fonts/woff2/IRANSansWeb_FaNum_Light.woff2 HTTP/2.0" 200 28404 "https://saffgroup.com/fa/wp-content/themes/Zephyr/fonts/fonts/fonts.css?ver=5.9.3" "Mozilla/5.0 (Windows NT 6.1; WOW64) AppleWebKit/537.36 (KHTML, like Gecko) Chrome/50.0.2661.102 Safari/537.36"
27.115.124.104 - - [05/Jul/2024:22:05:49 +0330] "GET /fa/wp-content/themes/Zephyr/fonts/fa-solid-900.woff2?ver=8.5.1 HTTP/2.0" 200 78273 "https://saffgroup.com/fa/" "Mozilla/5.0 (Windows NT 6.1; WOW64) AppleWebKit/537.36 (KHTML, like Gecko) Chrome/50.0.2661.102 Safari/537.36"
27.115.124.104 - - [05/Jul/2024:22:05:49 +0330] "GET /fa/wp-content/themes/Zephyr/fonts/fonts/fonts/woff2/IRANSansWeb_FaNum.woff2 HTTP/2.0" 200 27942 "https://saffgroup.com/fa/wp-content/themes/Zephyr/fonts/fonts/fonts.css?ver=5.9.3" "Mozilla/5.0 (Windows NT 6.1; WOW64) AppleWebKit/537.36 (KHTML, like Gecko) Chrome/50.0.2661.102 Safari/537.36"
27.115.124.104 - - [05/Jul/2024:22:05:49 +0330] "GET /fa/wp-content/themes/Zephyr/fonts/material-icons.woff2?ver=8.5.1 HTTP/2.0" 200 110565 "https://saffgroup.com/fa/" "Mozilla/5.0 (Windows NT 6.1; WOW64) AppleWebKit/537.36 (KHTML, like Gecko) Chrome/50.0.2661.102 Safari/537.36"
27.115.124.104 - - [05/Jul/2024:22:05:49 +0330] "GET /fa/wp-content/themes/Zephyr/fonts/fa-brands-400.woff2?ver=8.5.1 HTTP/2.0" 200 76741 "https://saffgroup.com/fa/" "Mozilla/5.0 (Windows NT 6.1; WOW64) AppleWebKit/537.36 (KHTML, like Gecko) Chrome/50.0.2661.102 Safari/537.36"
27.115.124.104 - - [05/Jul/2024:22:05:49 +0330] "GET /fa/wp-content/themes/Zephyr/fonts/fonts/fonts/woff2/robotoregular.woff2 HTTP/2.0" 200 19824 "https://saffgroup.com/fa/wp-content/themes/Zephyr/fonts/fonts/fonts.css?ver=5.9.3" "Mozilla/5.0 (Windows NT 6.1; WOW64) AppleWebKit/537.36 (KHTML, like Gecko) Chrome/50.0.2661.102 Safari/537.36"
27.115.124.104 - - [05/Jul/2024:22:05:49 +0330] "GET /fa/wp-includes/js/wp-emoji-release.min.js?ver=5.9.3 HTTP/2.0" 200 4853 "https://saffgroup.com/fa/" "Mozilla/5.0 (Windows NT 6.1; WOW64) AppleWebKit/537.36 (KHTML, like Gecko) Chrome/50.0.2661.102 Safari/537.36"
27.115.124.104 - - [05/Jul/2024:22:05:49 +0330] "GET /fa/wp-content/plugins/revslider/public/assets/js/rs6.min.js?ver=6.5.15 HTTP/2.0" 200 94275 "https://saffgroup.com/fa/" "Mozilla/5.0 (Windows NT 6.1; WOW64) AppleWebKit/537.36 (KHTML, like Gecko) Chrome/50.0.2661.102 Safari/537.36"
27.115.124.104 - - [05/Jul/2024:22:05:49 +0330] "GET /fa/wp-content/plugins/revslider/revslider-fonts/fonts/woff2/robotoregular.woff2 HTTP/2.0" 200 19824 "https://saffgroup.com/fa/wp-content/plugins/revslider/revslider-fonts/fonts.css?ver=5.9.3" "Mozilla/5.0 (Windows NT 6.1; WOW64) AppleWebKit/537.36 (KHTML, like Gecko) Chrome/50.0.2661.102 Safari/537.36"
27.115.124.104 - - [05/Jul/2024:22:05:49 +0330] "GET /fa/wp-content/themes/Zephyr/common/js/vendor/owl.carousel.js HTTP/2.0" 200 11427 "https://saffgroup.com/fa/" "Mozilla/5.0 (Windows NT 6.1; WOW64) AppleWebKit/537.36 (KHTML, like Gecko) Chrome/50.0.2661.102 Safari/537.36"
27.115.124.104 - - [05/Jul/2024:22:05:50 +0330] "POST /mod_pagespeed_beacon?url=https%3A%2F%2Fsaffgroup.com%2Ffa%2F HTTP/2.0" 204 - "https://saffgroup.com/fa/" "Mozilla/5.0 (Windows NT 6.1; WOW64) AppleWebKit/537.36 (KHTML, like Gecko) Chrome/50.0.2661.102 Safari/537.36"
205.169.39.45 - - [05/Jul/2024:22:05:57 +0330] "GET /fa HTTP/1.1" 301 233 "http://saffgroup.com" "Mozilla/5.0 (Windows NT 10.0) AppleWebKit/537.36 (KHTML, like Gecko) Chrome/106.0.0.0 Safari/537.36"
205.169.39.45 - - [05/Jul/2024:22:05:57 +0330] "GET /fa/ HTTP/1.1" 200 41272 "https://saffgroup.com/fa" "Mozilla/5.0 (Windows NT 10.0) AppleWebKit/537.36 (KHTML, like Gecko) Chrome/106.0.0.0 Safari/537.36"
167.94.146.56 - - [05/Jul/2024:22:10:45 +0330] "GET / HTTP/1.1" 200 50977 "-" "-"
167.94.146.56 - - [05/Jul/2024:22:10:48 +0330] "GET / HTTP/1.1" 200 11183 "-" "Mozilla/5.0 (compatible; CensysInspect/1.1; +https://about.censys.io/)"
167.94.146.56 - - [05/Jul/2024:22:10:49 +0330] "GET /favicon.ico HTTP/1.1" 404 - "-" "Mozilla/5.0 (compatible; CensysInspect/1.1; +https://about.censys.io/)"
66.249.66.206 - - [05/Jul/2024:22:19:08 +0330] "GET /fa/wp-content/uploads/revslider/templates/immersion_header/slide1.jpg HTTP/1.1" 200 3167 "-" "Googlebot-Image/1.0"
79.132.193.205 - - [05/Jul/2024:22:19:38 +0330] "POST /fa/wp-cron.php?doing_wp_cron=1720205378.3713779449462890625000 HTTP/1.1" 200 1 "https://saffgroup.com/fa/wp-cron.php?doing_wp_cron=1720205378.3713779449462890625000" "WordPress/5.9.3; https://saffgroup.com/fa"
5.124.135.37 - - [05/Jul/2024:22:19:37 +0330] "GET /fa/sako-desalination-project/ HTTP/2.0" 200 21719 "-" "Mozilla/5.0 (Linux; Android 10; K) AppleWebKit/537.36 (KHTML, like Gecko) SamsungBrowser/24.0 Chrome/117.0.0.0 Mobile Safari/537.36"
5.124.135.37 - - [05/Jul/2024:22:19:38 +0330] "GET /fa/wp-content/plugins/revslider/revslider-fonts/fonts.css?ver=5.9.3 HTTP/2.0" 200 1380 "https://saffgroup.com/fa/sako-desalination-project/" "Mozilla/5.0 (Linux; Android 10; K) AppleWebKit/537.36 (KHTML, like Gecko) SamsungBrowser/24.0 Chrome/117.0.0.0 Mobile Safari/537.36"
5.124.135.37 - - [05/Jul/2024:22:19:38 +0330] "GET /fa/wp-content/themes/Zephyr/fonts/fonts/fonts.css?ver=5.9.3 HTTP/2.0" 200 1380 "https://saffgroup.com/fa/sako-desalination-project/" "Mozilla/5.0 (Linux; Android 10; K) AppleWebKit/537.36 (KHTML, like Gecko) SamsungBrowser/24.0 Chrome/117.0.0.0 Mobile Safari/537.36"
5.124.135.37 - - [05/Jul/2024:22:19:38 +0330] "GET /fa/wp-content/plugins/newsletter/style.css?ver=7.4.3 HTTP/2.0" 200 1190 "https://saffgroup.com/fa/sako-desalination-project/" "Mozilla/5.0 (Linux; Android 10; K) AppleWebKit/537.36 (KHTML, like Gecko) SamsungBrowser/24.0 Chrome/117.0.0.0 Mobile Safari/537.36"
5.124.135.37 - - [05/Jul/2024:22:19:38 +0330] "GET /fa/wp-content/themes/Zephyr-child/style.css?ver=8.5.1 HTTP/2.0" 200 123 "https://saffgroup.com/fa/sako-desalination-project/" "Mozilla/5.0 (Linux; Android 10; K) AppleWebKit/537.36 (KHTML, like Gecko) SamsungBrowser/24.0 Chrome/117.0.0.0 Mobile Safari/537.36"
5.124.135.37 - - [05/Jul/2024:22:19:38 +0330] "GET /fa/wp-content/themes/Zephyr/common/css/base/ripple.css?ver=8.5.1 HTTP/2.0" 200 391 "https://saffgroup.com/fa/sako-desalination-project/" "Mozilla/5.0 (Linux; Android 10; K) AppleWebKit/537.36 (KHTML, like Gecko) SamsungBrowser/24.0 Chrome/117.0.0.0 Mobile Safari/537.36"
5.124.135.37 - - [05/Jul/2024:22:19:38 +0330] "GET /fa/wp-content/themes/Zephyr/common/css/rtl.min.css?ver=8.5.1 HTTP/2.0" 200 3818 "https://saffgroup.com/fa/sako-desalination-project/" "Mozilla/5.0 (Linux; Android 10; K) AppleWebKit/537.36 (KHTML, like Gecko) SamsungBrowser/24.0 Chrome/117.0.0.0 Mobile Safari/537.36"
5.124.135.37 - - [05/Jul/2024:22:19:38 +0330] "GET /fa/wp-content/uploads/smile_fonts/Defaults/Defaults.css?ver=3.19.11 HTTP/2.0" 200 4455 "https://saffgroup.com/fa/sako-desalination-project/" "Mozilla/5.0 (Linux; Android 10; K) AppleWebKit/537.36 (KHTML, like Gecko) SamsungBrowser/24.0 Chrome/117.0.0.0 Mobile Safari/537.36"
5.124.135.37 - - [05/Jul/2024:22:19:38 +0330] "GET /fa/wp-includes/js/jquery/jquery.min.js?ver=3.6.0 HTTP/2.0" 200 30310 "https://saffgroup.com/fa/sako-desalination-project/" "Mozilla/5.0 (Linux; Android 10; K) AppleWebKit/537.36 (KHTML, like Gecko) SamsungBrowser/24.0 Chrome/117.0.0.0 Mobile Safari/537.36"
5.124.135.37 - - [05/Jul/2024:22:19:38 +0330] "GET /fa/wp-content/plugins/js_composer/assets/css/js_composer.min.css?ver=6.7.0 HTTP/2.0" 200 41040 "https://saffgroup.com/fa/sako-desalination-project/" "Mozilla/5.0 (Linux; Android 10; K) AppleWebKit/537.36 (KHTML, like Gecko) SamsungBrowser/24.0 Chrome/117.0.0.0 Mobile Safari/537.36"
5.124.135.37 - - [05/Jul/2024:22:19:38 +0330] "GET /fa/wp-content/themes/Zephyr/css/style.min.css?ver=8.5.1 HTTP/2.0" 200 58077 "https://saffgroup.com/fa/sako-desalination-project/" "Mozilla/5.0 (Linux; Android 10; K) AppleWebKit/537.36 (KHTML, like Gecko) SamsungBrowser/24.0 Chrome/117.0.0.0 Mobile Safari/537.36"
5.124.135.37 - - [05/Jul/2024:22:19:39 +0330] "GET /fa/wp-content/plugins/revslider/public/assets/css/rs6.css?ver=6.5.15 HTTP/2.0" 200 11778 "https://saffgroup.com/fa/sako-desalination-project/" "Mozilla/5.0 (Linux; Android 10; K) AppleWebKit/537.36 (KHTML, like Gecko) SamsungBrowser/24.0 Chrome/117.0.0.0 Mobile Safari/537.36"
5.124.135.37 - - [05/Jul/2024:22:19:39 +0330] "GET /fa/wp-content/themes/Zephyr/js/us.core.min.js?ver=8.5.1 HTTP/2.0" 200 40612 "https://saffgroup.com/fa/sako-desalination-project/" "Mozilla/5.0 (Linux; Android 10; K) AppleWebKit/537.36 (KHTML, like Gecko) SamsungBrowser/24.0 Chrome/117.0.0.0 Mobile Safari/537.36"
5.124.135.37 - - [05/Jul/2024:22:19:39 +0330] "GET /fa/wp-content/themes/Zephyr/common/js/base/ripple.min.js?ver=8.5.1 HTTP/2.0" 200 764 "https://saffgroup.com/fa/sako-desalination-project/" "Mozilla/5.0 (Linux; Android 10; K) AppleWebKit/537.36 (KHTML, like Gecko) SamsungBrowser/24.0 Chrome/117.0.0.0 Mobile Safari/537.36"
5.124.135.37 - - [05/Jul/2024:22:19:39 +0330] "GET /fa/wp-content/plugins/revslider/public/assets/js/rbtools.min.js?ver=6.5.15 HTTP/2.0" 200 47240 "https://saffgroup.com/fa/sako-desalination-project/" "Mozilla/5.0 (Linux; Android 10; K) AppleWebKit/537.36 (KHTML, like Gecko) SamsungBrowser/24.0 Chrome/117.0.0.0 Mobile Safari/537.36"
5.124.135.37 - - [05/Jul/2024:22:19:39 +0330] "GET /fa/wp-content/plugins/revslider/public/assets/js/rs6.min.js?ver=6.5.15 HTTP/2.0" 200 94275 "https://saffgroup.com/fa/sako-desalination-project/" "Mozilla/5.0 (Linux; Android 10; K) AppleWebKit/537.36 (KHTML, like Gecko) SamsungBrowser/24.0 Chrome/117.0.0.0 Mobile Safari/537.36"
5.124.135.37 - - [05/Jul/2024:22:19:39 +0330] "GET /fa/wp-content/uploads/2022/05/Page-41-copy.jpg HTTP/2.0" 200 389049 "https://saffgroup.com/fa/sako-desalination-project/" "Mozilla/5.0 (Linux; Android 10; K) AppleWebKit/537.36 (KHTML, like Gecko) SamsungBrowser/24.0 Chrome/117.0.0.0 Mobile Safari/537.36"
5.124.135.37 - - [05/Jul/2024:22:19:39 +0330] "GET /fa/wp-content/themes/Zephyr/fonts/fonts/fonts/woff2/IRANSansWeb_FaNum_Medium.woff2 HTTP/2.0" 200 25782 "https://saffgroup.com/fa/wp-content/themes/Zephyr/fonts/fonts/fonts.css?ver=5.9.3" "Mozilla/5.0 (Linux; Android 10; K) AppleWebKit/537.36 (KHTML, like Gecko) SamsungBrowser/24.0 Chrome/117.0.0.0 Mobile Safari/537.36"
5.124.135.37 - - [05/Jul/2024:22:19:39 +0330] "GET /fa/wp-content/uploads/2022/05/Rectangle-332-min.png HTTP/2.0" 200 201778 "https://saffgroup.com/fa/sako-desalination-project/" "Mozilla/5.0 (Linux; Android 10; K) AppleWebKit/537.36 (KHTML, like Gecko) SamsungBrowser/24.0 Chrome/117.0.0.0 Mobile Safari/537.36"
5.124.135.37 - - [05/Jul/2024:22:19:39 +0330] "GET /fa/wp-content/themes/Zephyr/fonts/material-icons.woff2?ver=8.5.1 HTTP/2.0" 200 110565 "https://saffgroup.com/fa/sako-desalination-project/" "Mozilla/5.0 (Linux; Android 10; K) AppleWebKit/537.36 (KHTML, like Gecko) SamsungBrowser/24.0 Chrome/117.0.0.0 Mobile Safari/537.36"
5.124.135.37 - - [05/Jul/2024:22:19:39 +0330] "GET /fa/wp-content/themes/Zephyr/fonts/fonts/fonts/woff2/IRANSansWeb_Medium.woff2 HTTP/2.0" 200 26892 "https://saffgroup.com/fa/wp-content/themes/Zephyr/fonts/fonts/fonts.css?ver=5.9.3" "Mozilla/5.0 (Linux; Android 10; K) AppleWebKit/537.36 (KHTML, like Gecko) SamsungBrowser/24.0 Chrome/117.0.0.0 Mobile Safari/537.36"
5.124.135.37 - - [05/Jul/2024:22:19:39 +0330] "GET /fa/wp-content/themes/Zephyr/fonts/fa-brands-400.woff2?ver=8.5.1 HTTP/2.0" 200 76741 "https://saffgroup.com/fa/sako-desalination-project/" "Mozilla/5.0 (Linux; Android 10; K) AppleWebKit/537.36 (KHTML, like Gecko) SamsungBrowser/24.0 Chrome/117.0.0.0 Mobile Safari/537.36"
5.124.135.37 - - [05/Jul/2024:22:19:39 +0330] "GET /fa/wp-content/themes/Zephyr/fonts/fonts/fonts/woff2/robotoregular.woff2 HTTP/2.0" 200 19824 "https://saffgroup.com/fa/wp-content/themes/Zephyr/fonts/fonts/fonts.css?ver=5.9.3" "Mozilla/5.0 (Linux; Android 10; K) AppleWebKit/537.36 (KHTML, like Gecko) SamsungBrowser/24.0 Chrome/117.0.0.0 Mobile Safari/537.36"
5.124.135.37 - - [05/Jul/2024:22:19:39 +0330] "GET /fa/wp-content/themes/Zephyr/fonts/fa-solid-900.woff2?ver=8.5.1 HTTP/2.0" 200 78273 "https://saffgroup.com/fa/sako-desalination-project/" "Mozilla/5.0 (Linux; Android 10; K) AppleWebKit/537.36 (KHTML, like Gecko) SamsungBrowser/24.0 Chrome/117.0.0.0 Mobile Safari/537.36"
5.124.135.37 - - [05/Jul/2024:22:19:39 +0330] "GET /fa/wp-content/uploads/2017/07/SAFF-logo.png HTTP/2.0" 200 24558 "https://saffgroup.com/fa/sako-desalination-project/" "Mozilla/5.0 (Linux; Android 10; K) AppleWebKit/537.36 (KHTML, like Gecko) SamsungBrowser/24.0 Chrome/117.0.0.0 Mobile Safari/537.36"
5.124.135.37 - - [05/Jul/2024:22:19:39 +0330] "GET /fa/wp-content/uploads/2022/05/asia-water.png HTTP/2.0" 200 12164 "https://saffgroup.com/fa/sako-desalination-project/" "Mozilla/5.0 (Linux; Android 10; K) AppleWebKit/537.36 (KHTML, like Gecko) SamsungBrowser/24.0 Chrome/117.0.0.0 Mobile Safari/537.36"
5.124.135.37 - - [05/Jul/2024:22:19:39 +0330] "GET /fa/wp-content/uploads/2022/05/Page-46-600x600.jpg HTTP/2.0" 200 54897 "https://saffgroup.com/fa/sako-desalination-project/" "Mozilla/5.0 (Linux; Android 10; K) AppleWebKit/537.36 (KHTML, like Gecko) SamsungBrowser/24.0 Chrome/117.0.0.0 Mobile Safari/537.36"
5.124.135.37 - - [05/Jul/2024:22:19:39 +0330] "GET /fa/wp-content/uploads/2022/05/Page-44-600x600.jpg HTTP/2.0" 200 54015 "https://saffgroup.com/fa/sako-desalination-project/" "Mozilla/5.0 (Linux; Android 10; K) AppleWebKit/537.36 (KHTML, like Gecko) SamsungBrowser/24.0 Chrome/117.0.0.0 Mobile Safari/537.36"
5.124.135.37 - - [05/Jul/2024:22:19:39 +0330] "GET /fa/wp-content/uploads/2022/05/Page-43-600x600.jpg HTTP/2.0" 200 61729 "https://saffgroup.com/fa/sako-desalination-project/" "Mozilla/5.0 (Linux; Android 10; K) AppleWebKit/537.36 (KHTML, like Gecko) SamsungBrowser/24.0 Chrome/117.0.0.0 Mobile Safari/537.36"
5.124.135.37 - - [05/Jul/2024:22:19:39 +0330] "GET /fa/wp-content/uploads/2022/05/Page-27-600x600.jpg HTTP/2.0" 200 30188 "https://saffgroup.com/fa/sako-desalination-project/" "Mozilla/5.0 (Linux; Android 10; K) AppleWebKit/537.36 (KHTML, like Gecko) SamsungBrowser/24.0 Chrome/117.0.0.0 Mobile Safari/537.36"
5.124.135.37 - - [05/Jul/2024:22:19:39 +0330] "GET /fa/wp-content/uploads/2022/05/Page-9-600x415.jpg HTTP/2.0" 200 39371 "https://saffgroup.com/fa/sako-desalination-project/" "Mozilla/5.0 (Linux; Android 10; K) AppleWebKit/537.36 (KHTML, like Gecko) SamsungBrowser/24.0 Chrome/117.0.0.0 Mobile Safari/537.36"
5.124.135.37 - - [05/Jul/2024:22:19:39 +0330] "GET /fa/wp-content/uploads/2022/05/Page-8-600x600.jpeg HTTP/2.0" 200 55889 "https://saffgroup.com/fa/sako-desalination-project/" "Mozilla/5.0 (Linux; Android 10; K) AppleWebKit/537.36 (KHTML, like Gecko) SamsungBrowser/24.0 Chrome/117.0.0.0 Mobile Safari/537.36"
5.124.135.37 - - [05/Jul/2024:22:19:39 +0330] "GET /fa/wp-content/uploads/2022/05/Page-25-600x600.jpg HTTP/2.0" 200 33332 "https://saffgroup.com/fa/sako-desalination-project/" "Mozilla/5.0 (Linux; Android 10; K) AppleWebKit/537.36 (KHTML, like Gecko) SamsungBrowser/24.0 Chrome/117.0.0.0 Mobile Safari/537.36"
5.124.135.37 - - [05/Jul/2024:22:19:39 +0330] "GET /fa/wp-content/uploads/2022/05/Page-11-600x506.jpg HTTP/2.0" 200 72436 "https://saffgroup.com/fa/sako-desalination-project/" "Mozilla/5.0 (Linux; Android 10; K) AppleWebKit/537.36 (KHTML, like Gecko) SamsungBrowser/24.0 Chrome/117.0.0.0 Mobile Safari/537.36"
5.124.135.37 - - [05/Jul/2024:22:19:39 +0330] "GET /fa/wp-content/uploads/2022/05/SAKO-Desalination-Project-3-600x600.jpg HTTP/2.0" 200 53025 "https://saffgroup.com/fa/sako-desalination-project/" "Mozilla/5.0 (Linux; Android 10; K) AppleWebKit/537.36 (KHTML, like Gecko) SamsungBrowser/24.0 Chrome/117.0.0.0 Mobile Safari/537.36"
5.124.135.37 - - [05/Jul/2024:22:19:39 +0330] "GET /fa/wp-content/uploads/2022/05/SAKO-Desalination-Project-1-600x493.jpg HTTP/2.0" 200 71218 "https://saffgroup.com/fa/sako-desalination-project/" "Mozilla/5.0 (Linux; Android 10; K) AppleWebKit/537.36 (KHTML, like Gecko) SamsungBrowser/24.0 Chrome/117.0.0.0 Mobile Safari/537.36"
5.124.135.37 - - [05/Jul/2024:22:19:40 +0330] "GET /fa/wp-content/themes/Zephyr/common/js/vendor/magnific-popup.js HTTP/2.0" 200 7058 "https://saffgroup.com/fa/sako-desalination-project/" "Mozilla/5.0 (Linux; Android 10; K) AppleWebKit/537.36 (KHTML, like Gecko) SamsungBrowser/24.0 Chrome/117.0.0.0 Mobile Safari/537.36"
5.124.135.37 - - [05/Jul/2024:22:19:40 +0330] "POST /mod_pagespeed_beacon?url=https%3A%2F%2Fsaffgroup.com%2Ffa%2Fsako-desalination-project%2F HTTP/2.0" 204 - "https://saffgroup.com/fa/sako-desalination-project/" "Mozilla/5.0 (Linux; Android 10; K) AppleWebKit/537.36 (KHTML, like Gecko) SamsungBrowser/24.0 Chrome/117.0.0.0 Mobile Safari/537.36"
5.124.135.37 - - [05/Jul/2024:22:19:40 +0330] "GET /fa/wp-content/uploads/2022/05/SAFF-logo.png HTTP/2.0" 200 24558 "https://saffgroup.com/fa/sako-desalination-project/" "Mozilla/5.0 (Linux; Android 10; K) AppleWebKit/537.36 (KHTML, like Gecko) SamsungBrowser/24.0 Chrome/117.0.0.0 Mobile Safari/537.36"
5.124.135.37 - - [05/Jul/2024:22:19:56 +0330] "GET /fa/wp-content/uploads/2022/05/South-Pars-Phase-19-Sea-Water-Intake-5.jpg HTTP/2.0" 200 602681 "https://saffgroup.com/fa/sako-desalination-project/" "Mozilla/5.0 (Linux; Android 10; K) AppleWebKit/537.36 (KHTML, like Gecko) SamsungBrowser/24.0 Chrome/117.0.0.0 Mobile Safari/537.36"
5.124.135.37 - - [05/Jul/2024:22:19:58 +0330] "GET /fa/wp-content/uploads/2022/05/263753_837.jpg HTTP/2.0" 200 66312 "https://saffgroup.com/fa/sako-desalination-project/" "Mozilla/5.0 (Linux; Android 10; K) AppleWebKit/537.36 (KHTML, like Gecko) SamsungBrowser/24.0 Chrome/117.0.0.0 Mobile Safari/537.36"
5.124.135.37 - - [05/Jul/2024:22:19:58 +0330] "GET /fa/wp-content/uploads/2022/05/Picture2-768x512.jpg HTTP/2.0" 200 76235 "https://saffgroup.com/fa/sako-desalination-project/" "Mozilla/5.0 (Linux; Android 10; K) AppleWebKit/537.36 (KHTML, like Gecko) SamsungBrowser/24.0 Chrome/117.0.0.0 Mobile Safari/537.36"
5.124.135.37 - - [05/Jul/2024:22:19:59 +0330] "GET /fa/wp-content/uploads/2022/05/Page-50-768x431.jpg HTTP/2.0" 200 44014 "https://saffgroup.com/fa/sako-desalination-project/" "Mozilla/5.0 (Linux; Android 10; K) AppleWebKit/537.36 (KHTML, like Gecko) SamsungBrowser/24.0 Chrome/117.0.0.0 Mobile Safari/537.36"
5.124.135.37 - - [05/Jul/2024:22:20:46 +0330] "GET /fa/wp-content/uploads/2024/05/photo1715763985-600x600.jpeg HTTP/2.0" 200 42099 "https://saffgroup.com/fa/sako-desalination-project/" "Mozilla/5.0 (Linux; Android 10; K) AppleWebKit/537.36 (KHTML, like Gecko) SamsungBrowser/24.0 Chrome/117.0.0.0 Mobile Safari/537.36"
5.124.135.37 - - [05/Jul/2024:22:20:46 +0330] "GET /fa/wp-content/uploads/2024/01/IMG_7239-600x600.jpg HTTP/2.0" 200 64796 "https://saffgroup.com/fa/sako-desalination-project/" "Mozilla/5.0 (Linux; Android 10; K) AppleWebKit/537.36 (KHTML, like Gecko) SamsungBrowser/24.0 Chrome/117.0.0.0 Mobile Safari/537.36"
5.124.135.37 - - [05/Jul/2024:22:20:56 +0330] "GET /fa/wp-content/uploads/2023/11/IMG_6806-600x600.jpg HTTP/2.0" 200 75636 "https://saffgroup.com/fa/sako-desalination-project/" "Mozilla/5.0 (Linux; Android 10; K) AppleWebKit/537.36 (KHTML, like Gecko) SamsungBrowser/24.0 Chrome/117.0.0.0 Mobile Safari/537.36"
5.124.135.37 - - [05/Jul/2024:22:21:00 +0330] "GET /fa/wp-content/uploads/2022/05/Group-580.png HTTP/2.0" 200 532 "https://saffgroup.com/fa/sako-desalination-project/" "Mozilla/5.0 (Linux; Android 10; K) AppleWebKit/537.36 (KHTML, like Gecko) SamsungBrowser/24.0 Chrome/117.0.0.0 Mobile Safari/537.36"
79.132.193.205 - - [05/Jul/2024:22:21:37 +0330] "POST /en/wp-cron.php?doing_wp_cron=1720205497.6387488842010498046875 HTTP/1.1" 200 1 "https://saffgroup.com/en/wp-cron.php?doing_wp_cron=1720205497.6387488842010498046875" "WordPress/5.9.3; https://saffgroup.com/en"
173.252.107.4 - - [05/Jul/2024:22:21:37 +0330] "GET /en/wp-json/oembed/1.0/embed?url=https%3A%2F%2Fsaffgroup.com%2Fen%2Ftotals-representatives-visited-saff-group%2F HTTP/2.0" 200 2755 "-" "facebookexternalhit/1.1 (+http://www.facebook.com/externalhit_uatext.php)"
69.171.249.9 - - [05/Jul/2024:22:21:54 +0330] "GET /en/wp-json/oembed/1.0/embed?url=https%3A%2F%2Fsaffgroup.com%2Fen%2Fsalman-offshore-facilities%2F HTTP/2.0" 200 2605 "-" "facebookexternalhit/1.1 (+http://www.facebook.com/externalhit_uatext.php)"
5.124.135.37 - - [05/Jul/2024:22:23:23 +0330] "GET /fa/sako-desalination-project/ HTTP/2.0" 200 21698 "-" "Mozilla/5.0 (Linux; Android 10; K) AppleWebKit/537.36 (KHTML, like Gecko) SamsungBrowser/24.0 Chrome/117.0.0.0 Mobile Safari/537.36"
5.124.135.37 - - [05/Jul/2024:22:23:25 +0330] "POST /mod_pagespeed_beacon?url=https%3A%2F%2Fsaffgroup.com%2Ffa%2Fsako-desalination-project%2F HTTP/2.0" 204 - "https://saffgroup.com/fa/sako-desalination-project/" "Mozilla/5.0 (Linux; Android 10; K) AppleWebKit/537.36 (KHTML, like Gecko) SamsungBrowser/24.0 Chrome/117.0.0.0 Mobile Safari/537.36"
79.132.193.205 - - [05/Jul/2024:22:24:41 +0330] "POST /fa/wp-cron.php?doing_wp_cron=1720205681.0390479564666748046875 HTTP/1.1" 200 1 "https://saffgroup.com/fa/wp-cron.php?doing_wp_cron=1720205681.0390479564666748046875" "WordPress/5.9.3; https://saffgroup.com/fa"
69.171.230.9 - - [05/Jul/2024:22:24:40 +0330] "GET /fa/wp-content/plugins/revslider/revslider-fonts/fonts/ttf/iransansdnwebregular.ttf HTTP/2.0" 404 123494 "-" "facebookexternalhit/1.1 (+http://www.facebook.com/externalhit_uatext.php)"
66.220.149.37 - - [05/Jul/2024:22:28:06 +0330] "GET /fa/wp-json/wp/v2/pages/7000 HTTP/2.0" 200 7776 "-" "facebookexternalhit/1.1 (+http://www.facebook.com/externalhit_uatext.php)"
77.75.78.162 - - [05/Jul/2024:22:31:59 +0330] "GET /robots.txt HTTP/1.1" 200 122 "-" "Mozilla/5.0 (compatible; SeznamBot/4.0; +http://napoveda.seznam.cz/seznambot-intro/)"
79.132.193.205 - - [05/Jul/2024:22:31:59 +0330] "POST /en/wp-cron.php?doing_wp_cron=1720206119.9278280735015869140625 HTTP/1.1" 200 1 "https://saffgroup.com/en/wp-cron.php?doing_wp_cron=1720206119.9278280735015869140625" "WordPress/5.9.3; https://saffgroup.com/en"
77.75.78.162 - - [05/Jul/2024:22:31:59 +0330] "GET /en/saff-group/ HTTP/1.1" 200 22593 "-" "Mozilla/5.0 (compatible; SeznamBot/4.0; +http://napoveda.seznam.cz/seznambot-intro/)"
66.249.66.205 - - [05/Jul/2024:22:33:30 +0330] "GET / HTTP/1.1" 301 232 "-" "Mozilla/5.0 (Linux; Android 6.0.1; Nexus 5X Build/MMB29P) AppleWebKit/537.36 (KHTML, like Gecko) Chrome/125.0.6422.175 Mobile Safari/537.36 (compatible; Googlebot/2.1; +http://www.google.com/bot.html)"
66.249.66.206 - - [05/Jul/2024:22:33:31 +0330] "GET /fa HTTP/1.1" 301 233 "-" "Mozilla/5.0 (Linux; Android 6.0.1; Nexus 5X Build/MMB29P) AppleWebKit/537.36 (KHTML, like Gecko) Chrome/125.0.6422.175 Mobile Safari/537.36 (compatible; Googlebot/2.1; +http://www.google.com/bot.html)"
79.132.193.205 - - [05/Jul/2024:22:33:32 +0330] "POST /fa/wp-cron.php?doing_wp_cron=1720206212.4853129386901855468750 HTTP/1.1" 200 1 "https://saffgroup.com/fa/wp-cron.php?doing_wp_cron=1720206212.4853129386901855468750" "WordPress/5.9.3; https://saffgroup.com/fa"
66.249.66.207 - - [05/Jul/2024:22:33:31 +0330] "GET /fa/ HTTP/1.1" 200 32313 "-" "Mozilla/5.0 (Linux; Android 6.0.1; Nexus 5X Build/MMB29P) AppleWebKit/537.36 (KHTML, like Gecko) Chrome/125.0.6422.175 Mobile Safari/537.36 (compatible; Googlebot/2.1; +http://www.google.com/bot.html)"
66.249.66.206 - - [05/Jul/2024:22:35:30 +0330] "GET /fa/wp-content/uploads/revslider/templates/beforeafterslider/slide1.jpg HTTP/1.1" 200 8885 "-" "Googlebot-Image/1.0"
79.132.193.205 - - [05/Jul/2024:22:36:18 +0330] "POST /en/wp-cron.php?doing_wp_cron=1720206378.8558359146118164062500 HTTP/1.1" 200 1 "https://saffgroup.com/en/wp-cron.php?doing_wp_cron=1720206378.8558359146118164062500" "WordPress/5.9.3; https://saffgroup.com/en"
159.203.110.80 - - [05/Jul/2024:22:36:18 +0330] "POST /en/xmlrpc.php HTTP/1.1" 200 206 "-" "Mozilla/5.0 (Windows NT 10.0; Win64; x64; rv:44.0) Gecko/20100101 Firefox/44.0"
79.132.193.205 - - [05/Jul/2024:22:36:31 +0330] "POST /fa/wp-cron.php?doing_wp_cron=1720206391.4908790588378906250000 HTTP/1.1" 200 1 "https://saffgroup.com/fa/wp-cron.php?doing_wp_cron=1720206391.4908790588378906250000" "WordPress/5.9.3; https://saffgroup.com/fa"
195.201.167.100 - - [05/Jul/2024:22:36:30 +0330] "POST /fa/xmlrpc.php HTTP/1.1" 200 245 "-" "Mozilla/5.0 (Windows NT 10.0; Win64; x64; rv:96.0) Gecko/20100101 Firefox/96.0"
79.132.193.205 - - [05/Jul/2024:22:38:34 +0330] "POST /en/wp-cron.php?doing_wp_cron=1720206514.3925540447235107421875 HTTP/1.1" 200 1 "https://saffgroup.com/en/wp-cron.php?doing_wp_cron=1720206514.3925540447235107421875" "WordPress/5.9.3; https://saffgroup.com/en"
69.171.249.115 - - [05/Jul/2024:22:38:33 +0330] "GET /en/wp-json/wp/v2/posts/7376 HTTP/2.0" 200 8227 "-" "facebookexternalhit/1.1 (+http://www.facebook.com/externalhit_uatext.php)"
66.220.149.9 - - [05/Jul/2024:22:42:46 +0330] "GET /fa/wp-content/uploads/2023/11/IMG_3969-600x600.jpg HTTP/2.0" 200 71449 "-" "facebookexternalhit/1.1 (+http://www.facebook.com/externalhit_uatext.php)"
66.249.66.205 - - [05/Jul/2024:22:51:51 +0330] "GET /fa/wp-content/uploads/2014/10/colorful-266993_1920.jpg HTTP/1.1" 200 234990 "-" "Googlebot-Image/1.0"
79.132.193.205 - - [05/Jul/2024:22:53:31 +0330] "POST /en/wp-cron.php?doing_wp_cron=1720207411.7765629291534423828125 HTTP/1.1" 200 1 "https://saffgroup.com/en/wp-cron.php?doing_wp_cron=1720207411.7765629291534423828125" "WordPress/5.9.3; https://saffgroup.com/en"
84.239.31.14 - - [05/Jul/2024:22:53:31 +0330] "GET /en/ HTTP/1.1" 200 37756 "-" "Mozilla/5.0 (Windows NT 10.0; Win64; x64; rv:109.0) Gecko/20100101 Firefox/111.0"
79.132.193.205 - - [05/Jul/2024:23:02:26 +0330] "POST /en/wp-cron.php?doing_wp_cron=1720207946.5863399505615234375000 HTTP/1.1" 200 1 "https://saffgroup.com/en/wp-cron.php?doing_wp_cron=1720207946.5863399505615234375000" "WordPress/5.9.3; https://saffgroup.com/en"
66.220.149.8 - - [05/Jul/2024:23:02:25 +0330] "GET /en/wp-json/oembed/1.0/embed?url=https%3A%2F%2Fsaffgroup.com%2Fen%2Fofogh-2-saff-9000%2F HTTP/2.0" 200 2546 "-" "facebookexternalhit/1.1 (+http://www.facebook.com/externalhit_uatext.php)"
79.132.193.205 - - [05/Jul/2024:23:03:15 +0330] "POST /fa/wp-cron.php?doing_wp_cron=1720207995.3769359588623046875000 HTTP/1.1" 200 1 "https://saffgroup.com/fa/wp-cron.php?doing_wp_cron=1720207995.3769359588623046875000" "WordPress/5.9.3; https://saffgroup.com/fa"
119.13.102.22 - - [05/Jul/2024:23:03:14 +0330] "GET /fa/%d8%a8%d8%a7%d8%b2%d8%af%db%8c%d8%af-%d9%85%d8%af%db%8c%d8%b1%d8%a7%d9%86-%d8%a7%d8%b1%d8%b4%d8%af-%d8%a8%d8%a7%d9%86%da%a9-%d8%aa%d8%ac%d8%a7%d8%b1%d8%aa-%d9%88-%d8%b5%d9%86%d8%af%d9%88%d9%82-%d8%aa/ HTTP/2.0" 200 22275 "-" "Mozilla/5.0 (Windows NT 10.0; Win64; x64) AppleWebKit/537.36 (KHTML, like Gecko) Chrome/101.0.4951.64 Safari/537.36 Edg/101.0.1210.47"
139.59.156.235 - - [05/Jul/2024:23:04:43 +0330] "GET / HTTP/1.1" 200 11183 "-" "Mozilla/5.0 (Macintosh; Intel Mac OS X 10_15_7) AppleWebKit/537.36 (KHTML, like Gecko) Chrome/121.0.0.0 Safari/537.36"
79.132.193.205 - - [05/Jul/2024:23:06:08 +0330] "POST /fa/wp-cron.php?doing_wp_cron=1720208168.7968449592590332031250 HTTP/1.1" 200 1 "https://saffgroup.com/fa/wp-cron.php?doing_wp_cron=1720208168.7968449592590332031250" "WordPress/5.9.3; https://saffgroup.com/fa"
173.252.107.6 - - [05/Jul/2024:23:06:07 +0330] "GET /fa/wp-json/wp/v2/posts/8669 HTTP/2.0" 200 11542 "-" "facebookexternalhit/1.1 (+http://www.facebook.com/externalhit_uatext.php)"
66.249.66.206 - - [05/Jul/2024:23:08:13 +0330] "GET /fa/wp-content/uploads/2014/10/abzarwpp-350x280.jpg HTTP/1.1" 200 14607 "-" "Googlebot-Image/1.0"
85.208.96.201 - - [05/Jul/2024:23:09:16 +0330] "GET /robots.txt HTTP/1.1" 200 122 "-" "Mozilla/5.0 (compatible; SemrushBot/7~bl; +http://www.semrush.com/bot.html)"
185.191.171.15 - - [05/Jul/2024:23:09:16 +0330] "GET /fa/%D8%AD%D8%B6%D9%88%D8%B1-%D8%B4%D8%B1%DA%A9%D8%AA-%D8%B5%D9%86%D8%A7%DB%8C%D8%B9-%D9%81%D8%B1%D8%A7%D8%B3%D8%A7%D8%AD%D9%84-%D8%B5%D9%81-%D8%AF%D8%B1-%D8%A8%DB%8C%D8%B3%D8%AA-%D9%88-%D9%87%D9%81/attachment/01/ HTTP/1.1" 200 20603 "-" "Mozilla/5.0 (compatible; SemrushBot/7~bl; +http://www.semrush.com/bot.html)"
159.65.179.17 - - [05/Jul/2024:23:18:18 +0330] "GET / HTTP/1.1" 200 11183 "-" "Mozilla/5.0 (X11; Linux x86_64; rv:73.0) Gecko/20100101 Firefox/73.0"
110.154.101.182 - - [05/Jul/2024:23:19:07 +0330] "GET / HTTP/1.1" 301 232 "-" "Mozilla/5.0 (X11; Linux x86_64; rv:35.0) Gecko/20100101 Firefox/35.0"
66.249.66.207 - - [05/Jul/2024:23:24:35 +0330] "GET /fa/wp-content/uploads/2015/07/Image-9-90x56.jpg HTTP/1.1" 200 2358 "-" "Googlebot-Image/1.0"
91.92.246.103 - - [05/Jul/2024:23:30:33 +0330] "GET /.git/config HTTP/1.1" 404 - "-" "Mozilla/5.0 (Linux; Android 6.0; ALE-L21 Build/HuaweiALE-L21) AppleWebKit/537.36 (KHTML, like Gecko) Chrome/50.0.2661.89 Mobile Safari/537.36"
34.212.36.194 - - [05/Jul/2024:23:38:09 +0330] "HEAD /fa HTTP/2.0" 301 - "-" "Mozilla/5.0 (Macintosh; U; Intel Mac OS X 10_6_4; th-th) AppleWebKit/533.17.8 (KHTML, like Gecko) Version/5.0.1 Safari/533.17.8"
79.132.193.205 - - [05/Jul/2024:23:38:11 +0330] "POST /fa/wp-cron.php?doing_wp_cron=1720210091.3568129539489746093750 HTTP/1.1" 200 1 "https://saffgroup.com/fa/wp-cron.php?doing_wp_cron=1720210091.3568129539489746093750" "WordPress/5.9.3; https://saffgroup.com/fa"
34.212.36.194 - - [05/Jul/2024:23:38:10 +0330] "HEAD /fa/ HTTP/2.0" 200 - "-" "Mozilla/5.0 (Macintosh; U; Intel Mac OS X 10_6_4; th-th) AppleWebKit/533.17.8 (KHTML, like Gecko) Version/5.0.1 Safari/533.17.8"
91.92.246.103 - - [05/Jul/2024:23:39:18 +0330] "GET /.git/config HTTP/1.1" 404 - "-" "Mozilla/5.0 (Windows NT 10.0; Win64; x64) AppleWebKit/537.36 (KHTML, like Gecko) Chrome/74.0.3729.131 Safari/537.36"
66.249.66.207 - - [05/Jul/2024:23:40:57 +0330] "GET /fa/wp-content/uploads/revslider/templates/immersion_header/slide1.jpg HTTP/1.1" 200 3167 "-" "Googlebot-Image/1.0"
79.132.193.205 - - [05/Jul/2024:23:46:56 +0330] "POST /fa/wp-cron.php?doing_wp_cron=1720210616.1847310066223144531250 HTTP/1.1" 200 1 "https://saffgroup.com/fa/wp-cron.php?doing_wp_cron=1720210616.1847310066223144531250" "WordPress/5.9.3; https://saffgroup.com/fa"
185.191.171.7 - - [05/Jul/2024:23:46:55 +0330] "GET /fa/%D9%85%DB%8C%D9%84%D8%A7%D8%AF-%D8%A8%D8%A7-%D8%B3%D8%B9%D8%A7%D8%AF%D8%AA-%D8%AD%D8%B6%D8%B1%D8%AA-%D9%81%D8%A7%D8%B7%D9%85%D9%87-%D8%B3-%D9%88-%D8%B1%D9%88%D8%B2-%D8%B2%D9%86/ HTTP/1.1" 200 22845 "-" "Mozilla/5.0 (compatible; SemrushBot/7~bl; +http://www.semrush.com/bot.html)"
40.77.167.9 - - [05/Jul/2024:23:50:16 +0330] "GET /en/wp-content/uploads/2022/05/TOTALs-Representatives-Visited-SAFF-Groups-Yards-in-Bandar-Abbas-and-Qeshm-Island1-150x150.jpg HTTP/2.0" 200 7498 "-" "Mozilla/5.0 AppleWebKit/537.36 (KHTML, like Gecko; compatible; bingbot/2.0; +http://www.bing.com/bingbot.htm) Chrome/116.0.1938.76 Safari/537.36"
66.249.81.167 - - [05/Jul/2024:23:52:26 +0330] "GET /.well-known/traffic-advice HTTP/1.1" 404 - "-" "Chrome Privacy Preserving Prefetch Proxy"
79.132.193.205 - - [05/Jul/2024:23:52:28 +0330] "POST /fa/wp-cron.php?doing_wp_cron=1720210948.1046679019927978515625 HTTP/1.1" 200 1 "https://saffgroup.com/fa/wp-cron.php?doing_wp_cron=1720210948.1046679019927978515625" "WordPress/5.9.3; https://saffgroup.com/fa"
193.186.4.43 - - [05/Jul/2024:23:52:27 +0330] "GET /fa/sirri-a-e-field-development/ HTTP/2.0" 200 - "-" "Mozilla/5.0 (Linux; Android 10; K) AppleWebKit/537.36 (KHTML, like Gecko) Chrome/106.0.0.0 Mobile Safari/537.36"
95.164.128.247 - - [05/Jul/2024:23:53:19 +0330] "GET /fa HTTP/1.1" 301 233 "http://www.saffgroup.com" "Mozilla/5.0 (X11; Ubuntu; Linux i686; rv:114.0) Gecko/20100101 Firefox/114.0"
95.164.128.247 - - [05/Jul/2024:23:53:20 +0330] "GET /fa/ HTTP/1.1" 200 34553 "https://saffgroup.com/fa" "Mozilla/5.0 (X11; Ubuntu; Linux i686; rv:114.0) Gecko/20100101 Firefox/114.0"
95.164.128.247 - - [05/Jul/2024:23:53:27 +0330] "GET /wp-login.php?action=register HTTP/1.1" 200 1 "https://saffgroup.com/" "Mozilla/5.0 (Windows NT 6.3; Win64; x64) AppleWebKit/537.36 (KHTML, like Gecko) Chrome/103.0.0.0 Safari/537.36"
95.164.128.247 - - [05/Jul/2024:23:53:28 +0330] "GET /wp-login.php?action=register HTTP/1.1" 200 1 "https://saffgroup.com/wp-login.php?action=register" "Mozilla/5.0 (Windows NT 6.3; Win64; x64) AppleWebKit/537.36 (KHTML, like Gecko) Chrome/103.0.0.0 Safari/537.36"
185.191.171.14 - - [05/Jul/2024:23:53:33 +0330] "GET /fa/%D8%A8%D8%A7%D8%B2%D8%AF%DB%8C%D8%AF-%D8%A7%D8%B3%D8%AA%D8%A7%D9%86%D8%AF%D8%A7%D8%B1-%D9%85%D8%AD%D8%AA%D8%B1%D9%85-%D8%AE%D9%88%D8%B2%D8%B3%D8%AA%D8%A7%D9%86-%D9%88-%D9%85%D8%AF%DB%8C%D8%B1%D8%A7/img_6844/ HTTP/1.1" 200 20557 "-" "Mozilla/5.0 (compatible; SemrushBot/7~bl; +http://www.semrush.com/bot.html)"
79.132.193.205 - - [05/Jul/2024:23:57:05 +0330] "POST /fa/wp-cron.php?doing_wp_cron=1720211225.7252700328826904296875 HTTP/1.1" 200 1 "https://saffgroup.com/fa/wp-cron.php?doing_wp_cron=1720211225.7252700328826904296875" "WordPress/5.9.3; https://saffgroup.com/fa"
66.249.66.205 - - [05/Jul/2024:23:57:04 +0330] "GET /fa/ HTTP/1.1" 200 32308 "-" "Mozilla/5.0 (Linux; Android 6.0.1; Nexus 5X Build/MMB29P) AppleWebKit/537.36 (KHTML, like Gecko) Chrome/125.0.6422.175 Mobile Safari/537.36 (compatible; Googlebot/2.1; +http://www.google.com/bot.html)"
101.32.114.144 - - [05/Jul/2024:23:57:11 +0330] "GET /en/wp-content/uploads/2022/05/8.jpg HTTP/1.1" 200 7817 "https://saffgroup.com/en/memberships/" "Mozilla/5.0 (Macintosh; Intel Mac OS X 10_15_5) AppleWebKit/537.36 (KHTML, like Gecko) Chrome/103.0.5060.114 Safari/537.36"
66.249.66.205 - - [05/Jul/2024:23:57:19 +0330] "GET /fa/wp-content/uploads/revslider/kenburns_fullwidth/kenburns6-100x50.jpg HTTP/1.1" 200 1638 "-" "Googlebot-Image/1.0"
79.132.193.205 - - [05/Jul/2024:23:57:33 +0330] "POST /en/wp-cron.php?doing_wp_cron=1720211253.3928499221801757812500 HTTP/1.1" 200 1 "https://saffgroup.com/en/wp-cron.php?doing_wp_cron=1720211253.3928499221801757812500" "WordPress/5.9.3; https://saffgroup.com/en"
37.128.144.215 - - [05/Jul/2024:23:57:32 +0330] "POST /en/xmlrpc.php HTTP/1.1" 200 206 "-" "Mozilla/5.0 (Windows NT 10.0; Win64; x64; rv:71.0) Gecko/20100101 Firefox/71.0"
17.241.227.163 - - [05/Jul/2024:23:58:21 +0330] "GET /robots.txt HTTP/1.1" 200 122 "-" "Mozilla/5.0 (Macintosh; Intel Mac OS X 10_15_7) AppleWebKit/605.1.15 (KHTML, like Gecko) Version/17.4 Safari/605.1.15 (Applebot/0.1; +http://www.apple.com/go/applebot)"
79.132.193.205 - - [05/Jul/2024:23:58:22 +0330] "POST /en/wp-cron.php?doing_wp_cron=1720211302.5978660583496093750000 HTTP/1.1" 200 1 "https://saffgroup.com/en/wp-cron.php?doing_wp_cron=1720211302.5978660583496093750000" "WordPress/5.9.3; https://saffgroup.com/en"
17.241.227.163 - - [05/Jul/2024:23:58:21 +0330] "GET /en/vision/ HTTP/1.1" 200 18907 "-" "Mozilla/5.0 (Macintosh; Intel Mac OS X 10_15_7) AppleWebKit/605.1.15 (KHTML, like Gecko) Version/17.4 Safari/605.1.15 (Applebot/0.1; +http://www.apple.com/go/applebot)"
79.132.193.205 - - [06/Jul/2024:00:07:27 +0330] "POST /fa/wp-cron.php?doing_wp_cron=1720211847.7442550659179687500000 HTTP/1.1" 200 1 "https://saffgroup.com/fa/wp-cron.php?doing_wp_cron=1720211847.7442550659179687500000" "WordPress/5.9.3; https://saffgroup.com/fa"
209.87.159.209 - - [06/Jul/2024:00:07:26 +0330] "POST /fa/xmlrpc.php HTTP/1.1" 200 245 "-" "Mozilla/5.0 (Windows NT 10.0; Win64; x64; rv:48.0) Gecko/20100101 Firefox/48.0"
218.90.122.26 - - [06/Jul/2024:00:11:33 +0330] "POST /cgi-bin/.%2e/.%2e/.%2e/.%2e/.%2e/.%2e/.%2e/.%2e/.%2e/.%2e/bin/sh HTTP/1.1" 404 - "-" "Custom-AsyncHttpClient"
66.249.66.207 - - [06/Jul/2024:00:13:42 +0330] "GET /fa/wp-content/uploads/0217/03/1-768x432.jpg HTTP/1.1" 200 51272 "-" "Googlebot-Image/1.0"
79.132.193.205 - - [06/Jul/2024:00:14:48 +0330] "POST /fa/wp-cron.php?doing_wp_cron=1720212288.7180790901184082031250 HTTP/1.1" 200 1 "https://saffgroup.com/fa/wp-cron.php?doing_wp_cron=1720212288.7180790901184082031250" "WordPress/5.9.3; https://saffgroup.com/fa"
52.167.144.209 - - [06/Jul/2024:00:14:47 +0330] "GET /fa/wp-json/wp/v2/pages/7007 HTTP/2.0" 200 1448 "-" "Mozilla/5.0 AppleWebKit/537.36 (KHTML, like Gecko; compatible; bingbot/2.0; +http://www.bing.com/bingbot.htm) Chrome/116.0.1938.76 Safari/537.36"
85.208.96.206 - - [06/Jul/2024:00:18:19 +0330] "GET /robots.txt HTTP/1.1" 200 122 "-" "Mozilla/5.0 (compatible; SemrushBot/7~bl; +http://www.semrush.com/bot.html)"
79.132.193.205 - - [06/Jul/2024:00:18:21 +0330] "POST /fa/wp-cron.php?doing_wp_cron=1720212501.3529911041259765625000 HTTP/1.1" 200 1 "https://saffgroup.com/fa/wp-cron.php?doing_wp_cron=1720212501.3529911041259765625000" "WordPress/5.9.3; https://saffgroup.com/fa"
185.191.171.8 - - [06/Jul/2024:00:18:20 +0330] "GET /fa/ HTTP/1.1" 200 38804 "-" "Mozilla/5.0 (compatible; SemrushBot/7~bl; +http://www.semrush.com/bot.html)"
66.249.66.205 - - [06/Jul/2024:00:20:42 +0330] "GET / HTTP/1.1" 301 232 "-" "Mozilla/5.0 (compatible; Googlebot/2.1; +http://www.google.com/bot.html)"
66.249.66.207 - - [06/Jul/2024:00:20:42 +0330] "GET /fa HTTP/1.1" 301 233 "-" "Mozilla/5.0 (compatible; Googlebot/2.1; +http://www.google.com/bot.html)"
79.132.193.205 - - [06/Jul/2024:00:20:43 +0330] "POST /fa/wp-cron.php?doing_wp_cron=1720212643.9747889041900634765625 HTTP/1.1" 200 1 "https://saffgroup.com/fa/wp-cron.php?doing_wp_cron=1720212643.9747889041900634765625" "WordPress/5.9.3; https://saffgroup.com/fa"
66.249.66.207 - - [06/Jul/2024:00:20:43 +0330] "GET /fa/ HTTP/1.1" 200 32291 "-" "Mozilla/5.0 (compatible; Googlebot/2.1; +http://www.google.com/bot.html)"
66.249.66.206 - - [06/Jul/2024:00:20:46 +0330] "GET /fa/wp-content/plugins/revslider/public/assets/fonts/revicons/revicons.woff?5510888 HTTP/1.1" 200 7459 "https://saffgroup.com/fa/" "Mozilla/5.0 AppleWebKit/537.36 (KHTML, like Gecko; compatible; Googlebot/2.1; +http://www.google.com/bot.html) Chrome/125.0.6422.175 Safari/537.36"
66.249.66.205 - - [06/Jul/2024:00:20:47 +0330] "GET /fa/wp-content/themes/Zephyr/fonts/material-icons.woff2?ver=8.5.1 HTTP/1.1" 200 110565 "https://saffgroup.com/fa/" "Mozilla/5.0 AppleWebKit/537.36 (KHTML, like Gecko; compatible; Googlebot/2.1; +http://www.google.com/bot.html) Chrome/125.0.6422.175 Safari/537.36"
66.249.66.206 - - [06/Jul/2024:00:20:48 +0330] "GET /fa/wp-content/themes/Zephyr/fonts/fa-brands-400.woff2?ver=8.5.1 HTTP/1.1" 200 76741 "https://saffgroup.com/fa/" "Mozilla/5.0 AppleWebKit/537.36 (KHTML, like Gecko; compatible; Googlebot/2.1; +http://www.google.com/bot.html) Chrome/125.0.6422.175 Safari/537.36"
66.249.66.205 - - [06/Jul/2024:00:20:49 +0330] "GET /fa/wp-content/themes/Zephyr/fonts/fonts/fonts/woff2/robotoregular.woff2 HTTP/1.1" 200 19824 "https://saffgroup.com/fa/wp-content/themes/Zephyr/fonts/fonts/fonts.css?ver=5.9.3" "Mozilla/5.0 AppleWebKit/537.36 (KHTML, like Gecko; compatible; Googlebot/2.1; +http://www.google.com/bot.html) Chrome/125.0.6422.175 Safari/537.36"
66.249.66.205 - - [06/Jul/2024:00:20:50 +0330] "GET /fa/wp-content/themes/Zephyr/fonts/fonts/fonts/woff2/IRANSansWeb_FaNum.woff2 HTTP/1.1" 200 27942 "https://saffgroup.com/fa/wp-content/themes/Zephyr/fonts/fonts/fonts.css?ver=5.9.3" "Mozilla/5.0 AppleWebKit/537.36 (KHTML, like Gecko; compatible; Googlebot/2.1; +http://www.google.com/bot.html) Chrome/125.0.6422.175 Safari/537.36"
66.249.66.205 - - [06/Jul/2024:00:20:50 +0330] "GET /fa/wp-content/themes/Zephyr/fonts/fa-solid-900.woff2?ver=8.5.1 HTTP/1.1" 200 78273 "https://saffgroup.com/fa/" "Mozilla/5.0 AppleWebKit/537.36 (KHTML, like Gecko; compatible; Googlebot/2.1; +http://www.google.com/bot.html) Chrome/125.0.6422.175 Safari/537.36"
66.249.66.205 - - [06/Jul/2024:00:20:51 +0330] "GET /fa/wp-content/themes/Zephyr/fonts/fonts/fonts/woff2/IRANSansWeb_Medium.woff2 HTTP/1.1" 200 26892 "https://saffgroup.com/fa/wp-content/themes/Zephyr/fonts/fonts/fonts.css?ver=5.9.3" "Mozilla/5.0 AppleWebKit/537.36 (KHTML, like Gecko; compatible; Googlebot/2.1; +http://www.google.com/bot.html) Chrome/125.0.6422.175 Safari/537.36"
66.249.66.205 - - [06/Jul/2024:00:20:52 +0330] "GET /fa/wp-content/themes/Zephyr/fonts/fonts/fonts/woff2/IRANSansWeb_FaNum_Light.woff2 HTTP/1.1" 200 28404 "https://saffgroup.com/fa/wp-content/themes/Zephyr/fonts/fonts/fonts.css?ver=5.9.3" "Mozilla/5.0 AppleWebKit/537.36 (KHTML, like Gecko; compatible; Googlebot/2.1; +http://www.google.com/bot.html) Chrome/125.0.6422.175 Safari/537.36"
66.249.66.205 - - [06/Jul/2024:00:20:52 +0330] "GET /fa/wp-content/themes/Zephyr/common/js/base/ripple.min.js?ver=8.5.1 HTTP/1.1" 200 764 "https://saffgroup.com/fa/" "Mozilla/5.0 AppleWebKit/537.36 (KHTML, like Gecko; compatible; Googlebot/2.1; +http://www.google.com/bot.html) Chrome/125.0.6422.175 Safari/537.36"
66.249.66.205 - - [06/Jul/2024:00:20:53 +0330] "GET /fa/wp-content/themes/Zephyr/fonts/fonts/fonts/woff2/IRANSansWeb_FaNum_Medium.woff2 HTTP/1.1" 200 25782 "https://saffgroup.com/fa/wp-content/themes/Zephyr/fonts/fonts/fonts.css?ver=5.9.3" "Mozilla/5.0 AppleWebKit/537.36 (KHTML, like Gecko; compatible; Googlebot/2.1; +http://www.google.com/bot.html) Chrome/125.0.6422.175 Safari/537.36"
66.249.66.205 - - [06/Jul/2024:00:20:54 +0330] "GET /fa/wp-content/uploads/2023/01/Test.mp4 HTTP/1.1" 200 1396163 "https://saffgroup.com/fa/" "Mozilla/5.0 AppleWebKit/537.36 (KHTML, like Gecko; compatible; Googlebot/2.1; +http://www.google.com/bot.html) Chrome/125.0.6422.175 Safari/537.36"
66.249.66.205 - - [06/Jul/2024:00:20:56 +0330] "GET /fa/wp-content/plugins/revslider/revslider-fonts/fonts/woff2/robotoregular.woff2 HTTP/1.1" 200 19824 "https://saffgroup.com/fa/wp-content/plugins/revslider/revslider-fonts/fonts.css?ver=5.9.3" "Mozilla/5.0 AppleWebKit/537.36 (KHTML, like Gecko; compatible; Googlebot/2.1; +http://www.google.com/bot.html) Chrome/125.0.6422.175 Safari/537.36"
66.249.66.205 - - [06/Jul/2024:00:20:57 +0330] "GET /fa/wp-content/themes/Zephyr/common/js/vendor/owl.carousel.js HTTP/1.1" 200 11227 "https://saffgroup.com/fa/" "Mozilla/5.0 AppleWebKit/537.36 (KHTML, like Gecko; compatible; Googlebot/2.1; +http://www.google.com/bot.html) Chrome/125.0.6422.175 Safari/537.36"
148.113.153.38 - - [06/Jul/2024:00:23:33 +0330] "GET /fa/%D8%A8%D8%A7%D8%B2%D8%AF%DB%8C%D8%AF-%D8%AC%D9%86%D8%A7%D8%A8-%D8%A2%D9%82%D8%A7%DB%8C-%D8%AF%DA%A9%D8%AA%D8%B1-%D8%AD%D8%B3%DB%8C%D9%86-%D8%B1%D8%B6%DB%8C-%D9%82%D8%A7%D8%A6%D9%85-%D9%85%D9%82%D8%A7/ HTTP/2.0" 200 22173 "https://www.google.com/" "Mozilla/5.0 (Linux; Android 10; K) AppleWebKit/537.36 (KHTML, like Gecko) Chrome/126.0.0.0 Mobile Safari/537.36"
148.113.153.38 - - [06/Jul/2024:00:23:34 +0330] "GET /fa/wp-content/uploads/2023/07/IMG_20230704_131415-1024x576.jpg HTTP/2.0" 200 117003 "https://saffgroup.com/fa/%D8%A8%D8%A7%D8%B2%D8%AF%DB%8C%D8%AF-%D8%AC%D9%86%D8%A7%D8%A8-%D8%A2%D9%82%D8%A7%DB%8C-%D8%AF%DA%A9%D8%AA%D8%B1-%D8%AD%D8%B3%DB%8C%D9%86-%D8%B1%D8%B6%DB%8C-%D9%82%D8%A7%D8%A6%D9%85-%D9%85%D9%82%D8%A7/" "Mozilla/5.0 (Linux; Android 10; K) AppleWebKit/537.36 (KHTML, like Gecko) Chrome/126.0.0.0 Mobile Safari/537.36"
148.113.153.38 - - [06/Jul/2024:00:23:34 +0330] "GET /fa/wp-content/themes/Zephyr/css/style.min.css?ver=8.5.1 HTTP/2.0" 200 58077 "https://saffgroup.com/fa/%D8%A8%D8%A7%D8%B2%D8%AF%DB%8C%D8%AF-%D8%AC%D9%86%D8%A7%D8%A8-%D8%A2%D9%82%D8%A7%DB%8C-%D8%AF%DA%A9%D8%AA%D8%B1-%D8%AD%D8%B3%DB%8C%D9%86-%D8%B1%D8%B6%DB%8C-%D9%82%D8%A7%D8%A6%D9%85-%D9%85%D9%82%D8%A7/" "Mozilla/5.0 (Linux; Android 10; K) AppleWebKit/537.36 (KHTML, like Gecko) Chrome/126.0.0.0 Mobile Safari/537.36"
148.113.153.38 - - [06/Jul/2024:00:23:35 +0330] "GET /fa/wp-content/uploads/2023/07/IMG_20230704_115732-600x600.jpg HTTP/2.0" 200 81516 "https://saffgroup.com/fa/%D8%A8%D8%A7%D8%B2%D8%AF%DB%8C%D8%AF-%D8%AC%D9%86%D8%A7%D8%A8-%D8%A2%D9%82%D8%A7%DB%8C-%D8%AF%DA%A9%D8%AA%D8%B1-%D8%AD%D8%B3%DB%8C%D9%86-%D8%B1%D8%B6%DB%8C-%D9%82%D8%A7%D8%A6%D9%85-%D9%85%D9%82%D8%A7/" "Mozilla/5.0 (Linux; Android 10; K) AppleWebKit/537.36 (KHTML, like Gecko) Chrome/126.0.0.0 Mobile Safari/537.36"
148.113.153.38 - - [06/Jul/2024:00:23:37 +0330] "GET /fa/wp-content/plugins/captcha-code-authentication/captcha_code_file.php?rand=1178500938 HTTP/2.0" 200 2908 "https://saffgroup.com/fa/%D8%A8%D8%A7%D8%B2%D8%AF%DB%8C%D8%AF-%D8%AC%D9%86%D8%A7%D8%A8-%D8%A2%D9%82%D8%A7%DB%8C-%D8%AF%DA%A9%D8%AA%D8%B1-%D8%AD%D8%B3%DB%8C%D9%86-%D8%B1%D8%B6%DB%8C-%D9%82%D8%A7%D8%A6%D9%85-%D9%85%D9%82%D8%A7/" "Mozilla/5.0 (Linux; Android 10; K) AppleWebKit/537.36 (KHTML, like Gecko) Chrome/126.0.0.0 Mobile Safari/537.36"
148.113.153.38 - - [06/Jul/2024:00:23:37 +0330] "GET /fa/wp-content/themes/Zephyr/fonts/fa-solid-900.woff2?ver=8.5.1 HTTP/2.0" 200 78273 "https://saffgroup.com/fa/%D8%A8%D8%A7%D8%B2%D8%AF%DB%8C%D8%AF-%D8%AC%D9%86%D8%A7%D8%A8-%D8%A2%D9%82%D8%A7%DB%8C-%D8%AF%DA%A9%D8%AA%D8%B1-%D8%AD%D8%B3%DB%8C%D9%86-%D8%B1%D8%B6%DB%8C-%D9%82%D8%A7%D8%A6%D9%85-%D9%85%D9%82%D8%A7/" "Mozilla/5.0 (Linux; Android 10; K) AppleWebKit/537.36 (KHTML, like Gecko) Chrome/126.0.0.0 Mobile Safari/537.36"
148.113.153.38 - - [06/Jul/2024:00:23:37 +0330] "GET /fa/wp-content/plugins/revslider/public/assets/js/rs6.min.js?ver=6.5.15 HTTP/2.0" 200 94275 "https://saffgroup.com/fa/%D8%A8%D8%A7%D8%B2%D8%AF%DB%8C%D8%AF-%D8%AC%D9%86%D8%A7%D8%A8-%D8%A2%D9%82%D8%A7%DB%8C-%D8%AF%DA%A9%D8%AA%D8%B1-%D8%AD%D8%B3%DB%8C%D9%86-%D8%B1%D8%B6%DB%8C-%D9%82%D8%A7%D8%A6%D9%85-%D9%85%D9%82%D8%A7/" "Mozilla/5.0 (Linux; Android 10; K) AppleWebKit/537.36 (KHTML, like Gecko) Chrome/126.0.0.0 Mobile Safari/537.36"
148.113.153.38 - - [06/Jul/2024:00:23:37 +0330] "GET /fa/wp-content/themes/Zephyr/fonts/material-icons.woff2?ver=8.5.1 HTTP/2.0" 200 110565 "https://saffgroup.com/fa/%D8%A8%D8%A7%D8%B2%D8%AF%DB%8C%D8%AF-%D8%AC%D9%86%D8%A7%D8%A8-%D8%A2%D9%82%D8%A7%DB%8C-%D8%AF%DA%A9%D8%AA%D8%B1-%D8%AD%D8%B3%DB%8C%D9%86-%D8%B1%D8%B6%DB%8C-%D9%82%D8%A7%D8%A6%D9%85-%D9%85%D9%82%D8%A7/" "Mozilla/5.0 (Linux; Android 10; K) AppleWebKit/537.36 (KHTML, like Gecko) Chrome/126.0.0.0 Mobile Safari/537.36"
148.113.153.38 - - [06/Jul/2024:00:23:39 +0330] "GET /fa/wp-content/uploads/2023/07/IMG_20230704_131415-600x600.jpg HTTP/2.0" 200 78303 "https://saffgroup.com/fa/%D8%A8%D8%A7%D8%B2%D8%AF%DB%8C%D8%AF-%D8%AC%D9%86%D8%A7%D8%A8-%D8%A2%D9%82%D8%A7%DB%8C-%D8%AF%DA%A9%D8%AA%D8%B1-%D8%AD%D8%B3%DB%8C%D9%86-%D8%B1%D8%B6%DB%8C-%D9%82%D8%A7%D8%A6%D9%85-%D9%85%D9%82%D8%A7/" "Mozilla/5.0 (Linux; Android 10; K) AppleWebKit/537.36 (KHTML, like Gecko) Chrome/126.0.0.0 Mobile Safari/537.36"
148.113.153.38 - - [06/Jul/2024:00:23:39 +0330] "GET /fa/wp-content/uploads/2023/07/IMG_20230704_115747-600x600.jpg HTTP/2.0" 200 70325 "https://saffgroup.com/fa/%D8%A8%D8%A7%D8%B2%D8%AF%DB%8C%D8%AF-%D8%AC%D9%86%D8%A7%D8%A8-%D8%A2%D9%82%D8%A7%DB%8C-%D8%AF%DA%A9%D8%AA%D8%B1-%D8%AD%D8%B3%DB%8C%D9%86-%D8%B1%D8%B6%DB%8C-%D9%82%D8%A7%D8%A6%D9%85-%D9%85%D9%82%D8%A7/" "Mozilla/5.0 (Linux; Android 10; K) AppleWebKit/537.36 (KHTML, like Gecko) Chrome/126.0.0.0 Mobile Safari/537.36"
148.113.153.38 - - [06/Jul/2024:00:23:39 +0330] "GET /fa/wp-content/uploads/2023/07/IMG_20230704_120325-600x600.jpg HTTP/2.0" 200 41135 "https://saffgroup.com/fa/%D8%A8%D8%A7%D8%B2%D8%AF%DB%8C%D8%AF-%D8%AC%D9%86%D8%A7%D8%A8-%D8%A2%D9%82%D8%A7%DB%8C-%D8%AF%DA%A9%D8%AA%D8%B1-%D8%AD%D8%B3%DB%8C%D9%86-%D8%B1%D8%B6%DB%8C-%D9%82%D8%A7%D8%A6%D9%85-%D9%85%D9%82%D8%A7/" "Mozilla/5.0 (Linux; Android 10; K) AppleWebKit/537.36 (KHTML, like Gecko) Chrome/126.0.0.0 Mobile Safari/537.36"
148.113.153.38 - - [06/Jul/2024:00:23:39 +0330] "GET /fa/wp-content/themes/Zephyr/fonts/fa-brands-400.woff2?ver=8.5.1 HTTP/2.0" 200 76741 "https://saffgroup.com/fa/%D8%A8%D8%A7%D8%B2%D8%AF%DB%8C%D8%AF-%D8%AC%D9%86%D8%A7%D8%A8-%D8%A2%D9%82%D8%A7%DB%8C-%D8%AF%DA%A9%D8%AA%D8%B1-%D8%AD%D8%B3%DB%8C%D9%86-%D8%B1%D8%B6%DB%8C-%D9%82%D8%A7%D8%A6%D9%85-%D9%85%D9%82%D8%A7/" "Mozilla/5.0 (Linux; Android 10; K) AppleWebKit/537.36 (KHTML, like Gecko) Chrome/126.0.0.0 Mobile Safari/537.36"
148.113.153.38 - - [06/Jul/2024:00:23:47 +0330] "GET /fa/wp-content/uploads/2024/05/photo1715763985-768x576.jpeg HTTP/2.0" 200 50526 "https://saffgroup.com/fa/%D8%A8%D8%A7%D8%B2%D8%AF%DB%8C%D8%AF-%D8%AC%D9%86%D8%A7%D8%A8-%D8%A2%D9%82%D8%A7%DB%8C-%D8%AF%DA%A9%D8%AA%D8%B1-%D8%AD%D8%B3%DB%8C%D9%86-%D8%B1%D8%B6%DB%8C-%D9%82%D8%A7%D8%A6%D9%85-%D9%85%D9%82%D8%A7/" "Mozilla/5.0 (Linux; Android 10; K) AppleWebKit/537.36 (KHTML, like Gecko) Chrome/126.0.0.0 Mobile Safari/537.36"
148.113.153.38 - - [06/Jul/2024:00:23:47 +0330] "GET /fa/wp-content/uploads/2024/01/IMG_7239-768x512.jpg HTTP/2.0" 200 75052 "https://saffgroup.com/fa/%D8%A8%D8%A7%D8%B2%D8%AF%DB%8C%D8%AF-%D8%AC%D9%86%D8%A7%D8%A8-%D8%A2%D9%82%D8%A7%DB%8C-%D8%AF%DA%A9%D8%AA%D8%B1-%D8%AD%D8%B3%DB%8C%D9%86-%D8%B1%D8%B6%DB%8C-%D9%82%D8%A7%D8%A6%D9%85-%D9%85%D9%82%D8%A7/" "Mozilla/5.0 (Linux; Android 10; K) AppleWebKit/537.36 (KHTML, like Gecko) Chrome/126.0.0.0 Mobile Safari/537.36"
