94.182.209.5 - - [06/Jul/2024:10:55:25 +0330] "GET /fa/wp-content/uploads/gravity_forms/0-dba5e8ad4f0540c75a5980cfc99596c7/2113151675.png HTTP/2.0" 200 2908 "https://saffgroup.com/fa/careers/" "Mozilla/5.0 (Windows NT 10.0; Win64; x64) AppleWebKit/537.36 (KHTML, like Gecko) Chrome/126.0.0.0 Safari/537.36"
94.182.209.5 - - [06/Jul/2024:10:55:25 +0330] "GET /fa/wp-content/uploads/2022/05/esam-projects-banner.jpg HTTP/2.0" 200 70840 "https://saffgroup.com/fa/careers/" "Mozilla/5.0 (Windows NT 10.0; Win64; x64) AppleWebKit/537.36 (KHTML, like Gecko) Chrome/126.0.0.0 Safari/537.36"
94.182.209.5 - - [06/Jul/2024:10:55:29 +0330] "POST /mod_pagespeed_beacon?url=https%3A%2F%2Fsaffgroup.com%2Ffa%2Fcareers%2F HTTP/2.0" 204 - "https://saffgroup.com/fa/careers/" "Mozilla/5.0 (Windows NT 10.0; Win64; x64) AppleWebKit/537.36 (KHTML, like Gecko) Chrome/126.0.0.0 Safari/537.36"
79.132.193.205 - - [06/Jul/2024:10:55:34 +0330] "POST /en/wp-cron.php?doing_wp_cron=1720250734.1177508831024169921875 HTTP/1.1" 200 1 "https://saffgroup.com/en/wp-cron.php?doing_wp_cron=1720250734.1177508831024169921875" "WordPress/5.9.3; https://saffgroup.com/en"
82.223.9.22 - - [06/Jul/2024:10:55:33 +0330] "POST /en/xmlrpc.php HTTP/1.1" 200 206 "-" "Mozilla/5.0 (Windows NT 10.0; Win64; x64; rv:54.0) Gecko/20100101 Firefox/54.0"
217.76.60.63 - - [06/Jul/2024:10:56:47 +0330] "GET /robots.txt HTTP/1.1" 200 122 "-" "Mozilla/5.0 (compatible; MJ12bot/v1.4.8; http://mj12bot.com/)"
46.148.35.242 - - [06/Jul/2024:10:55:22 +0330] "GET /cpsess1917652218/3rdparty/roundcube/index.php?_task=mail&_mbox=INBOX&_uid=565&_part=3&_action=get&_extwin=1&_framed=1&_mimewarning=1&_embed=1 HTTP/2.0" 200 203216 "-" "Mozilla/5.0 (Windows NT 6.1; Win64; x64; rv:109.0) Gecko/20100101 Firefox/115.0"
46.148.35.242 - - [06/Jul/2024:10:57:29 +0330] "POST /cpsess1917652218/3rdparty/roundcube/index.php?_task=mail&_action=refresh HTTP/2.0" 200 58 "https://webmail.saffgroup.com/cpsess1917652218/3rdparty/roundcube/index.php?_task=mail&_caps=pdf%3D1%2Cflash%3D0%2Ctiff%3D0%2Cwebp%3D1%2Cpgpmime%3D0&_uid=565&_mbox=INBOX&_action=show" "Mozilla/5.0 (Windows NT 6.1; Win64; x64; rv:109.0) Gecko/20100101 Firefox/115.0"
46.148.35.242 - - [06/Jul/2024:10:57:29 +0330] "GET / HTTP/2.0" 308 77 "-" "Mozilla/5.0 (Windows NT 6.1; Win64; x64; rv:109.0) Gecko/20100101 Firefox/115.0"
46.148.35.242 - - [06/Jul/2024:10:57:30 +0330] "GET / HTTP/2.0" 401 12208 "-" "Mozilla/5.0 (Windows NT 6.1; Win64; x64; rv:109.0) Gecko/20100101 Firefox/115.0"
46.148.35.242 - - [06/Jul/2024:10:57:30 +0330] "GET /cPanel_magic_revision_1654534366/unprotected/cpanel/images/notice-info.png HTTP/2.0" 200 - "https://webmail.saffgroup.com/cPanel_magic_revision_1678315993/unprotected/cpanel/style_v2_optimized.css" "Mozilla/5.0 (Windows NT 6.1; Win64; x64; rv:109.0) Gecko/20100101 Firefox/115.0"
46.148.35.242 - - [06/Jul/2024:10:57:30 +0330] "GET /cPanel_magic_revision_1654534366/unprotected/cpanel/images/notice-success.png HTTP/2.0" 200 - "https://webmail.saffgroup.com/cPanel_magic_revision_1678315993/unprotected/cpanel/style_v2_optimized.css" "Mozilla/5.0 (Windows NT 6.1; Win64; x64; rv:109.0) Gecko/20100101 Firefox/115.0"
46.148.35.242 - - [06/Jul/2024:10:57:30 +0330] "GET /cPanel_magic_revision_1654534366/unprotected/cpanel/images/warning.png HTTP/2.0" 200 1057 "https://webmail.saffgroup.com/cPanel_magic_revision_1678315993/unprotected/cpanel/style_v2_optimized.css" "Mozilla/5.0 (Windows NT 6.1; Win64; x64; rv:109.0) Gecko/20100101 Firefox/115.0"
46.148.35.242 - - [06/Jul/2024:10:57:30 +0330] "GET /cPanel_magic_revision_1648610195/unprotected/cpanel/fonts/open_sans/OpenSans-Bold-webfont.woff HTTP/2.0" 200 8192 "https://webmail.saffgroup.com/cPanel_magic_revision_1648610195/unprotected/cpanel/fonts/open_sans/open_sans.min.css" "Mozilla/5.0 (Windows NT 6.1; Win64; x64; rv:109.0) Gecko/20100101 Firefox/115.0"
46.148.35.242 - - [06/Jul/2024:10:57:30 +0330] "GET /cPanel_magic_revision_1648610195/unprotected/cpanel/fonts/open_sans/OpenSans-Semibold-webfont.woff HTTP/2.0" 200 8192 "https://webmail.saffgroup.com/cPanel_magic_revision_1648610195/unprotected/cpanel/fonts/open_sans/open_sans.min.css" "Mozilla/5.0 (Windows NT 6.1; Win64; x64; rv:109.0) Gecko/20100101 Firefox/115.0"
46.148.35.242 - - [06/Jul/2024:10:57:36 +0330] "POST /cpsess1917652218/3rdparty/roundcube/index.php?_task=mail&_action=refresh HTTP/2.0" 200 134 "https://webmail.saffgroup.com/cpsess1917652218/3rdparty/roundcube/index.php?_task=mail&_caps=pdf%3D1%2Cflash%3D0%2Ctiff%3D0%2Cwebp%3D1%2Cpgpmime%3D0&_uid=565&_mbox=INBOX&_action=show" "Mozilla/5.0 (Windows NT 6.1; Win64; x64; rv:109.0) Gecko/20100101 Firefox/115.0"
157.230.225.34 - - [06/Jul/2024:10:57:37 +0330] "GET / HTTP/1.1" 200 50977 "-" "Mozilla/5.0 (Windows NT 10.0; Win64; x64; rv:109.0) Gecko/20100101 Firefox/118.0"
46.148.35.242 - - [06/Jul/2024:10:57:37 +0330] "GET /cpsess1917652218/3rdparty/roundcube/index.php?_task=mail HTTP/2.0" 200 10797 "https://webmail.saffgroup.com/cpsess1917652218/3rdparty/roundcube/index.php?_task=mail&_caps=pdf%3D1%2Cflash%3D0%2Ctiff%3D0%2Cwebp%3D1%2Cpgpmime%3D0&_uid=565&_mbox=INBOX&_action=show" "Mozilla/5.0 (Windows NT 6.1; Win64; x64; rv:109.0) Gecko/20100101 Firefox/115.0"
46.148.35.242 - - [06/Jul/2024:10:57:38 +0330] "GET /cpsess1917652218/3rdparty/roundcube/program/js/treelist.min.js?s=1698349383 HTTP/2.0" 200 5401 "https://webmail.saffgroup.com/cpsess1917652218/3rdparty/roundcube/index.php?_task=mail" "Mozilla/5.0 (Windows NT 6.1; Win64; x64; rv:109.0) Gecko/20100101 Firefox/115.0"
46.148.35.242 - - [06/Jul/2024:10:57:38 +0330] "GET /cpsess1917652218/3rdparty/roundcube/program/js/list.min.js?s=1698349383 HTTP/2.0" 200 8192 "https://webmail.saffgroup.com/cpsess1917652218/3rdparty/roundcube/index.php?_task=mail" "Mozilla/5.0 (Windows NT 6.1; Win64; x64; rv:109.0) Gecko/20100101 Firefox/115.0"
46.148.35.242 - - [06/Jul/2024:10:57:38 +0330] "GET /cpsess1917652218/3rdparty/roundcube/plugins/archive/archive.min.js?s=1697448186 HTTP/2.0" 200 743 "https://webmail.saffgroup.com/cpsess1917652218/3rdparty/roundcube/index.php?_task=mail" "Mozilla/5.0 (Windows NT 6.1; Win64; x64; rv:109.0) Gecko/20100101 Firefox/115.0"
46.148.35.242 - - [06/Jul/2024:10:57:38 +0330] "GET /cpsess1917652218/3rdparty/roundcube/plugins/markasjunk/markasjunk.min.js?s=1697448186 HTTP/2.0" 200 1144 "https://webmail.saffgroup.com/cpsess1917652218/3rdparty/roundcube/index.php?_task=mail" "Mozilla/5.0 (Windows NT 6.1; Win64; x64; rv:109.0) Gecko/20100101 Firefox/115.0"
46.148.35.242 - - [06/Jul/2024:10:57:41 +0330] "GET /cpsess1917652218/3rdparty/roundcube/skins/elastic/watermark.html HTTP/2.0" 200 330 "https://webmail.saffgroup.com/cpsess1917652218/3rdparty/roundcube/index.php?_task=mail" "Mozilla/5.0 (Windows NT 6.1; Win64; x64; rv:109.0) Gecko/20100101 Firefox/115.0"
46.148.35.242 - - [06/Jul/2024:10:57:41 +0330] "GET /cpsess1917652218/3rdparty/roundcube/skins/elastic/watermark.html HTTP/2.0" 200 330 "https://webmail.saffgroup.com/cpsess1917652218/3rdparty/roundcube/index.php?_task=mail" "Mozilla/5.0 (Windows NT 6.1; Win64; x64; rv:109.0) Gecko/20100101 Firefox/115.0"
46.148.35.242 - - [06/Jul/2024:10:57:41 +0330] "POST /mod_pagespeed_beacon?url=https%3A%2F%2Fwebmail.saffgroup.com%2Fcpsess1917652218%2F3rdparty%2Froundcube%2Findex.php%3F_task%3Dmail HTTP/2.0" 204 - "https://webmail.saffgroup.com/cpsess1917652218/3rdparty/roundcube/index.php?_task=mail&_mbox=INBOX" "Mozilla/5.0 (Windows NT 6.1; Win64; x64; rv:109.0) Gecko/20100101 Firefox/115.0"
46.148.35.242 - - [06/Jul/2024:10:57:41 +0330] "GET /cpsess1917652218/3rdparty/roundcube/program/resources/blank.webp HTTP/2.0" 200 - "https://webmail.saffgroup.com/cpsess1917652218/3rdparty/roundcube/index.php?_task=mail&_mbox=INBOX" "Mozilla/5.0 (Windows NT 6.1; Win64; x64; rv:109.0) Gecko/20100101 Firefox/115.0"
46.148.35.242 - - [06/Jul/2024:10:57:41 +0330] "GET /cpsess1917652218/3rdparty/roundcube/index.php?_task=mail&_action=list&_refresh=1&_layout=widescreen&_mbox=INBOX&_page=&_remote=1&_unlock=loading1720247164433&_=1720247163309 HTTP/2.0" 200 3035 "https://webmail.saffgroup.com/cpsess1917652218/3rdparty/roundcube/index.php?_task=mail" "Mozilla/5.0 (Windows NT 6.1; Win64; x64; rv:109.0) Gecko/20100101 Firefox/115.0"
46.148.35.242 - - [06/Jul/2024:10:57:41 +0330] "GET /cpsess1917652218/3rdparty/roundcube/index.php?_task=mail&_action=getunread&_page=1&_remote=1&_unlock=0&_=1720247163310 HTTP/2.0" 200 128 "https://webmail.saffgroup.com/cpsess1917652218/3rdparty/roundcube/index.php?_task=mail&_mbox=INBOX" "Mozilla/5.0 (Windows NT 6.1; Win64; x64; rv:109.0) Gecko/20100101 Firefox/115.0"
46.148.35.242 - - [06/Jul/2024:10:57:41 +0330] "GET /cpsess1917652218/3rdparty/roundcube/program/resources/blank.tiff HTTP/2.0" 200 151 "https://webmail.saffgroup.com/cpsess1917652218/3rdparty/roundcube/index.php?_task=mail&_mbox=INBOX" "Mozilla/5.0 (Windows NT 6.1; Win64; x64; rv:109.0) Gecko/20100101 Firefox/115.0"
46.148.35.242 - - [06/Jul/2024:10:57:41 +0330] "GET /cpsess1917652218/3rdparty/roundcube/skins/elastic/images/logo.svg HTTP/2.0" 200 397 "https://webmail.saffgroup.com/cpsess1917652218/3rdparty/roundcube/skins/elastic/watermark.html" "Mozilla/5.0 (Windows NT 6.1; Win64; x64; rv:109.0) Gecko/20100101 Firefox/115.0"
46.148.35.242 - - [06/Jul/2024:10:57:52 +0330] "POST /login/?login_only=1 HTTP/2.0" 308 87 "https://webmail.saffgroup.com/" "Mozilla/5.0 (Windows NT 6.1; Win64; x64; rv:109.0) Gecko/20100101 Firefox/115.0"
46.148.35.242 - - [06/Jul/2024:10:57:54 +0330] "POST /login/?login_only=1 HTTP/2.0" 200 110 "https://webmail.saffgroup.com/" "Mozilla/5.0 (Windows NT 6.1; Win64; x64; rv:109.0) Gecko/20100101 Firefox/115.0"
46.148.35.242 - - [06/Jul/2024:10:57:55 +0330] "GET /cpsess1917652218/3rdparty/roundcube/index.php?login=1&post_login=16937048615946 HTTP/2.0" 302 1 "https://webmail.saffgroup.com/" "Mozilla/5.0 (Windows NT 6.1; Win64; x64; rv:109.0) Gecko/20100101 Firefox/115.0"
46.148.35.242 - - [06/Jul/2024:10:57:55 +0330] "GET /cpsess1917652218/3rdparty/roundcube/index.php?_task=mail&_token=OFBZunpj9T1afriRFTBjMMR5Qb0qUh2c HTTP/2.0" 200 10806 "https://webmail.saffgroup.com/" "Mozilla/5.0 (Windows NT 6.1; Win64; x64; rv:109.0) Gecko/20100101 Firefox/115.0"
46.148.35.242 - - [06/Jul/2024:10:57:57 +0330] "GET /cpsess1917652218/3rdparty/roundcube/skins/elastic/styles/styles.min.css?s=1698349383 HTTP/2.0" 200 24060 "https://webmail.saffgroup.com/cpsess1917652218/3rdparty/roundcube/index.php?_task=mail&_token=OFBZunpj9T1afriRFTBjMMR5Qb0qUh2c" "Mozilla/5.0 (Windows NT 6.1; Win64; x64; rv:109.0) Gecko/20100101 Firefox/115.0"
46.148.35.242 - - [06/Jul/2024:10:57:57 +0330] "GET /cpsess1917652218/3rdparty/roundcube/skins/elastic/deps/bootstrap.min.css?s=1697448200 HTTP/2.0" 200 25867 "https://webmail.saffgroup.com/cpsess1917652218/3rdparty/roundcube/index.php?_task=mail&_token=OFBZunpj9T1afriRFTBjMMR5Qb0qUh2c" "Mozilla/5.0 (Windows NT 6.1; Win64; x64; rv:109.0) Gecko/20100101 Firefox/115.0"
46.148.35.242 - - [06/Jul/2024:10:57:57 +0330] "GET /cpsess1917652218/3rdparty/roundcube/plugins/return_to_webmail/skins/elastic/return_to_webmail.css?s=1699372602 HTTP/2.0" 200 863 "https://webmail.saffgroup.com/cpsess1917652218/3rdparty/roundcube/index.php?_task=mail&_token=OFBZunpj9T1afriRFTBjMMR5Qb0qUh2c" "Mozilla/5.0 (Windows NT 6.1; Win64; x64; rv:109.0) Gecko/20100101 Firefox/115.0"
46.148.35.242 - - [06/Jul/2024:10:57:57 +0330] "GET /cpsess1917652218/3rdparty/roundcube/plugins/carddav/skins/elastic/carddav.css?s=1699372602 HTTP/2.0" 200 66 "https://webmail.saffgroup.com/cpsess1917652218/3rdparty/roundcube/index.php?_task=mail&_token=OFBZunpj9T1afriRFTBjMMR5Qb0qUh2c" "Mozilla/5.0 (Windows NT 6.1; Win64; x64; rv:109.0) Gecko/20100101 Firefox/115.0"
46.148.35.242 - - [06/Jul/2024:10:57:57 +0330] "GET /cpsess1917652218/3rdparty/roundcube/plugins/jqueryui/themes/elastic/jquery-ui.min.css?s=1698349383 HTTP/2.0" 200 7701 "https://webmail.saffgroup.com/cpsess1917652218/3rdparty/roundcube/index.php?_task=mail&_token=OFBZunpj9T1afriRFTBjMMR5Qb0qUh2c" "Mozilla/5.0 (Windows NT 6.1; Win64; x64; rv:109.0) Gecko/20100101 Firefox/115.0"
46.148.35.242 - - [06/Jul/2024:10:57:57 +0330] "GET /cpsess1917652218/3rdparty/roundcube/plugins/calendar/skins/elastic/calendar.css?s=1699372602 HTTP/2.0" 200 8192 "https://webmail.saffgroup.com/cpsess1917652218/3rdparty/roundcube/index.php?_task=mail&_token=OFBZunpj9T1afriRFTBjMMR5Qb0qUh2c" "Mozilla/5.0 (Windows NT 6.1; Win64; x64; rv:109.0) Gecko/20100101 Firefox/115.0"
46.148.35.242 - - [06/Jul/2024:10:57:57 +0330] "GET /cpsess1917652218/3rdparty/roundcube/skins/elastic/images/logo.svg?s=1697448186 HTTP/2.0" 200 397 "https://webmail.saffgroup.com/cpsess1917652218/3rdparty/roundcube/index.php?_task=mail&_token=OFBZunpj9T1afriRFTBjMMR5Qb0qUh2c" "Mozilla/5.0 (Windows NT 6.1; Win64; x64; rv:109.0) Gecko/20100101 Firefox/115.0"
46.148.35.242 - - [06/Jul/2024:10:57:57 +0330] "GET /cPanel_magic_revision_1697448186/3rdparty/roundcube/skins/elastic/fonts/fa-solid-900.woff2 HTTP/2.0" 200 8192 "https://webmail.saffgroup.com/cpsess1917652218/3rdparty/roundcube/skins/elastic/styles/styles.min.css?s=1698349383" "Mozilla/5.0 (Windows NT 6.1; Win64; x64; rv:109.0) Gecko/20100101 Firefox/115.0"
46.148.35.242 - - [06/Jul/2024:10:57:57 +0330] "GET /cpsess1917652218/3rdparty/roundcube/skins/elastic/watermark.html HTTP/2.0" 200 330 "https://webmail.saffgroup.com/cpsess1917652218/3rdparty/roundcube/index.php?_task=mail&_token=OFBZunpj9T1afriRFTBjMMR5Qb0qUh2c" "Mozilla/5.0 (Windows NT 6.1; Win64; x64; rv:109.0) Gecko/20100101 Firefox/115.0"
46.148.35.242 - - [06/Jul/2024:10:57:57 +0330] "GET /cPanel_magic_revision_1697448186/3rdparty/roundcube/skins/elastic/fonts/fa-regular-400.woff2 HTTP/2.0" 200 8192 "https://webmail.saffgroup.com/cpsess1917652218/3rdparty/roundcube/skins/elastic/styles/styles.min.css?s=1698349383" "Mozilla/5.0 (Windows NT 6.1; Win64; x64; rv:109.0) Gecko/20100101 Firefox/115.0"
46.148.35.242 - - [06/Jul/2024:10:57:57 +0330] "GET /cPanel_magic_revision_1697448186/3rdparty/roundcube/skins/elastic/fonts/roboto-v29-regular-700.woff2 HTTP/2.0" 200 8192 "https://webmail.saffgroup.com/cpsess1917652218/3rdparty/roundcube/skins/elastic/styles/styles.min.css?s=1698349383" "Mozilla/5.0 (Windows NT 6.1; Win64; x64; rv:109.0) Gecko/20100101 Firefox/115.0"
46.148.35.242 - - [06/Jul/2024:10:57:57 +0330] "GET /cpsess1917652218/3rdparty/roundcube/skins/elastic/images/logo.svg HTTP/2.0" 200 397 "https://webmail.saffgroup.com/cpsess1917652218/3rdparty/roundcube/skins/elastic/watermark.html" "Mozilla/5.0 (Windows NT 6.1; Win64; x64; rv:109.0) Gecko/20100101 Firefox/115.0"
46.148.35.242 - - [06/Jul/2024:10:57:58 +0330] "GET /cpsess1917652218/3rdparty/roundcube/index.php?_task=mail&_caps=pdf%3D1%2Cflash%3D0%2Ctiff%3D0%2Cwebp%3D1%2Cpgpmime%3D0&_uid=565&_mbox=INBOX&_framed=1&_action=preview HTTP/2.0" 200 6429 "https://webmail.saffgroup.com/cpsess1917652218/3rdparty/roundcube/index.php?_task=mail&_mbox=INBOX" "Mozilla/5.0 (Windows NT 6.1; Win64; x64; rv:109.0) Gecko/20100101 Firefox/115.0"
46.148.35.242 - - [06/Jul/2024:10:57:58 +0330] "GET /cpsess1917652218/3rdparty/roundcube/index.php?_task=mail&_action=list&_refresh=1&_layout=widescreen&_mbox=INBOX&_page=&_remote=1&_unlock=loading1720247183604&_=1720247182474 HTTP/2.0" 200 3035 "https://webmail.saffgroup.com/cpsess1917652218/3rdparty/roundcube/index.php?_task=mail&_token=OFBZunpj9T1afriRFTBjMMR5Qb0qUh2c" "Mozilla/5.0 (Windows NT 6.1; Win64; x64; rv:109.0) Gecko/20100101 Firefox/115.0"
46.148.35.242 - - [06/Jul/2024:10:57:58 +0330] "GET /cpsess1917652218/3rdparty/roundcube/index.php?_task=mail&_caps=pdf%3D1%2Cflash%3D0%2Ctiff%3D0%2Cwebp%3D1%2Cpgpmime%3D0&_uid=565&_mbox=INBOX&_action=show HTTP/2.0" 200 8701 "https://webmail.saffgroup.com/cpsess1917652218/3rdparty/roundcube/index.php?_task=mail&_mbox=INBOX" "Mozilla/5.0 (Windows NT 6.1; Win64; x64; rv:109.0) Gecko/20100101 Firefox/115.0"
46.148.35.242 - - [06/Jul/2024:10:57:59 +0330] "POST /mod_pagespeed_beacon?url=https%3A%2F%2Fwebmail.saffgroup.com%2Fcpsess1917652218%2F3rdparty%2Froundcube%2Findex.php%3F_task%3Dmail%26_token%3DOFBZunpj9T1afriRFTBjMMR5Qb0qUh2c HTTP/2.0" 204 - "https://webmail.saffgroup.com/cpsess1917652218/3rdparty/roundcube/index.php?_task=mail&_mbox=INBOX" "Mozilla/5.0 (Windows NT 6.1; Win64; x64; rv:109.0) Gecko/20100101 Firefox/115.0"
46.148.35.242 - - [06/Jul/2024:10:57:59 +0330] "GET /cpsess1917652218/3rdparty/roundcube/program/resources/blank.webp HTTP/2.0" 200 - "https://webmail.saffgroup.com/cpsess1917652218/3rdparty/roundcube/index.php?_task=mail&_mbox=INBOX" "Mozilla/5.0 (Windows NT 6.1; Win64; x64; rv:109.0) Gecko/20100101 Firefox/115.0"
46.148.35.242 - - [06/Jul/2024:10:57:58 +0330] "GET /cpsess1917652218/3rdparty/roundcube/index.php?_task=mail&_action=getunread&_page=1&_remote=1&_unlock=0&_=1720247182475 HTTP/2.0" 200 128 "https://webmail.saffgroup.com/cpsess1917652218/3rdparty/roundcube/index.php?_task=mail&_mbox=INBOX" "Mozilla/5.0 (Windows NT 6.1; Win64; x64; rv:109.0) Gecko/20100101 Firefox/115.0"
46.148.35.242 - - [06/Jul/2024:10:57:59 +0330] "GET /cpsess1917652218/3rdparty/roundcube/index.php?_task=addressbook&_action=photo&_email=M.Esmaeeli%40Saffgroup.com&_error=1&_bgcolor=transparent HTTP/2.0" 204 - "https://webmail.saffgroup.com/cpsess1917652218/3rdparty/roundcube/index.php?_task=mail&_caps=pdf%3D1%2Cflash%3D0%2Ctiff%3D0%2Cwebp%3D1%2Cpgpmime%3D0&_uid=565&_mbox=INBOX&_action=show" "Mozilla/5.0 (Windows NT 6.1; Win64; x64; rv:109.0) Gecko/20100101 Firefox/115.0"
46.148.35.242 - - [06/Jul/2024:10:57:59 +0330] "GET /cpsess1917652218/3rdparty/roundcube/program/resources/blank.tiff HTTP/2.0" 200 151 "https://webmail.saffgroup.com/cpsess1917652218/3rdparty/roundcube/index.php?_task=mail&_mbox=INBOX" "Mozilla/5.0 (Windows NT 6.1; Win64; x64; rv:109.0) Gecko/20100101 Firefox/115.0"
46.148.35.242 - - [06/Jul/2024:10:57:59 +0330] "GET /cpsess1917652218/3rdparty/roundcube/index.php?_task=mail&_action=pagenav&_uid=565&_mbox=INBOX&_remote=1&_unlock=loading1720247184628&_=1720247184571 HTTP/2.0" 200 150 "https://webmail.saffgroup.com/cpsess1917652218/3rdparty/roundcube/index.php?_task=mail&_caps=pdf%3D1%2Cflash%3D0%2Ctiff%3D0%2Cwebp%3D1%2Cpgpmime%3D0&_uid=565&_mbox=INBOX&_action=show" "Mozilla/5.0 (Windows NT 6.1; Win64; x64; rv:109.0) Gecko/20100101 Firefox/115.0"
46.148.35.242 - - [06/Jul/2024:10:58:00 +0330] "POST /mod_pagespeed_beacon?url=https%3A%2F%2Fwebmail.saffgroup.com%2Fcpsess1917652218%2F3rdparty%2Froundcube%2Findex.php%3F_task%3Dmail%26_caps%3Dpdf%253D1%252Cflash%253D0%252Ctiff%253D0%252Cwebp%253D1%252Cpgpmime%253D0%26_uid%3D565%26_mbox%3DINBOX%26_action%3Dshow HTTP/2.0" 204 - "https://webmail.saffgroup.com/cpsess1917652218/3rdparty/roundcube/index.php?_task=mail&_caps=pdf%3D1%2Cflash%3D0%2Ctiff%3D0%2Cwebp%3D1%2Cpgpmime%3D0&_uid=565&_mbox=INBOX&_action=show" "Mozilla/5.0 (Windows NT 6.1; Win64; x64; rv:109.0) Gecko/20100101 Firefox/115.0"
46.148.35.242 - - [06/Jul/2024:10:58:01 +0330] "GET /cpsess1917652218/3rdparty/roundcube/index.php?_task=mail&_frame=1&_mbox=INBOX&_uid=565&_part=3&_action=get&_extwin=1 HTTP/2.0" 200 2705 "https://webmail.saffgroup.com/cpsess1917652218/3rdparty/roundcube/index.php?_task=mail&_caps=pdf%3D1%2Cflash%3D0%2Ctiff%3D0%2Cwebp%3D1%2Cpgpmime%3D0&_uid=565&_mbox=INBOX&_action=show" "Mozilla/5.0 (Windows NT 6.1; Win64; x64; rv:109.0) Gecko/20100101 Firefox/115.0"
46.148.35.242 - - [06/Jul/2024:10:58:01 +0330] "GET /cpsess1917652218/3rdparty/roundcube/index.php?_task=mail&_mbox=INBOX&_uid=565&_part=3&_action=get&_extwin=1&_preload=1&_framed=1 HTTP/2.0" 200 179 "https://webmail.saffgroup.com/cpsess1917652218/3rdparty/roundcube/index.php?_task=mail&_frame=1&_mbox=INBOX&_uid=565&_part=3&_action=get&_extwin=1" "Mozilla/5.0 (Windows NT 6.1; Win64; x64; rv:109.0) Gecko/20100101 Firefox/115.0"
217.76.60.63 - - [06/Jul/2024:10:58:01 +0330] "GET /fa/%D8%A8%D8%A7%D8%B2%D8%AF%DB%8C%D8%AF-%D8%B1%D8%A6%DB%8C%D8%B3-%D9%87%DB%8C%D8%A6%D8%AA-%D9%85%D8%AF%DB%8C%D8%B1%D9%87-%D9%88-%D9%85%D8%AF%DB%8C%D8%B1%D8%A7%D9%86-%D8%A7%D8%B1%D8%B4%D8%AF-%D8%B4-2/ngl-2/feed/ HTTP/1.1" 200 578 "-" "Mozilla/5.0 (compatible; MJ12bot/v1.4.8; http://mj12bot.com/)"
46.148.35.242 - - [06/Jul/2024:10:58:01 +0330] "GET /cpsess1917652218/3rdparty/roundcube/index.php?_task=mail&_mbox=INBOX&_uid=565&_part=3&_action=get&_extwin=1&_framed=1&_mimewarning=1&_embed=1 HTTP/2.0" 200 203216 "-" "Mozilla/5.0 (Windows NT 6.1; Win64; x64; rv:109.0) Gecko/20100101 Firefox/115.0"
46.148.35.242 - - [06/Jul/2024:10:58:49 +0330] "GET /cpsess1917652218/3rdparty/roundcube/index.php?_task=mail&_mbox=INBOX HTTP/2.0" 200 10827 "https://webmail.saffgroup.com/cpsess1917652218/3rdparty/roundcube/index.php?_task=mail&_caps=pdf%3D1%2Cflash%3D0%2Ctiff%3D0%2Cwebp%3D1%2Cpgpmime%3D0&_uid=565&_mbox=INBOX&_action=show" "Mozilla/5.0 (Windows NT 6.1; Win64; x64; rv:109.0) Gecko/20100101 Firefox/115.0"
46.148.35.242 - - [06/Jul/2024:10:58:52 +0330] "POST /mod_pagespeed_beacon?url=https%3A%2F%2Fwebmail.saffgroup.com%2Fcpsess1917652218%2F3rdparty%2Froundcube%2Findex.php%3F_task%3Dmail%26_mbox%3DINBOX HTTP/2.0" 204 - "https://webmail.saffgroup.com/cpsess1917652218/3rdparty/roundcube/index.php?_task=mail&_mbox=INBOX" "Mozilla/5.0 (Windows NT 6.1; Win64; x64; rv:109.0) Gecko/20100101 Firefox/115.0"
46.148.35.242 - - [06/Jul/2024:10:58:52 +0330] "GET /cpsess1917652218/3rdparty/roundcube/skins/elastic/watermark.html HTTP/2.0" 200 330 "https://webmail.saffgroup.com/cpsess1917652218/3rdparty/roundcube/index.php?_task=mail" "Mozilla/5.0 (Windows NT 6.1; Win64; x64; rv:109.0) Gecko/20100101 Firefox/115.0"
46.148.35.242 - - [06/Jul/2024:10:58:52 +0330] "GET /cpsess1917652218/3rdparty/roundcube/skins/elastic/watermark.html HTTP/2.0" 200 330 "https://webmail.saffgroup.com/cpsess1917652218/3rdparty/roundcube/index.php?_task=mail&_mbox=INBOX" "Mozilla/5.0 (Windows NT 6.1; Win64; x64; rv:109.0) Gecko/20100101 Firefox/115.0"
46.148.35.242 - - [06/Jul/2024:10:58:52 +0330] "GET /cpsess1917652218/3rdparty/roundcube/index.php?_task=mail&_action=getunread&_page=1&_remote=1&_unlock=0&_=1720247235793 HTTP/2.0" 200 85 "https://webmail.saffgroup.com/cpsess1917652218/3rdparty/roundcube/index.php?_task=mail&_mbox=INBOX" "Mozilla/5.0 (Windows NT 6.1; Win64; x64; rv:109.0) Gecko/20100101 Firefox/115.0"
46.148.35.242 - - [06/Jul/2024:10:58:52 +0330] "GET /cpsess1917652218/3rdparty/roundcube/index.php?_task=mail&_action=list&_refresh=1&_layout=widescreen&_mbox=INBOX&_page=&_remote=1&_unlock=loading1720247235866&_=1720247235792 HTTP/2.0" 200 3036 "https://webmail.saffgroup.com/cpsess1917652218/3rdparty/roundcube/index.php?_task=mail&_mbox=INBOX" "Mozilla/5.0 (Windows NT 6.1; Win64; x64; rv:109.0) Gecko/20100101 Firefox/115.0"
46.148.35.242 - - [06/Jul/2024:10:58:54 +0330] "GET /cpsess1917652218/3rdparty/roundcube/index.php?_task=mail&_caps=pdf%3D1%2Cflash%3D0%2Ctiff%3D0%2Cwebp%3D1%2Cpgpmime%3D0&_uid=565&_mbox=INBOX&_framed=1&_action=preview HTTP/2.0" 200 6462 "https://webmail.saffgroup.com/cpsess1917652218/3rdparty/roundcube/index.php?_task=mail&_mbox=INBOX" "Mozilla/5.0 (Windows NT 6.1; Win64; x64; rv:109.0) Gecko/20100101 Firefox/115.0"
46.148.35.242 - - [06/Jul/2024:10:58:56 +0330] "GET /cpsess1917652218/3rdparty/roundcube/index.php?_task=addressbook&_action=photo&_email=M.Esmaeeli%40Saffgroup.com&_error=1&_bgcolor=transparent HTTP/2.0" 204 - "https://webmail.saffgroup.com/cpsess1917652218/3rdparty/roundcube/index.php?_task=mail&_caps=pdf%3D1%2Cflash%3D0%2Ctiff%3D0%2Cwebp%3D1%2Cpgpmime%3D0&_uid=565&_mbox=INBOX&_framed=1&_action=preview" "Mozilla/5.0 (Windows NT 6.1; Win64; x64; rv:109.0) Gecko/20100101 Firefox/115.0"
46.148.35.242 - - [06/Jul/2024:10:58:57 +0330] "POST /mod_pagespeed_beacon?url=https%3A%2F%2Fwebmail.saffgroup.com%2Fcpsess1917652218%2F3rdparty%2Froundcube%2Findex.php%3F_task%3Dmail%26_caps%3Dpdf%253D1%252Cflash%253D0%252Ctiff%253D0%252Cwebp%253D1%252Cpgpmime%253D0%26_uid%3D565%26_mbox%3DINBOX%26_framed%3D1%26_action%3Dpreview HTTP/2.0" 204 - "https://webmail.saffgroup.com/cpsess1917652218/3rdparty/roundcube/index.php?_task=mail&_caps=pdf%3D1%2Cflash%3D0%2Ctiff%3D0%2Cwebp%3D1%2Cpgpmime%3D0&_uid=565&_mbox=INBOX&_framed=1&_action=preview" "Mozilla/5.0 (Windows NT 6.1; Win64; x64; rv:109.0) Gecko/20100101 Firefox/115.0"
46.148.35.242 - - [06/Jul/2024:10:58:59 +0330] "POST /cpsess1917652218/3rdparty/roundcube/index.php?_task=mail&_action=refresh HTTP/2.0" 200 112 "https://webmail.saffgroup.com/cpsess1917652218/3rdparty/roundcube/index.php?_task=mail&_mbox=INBOX" "Mozilla/5.0 (Windows NT 6.1; Win64; x64; rv:109.0) Gecko/20100101 Firefox/115.0"
46.148.35.242 - - [06/Jul/2024:10:58:59 +0330] "GET /cpsess1917652218/3rdparty/roundcube/skins/elastic/watermark.html HTTP/2.0" 200 330 "https://webmail.saffgroup.com/cpsess1917652218/3rdparty/roundcube/index.php?_task=mail&_mbox=INBOX" "Mozilla/5.0 (Windows NT 6.1; Win64; x64; rv:109.0) Gecko/20100101 Firefox/115.0"
217.76.60.63 - - [06/Jul/2024:10:59:14 +0330] "GET /fa/%D8%A8%D8%A7%D8%B2%D8%AF%DB%8C%D8%AF-%D8%B1%D8%A6%DB%8C%D8%B3-%D9%87%DB%8C%D8%A6%D8%AA-%D9%85%D8%AF%DB%8C%D8%B1%D9%87-%D9%88-%D9%85%D8%AF%DB%8C%D8%B1%D8%A7%D9%86-%D8%A7%D8%B1%D8%B4%D8%AF-%D8%B4-2/ngl-3/feed/ HTTP/1.1" 200 580 "-" "Mozilla/5.0 (compatible; MJ12bot/v1.4.8; http://mj12bot.com/)"
46.148.35.242 - - [06/Jul/2024:10:59:54 +0330] "POST /cpsess1917652218/3rdparty/roundcube/index.php?_task=mail&_action=refresh HTTP/2.0" 200 112 "https://webmail.saffgroup.com/cpsess1917652218/3rdparty/roundcube/index.php?_task=mail&_mbox=INBOX" "Mozilla/5.0 (Windows NT 6.1; Win64; x64; rv:109.0) Gecko/20100101 Firefox/115.0"
79.132.193.205 - - [06/Jul/2024:10:59:54 +0330] "POST /fa/wp-cron.php?doing_wp_cron=1720250994.3386380672454833984375 HTTP/1.1" 200 1 "https://saffgroup.com/fa/wp-cron.php?doing_wp_cron=1720250994.3386380672454833984375" "WordPress/5.9.3; https://saffgroup.com/fa"
217.76.60.63 - - [06/Jul/2024:10:59:53 +0330] "GET /fa/%D8%A8%D8%A7%D8%B2%D8%AF%DB%8C%D8%AF-%D9%85%D8%AF%DB%8C%D8%B1%D8%A7%D9%86-%D9%88-%DA%A9%D8%A7%D8%B1%D8%B4%D9%86%D8%A7%D8%B3%D8%A7%D9%86-%D9%85%D8%AD%D8%AA%D8%B1%D9%85-%D8%B3%D8%A7%D8%B2%D9%85%D8%A7/ HTTP/1.1" 200 20153 "-" "Mozilla/5.0 (compatible; MJ12bot/v1.4.8; http://mj12bot.com/)"
46.148.35.242 - - [06/Jul/2024:10:59:58 +0330] "POST /cpsess1917652218/3rdparty/roundcube/index.php?_task=mail&_action=refresh HTTP/2.0" 200 112 "https://webmail.saffgroup.com/cpsess1917652218/3rdparty/roundcube/index.php?_task=mail&_mbox=INBOX" "Mozilla/5.0 (Windows NT 6.1; Win64; x64; rv:109.0) Gecko/20100101 Firefox/115.0"
46.148.35.242 - - [06/Jul/2024:11:00:51 +0330] "POST /cpsess1917652218/3rdparty/roundcube/index.php?_task=mail&_action=refresh HTTP/2.0" 200 112 "https://webmail.saffgroup.com/cpsess1917652218/3rdparty/roundcube/index.php?_task=mail&_mbox=INBOX" "Mozilla/5.0 (Windows NT 6.1; Win64; x64; rv:109.0) Gecko/20100101 Firefox/115.0"
46.148.35.242 - - [06/Jul/2024:11:00:59 +0330] "POST /cpsess1917652218/3rdparty/roundcube/index.php?_task=mail&_action=refresh HTTP/2.0" 200 112 "https://webmail.saffgroup.com/cpsess1917652218/3rdparty/roundcube/index.php?_task=mail&_mbox=INBOX" "Mozilla/5.0 (Windows NT 6.1; Win64; x64; rv:109.0) Gecko/20100101 Firefox/115.0"
217.76.60.63 - - [06/Jul/2024:11:01:22 +0330] "GET /fa/%D8%A8%D8%A7%D8%B2%D8%AF%DB%8C%D8%AF-%D9%85%D8%AF%DB%8C%D8%B1%D8%A7%D9%86-%D9%88-%DA%A9%D8%A7%D8%B1%D8%B4%D9%86%D8%A7%D8%B3%D8%A7%D9%86-%D9%85%D8%AD%D8%AA%D8%B1%D9%85-%D8%B3%D8%A7%D8%B2%D9%85%D8%A7/feed/ HTTP/1.1" 200 691 "-" "Mozilla/5.0 (compatible; MJ12bot/v1.4.8; http://mj12bot.com/)"
46.148.35.242 - - [06/Jul/2024:11:01:55 +0330] "POST /cpsess1917652218/3rdparty/roundcube/index.php?_task=mail&_action=refresh HTTP/2.0" 200 112 "https://webmail.saffgroup.com/cpsess1917652218/3rdparty/roundcube/index.php?_task=mail&_mbox=INBOX" "Mozilla/5.0 (Windows NT 6.1; Win64; x64; rv:109.0) Gecko/20100101 Firefox/115.0"
46.148.35.242 - - [06/Jul/2024:11:01:59 +0330] "POST /cpsess1917652218/3rdparty/roundcube/index.php?_task=mail&_action=refresh HTTP/2.0" 200 112 "https://webmail.saffgroup.com/cpsess1917652218/3rdparty/roundcube/index.php?_task=mail&_mbox=INBOX" "Mozilla/5.0 (Windows NT 6.1; Win64; x64; rv:109.0) Gecko/20100101 Firefox/115.0"
114.119.136.99 - - [06/Jul/2024:11:02:22 +0330] "GET /robots.txt HTTP/1.1" 200 122 "-" "Mozilla/5.0 (compatible;PetalBot;+https://webmaster.petalsearch.com/site/petalbot)"
46.148.35.242 - - [06/Jul/2024:11:02:52 +0330] "POST /cpsess1917652218/3rdparty/roundcube/index.php?_task=mail&_action=refresh HTTP/2.0" 200 112 "https://webmail.saffgroup.com/cpsess1917652218/3rdparty/roundcube/index.php?_task=mail&_mbox=INBOX" "Mozilla/5.0 (Windows NT 6.1; Win64; x64; rv:109.0) Gecko/20100101 Firefox/115.0"
217.76.60.63 - - [06/Jul/2024:11:02:54 +0330] "GET /fa/%D9%85%DB%8C%D9%84%D8%A7%D8%AF-%D8%A8%D8%A7-%D8%B3%D8%B9%D8%A7%D8%AF%D8%AA-%D8%AD%D8%B6%D8%B1%D8%AA-%D9%81%D8%A7%D8%B7%D9%85%D9%87-%D8%B3-%D9%88-%D8%B1%D9%88%D8%B2-%D8%B2%D9%86/ HTTP/1.1" 200 20218 "-" "Mozilla/5.0 (compatible; MJ12bot/v1.4.8; http://mj12bot.com/)"
46.148.35.242 - - [06/Jul/2024:11:02:59 +0330] "POST /cpsess1917652218/3rdparty/roundcube/index.php?_task=mail&_action=refresh HTTP/2.0" 200 112 "https://webmail.saffgroup.com/cpsess1917652218/3rdparty/roundcube/index.php?_task=mail&_mbox=INBOX" "Mozilla/5.0 (Windows NT 6.1; Win64; x64; rv:109.0) Gecko/20100101 Firefox/115.0"
46.148.35.242 - - [06/Jul/2024:11:03:55 +0330] "POST /cpsess1917652218/3rdparty/roundcube/index.php?_task=mail&_action=refresh HTTP/2.0" 200 112 "https://webmail.saffgroup.com/cpsess1917652218/3rdparty/roundcube/index.php?_task=mail&_mbox=INBOX" "Mozilla/5.0 (Windows NT 6.1; Win64; x64; rv:109.0) Gecko/20100101 Firefox/115.0"
46.148.35.242 - - [06/Jul/2024:11:04:00 +0330] "POST /cpsess1917652218/3rdparty/roundcube/index.php?_task=mail&_action=refresh HTTP/2.0" 200 112 "https://webmail.saffgroup.com/cpsess1917652218/3rdparty/roundcube/index.php?_task=mail&_mbox=INBOX" "Mozilla/5.0 (Windows NT 6.1; Win64; x64; rv:109.0) Gecko/20100101 Firefox/115.0"
217.76.60.63 - - [06/Jul/2024:11:04:13 +0330] "GET /fa/%D9%85%DB%8C%D9%84%D8%A7%D8%AF-%D8%A8%D8%A7-%D8%B3%D8%B9%D8%A7%D8%AF%D8%AA-%D8%AD%D8%B6%D8%B1%D8%AA-%D9%81%D8%A7%D8%B7%D9%85%D9%87-%D8%B3-%D9%88-%D8%B1%D9%88%D8%B2-%D8%B2%D9%86/feed/ HTTP/1.1" 200 633 "-" "Mozilla/5.0 (compatible; MJ12bot/v1.4.8; http://mj12bot.com/)"
145.239.28.81 - - [06/Jul/2024:11:04:14 +0330] "POST /fa/xmlrpc.php HTTP/1.1" 200 245 "-" "Mozilla/5.0 (Windows NT 10.0; Win64; x64; rv:52.0) Gecko/20100101 Firefox/52.0"
46.148.35.242 - - [06/Jul/2024:11:04:54 +0330] "POST /cpsess1917652218/3rdparty/roundcube/index.php?_task=mail&_action=refresh HTTP/2.0" 200 112 "https://webmail.saffgroup.com/cpsess1917652218/3rdparty/roundcube/index.php?_task=mail&_mbox=INBOX" "Mozilla/5.0 (Windows NT 6.1; Win64; x64; rv:109.0) Gecko/20100101 Firefox/115.0"
46.148.35.242 - - [06/Jul/2024:11:05:00 +0330] "POST /cpsess1917652218/3rdparty/roundcube/index.php?_task=mail&_action=refresh HTTP/2.0" 200 112 "https://webmail.saffgroup.com/cpsess1917652218/3rdparty/roundcube/index.php?_task=mail&_mbox=INBOX" "Mozilla/5.0 (Windows NT 6.1; Win64; x64; rv:109.0) Gecko/20100101 Firefox/115.0"
217.76.60.63 - - [06/Jul/2024:11:05:18 +0330] "GET /fa/wp-content/uploads/2023/06/%D9%BE%DB%8C%D8%A7%D9%85-%D8%B3%DB%8C-%D8%B3%D8%A7%D9%84%DA%AF%DB%8C-%D8%B5%D9%81-copy.jpg HTTP/1.1" 200 215512 "-" "Mozilla/5.0 (compatible; MJ12bot/v1.4.8; http://mj12bot.com/)"
79.132.193.205 - - [06/Jul/2024:11:06:03 +0330] "POST /fa/wp-cron.php?doing_wp_cron=1720251363.4356420040130615234375 HTTP/1.1" 200 1 "https://saffgroup.com/fa/wp-cron.php?doing_wp_cron=1720251363.4356420040130615234375" "WordPress/5.9.3; https://saffgroup.com/fa"
217.76.60.63 - - [06/Jul/2024:11:06:02 +0330] "GET /fa/%D8%A8%D8%A7%D8%B2%D8%AF%DB%8C%D8%AF-%D8%B1%D8%A6%DB%8C%D8%B3-%D9%87%DB%8C%D8%A6%D8%AA-%D9%85%D8%AF%DB%8C%D8%B1%D9%87-%D9%88-%D9%85%D8%AF%DB%8C%D8%B1%D8%A7%D9%86-%D8%A7%D8%B1%D8%B4%D8%AF-%D8%B4-2/ngl-1/ HTTP/1.1" 200 18364 "-" "Mozilla/5.0 (compatible; MJ12bot/v1.4.8; http://mj12bot.com/)"
217.76.60.63 - - [06/Jul/2024:11:06:44 +0330] "GET /fa/%D8%A8%D8%A7%D8%B2%D8%AF%DB%8C%D8%AF-%D8%B1%D8%A6%DB%8C%D8%B3-%D9%87%DB%8C%D8%A6%D8%AA-%D9%85%D8%AF%DB%8C%D8%B1%D9%87-%D9%88-%D9%85%D8%AF%DB%8C%D8%B1%D8%A7%D9%86-%D8%A7%D8%B1%D8%B4%D8%AF-%D8%B4-2/ngl-2/ HTTP/1.1" 200 18366 "-" "Mozilla/5.0 (compatible; MJ12bot/v1.4.8; http://mj12bot.com/)"
46.148.35.242 - - [06/Jul/2024:11:07:34 +0330] "POST /cpsess1917652218/3rdparty/roundcube/index.php?_task=mail&_action=refresh HTTP/2.0" 200 112 "https://webmail.saffgroup.com/cpsess1917652218/3rdparty/roundcube/index.php?_task=mail&_mbox=INBOX" "Mozilla/5.0 (Windows NT 6.1; Win64; x64; rv:109.0) Gecko/20100101 Firefox/115.0"
46.148.35.242 - - [06/Jul/2024:11:07:34 +0330] "POST /cpsess1917652218/3rdparty/roundcube/index.php?_task=mail&_action=refresh HTTP/2.0" 200 112 "https://webmail.saffgroup.com/cpsess1917652218/3rdparty/roundcube/index.php?_task=mail&_mbox=INBOX" "Mozilla/5.0 (Windows NT 6.1; Win64; x64; rv:109.0) Gecko/20100101 Firefox/115.0"
46.148.35.242 - - [06/Jul/2024:11:07:54 +0330] "POST /cpsess1917652218/3rdparty/roundcube/index.php?_task=mail&_action=refresh HTTP/2.0" 200 112 "https://webmail.saffgroup.com/cpsess1917652218/3rdparty/roundcube/index.php?_task=mail&_mbox=INBOX" "Mozilla/5.0 (Windows NT 6.1; Win64; x64; rv:109.0) Gecko/20100101 Firefox/115.0"
217.76.60.63 - - [06/Jul/2024:11:07:53 +0330] "GET /fa/%D8%A8%D8%A7%D8%B2%D8%AF%DB%8C%D8%AF-%D8%B1%D8%A6%DB%8C%D8%B3-%D9%87%DB%8C%D8%A6%D8%AA-%D9%85%D8%AF%DB%8C%D8%B1%D9%87-%D9%88-%D9%85%D8%AF%DB%8C%D8%B1%D8%A7%D9%86-%D8%A7%D8%B1%D8%B4%D8%AF-%D8%B4-2/ngl-3/ HTTP/1.1" 200 18367 "-" "Mozilla/5.0 (compatible; MJ12bot/v1.4.8; http://mj12bot.com/)"
46.148.35.242 - - [06/Jul/2024:11:08:01 +0330] "POST /cpsess1917652218/3rdparty/roundcube/index.php?_task=mail&_action=refresh HTTP/2.0" 200 112 "https://webmail.saffgroup.com/cpsess1917652218/3rdparty/roundcube/index.php?_task=mail&_mbox=INBOX" "Mozilla/5.0 (Windows NT 6.1; Win64; x64; rv:109.0) Gecko/20100101 Firefox/115.0"
217.76.60.63 - - [06/Jul/2024:11:08:44 +0330] "GET /fa/%D8%A8%D8%A7%D8%B2%D8%AF%DB%8C%D8%AF-%D8%B1%D8%A6%DB%8C%D8%B3-%D9%87%DB%8C%D8%A6%D8%AA-%D9%85%D8%AF%DB%8C%D8%B1%D9%87-%D9%88-%D9%85%D8%AF%DB%8C%D8%B1%D8%A7%D9%86-%D8%A7%D8%B1%D8%B4%D8%AF-%D8%B4%D8%B1/reactorsaz-1/ HTTP/1.1" 200 18376 "-" "Mozilla/5.0 (compatible; MJ12bot/v1.4.8; http://mj12bot.com/)"
46.148.35.242 - - [06/Jul/2024:11:08:54 +0330] "POST /cpsess1917652218/3rdparty/roundcube/index.php?_task=mail&_action=refresh HTTP/2.0" 200 112 "https://webmail.saffgroup.com/cpsess1917652218/3rdparty/roundcube/index.php?_task=mail&_mbox=INBOX" "Mozilla/5.0 (Windows NT 6.1; Win64; x64; rv:109.0) Gecko/20100101 Firefox/115.0"
46.148.35.242 - - [06/Jul/2024:11:09:01 +0330] "POST /cpsess1917652218/3rdparty/roundcube/index.php?_task=mail&_action=refresh HTTP/2.0" 200 112 "https://webmail.saffgroup.com/cpsess1917652218/3rdparty/roundcube/index.php?_task=mail&_mbox=INBOX" "Mozilla/5.0 (Windows NT 6.1; Win64; x64; rv:109.0) Gecko/20100101 Firefox/115.0"
79.132.193.205 - - [06/Jul/2024:11:09:38 +0330] "POST /fa/wp-cron.php?doing_wp_cron=1720251578.9584209918975830078125 HTTP/1.1" 200 1 "https://saffgroup.com/fa/wp-cron.php?doing_wp_cron=1720251578.9584209918975830078125" "WordPress/5.9.3; https://saffgroup.com/fa"
217.76.60.63 - - [06/Jul/2024:11:09:38 +0330] "GET /fa/%D8%A8%D8%A7%D8%B2%D8%AF%DB%8C%D8%AF-%D8%B1%D8%A6%DB%8C%D8%B3-%D9%87%DB%8C%D8%A6%D8%AA-%D9%85%D8%AF%DB%8C%D8%B1%D9%87-%D9%88-%D9%85%D8%AF%DB%8C%D8%B1%D8%A7%D9%86-%D8%A7%D8%B1%D8%B4%D8%AF-%D8%B4%D8%B1/reactorsaz-2/ HTTP/1.1" 200 18378 "-" "Mozilla/5.0 (compatible; MJ12bot/v1.4.8; http://mj12bot.com/)"
46.148.35.242 - - [06/Jul/2024:11:09:54 +0330] "POST /cpsess1917652218/3rdparty/roundcube/index.php?_task=mail&_action=refresh HTTP/2.0" 200 112 "https://webmail.saffgroup.com/cpsess1917652218/3rdparty/roundcube/index.php?_task=mail&_mbox=INBOX" "Mozilla/5.0 (Windows NT 6.1; Win64; x64; rv:109.0) Gecko/20100101 Firefox/115.0"
46.148.35.242 - - [06/Jul/2024:11:10:02 +0330] "POST /cpsess1917652218/3rdparty/roundcube/index.php?_task=mail&_action=refresh HTTP/2.0" 200 112 "https://webmail.saffgroup.com/cpsess1917652218/3rdparty/roundcube/index.php?_task=mail&_mbox=INBOX" "Mozilla/5.0 (Windows NT 6.1; Win64; x64; rv:109.0) Gecko/20100101 Firefox/115.0"
46.148.35.242 - - [06/Jul/2024:11:10:55 +0330] "POST /cpsess1917652218/3rdparty/roundcube/index.php?_task=mail&_action=refresh HTTP/2.0" 200 112 "https://webmail.saffgroup.com/cpsess1917652218/3rdparty/roundcube/index.php?_task=mail&_mbox=INBOX" "Mozilla/5.0 (Windows NT 6.1; Win64; x64; rv:109.0) Gecko/20100101 Firefox/115.0"
46.148.35.242 - - [06/Jul/2024:11:11:02 +0330] "POST /cpsess1917652218/3rdparty/roundcube/index.php?_task=mail&_action=refresh HTTP/2.0" 200 112 "https://webmail.saffgroup.com/cpsess1917652218/3rdparty/roundcube/index.php?_task=mail&_mbox=INBOX" "Mozilla/5.0 (Windows NT 6.1; Win64; x64; rv:109.0) Gecko/20100101 Firefox/115.0"
217.76.60.63 - - [06/Jul/2024:11:11:06 +0330] "GET /fa/%D8%A8%D8%A7%D8%B2%D8%AF%DB%8C%D8%AF-%D8%B1%D8%A6%DB%8C%D8%B3-%D9%87%DB%8C%D8%A6%D8%AA-%D9%85%D8%AF%DB%8C%D8%B1%D9%87-%D9%88-%D9%85%D8%AF%DB%8C%D8%B1%D8%A7%D9%86-%D8%A7%D8%B1%D8%B4%D8%AF-%D8%B4%D8%B1/reactorsaz-3/ HTTP/1.1" 200 18377 "-" "Mozilla/5.0 (compatible; MJ12bot/v1.4.8; http://mj12bot.com/)"
217.76.60.63 - - [06/Jul/2024:11:11:52 +0330] "GET /fa/%D8%A8%D8%A7%D8%B2%D8%AF%DB%8C%D8%AF-%D8%B1%D8%A6%DB%8C%D8%B3-%D9%87%DB%8C%D8%A6%D8%AA-%D9%85%D8%AF%DB%8C%D8%B1%D9%87-%D9%88-%D9%85%D8%AF%DB%8C%D8%B1%D8%A7%D9%86-%D8%A7%D8%B1%D8%B4%D8%AF-%D8%B4%D8%B1/reactorsaz-4/ HTTP/1.1" 200 18373 "-" "Mozilla/5.0 (compatible; MJ12bot/v1.4.8; http://mj12bot.com/)"
46.148.35.242 - - [06/Jul/2024:11:11:55 +0330] "POST /cpsess1917652218/3rdparty/roundcube/index.php?_task=mail&_action=refresh HTTP/2.0" 200 111 "https://webmail.saffgroup.com/cpsess1917652218/3rdparty/roundcube/index.php?_task=mail&_mbox=INBOX" "Mozilla/5.0 (Windows NT 6.1; Win64; x64; rv:109.0) Gecko/20100101 Firefox/115.0"
46.148.35.242 - - [06/Jul/2024:11:12:02 +0330] "POST /cpsess1917652218/3rdparty/roundcube/index.php?_task=mail&_action=refresh HTTP/2.0" 200 112 "https://webmail.saffgroup.com/cpsess1917652218/3rdparty/roundcube/index.php?_task=mail&_mbox=INBOX" "Mozilla/5.0 (Windows NT 6.1; Win64; x64; rv:109.0) Gecko/20100101 Firefox/115.0"
217.76.60.63 - - [06/Jul/2024:11:12:53 +0330] "GET /fa/%D8%A8%D8%A7%D8%B2%D8%AF%DB%8C%D8%AF-%D9%85%D8%AF%DB%8C%D8%B1%D8%A7%D9%86-%D9%88-%DA%A9%D8%A7%D8%B1%D8%B4%D9%86%D8%A7%D8%B3%D8%A7%D9%86-%D9%85%D8%AD%D8%AA%D8%B1%D9%85-%D8%B3%D8%A7%D8%B2%D9%85%D8%A7/img_20231018_103039/ HTTP/1.1" 200 18387 "-" "Mozilla/5.0 (compatible; MJ12bot/v1.4.8; http://mj12bot.com/)"
46.148.35.242 - - [06/Jul/2024:11:12:55 +0330] "POST /cpsess1917652218/3rdparty/roundcube/index.php?_task=mail&_action=refresh HTTP/2.0" 200 112 "https://webmail.saffgroup.com/cpsess1917652218/3rdparty/roundcube/index.php?_task=mail&_mbox=INBOX" "Mozilla/5.0 (Windows NT 6.1; Win64; x64; rv:109.0) Gecko/20100101 Firefox/115.0"
46.148.35.242 - - [06/Jul/2024:11:13:03 +0330] "POST /cpsess1917652218/3rdparty/roundcube/index.php?_task=mail&_action=refresh HTTP/2.0" 200 112 "https://webmail.saffgroup.com/cpsess1917652218/3rdparty/roundcube/index.php?_task=mail&_mbox=INBOX" "Mozilla/5.0 (Windows NT 6.1; Win64; x64; rv:109.0) Gecko/20100101 Firefox/115.0"
46.148.35.242 - - [06/Jul/2024:11:13:14 +0330] "POST /cpsess1917652218/3rdparty/roundcube/index.php?_task=mail&_action=move HTTP/2.0" 200 340 "https://webmail.saffgroup.com/cpsess1917652218/3rdparty/roundcube/index.php?_task=mail&_mbox=INBOX" "Mozilla/5.0 (Windows NT 6.1; Win64; x64; rv:109.0) Gecko/20100101 Firefox/115.0"
46.148.35.242 - - [06/Jul/2024:11:13:15 +0330] "GET /cpsess1917652218/3rdparty/roundcube/index.php?_task=mail&_caps=pdf%3D1%2Cflash%3D0%2Ctiff%3D0%2Cwebp%3D1%2Cpgpmime%3D0&_uid=562&_mbox=INBOX&_framed=1&_action=preview HTTP/2.0" 200 6036 "https://webmail.saffgroup.com/cpsess1917652218/3rdparty/roundcube/index.php?_task=mail&_mbox=INBOX" "Mozilla/5.0 (Windows NT 6.1; Win64; x64; rv:109.0) Gecko/20100101 Firefox/115.0"
46.148.35.242 - - [06/Jul/2024:11:13:15 +0330] "GET /cpsess1917652218/3rdparty/roundcube/index.php?_task=addressbook&_action=photo&_email=reza_zerehi%40yahoo.com&_error=1&_bgcolor=transparent HTTP/2.0" 204 - "https://webmail.saffgroup.com/cpsess1917652218/3rdparty/roundcube/index.php?_task=mail&_caps=pdf%3D1%2Cflash%3D0%2Ctiff%3D0%2Cwebp%3D1%2Cpgpmime%3D0&_uid=562&_mbox=INBOX&_framed=1&_action=preview" "Mozilla/5.0 (Windows NT 6.1; Win64; x64; rv:109.0) Gecko/20100101 Firefox/115.0"
46.148.35.242 - - [06/Jul/2024:11:13:15 +0330] "GET /cpsess1917652218/3rdparty/roundcube/skins/elastic/images/contactpic.svg HTTP/2.0" 200 232 "https://webmail.saffgroup.com/cpsess1917652218/3rdparty/roundcube/index.php?_task=mail&_caps=pdf%3D1%2Cflash%3D0%2Ctiff%3D0%2Cwebp%3D1%2Cpgpmime%3D0&_uid=562&_mbox=INBOX&_framed=1&_action=preview" "Mozilla/5.0 (Windows NT 6.1; Win64; x64; rv:109.0) Gecko/20100101 Firefox/115.0"
46.148.35.242 - - [06/Jul/2024:11:13:15 +0330] "GET /cpsess1917652218/3rdparty/roundcube/index.php?_task=mail&_action=get&_mbox=INBOX&_uid=562&_token=OFBZunpj9T1afriRFTBjMMR5Qb0qUh2c&_part=2&_embed=1&_mimeclass=image HTTP/2.0" 200 35603 "https://webmail.saffgroup.com/cpsess1917652218/3rdparty/roundcube/index.php?_task=mail&_caps=pdf%3D1%2Cflash%3D0%2Ctiff%3D0%2Cwebp%3D1%2Cpgpmime%3D0&_uid=562&_mbox=INBOX&_framed=1&_action=preview" "Mozilla/5.0 (Windows NT 6.1; Win64; x64; rv:109.0) Gecko/20100101 Firefox/115.0"
46.148.35.242 - - [06/Jul/2024:11:13:16 +0330] "POST /mod_pagespeed_beacon?url=https%3A%2F%2Fwebmail.saffgroup.com%2Fcpsess1917652218%2F3rdparty%2Froundcube%2Findex.php%3F_task%3Dmail%26_caps%3Dpdf%253D1%252Cflash%253D0%252Ctiff%253D0%252Cwebp%253D1%252Cpgpmime%253D0%26_uid%3D562%26_mbox%3DINBOX%26_framed%3D1%26_action%3Dpreview HTTP/2.0" 204 - "https://webmail.saffgroup.com/cpsess1917652218/3rdparty/roundcube/index.php?_task=mail&_caps=pdf%3D1%2Cflash%3D0%2Ctiff%3D0%2Cwebp%3D1%2Cpgpmime%3D0&_uid=562&_mbox=INBOX&_framed=1&_action=preview" "Mozilla/5.0 (Windows NT 6.1; Win64; x64; rv:109.0) Gecko/20100101 Firefox/115.0"
46.148.35.242 - - [06/Jul/2024:11:13:18 +0330] "GET /cpsess1917652218/3rdparty/roundcube/skins/elastic/watermark.html HTTP/2.0" 200 330 "https://webmail.saffgroup.com/cpsess1917652218/3rdparty/roundcube/index.php?_task=mail&_mbox=INBOX" "Mozilla/5.0 (Windows NT 6.1; Win64; x64; rv:109.0) Gecko/20100101 Firefox/115.0"
46.148.35.242 - - [06/Jul/2024:11:13:18 +0330] "POST /cpsess1917652218/3rdparty/roundcube/index.php?_task=mail&_action=move HTTP/2.0" 200 339 "https://webmail.saffgroup.com/cpsess1917652218/3rdparty/roundcube/index.php?_task=mail&_mbox=INBOX" "Mozilla/5.0 (Windows NT 6.1; Win64; x64; rv:109.0) Gecko/20100101 Firefox/115.0"
46.148.35.242 - - [06/Jul/2024:11:13:18 +0330] "GET /cpsess1917652218/3rdparty/roundcube/index.php?_task=mail&_caps=pdf%3D1%2Cflash%3D0%2Ctiff%3D0%2Cwebp%3D1%2Cpgpmime%3D0&_uid=561&_mbox=INBOX&_framed=1&_action=preview HTTP/2.0" 200 6451 "https://webmail.saffgroup.com/cpsess1917652218/3rdparty/roundcube/index.php?_task=mail&_mbox=INBOX" "Mozilla/5.0 (Windows NT 6.1; Win64; x64; rv:109.0) Gecko/20100101 Firefox/115.0"
46.148.35.242 - - [06/Jul/2024:11:13:19 +0330] "GET /cpsess1917652218/3rdparty/roundcube/index.php?_task=addressbook&_action=photo&_email=M.Esmaeeli%40Saffgroup.com&_error=1&_bgcolor=transparent HTTP/2.0" 204 - "https://webmail.saffgroup.com/cpsess1917652218/3rdparty/roundcube/index.php?_task=mail&_caps=pdf%3D1%2Cflash%3D0%2Ctiff%3D0%2Cwebp%3D1%2Cpgpmime%3D0&_uid=561&_mbox=INBOX&_framed=1&_action=preview" "Mozilla/5.0 (Windows NT 6.1; Win64; x64; rv:109.0) Gecko/20100101 Firefox/115.0"
46.148.35.242 - - [06/Jul/2024:11:13:19 +0330] "POST /mod_pagespeed_beacon?url=https%3A%2F%2Fwebmail.saffgroup.com%2Fcpsess1917652218%2F3rdparty%2Froundcube%2Findex.php%3F_task%3Dmail%26_caps%3Dpdf%253D1%252Cflash%253D0%252Ctiff%253D0%252Cwebp%253D1%252Cpgpmime%253D0%26_uid%3D561%26_mbox%3DINBOX%26_framed%3D1%26_action%3Dpreview HTTP/2.0" 204 - "https://webmail.saffgroup.com/cpsess1917652218/3rdparty/roundcube/index.php?_task=mail&_caps=pdf%3D1%2Cflash%3D0%2Ctiff%3D0%2Cwebp%3D1%2Cpgpmime%3D0&_uid=561&_mbox=INBOX&_framed=1&_action=preview" "Mozilla/5.0 (Windows NT 6.1; Win64; x64; rv:109.0) Gecko/20100101 Firefox/115.0"
46.148.35.242 - - [06/Jul/2024:11:13:20 +0330] "GET /cpsess1917652218/3rdparty/roundcube/skins/elastic/watermark.html HTTP/2.0" 200 330 "https://webmail.saffgroup.com/cpsess1917652218/3rdparty/roundcube/index.php?_task=mail&_mbox=INBOX" "Mozilla/5.0 (Windows NT 6.1; Win64; x64; rv:109.0) Gecko/20100101 Firefox/115.0"
46.148.35.242 - - [06/Jul/2024:11:13:20 +0330] "POST /cpsess1917652218/3rdparty/roundcube/index.php?_task=mail&_action=move HTTP/2.0" 200 340 "https://webmail.saffgroup.com/cpsess1917652218/3rdparty/roundcube/index.php?_task=mail&_mbox=INBOX" "Mozilla/5.0 (Windows NT 6.1; Win64; x64; rv:109.0) Gecko/20100101 Firefox/115.0"
46.148.35.242 - - [06/Jul/2024:11:13:20 +0330] "GET /cpsess1917652218/3rdparty/roundcube/index.php?_task=mail&_caps=pdf%3D1%2Cflash%3D0%2Ctiff%3D0%2Cwebp%3D1%2Cpgpmime%3D0&_uid=560&_mbox=INBOX&_framed=1&_action=preview HTTP/2.0" 200 6380 "https://webmail.saffgroup.com/cpsess1917652218/3rdparty/roundcube/index.php?_task=mail&_mbox=INBOX" "Mozilla/5.0 (Windows NT 6.1; Win64; x64; rv:109.0) Gecko/20100101 Firefox/115.0"
46.148.35.242 - - [06/Jul/2024:11:13:21 +0330] "GET /cpsess1917652218/3rdparty/roundcube/index.php?_task=addressbook&_action=photo&_email=N.Yekzaban%40Saffgroup.com&_error=1&_bgcolor=transparent HTTP/2.0" 204 - "https://webmail.saffgroup.com/cpsess1917652218/3rdparty/roundcube/index.php?_task=mail&_caps=pdf%3D1%2Cflash%3D0%2Ctiff%3D0%2Cwebp%3D1%2Cpgpmime%3D0&_uid=560&_mbox=INBOX&_framed=1&_action=preview" "Mozilla/5.0 (Windows NT 6.1; Win64; x64; rv:109.0) Gecko/20100101 Firefox/115.0"
46.148.35.242 - - [06/Jul/2024:11:13:21 +0330] "POST /mod_pagespeed_beacon?url=https%3A%2F%2Fwebmail.saffgroup.com%2Fcpsess1917652218%2F3rdparty%2Froundcube%2Findex.php%3F_task%3Dmail%26_caps%3Dpdf%253D1%252Cflash%253D0%252Ctiff%253D0%252Cwebp%253D1%252Cpgpmime%253D0%26_uid%3D560%26_mbox%3DINBOX%26_framed%3D1%26_action%3Dpreview HTTP/2.0" 204 - "https://webmail.saffgroup.com/cpsess1917652218/3rdparty/roundcube/index.php?_task=mail&_caps=pdf%3D1%2Cflash%3D0%2Ctiff%3D0%2Cwebp%3D1%2Cpgpmime%3D0&_uid=560&_mbox=INBOX&_framed=1&_action=preview" "Mozilla/5.0 (Windows NT 6.1; Win64; x64; rv:109.0) Gecko/20100101 Firefox/115.0"
46.148.35.242 - - [06/Jul/2024:11:13:25 +0330] "POST /cpsess1917652218/3rdparty/roundcube/index.php?_task=mail&_action=move HTTP/2.0" 200 339 "https://webmail.saffgroup.com/cpsess1917652218/3rdparty/roundcube/index.php?_task=mail&_mbox=INBOX" "Mozilla/5.0 (Windows NT 6.1; Win64; x64; rv:109.0) Gecko/20100101 Firefox/115.0"
46.148.35.242 - - [06/Jul/2024:11:13:25 +0330] "GET /cpsess1917652218/3rdparty/roundcube/skins/elastic/watermark.html HTTP/2.0" 200 330 "https://webmail.saffgroup.com/cpsess1917652218/3rdparty/roundcube/index.php?_task=mail&_mbox=INBOX" "Mozilla/5.0 (Windows NT 6.1; Win64; x64; rv:109.0) Gecko/20100101 Firefox/115.0"
46.148.35.242 - - [06/Jul/2024:11:13:25 +0330] "GET /cpsess1917652218/3rdparty/roundcube/index.php?_task=mail&_caps=pdf%3D1%2Cflash%3D0%2Ctiff%3D0%2Cwebp%3D1%2Cpgpmime%3D0&_uid=559&_mbox=INBOX&_framed=1&_action=preview HTTP/2.0" 200 5970 "https://webmail.saffgroup.com/cpsess1917652218/3rdparty/roundcube/index.php?_task=mail&_mbox=INBOX" "Mozilla/5.0 (Windows NT 6.1; Win64; x64; rv:109.0) Gecko/20100101 Firefox/115.0"
46.148.35.242 - - [06/Jul/2024:11:13:26 +0330] "GET /cpsess1917652218/3rdparty/roundcube/index.php?_task=addressbook&_action=photo&_email=M.Alaie%40Saffgroup.com&_error=1&_bgcolor=transparent HTTP/2.0" 204 - "https://webmail.saffgroup.com/cpsess1917652218/3rdparty/roundcube/index.php?_task=mail&_caps=pdf%3D1%2Cflash%3D0%2Ctiff%3D0%2Cwebp%3D1%2Cpgpmime%3D0&_uid=559&_mbox=INBOX&_framed=1&_action=preview" "Mozilla/5.0 (Windows NT 6.1; Win64; x64; rv:109.0) Gecko/20100101 Firefox/115.0"
46.148.35.242 - - [06/Jul/2024:11:13:27 +0330] "POST /mod_pagespeed_beacon?url=https%3A%2F%2Fwebmail.saffgroup.com%2Fcpsess1917652218%2F3rdparty%2Froundcube%2Findex.php%3F_task%3Dmail%26_caps%3Dpdf%253D1%252Cflash%253D0%252Ctiff%253D0%252Cwebp%253D1%252Cpgpmime%253D0%26_uid%3D559%26_mbox%3DINBOX%26_framed%3D1%26_action%3Dpreview HTTP/2.0" 204 - "https://webmail.saffgroup.com/cpsess1917652218/3rdparty/roundcube/index.php?_task=mail&_caps=pdf%3D1%2Cflash%3D0%2Ctiff%3D0%2Cwebp%3D1%2Cpgpmime%3D0&_uid=559&_mbox=INBOX&_framed=1&_action=preview" "Mozilla/5.0 (Windows NT 6.1; Win64; x64; rv:109.0) Gecko/20100101 Firefox/115.0"
46.148.35.242 - - [06/Jul/2024:11:13:26 +0330] "POST /cpsess1917652218/3rdparty/roundcube/index.php?_task=mail&_action=move HTTP/2.0" 200 340 "https://webmail.saffgroup.com/cpsess1917652218/3rdparty/roundcube/index.php?_task=mail&_mbox=INBOX" "Mozilla/5.0 (Windows NT 6.1; Win64; x64; rv:109.0) Gecko/20100101 Firefox/115.0"
46.148.35.242 - - [06/Jul/2024:11:13:27 +0330] "GET /cpsess1917652218/3rdparty/roundcube/skins/elastic/watermark.html HTTP/2.0" 200 330 "https://webmail.saffgroup.com/cpsess1917652218/3rdparty/roundcube/index.php?_task=mail&_mbox=INBOX" "Mozilla/5.0 (Windows NT 6.1; Win64; x64; rv:109.0) Gecko/20100101 Firefox/115.0"
46.148.35.242 - - [06/Jul/2024:11:13:27 +0330] "GET /cpsess1917652218/3rdparty/roundcube/index.php?_task=mail&_caps=pdf%3D1%2Cflash%3D0%2Ctiff%3D0%2Cwebp%3D1%2Cpgpmime%3D0&_uid=558&_mbox=INBOX&_framed=1&_action=preview HTTP/2.0" 200 5895 "https://webmail.saffgroup.com/cpsess1917652218/3rdparty/roundcube/index.php?_task=mail&_mbox=INBOX" "Mozilla/5.0 (Windows NT 6.1; Win64; x64; rv:109.0) Gecko/20100101 Firefox/115.0"
