2.191.176.185 - - [05/Jul/2024:19:21:10 +0330] "GET /fa/wp-content/plugins/revslider/public/assets/js/rs6.min.js?ver=6.5.15 HTTP/2.0" 200 94275 "https://saffgroup.com/fa/south-pars-phase-19-sea-water-intake/" "Mozilla/5.0 (Windows NT 10.0; Win64; x64) AppleWebKit/537.36 (KHTML, like Gecko) Chrome/109.0.0.0 Safari/537.36"
2.191.176.185 - - [05/Jul/2024:19:21:10 +0330] "GET /fa/wp-content/themes/Zephyr/fonts/fonts/fonts/woff2/IRANSansWeb_FaNum_Medium.woff2 HTTP/2.0" 200 25782 "https://saffgroup.com/fa/wp-content/themes/Zephyr/fonts/fonts/fonts.css?ver=5.9.3" "Mozilla/5.0 (Windows NT 10.0; Win64; x64) AppleWebKit/537.36 (KHTML, like Gecko) Chrome/109.0.0.0 Safari/537.36"
2.191.176.185 - - [05/Jul/2024:19:21:10 +0330] "GET /fa/wp-content/themes/Zephyr/common/js/vendor/magnific-popup.js HTTP/2.0" 200 7058 "https://saffgroup.com/fa/south-pars-phase-19-sea-water-intake/" "Mozilla/5.0 (Windows NT 10.0; Win64; x64) AppleWebKit/537.36 (KHTML, like Gecko) Chrome/109.0.0.0 Safari/537.36"
2.191.176.185 - - [05/Jul/2024:19:21:11 +0330] "GET /fa/wp-content/themes/Zephyr/fonts/fonts/fonts/woff2/IRANSansWeb_Medium.woff2 HTTP/2.0" 200 26892 "https://saffgroup.com/fa/wp-content/themes/Zephyr/fonts/fonts/fonts.css?ver=5.9.3" "Mozilla/5.0 (Windows NT 10.0; Win64; x64) AppleWebKit/537.36 (KHTML, like Gecko) Chrome/109.0.0.0 Safari/537.36"
2.191.176.185 - - [05/Jul/2024:19:21:11 +0330] "GET /fa/wp-content/themes/Zephyr/fonts/material-icons.woff2?ver=8.5.1 HTTP/2.0" 200 110565 "https://saffgroup.com/fa/south-pars-phase-19-sea-water-intake/" "Mozilla/5.0 (Windows NT 10.0; Win64; x64) AppleWebKit/537.36 (KHTML, like Gecko) Chrome/109.0.0.0 Safari/537.36"
2.191.176.185 - - [05/Jul/2024:19:21:11 +0330] "GET /fa/wp-content/themes/Zephyr/fonts/fa-solid-900.woff2?ver=8.5.1 HTTP/2.0" 200 78273 "https://saffgroup.com/fa/south-pars-phase-19-sea-water-intake/" "Mozilla/5.0 (Windows NT 10.0; Win64; x64) AppleWebKit/537.36 (KHTML, like Gecko) Chrome/109.0.0.0 Safari/537.36"
2.191.176.185 - - [05/Jul/2024:19:21:16 +0330] "GET /fa/wp-content/themes/Zephyr/fonts/fonts/fonts/woff2/robotoregular.woff2 HTTP/2.0" 200 19824 "https://saffgroup.com/fa/wp-content/themes/Zephyr/fonts/fonts/fonts.css?ver=5.9.3" "Mozilla/5.0 (Windows NT 10.0; Win64; x64) AppleWebKit/537.36 (KHTML, like Gecko) Chrome/109.0.0.0 Safari/537.36"
2.191.176.185 - - [05/Jul/2024:19:21:16 +0330] "GET /fa/wp-content/themes/Zephyr/fonts/fa-brands-400.woff2?ver=8.5.1 HTTP/2.0" 200 76741 "https://saffgroup.com/fa/south-pars-phase-19-sea-water-intake/" "Mozilla/5.0 (Windows NT 10.0; Win64; x64) AppleWebKit/537.36 (KHTML, like Gecko) Chrome/109.0.0.0 Safari/537.36"
2.191.176.185 - - [05/Jul/2024:19:21:17 +0330] "GET /fa/wp-content/uploads/2022/05/Page-41-copy-276x300.jpg HTTP/2.0" 200 13987 "https://saffgroup.com/fa/south-pars-phase-19-sea-water-intake/" "Mozilla/5.0 (Windows NT 10.0; Win64; x64) AppleWebKit/537.36 (KHTML, like Gecko) Chrome/109.0.0.0 Safari/537.36"
2.191.176.185 - - [05/Jul/2024:19:21:17 +0330] "GET /fa/wp-content/uploads/2022/05/263753_837-300x199.jpg HTTP/2.0" 200 11383 "https://saffgroup.com/fa/south-pars-phase-19-sea-water-intake/" "Mozilla/5.0 (Windows NT 10.0; Win64; x64) AppleWebKit/537.36 (KHTML, like Gecko) Chrome/109.0.0.0 Safari/537.36"
2.191.176.185 - - [05/Jul/2024:19:21:17 +0330] "GET /fa/wp-content/uploads/2022/05/Picture2-300x200.jpg HTTP/2.0" 200 14969 "https://saffgroup.com/fa/south-pars-phase-19-sea-water-intake/" "Mozilla/5.0 (Windows NT 10.0; Win64; x64) AppleWebKit/537.36 (KHTML, like Gecko) Chrome/109.0.0.0 Safari/537.36"
2.191.176.185 - - [05/Jul/2024:19:21:17 +0330] "GET /fa/wp-content/uploads/2017/07/SAFF-logo.png HTTP/2.0" 200 24558 "https://saffgroup.com/fa/south-pars-phase-19-sea-water-intake/" "Mozilla/5.0 (Windows NT 10.0; Win64; x64) AppleWebKit/537.36 (KHTML, like Gecko) Chrome/109.0.0.0 Safari/537.36"
2.191.176.185 - - [05/Jul/2024:19:21:17 +0330] "GET /fa/wp-includes/js/wp-emoji-release.min.js?ver=5.9.3 HTTP/2.0" 200 4542 "https://saffgroup.com/fa/south-pars-phase-19-sea-water-intake/" "Mozilla/5.0 (Windows NT 10.0; Win64; x64) AppleWebKit/537.36 (KHTML, like Gecko) Chrome/109.0.0.0 Safari/537.36"
2.191.176.185 - - [05/Jul/2024:19:21:17 +0330] "GET /fa/wp-content/uploads/2022/05/petro-pars-iran-150x150.png HTTP/2.0" 200 9626 "https://saffgroup.com/fa/south-pars-phase-19-sea-water-intake/" "Mozilla/5.0 (Windows NT 10.0; Win64; x64) AppleWebKit/537.36 (KHTML, like Gecko) Chrome/109.0.0.0 Safari/537.36"
2.191.176.185 - - [05/Jul/2024:19:21:17 +0330] "GET /fa/wp-content/uploads/2022/05/10-3-600x600.jpg HTTP/2.0" 200 99496 "https://saffgroup.com/fa/south-pars-phase-19-sea-water-intake/" "Mozilla/5.0 (Windows NT 10.0; Win64; x64) AppleWebKit/537.36 (KHTML, like Gecko) Chrome/109.0.0.0 Safari/537.36"
2.191.176.185 - - [05/Jul/2024:19:21:17 +0330] "GET /fa/wp-content/uploads/2022/05/South-Pars-Phase-19-Sea-Water-Intake-4-600x600.jpg HTTP/2.0" 200 89654 "https://saffgroup.com/fa/south-pars-phase-19-sea-water-intake/" "Mozilla/5.0 (Windows NT 10.0; Win64; x64) AppleWebKit/537.36 (KHTML, like Gecko) Chrome/109.0.0.0 Safari/537.36"
2.191.176.185 - - [05/Jul/2024:19:21:17 +0330] "GET /fa/wp-content/uploads/2022/05/South-Pars-Phase-19-Sea-Water-Intake-3-600x600.jpg HTTP/2.0" 200 57808 "https://saffgroup.com/fa/south-pars-phase-19-sea-water-intake/" "Mozilla/5.0 (Windows NT 10.0; Win64; x64) AppleWebKit/537.36 (KHTML, like Gecko) Chrome/109.0.0.0 Safari/537.36"
2.191.176.185 - - [05/Jul/2024:19:21:17 +0330] "GET /fa/wp-content/uploads/2022/05/South-Pars-Phase-19-Sea-Water-Intake-2-600x600.jpg HTTP/2.0" 200 108316 "https://saffgroup.com/fa/south-pars-phase-19-sea-water-intake/" "Mozilla/5.0 (Windows NT 10.0; Win64; x64) AppleWebKit/537.36 (KHTML, like Gecko) Chrome/109.0.0.0 Safari/537.36"
2.191.176.185 - - [05/Jul/2024:19:21:18 +0330] "GET /fa/wp-content/uploads/2022/05/South-Pars-Phase-19-Sea-Water-Intake-1-600x600.jpg HTTP/2.0" 200 82085 "https://saffgroup.com/fa/south-pars-phase-19-sea-water-intake/" "Mozilla/5.0 (Windows NT 10.0; Win64; x64) AppleWebKit/537.36 (KHTML, like Gecko) Chrome/109.0.0.0 Safari/537.36"
2.191.176.185 - - [05/Jul/2024:19:21:18 +0330] "GET /fa/wp-content/uploads/2022/05/Page-50-300x169.jpg HTTP/2.0" 200 9007 "https://saffgroup.com/fa/south-pars-phase-19-sea-water-intake/" "Mozilla/5.0 (Windows NT 10.0; Win64; x64) AppleWebKit/537.36 (KHTML, like Gecko) Chrome/109.0.0.0 Safari/537.36"
2.191.176.185 - - [05/Jul/2024:19:21:18 +0330] "GET /fa/wp-content/uploads/2024/05/photo1715763985-150x150.jpeg HTTP/2.0" 200 5341 "https://saffgroup.com/fa/south-pars-phase-19-sea-water-intake/" "Mozilla/5.0 (Windows NT 10.0; Win64; x64) AppleWebKit/537.36 (KHTML, like Gecko) Chrome/109.0.0.0 Safari/537.36"
2.191.176.185 - - [05/Jul/2024:19:21:18 +0330] "GET /fa/wp-content/uploads/2024/01/IMG_7239-150x150.jpg HTTP/2.0" 200 7896 "https://saffgroup.com/fa/south-pars-phase-19-sea-water-intake/" "Mozilla/5.0 (Windows NT 10.0; Win64; x64) AppleWebKit/537.36 (KHTML, like Gecko) Chrome/109.0.0.0 Safari/537.36"
2.191.176.185 - - [05/Jul/2024:19:21:18 +0330] "GET /fa/wp-content/uploads/2023/11/IMG_6806-150x150.jpg HTTP/2.0" 200 8761 "https://saffgroup.com/fa/south-pars-phase-19-sea-water-intake/" "Mozilla/5.0 (Windows NT 10.0; Win64; x64) AppleWebKit/537.36 (KHTML, like Gecko) Chrome/109.0.0.0 Safari/537.36"
2.191.176.185 - - [05/Jul/2024:19:21:18 +0330] "GET /fa/wp-content/uploads/2022/05/Group-580.png HTTP/2.0" 200 532 "https://saffgroup.com/fa/south-pars-phase-19-sea-water-intake/" "Mozilla/5.0 (Windows NT 10.0; Win64; x64) AppleWebKit/537.36 (KHTML, like Gecko) Chrome/109.0.0.0 Safari/537.36"
2.191.176.185 - - [05/Jul/2024:19:21:18 +0330] "GET /fa/wp-content/uploads/2022/05/Rectangle-332-min.png HTTP/2.0" 200 201778 "https://saffgroup.com/fa/south-pars-phase-19-sea-water-intake/" "Mozilla/5.0 (Windows NT 10.0; Win64; x64) AppleWebKit/537.36 (KHTML, like Gecko) Chrome/109.0.0.0 Safari/537.36"
2.191.176.185 - - [05/Jul/2024:19:21:19 +0330] "POST /mod_pagespeed_beacon?url=https%3A%2F%2Fsaffgroup.com%2Ffa%2Fsouth-pars-phase-19-sea-water-intake%2F HTTP/2.0" 204 - "https://saffgroup.com/fa/south-pars-phase-19-sea-water-intake/" "Mozilla/5.0 (Windows NT 10.0; Win64; x64) AppleWebKit/537.36 (KHTML, like Gecko) Chrome/109.0.0.0 Safari/537.36"
2.191.176.185 - - [05/Jul/2024:19:21:19 +0330] "GET /fa/wp-content/uploads/2022/05/SAFF-logo-150x149.png HTTP/2.0" 200 20476 "https://saffgroup.com/fa/south-pars-phase-19-sea-water-intake/" "Mozilla/5.0 (Windows NT 10.0; Win64; x64) AppleWebKit/537.36 (KHTML, like Gecko) Chrome/109.0.0.0 Safari/537.36"
79.132.193.205 - - [05/Jul/2024:19:29:31 +0330] "POST /en/wp-cron.php?doing_wp_cron=1720195171.4153270721435546875000 HTTP/1.1" 200 1 "https://saffgroup.com/en/wp-cron.php?doing_wp_cron=1720195171.4153270721435546875000" "WordPress/5.9.3; https://saffgroup.com/en"
208.113.137.233 - - [05/Jul/2024:19:29:30 +0330] "POST /en/xmlrpc.php HTTP/1.1" 200 206 "-" "Mozilla/5.0 (Windows NT 10.0; Win64; x64; rv:96.0) Gecko/20100101 Firefox/96.0"
220.181.108.169 - - [05/Jul/2024:19:31:28 +0330] "GET /fa/wp-content/uploads/2023/07/%811%868%811%872%811%845-%811%872%811%839%811%845%811%847-%811%870%811%869%811%872%811%870%811%871-600x480.jpg HTTP/1.1" 404 123608 "-" "Mozilla/5.0 (compatible; Baiduspider/2.0; +http://www.baidu.com/search/spider.html)"
66.249.66.207 - - [05/Jul/2024:19:36:24 +0330] "GET /fa/wp-content/uploads/2023/03/mix01-copy-1-90x64.jpg HTTP/1.1" 200 3497 "-" "Googlebot-Image/1.0"
79.132.193.205 - - [05/Jul/2024:19:37:45 +0330] "POST /fa/wp-cron.php?doing_wp_cron=1720195665.9391260147094726562500 HTTP/1.1" 200 1 "https://saffgroup.com/fa/wp-cron.php?doing_wp_cron=1720195665.9391260147094726562500" "WordPress/5.9.3; https://saffgroup.com/fa"
141.94.247.241 - - [05/Jul/2024:19:37:45 +0330] "POST /fa/xmlrpc.php HTTP/1.1" 200 245 "-" "Mozilla/5.0 (Windows NT 10.0; Win64; x64; rv:60.0) Gecko/20100101 Firefox/60.0"
120.245.61.183 - - [05/Jul/2024:19:41:19 +0330] "GET /robots.txt HTTP/1.1" 200 122 "-" "Mozilla/5.0 (Windows NT 10.0; WOW64) AppleWebKit/537.36 (KHTML, like Gecko) Chrome/50.0.3197.37 Safari/537.36 QIHU 360EE"
79.132.193.205 - - [05/Jul/2024:19:43:43 +0330] "POST /fa/wp-cron.php?doing_wp_cron=1720196023.1751749515533447265625 HTTP/1.1" 200 1 "https://saffgroup.com/fa/wp-cron.php?doing_wp_cron=1720196023.1751749515533447265625" "WordPress/5.9.3; https://saffgroup.com/fa"
66.220.149.29 - - [05/Jul/2024:19:43:42 +0330] "GET /fa/wp-json/oembed/1.0/embed?url=https%3A%2F%2Fsaffgroup.com%2Ffa%2F%25d9%25be%25db%258c%25d8%25a7%25d9%2585-%25d9%2585%25d8%25af%25db%258c%25d8%25b1-%25d8%25b9%25d8%25a7%25d9%2585%25d9%2584%2F HTTP/2.0" 200 2855 "-" "facebookexternalhit/1.1 (+http://www.facebook.com/externalhit_uatext.php)"
51.8.219.194 - - [05/Jul/2024:19:44:55 +0330] "GET / HTTP/1.0" 404 - "-" "-"
51.195.145.122 - - [05/Jul/2024:19:49:10 +0330] "GET /fa HTTP/1.1" 301 233 "-" "Mozilla/5.0 (Windows NT 10.0; WOW64; rv:48.0) Gecko/20100101 Firefox/48.0"
79.132.193.205 - - [05/Jul/2024:19:49:11 +0330] "POST /fa/wp-cron.php?doing_wp_cron=1720196351.0123009681701660156250 HTTP/1.1" 200 1 "https://saffgroup.com/fa/wp-cron.php?doing_wp_cron=1720196351.0123009681701660156250" "WordPress/5.9.3; https://saffgroup.com/fa"
51.195.145.122 - - [05/Jul/2024:19:49:10 +0330] "GET /fa/ HTTP/1.1" 200 41283 "-" "Mozilla/5.0 (Windows NT 10.0; WOW64; rv:48.0) Gecko/20100101 Firefox/48.0"
79.132.193.205 - - [05/Jul/2024:19:54:24 +0330] "POST /fa/wp-cron.php?doing_wp_cron=1720196664.8436059951782226562500 HTTP/1.1" 200 1 "https://saffgroup.com/fa/wp-cron.php?doing_wp_cron=1720196664.8436059951782226562500" "WordPress/5.9.3; https://saffgroup.com/fa"
85.208.96.194 - - [05/Jul/2024:19:54:24 +0330] "GET /fa/%D8%A8%D8%A7%D8%B2%D8%AF%DB%8C%D8%AF-%D8%A7%D8%B3%D8%AA%D8%A7%D9%86%D8%AF%D8%A7%D8%B1-%D9%85%D8%AD%D8%AA%D8%B1%D9%85-%D8%AE%D9%88%D8%B2%D8%B3%D8%AA%D8%A7%D9%86-%D9%88-%D9%85%D8%AF%DB%8C%D8%B1%D8%A7/img_6816-2/ HTTP/1.1" 200 20569 "-" "Mozilla/5.0 (compatible; SemrushBot/7~bl; +http://www.semrush.com/bot.html)"
66.249.66.207 - - [05/Jul/2024:19:54:24 +0330] "GET /fa/national-petrochemical-company-approved-contractor-list/ HTTP/1.1" 200 19664 "-" "Mozilla/5.0 (Linux; Android 6.0.1; Nexus 5X Build/MMB29P) AppleWebKit/537.36 (KHTML, like Gecko) Chrome/125.0.6422.175 Mobile Safari/537.36 (compatible; Googlebot/2.1; +http://www.google.com/bot.html)"
66.249.66.206 - - [05/Jul/2024:19:58:54 +0330] "GET /fa/wp-content/uploads/2023/03/1402-P-5-600x400.jpg HTTP/1.1" 200 68606 "-" "Googlebot-Image/1.0"
220.158.233.170 - - [05/Jul/2024:20:00:42 +0330] "GET /fa HTTP/1.1" 301 233 "http://www.saffgroup.com" "Mozilla/5.0 (Windows NT 10.0) AppleWebKit/537.36 (KHTML, like Gecko) Chrome/114.0.0.0 Safari/537.36"
79.132.193.205 - - [05/Jul/2024:20:00:45 +0330] "POST /fa/wp-cron.php?doing_wp_cron=1720197045.5099589824676513671875 HTTP/1.1" 200 1 "https://saffgroup.com/fa/wp-cron.php?doing_wp_cron=1720197045.5099589824676513671875" "WordPress/5.9.3; https://saffgroup.com/fa"
220.158.233.170 - - [05/Jul/2024:20:00:44 +0330] "GET /fa/ HTTP/1.1" 200 34564 "https://saffgroup.com/fa" "Mozilla/5.0 (Windows NT 10.0) AppleWebKit/537.36 (KHTML, like Gecko) Chrome/114.0.0.0 Safari/537.36"
185.180.140.5 - - [05/Jul/2024:20:00:59 +0330] "GET / HTTP/1.1" 200 11183 "-" "Mozilla/5.0 (Windows NT 10.0; Win64; x64) AppleWebKit/537.36 (KHTML, like Gecko) Chrome/60.0.3112.113 Safari/537.36"
185.180.140.5 - - [05/Jul/2024:20:01:14 +0330] "GET /console HTTP/1.1" 404 - "-" "Mozilla/5.0 (Windows NT 10.0; Win64; x64) AppleWebKit/537.36 (KHTML, like Gecko) Chrome/60.0.3112.113 Safari/537.36"
188.165.192.99 - - [05/Jul/2024:20:01:56 +0330] "GET /wp-login.php?action=register HTTP/1.1" 200 1 "https://saffgroup.com/wp-login.php?action=register" "Mozilla/5.0 (Windows NT 6.3; Win64; x64) AppleWebKit/537.36 (KHTML, like Gecko) Chrome/103.0.0.0 Safari/537.36"
52.189.75.207 - - [05/Jul/2024:20:07:05 +0330] "GET /actuator/health HTTP/1.1" 404 - "-" "Mozilla/5.0 zgrab/0.x"
185.191.171.18 - - [05/Jul/2024:20:07:25 +0330] "GET /robots.txt HTTP/1.1" 200 122 "-" "Mozilla/5.0 (compatible; SemrushBot/7~bl; +http://www.semrush.com/bot.html)"
79.132.193.205 - - [05/Jul/2024:20:07:26 +0330] "POST /fa/wp-cron.php?doing_wp_cron=1720197446.9848420619964599609375 HTTP/1.1" 200 1 "https://saffgroup.com/fa/wp-cron.php?doing_wp_cron=1720197446.9848420619964599609375" "WordPress/5.9.3; https://saffgroup.com/fa"
85.208.96.196 - - [05/Jul/2024:20:07:26 +0330] "GET /fa/%D8%A8%D8%A7%D8%B2%D8%AF%DB%8C%D8%AF-%D8%AF%D8%A8%DB%8C%D8%B1-%D9%85%D8%AD%D8%AA%D8%B1%D9%85-%D8%B3%D8%AA%D8%A7%D8%AF-%D8%AA%D8%B3%D9%87%DB%8C%D9%84-%D9%88-%D8%B1%D9%81%D8%B9-%D9%85%D9%88%D8%A7%D9%86/ HTTP/1.1" 200 24417 "-" "Mozilla/5.0 (compatible; SemrushBot/7~bl; +http://www.semrush.com/bot.html)"
79.132.193.205 - - [05/Jul/2024:20:07:28 +0330] "GET /fa/ HTTP/1.1" 200 32308 "https://saffgroup.com/fa/" "WordPress/5.9.3; https://saffgroup.com/fa"
79.132.193.205 - - [05/Jul/2024:20:21:25 +0330] "POST /fa/wp-cron.php?doing_wp_cron=1720198285.2048940658569335937500 HTTP/1.1" 200 1 "https://saffgroup.com/fa/wp-cron.php?doing_wp_cron=1720198285.2048940658569335937500" "WordPress/5.9.3; https://saffgroup.com/fa"
66.249.66.206 - - [05/Jul/2024:20:21:24 +0330] "GET /fa/wp-content/uploads/gravity_forms/0-dba5e8ad4f0540c75a5980cfc99596c7/303719216.png HTTP/1.1" 404 19682 "-" "Googlebot-Image/1.0"
40.83.134.24 - - [05/Jul/2024:20:25:11 +0330] "GET / HTTP/1.0" 404 - "-" "-"
79.132.193.205 - - [05/Jul/2024:20:32:00 +0330] "POST /fa/wp-cron.php?doing_wp_cron=1720198920.4517159461975097656250 HTTP/1.1" 200 1 "https://saffgroup.com/fa/wp-cron.php?doing_wp_cron=1720198920.4517159461975097656250" "WordPress/5.9.3; https://saffgroup.com/fa"
69.171.249.115 - - [05/Jul/2024:20:31:59 +0330] "GET /fa/wp-json/wp/v2/posts/8711 HTTP/2.0" 200 9914 "-" "facebookexternalhit/1.1 (+http://www.facebook.com/externalhit_uatext.php)"
66.249.66.205 - - [05/Jul/2024:20:43:54 +0330] "GET /fa/wp-content/uploads/revslider/about/bkgd-100x25.jpg HTTP/1.1" 200 1619 "-" "Googlebot-Image/1.0"
79.132.193.205 - - [05/Jul/2024:20:47:01 +0330] "POST /fa/wp-cron.php?doing_wp_cron=1720199821.1059200763702392578125 HTTP/1.1" 200 1 "https://saffgroup.com/fa/wp-cron.php?doing_wp_cron=1720199821.1059200763702392578125" "WordPress/5.9.3; https://saffgroup.com/fa"
85.208.96.198 - - [05/Jul/2024:20:47:00 +0330] "GET /fa/%D8%A8%D8%A7%D8%B2%D8%AF%DB%8C%D8%AF-%D8%A7%D8%B3%D8%AA%D8%A7%D9%86%D8%AF%D8%A7%D8%B1-%D9%85%D8%AD%D8%AA%D8%B1%D9%85-%D8%AE%D9%88%D8%B2%D8%B3%D8%AA%D8%A7%D9%86-%D9%88-%D9%85%D8%AF%DB%8C%D8%B1%D8%A7/img_6786/ HTTP/1.1" 200 20559 "-" "Mozilla/5.0 (compatible; SemrushBot/7~bl; +http://www.semrush.com/bot.html)"
52.167.144.19 - - [05/Jul/2024:20:47:05 +0330] "GET /fa/wp-content/uploads/2016/02/Banner.gif HTTP/2.0" 200 19849 "-" "Mozilla/5.0 AppleWebKit/537.36 (KHTML, like Gecko; compatible; bingbot/2.0; +http://www.bing.com/bingbot.htm) Chrome/116.0.1938.76 Safari/537.36"
54.36.149.104 - - [05/Jul/2024:20:50:08 +0330] "GET /robots.txt HTTP/2.0" 200 97 "-" "Mozilla/5.0 (compatible; AhrefsBot/7.0; +http://ahrefs.com/robot/)"
79.132.193.205 - - [05/Jul/2024:20:50:10 +0330] "POST /fa/wp-cron.php?doing_wp_cron=1720200010.5754449367523193359375 HTTP/1.1" 200 1 "https://saffgroup.com/fa/wp-cron.php?doing_wp_cron=1720200010.5754449367523193359375" "WordPress/5.9.3; https://saffgroup.com/fa"
54.36.149.0 - - [05/Jul/2024:20:50:09 +0330] "GET /fa/national-petrochemical-company-approved-contractor-list/ HTTP/2.0" 200 19665 "-" "Mozilla/5.0 (compatible; AhrefsBot/7.0; +http://ahrefs.com/robot/)"
54.36.148.13 - - [05/Jul/2024:20:50:21 +0330] "GET /fa/wp-content/plugins/captcha-code-authentication/captcha_code_file.php?rand=1466855877 HTTP/2.0" 200 2804 "-" "Mozilla/5.0 (compatible; AhrefsBot/7.0; +http://ahrefs.com/robot/)"
85.208.96.198 - - [05/Jul/2024:20:53:11 +0330] "GET /fa/8217-2/sdr/ HTTP/1.1" 200 20284 "-" "Mozilla/5.0 (compatible; SemrushBot/7~bl; +http://www.semrush.com/bot.html)"
79.132.193.205 - - [05/Jul/2024:20:58:31 +0330] "POST /fa/wp-cron.php?doing_wp_cron=1720200511.2492380142211914062500 HTTP/1.1" 200 1 "https://saffgroup.com/fa/wp-cron.php?doing_wp_cron=1720200511.2492380142211914062500" "WordPress/5.9.3; https://saffgroup.com/fa"
173.252.83.16 - - [05/Jul/2024:20:58:30 +0330] "GET /fa/wp-json/oembed/1.0/embed?url=https%3A%2F%2Fsaffgroup.com%2Ffa%2F%25d8%25a8%25d8%25a7%25d8%25b2%25d8%25af%25db%258c%25d8%25af-%25d8%25b1%25d8%25a6%25db%258c%25d8%25b3-%25d9%2587%25db%258c%25d8%25a6%25d8%25aa-%25d9%2585%25d8%25af%25db%258c%25d8%25b1%25d9%2587-%25d9%2588-%25d9%2585%25d8%25af%25db%258c%25d8%25b1%25d8%25a7%25d9%2586-%25d8%25a7%25d8%25b1%25d8%25b4%25d8%25af-%25d8%25b4%25d8%25b1%2F HTTP/2.0" 200 4568 "-" "facebookexternalhit/1.1 (+http://www.facebook.com/externalhit_uatext.php)"
79.132.193.205 - - [05/Jul/2024:21:00:49 +0330] "POST /en/wp-cron.php?doing_wp_cron=1720200649.2161641120910644531250 HTTP/1.1" 200 1 "https://saffgroup.com/en/wp-cron.php?doing_wp_cron=1720200649.2161641120910644531250" "WordPress/5.9.3; https://saffgroup.com/en"
85.128.143.206 - - [05/Jul/2024:21:00:48 +0330] "POST /en/xmlrpc.php HTTP/1.1" 200 206 "-" "Mozilla/5.0 (Windows NT 10.0; Win64; x64; rv:100.0) Gecko/20100101 Firefox/100.0"
79.132.193.205 - - [05/Jul/2024:21:00:49 +0330] "GET /en/ HTTP/1.1" 200 29361 "https://saffgroup.com/en/" "WordPress/5.9.3; https://saffgroup.com/en"
66.249.66.205 - - [05/Jul/2024:21:06:24 +0330] "GET /fa/wp-content/uploads/revslider/homeslider/laptopmockup_sliderdy-150x150.jpg HTTP/1.1" 200 7099 "-" "Googlebot-Image/1.0"
79.132.193.205 - - [05/Jul/2024:21:09:00 +0330] "POST /fa/wp-cron.php?doing_wp_cron=1720201140.7696089744567871093750 HTTP/1.1" 200 1 "https://saffgroup.com/fa/wp-cron.php?doing_wp_cron=1720201140.7696089744567871093750" "WordPress/5.9.3; https://saffgroup.com/fa"
31.187.84.45 - - [05/Jul/2024:21:08:59 +0330] "POST /fa/xmlrpc.php HTTP/1.1" 200 245 "-" "Mozilla/5.0 (Windows NT 10.0; Win64; x64; rv:48.0) Gecko/20100101 Firefox/48.0"
103.195.103.144 - - [05/Jul/2024:21:12:30 +0330] "GET / HTTP/1.1" 200 42236 "-" "Mozilla/5.0 (Windows NT 10.0; WOW64; rv:47.0) Gecko/20100101 Firefox/47.0"
103.195.103.144 - - [05/Jul/2024:21:12:31 +0330] "GET / HTTP/1.1" 200 38096 "-" "Mozilla/5.0 (Windows NT 10.0; WOW64; rv:47.0) Gecko/20100101 Firefox/47.0"
66.249.66.205 - - [05/Jul/2024:21:15:36 +0330] "GET /fa HTTP/1.1" 301 233 "-" "Mozilla/5.0 (compatible; Googlebot/2.1; +http://www.google.com/bot.html)"
79.132.193.205 - - [05/Jul/2024:21:15:38 +0330] "POST /fa/wp-cron.php?doing_wp_cron=1720201538.7822349071502685546875 HTTP/1.1" 200 1 "https://saffgroup.com/fa/wp-cron.php?doing_wp_cron=1720201538.7822349071502685546875" "WordPress/5.9.3; https://saffgroup.com/fa"
66.249.66.206 - - [05/Jul/2024:21:15:37 +0330] "GET /fa/ HTTP/1.1" 200 32314 "-" "Mozilla/5.0 (compatible; Googlebot/2.1; +http://www.google.com/bot.html)"
66.249.66.205 - - [05/Jul/2024:21:15:42 +0330] "GET /fa/wp-content/plugins/revslider/public/assets/fonts/revicons/revicons.woff?5510888 HTTP/1.1" 200 7459 "https://saffgroup.com/fa/" "Mozilla/5.0 AppleWebKit/537.36 (KHTML, like Gecko; compatible; Googlebot/2.1; +http://www.google.com/bot.html) Chrome/125.0.6422.175 Safari/537.36"
66.249.66.205 - - [05/Jul/2024:21:15:42 +0330] "GET /fa/wp-content/themes/Zephyr/fonts/fonts/fonts/woff2/IRANSansWeb_FaNum_Medium.woff2 HTTP/1.1" 200 25782 "https://saffgroup.com/fa/wp-content/themes/Zephyr/fonts/fonts/fonts.css?ver=5.9.3" "Mozilla/5.0 AppleWebKit/537.36 (KHTML, like Gecko; compatible; Googlebot/2.1; +http://www.google.com/bot.html) Chrome/125.0.6422.175 Safari/537.36"
66.249.66.205 - - [05/Jul/2024:21:15:43 +0330] "GET /fa/wp-content/themes/Zephyr/fonts/fa-solid-900.woff2?ver=8.5.1 HTTP/1.1" 200 78273 "https://saffgroup.com/fa/" "Mozilla/5.0 AppleWebKit/537.36 (KHTML, like Gecko; compatible; Googlebot/2.1; +http://www.google.com/bot.html) Chrome/125.0.6422.175 Safari/537.36"
66.249.66.206 - - [05/Jul/2024:21:15:44 +0330] "GET /fa/wp-content/themes/Zephyr/fonts/fonts/fonts/woff2/IRANSansWeb_FaNum_Light.woff2 HTTP/1.1" 200 28404 "https://saffgroup.com/fa/wp-content/themes/Zephyr/fonts/fonts/fonts.css?ver=5.9.3" "Mozilla/5.0 AppleWebKit/537.36 (KHTML, like Gecko; compatible; Googlebot/2.1; +http://www.google.com/bot.html) Chrome/125.0.6422.175 Safari/537.36"
66.249.66.205 - - [05/Jul/2024:21:15:44 +0330] "GET /fa/wp-content/themes/Zephyr/fonts/fonts/fonts/woff2/IRANSansWeb_FaNum.woff2 HTTP/1.1" 200 27942 "https://saffgroup.com/fa/wp-content/themes/Zephyr/fonts/fonts/fonts.css?ver=5.9.3" "Mozilla/5.0 AppleWebKit/537.36 (KHTML, like Gecko; compatible; Googlebot/2.1; +http://www.google.com/bot.html) Chrome/125.0.6422.175 Safari/537.36"
66.249.66.206 - - [05/Jul/2024:21:15:45 +0330] "GET /fa/wp-content/themes/Zephyr/fonts/material-icons.woff2?ver=8.5.1 HTTP/1.1" 200 110565 "https://saffgroup.com/fa/" "Mozilla/5.0 AppleWebKit/537.36 (KHTML, like Gecko; compatible; Googlebot/2.1; +http://www.google.com/bot.html) Chrome/125.0.6422.175 Safari/537.36"
66.249.66.205 - - [05/Jul/2024:21:15:46 +0330] "GET /fa/wp-content/themes/Zephyr/fonts/fa-brands-400.woff2?ver=8.5.1 HTTP/1.1" 200 76741 "https://saffgroup.com/fa/" "Mozilla/5.0 AppleWebKit/537.36 (KHTML, like Gecko; compatible; Googlebot/2.1; +http://www.google.com/bot.html) Chrome/125.0.6422.175 Safari/537.36"
66.249.66.205 - - [05/Jul/2024:21:15:46 +0330] "GET /fa/wp-content/themes/Zephyr/fonts/fonts/fonts/woff2/robotoregular.woff2 HTTP/1.1" 200 19824 "https://saffgroup.com/fa/wp-content/themes/Zephyr/fonts/fonts/fonts.css?ver=5.9.3" "Mozilla/5.0 AppleWebKit/537.36 (KHTML, like Gecko; compatible; Googlebot/2.1; +http://www.google.com/bot.html) Chrome/125.0.6422.175 Safari/537.36"
66.249.66.205 - - [05/Jul/2024:21:15:47 +0330] "GET /fa/wp-content/themes/Zephyr/fonts/fonts/fonts/woff2/IRANSansWeb_Medium.woff2 HTTP/1.1" 200 26892 "https://saffgroup.com/fa/wp-content/themes/Zephyr/fonts/fonts/fonts.css?ver=5.9.3" "Mozilla/5.0 AppleWebKit/537.36 (KHTML, like Gecko; compatible; Googlebot/2.1; +http://www.google.com/bot.html) Chrome/125.0.6422.175 Safari/537.36"
66.249.66.205 - - [05/Jul/2024:21:15:47 +0330] "GET /fa/wp-content/uploads/2023/01/Test.mp4 HTTP/1.1" 200 1396163 "https://saffgroup.com/fa/" "Mozilla/5.0 AppleWebKit/537.36 (KHTML, like Gecko; compatible; Googlebot/2.1; +http://www.google.com/bot.html) Chrome/125.0.6422.175 Safari/537.36"
66.249.66.205 - - [05/Jul/2024:21:15:52 +0330] "GET /fa/wp-content/plugins/revslider/revslider-fonts/fonts/woff2/robotoregular.woff2 HTTP/1.1" 200 19824 "https://saffgroup.com/fa/wp-content/plugins/revslider/revslider-fonts/fonts.css?ver=5.9.3" "Mozilla/5.0 AppleWebKit/537.36 (KHTML, like Gecko; compatible; Googlebot/2.1; +http://www.google.com/bot.html) Chrome/125.0.6422.175 Safari/537.36"
66.249.66.205 - - [05/Jul/2024:21:15:53 +0330] "GET /fa/wp-content/themes/Zephyr/common/js/vendor/owl.carousel.js HTTP/1.1" 200 11227 "https://saffgroup.com/fa/" "Mozilla/5.0 AppleWebKit/537.36 (KHTML, like Gecko; compatible; Googlebot/2.1; +http://www.google.com/bot.html) Chrome/125.0.6422.175 Safari/537.36"
81.181.62.105 - - [05/Jul/2024:21:18:23 +0330] "GET / HTTP/2.0" 301 232 "-" "Mozilla/5.0 (Windows; U; Windows NT 6.1; en-US; rv:1.9.1.5) Gecko/20091102 Firefox/3.5.5 (.NET CLR 3.5.30729)"
81.181.62.105 - - [05/Jul/2024:21:18:23 +0330] "GET /fa HTTP/2.0" 301 233 "-" "Mozilla/5.0 (Windows; U; Windows NT 6.1; en-US; rv:1.9.1.5) Gecko/20091102 Firefox/3.5.5 (.NET CLR 3.5.30729)"
79.132.193.205 - - [05/Jul/2024:21:18:24 +0330] "POST /fa/wp-cron.php?doing_wp_cron=1720201704.4614970684051513671875 HTTP/1.1" 200 1 "https://saffgroup.com/fa/wp-cron.php?doing_wp_cron=1720201704.4614970684051513671875" "WordPress/5.9.3; https://saffgroup.com/fa"
81.181.62.105 - - [05/Jul/2024:21:18:23 +0330] "GET /fa/ HTTP/2.0" 200 41198 "-" "Mozilla/5.0 (Windows; U; Windows NT 6.1; en-US; rv:1.9.1.5) Gecko/20091102 Firefox/3.5.5 (.NET CLR 3.5.30729)"
79.132.193.205 - - [05/Jul/2024:21:19:37 +0330] "POST /fa/wp-cron.php?doing_wp_cron=1720201777.8998119831085205078125 HTTP/1.1" 200 1 "https://saffgroup.com/fa/wp-cron.php?doing_wp_cron=1720201777.8998119831085205078125" "WordPress/5.9.3; https://saffgroup.com/fa"
66.220.149.23 - - [05/Jul/2024:21:19:36 +0330] "GET /fa/wp-json/oembed/1.0/embed?url=https%3A%2F%2Fsaffgroup.com%2Ffa%2F%25d9%2585%25db%258c%25d9%2584%25d8%25a7%25d8%25af-%25d8%25a8%25d8%25a7-%25d8%25b3%25d8%25b9%25d8%25a7%25d8%25af%25d8%25aa-%25d8%25ad%25d8%25b6%25d8%25b1%25d8%25aa-%25d9%2581%25d8%25a7%25d8%25b7%25d9%2585%25d9%2587-%25d8%25b3-%25d9%2588-%25d8%25b1%25d9%2588%25d8%25b2-%25d8%25b2%25d9%2586%2F HTTP/2.0" 200 3589 "-" "facebookexternalhit/1.1 (+http://www.facebook.com/externalhit_uatext.php)"
149.34.244.8 - - [05/Jul/2024:21:24:08 +0330] "GET /fa/wp-login.php HTTP/1.1" 200 4947 "https://saffgroup.com/fa/wp-login.php" "Mozilla/5.0 (Windows NT 6.1) AppleWebKit/537.36 (KHTML, like Gecko) Chrome/70.0.3538.77 Safari/537.36"
149.34.244.8 - - [05/Jul/2024:21:24:10 +0330] "POST /fa/wp-login.php HTTP/1.1" 200 3314 "https://izmirsandalyemerkezi.com/admin/index.php" "Mozilla/5.0 (Windows NT 6.1) AppleWebKit/537.36 (KHTML, like Gecko) Chrome/70.0.3538.77 Safari/537.36"
35.163.203.139 - - [05/Jul/2024:21:26:37 +0330] "GET / HTTP/1.1" 301 232 "-" "Mozilla/5.0 (X11; Linux x86_64) AppleWebKit/537.36 (KHTML, like Gecko) Chrome/83.0.4103.97 Safari/537.36"
35.163.203.139 - - [05/Jul/2024:21:26:38 +0330] "GET /fa HTTP/1.1" 301 233 "-" "Mozilla/5.0 (X11; Linux x86_64) AppleWebKit/537.36 (KHTML, like Gecko) Chrome/83.0.4103.97 Safari/537.36"
79.132.193.205 - - [05/Jul/2024:21:26:39 +0330] "POST /fa/wp-cron.php?doing_wp_cron=1720202199.6042039394378662109375 HTTP/1.1" 200 1 "https://saffgroup.com/fa/wp-cron.php?doing_wp_cron=1720202199.6042039394378662109375" "WordPress/5.9.3; https://saffgroup.com/fa"
35.163.203.139 - - [05/Jul/2024:21:26:38 +0330] "GET /fa/ HTTP/1.1" 200 41272 "-" "Mozilla/5.0 (X11; Linux x86_64) AppleWebKit/537.36 (KHTML, like Gecko) Chrome/83.0.4103.97 Safari/537.36"
54.185.126.191 - - [05/Jul/2024:21:27:02 +0330] "GET /fa HTTP/1.1" 301 233 "-" "Mozilla/5.0 (X11; Linux x86_64) AppleWebKit/537.36 (KHTML, like Gecko) Chrome/83.0.4103.97 Safari/537.36"
79.132.193.205 - - [05/Jul/2024:21:29:25 +0330] "POST /fa/wp-cron.php?doing_wp_cron=1720202365.7474329471588134765625 HTTP/1.1" 200 1 "https://saffgroup.com/fa/wp-cron.php?doing_wp_cron=1720202365.7474329471588134765625" "WordPress/5.9.3; https://saffgroup.com/fa"
45.13.191.95 - - [05/Jul/2024:21:29:24 +0330] "GET /fa/contact-us/ HTTP/1.1" 200 21386 "-" "Mozilla/5.0 (X11; Linux i686; rv:114.0) Gecko/20100101 Firefox/114.0"
45.13.191.13 - - [05/Jul/2024:21:29:26 +0330] "GET /fa/wp-content/uploads/gravity_forms/0-dba5e8ad4f0540c75a5980cfc99596c7/687054734.png HTTP/1.1" 200 2645 "https://saffgroup.com/fa/contact-us/" "Mozilla/5.0 (X11; Linux i686; rv:114.0) Gecko/20100101 Firefox/114.0"
45.13.191.103 - - [05/Jul/2024:21:29:27 +0330] "POST /fa/contact-us/ HTTP/1.1" 200 18350 "https://saffgroup.com/fa/contact-us/" "Mozilla/5.0 (X11; Linux i686; rv:114.0) Gecko/20100101 Firefox/114.0"
79.132.193.205 - - [05/Jul/2024:21:29:28 +0330] "POST /fa/wp-admin/admin-ajax.php?action=wp_gf_feed_processor&nonce=5a6e55603c HTTP/1.1" 200 20 "https://saffgroup.com/fa/wp-admin/admin-ajax.php?action=wp_gf_feed_processor&nonce=5a6e55603c" "WordPress/5.9.3; https://saffgroup.com/fa"
71.6.199.23 - - [05/Jul/2024:21:32:24 +0330] "GET / HTTP/1.1" 200 50977 "-" "Mozilla/5.0 (X11; Linux x86_64) AppleWebKit/537.36 (KHTML, like Gecko) Chrome/98.0.4758.102 Safari/537.36"
35.167.235.187 - - [05/Jul/2024:21:32:26 +0330] "GET /fa HTTP/1.1" 301 233 "-" "Mozilla/5.0 (Windows NT 10.0; Win64; x64)AppleWebKit/537.36 (KHTML, like Gecko) Chrome/66.0.3359.181 Safari/537.36"
79.132.193.205 - - [05/Jul/2024:21:32:28 +0330] "POST /fa/wp-cron.php?doing_wp_cron=1720202548.0575869083404541015625 HTTP/1.1" 200 1 "https://saffgroup.com/fa/wp-cron.php?doing_wp_cron=1720202548.0575869083404541015625" "WordPress/5.9.3; https://saffgroup.com/fa"
35.167.235.187 - - [05/Jul/2024:21:32:27 +0330] "GET /fa/ HTTP/1.1" 200 41273 "-" "Mozilla/5.0 (Windows NT 10.0; Win64; x64)AppleWebKit/537.36 (KHTML, like Gecko) Chrome/66.0.3359.181 Safari/537.36"
35.81.164.123 - - [05/Jul/2024:21:32:32 +0330] "GET /fa HTTP/2.0" 301 233 "-" "Mozilla/5.0 (X11; Linux x86_64) AppleWebKit/537.36 (KHTML, like Gecko) HeadlessChrome/68.0.3440.106 Safari/537.36"
71.6.199.23 - - [05/Jul/2024:21:32:33 +0330] "\n" 404 - "-" "-"
71.6.199.23 - - [05/Jul/2024:21:32:34 +0330] "\n" 404 - "-" "-"
35.81.164.123 - - [05/Jul/2024:21:32:33 +0330] "GET /fa/ HTTP/2.0" 200 41273 "-" "Mozilla/5.0 (X11; Linux x86_64) AppleWebKit/537.36 (KHTML, like Gecko) HeadlessChrome/68.0.3440.106 Safari/537.36"
71.6.199.23 - - [05/Jul/2024:21:32:35 +0330] "\n" 404 - "-" "-"
35.81.164.123 - - [05/Jul/2024:21:32:35 +0330] "GET /fa/wp-content/plugins/revslider/revslider-fonts/fonts.css?ver=5.9.3 HTTP/2.0" 200 14884 "https://saffgroup.com/fa/" "Mozilla/5.0 (X11; Linux x86_64) AppleWebKit/537.36 (KHTML, like Gecko) HeadlessChrome/68.0.3440.106 Safari/537.36"
35.81.164.123 - - [05/Jul/2024:21:32:35 +0330] "GET /fa/wp-content/themes/Zephyr/fonts/fonts/fonts.css?ver=5.9.3 HTTP/2.0" 200 14884 "https://saffgroup.com/fa/" "Mozilla/5.0 (X11; Linux x86_64) AppleWebKit/537.36 (KHTML, like Gecko) HeadlessChrome/68.0.3440.106 Safari/537.36"
35.81.164.123 - - [05/Jul/2024:21:32:35 +0330] "GET /fa/wp-content/plugins/newsletter/style.css?ver=7.4.3 HTTP/2.0" 200 6282 "https://saffgroup.com/fa/" "Mozilla/5.0 (X11; Linux x86_64) AppleWebKit/537.36 (KHTML, like Gecko) HeadlessChrome/68.0.3440.106 Safari/537.36"
35.81.164.123 - - [05/Jul/2024:21:32:35 +0330] "GET /fa/wp-content/themes/Zephyr/common/css/base/ripple.css?ver=8.5.1 HTTP/2.0" 200 1298 "https://saffgroup.com/fa/" "Mozilla/5.0 (X11; Linux x86_64) AppleWebKit/537.36 (KHTML, like Gecko) HeadlessChrome/68.0.3440.106 Safari/537.36"
35.81.164.123 - - [05/Jul/2024:21:32:35 +0330] "GET /fa/wp-content/themes/Zephyr/common/css/rtl.min.css?ver=8.5.1 HTTP/2.0" 200 20952 "https://saffgroup.com/fa/" "Mozilla/5.0 (X11; Linux x86_64) AppleWebKit/537.36 (KHTML, like Gecko) HeadlessChrome/68.0.3440.106 Safari/537.36"
35.81.164.123 - - [05/Jul/2024:21:32:35 +0330] "GET /fa/wp-content/themes/Zephyr-child/style.css?ver=8.5.1 HTTP/2.0" 200 185 "https://saffgroup.com/fa/" "Mozilla/5.0 (X11; Linux x86_64) AppleWebKit/537.36 (KHTML, like Gecko) HeadlessChrome/68.0.3440.106 Safari/537.36"
35.81.164.123 - - [05/Jul/2024:21:32:35 +0330] "GET /fa/wp-content/uploads/smile_fonts/Defaults/Defaults.css?ver=3.19.11 HTTP/2.0" 200 27639 "https://saffgroup.com/fa/" "Mozilla/5.0 (X11; Linux x86_64) AppleWebKit/537.36 (KHTML, like Gecko) HeadlessChrome/68.0.3440.106 Safari/537.36"
35.81.164.123 - - [05/Jul/2024:21:32:35 +0330] "GET /fa/wp-includes/js/jquery/jquery.min.js?ver=3.6.0 HTTP/2.0" 200 89521 "https://saffgroup.com/fa/" "Mozilla/5.0 (X11; Linux x86_64) AppleWebKit/537.36 (KHTML, like Gecko) HeadlessChrome/68.0.3440.106 Safari/537.36"
35.81.164.123 - - [05/Jul/2024:21:32:35 +0330] "GET /fa/wp-content/plugins/revslider/public/assets/js/rbtools.min.js?ver=6.5.15 HTTP/2.0" 200 128668 "https://saffgroup.com/fa/" "Mozilla/5.0 (X11; Linux x86_64) AppleWebKit/537.36 (KHTML, like Gecko) HeadlessChrome/68.0.3440.106 Safari/537.36"
35.81.164.123 - - [05/Jul/2024:21:32:35 +0330] "GET /fa/wp-content/plugins/js_composer/assets/css/js_composer.min.css?ver=6.7.0 HTTP/2.0" 200 485496 "https://saffgroup.com/fa/" "Mozilla/5.0 (X11; Linux x86_64) AppleWebKit/537.36 (KHTML, like Gecko) HeadlessChrome/68.0.3440.106 Safari/537.36"
71.6.199.23 - - [05/Jul/2024:21:32:36 +0330] "\n" 404 - "-" "-"
35.81.164.123 - - [05/Jul/2024:21:32:35 +0330] "GET /fa/wp-content/themes/Zephyr/css/style.min.css?ver=8.5.1 HTTP/2.0" 200 350287 "https://saffgroup.com/fa/" "Mozilla/5.0 (X11; Linux x86_64) AppleWebKit/537.36 (KHTML, like Gecko) HeadlessChrome/68.0.3440.106 Safari/537.36"
35.81.164.123 - - [05/Jul/2024:21:32:36 +0330] "GET /fa/wp-includes/js/wp-emoji-release.min.js?ver=5.9.3 HTTP/2.0" 200 18181 "https://saffgroup.com/fa/" "Mozilla/5.0 (X11; Linux x86_64) AppleWebKit/537.36 (KHTML, like Gecko) HeadlessChrome/68.0.3440.106 Safari/537.36"
35.81.164.123 - - [05/Jul/2024:21:32:36 +0330] "GET /fa/wp-content/uploads/2017/07/SAFF-logo.png HTTP/2.0" 200 24558 "https://saffgroup.com/fa/" "Mozilla/5.0 (X11; Linux x86_64) AppleWebKit/537.36 (KHTML, like Gecko) HeadlessChrome/68.0.3440.106 Safari/537.36"
35.81.164.123 - - [05/Jul/2024:21:32:36 +0330] "GET /fa/wp-content/plugins/revslider/public/assets/assets/dummy.png HTTP/2.0" 200 68 "https://saffgroup.com/fa/" "Mozilla/5.0 (X11; Linux x86_64) AppleWebKit/537.36 (KHTML, like Gecko) HeadlessChrome/68.0.3440.106 Safari/537.36"
35.81.164.123 - - [05/Jul/2024:21:32:35 +0330] "GET /fa/wp-content/plugins/revslider/public/assets/js/rs6.min.js?ver=6.5.15 HTTP/2.0" 200 385644 "https://saffgroup.com/fa/" "Mozilla/5.0 (X11; Linux x86_64) AppleWebKit/537.36 (KHTML, like Gecko) HeadlessChrome/68.0.3440.106 Safari/537.36"
35.81.164.123 - - [05/Jul/2024:21:32:36 +0330] "GET /fa/wp-content/uploads/2023/01/Page-7.jpg HTTP/2.0" 200 228374 "https://saffgroup.com/fa/" "Mozilla/5.0 (X11; Linux x86_64) AppleWebKit/537.36 (KHTML, like Gecko) HeadlessChrome/68.0.3440.106 Safari/537.36"
35.81.164.123 - - [05/Jul/2024:21:32:36 +0330] "GET /fa/wp-content/uploads/2022/05/263753_837.jpg HTTP/2.0" 200 66312 "https://saffgroup.com/fa/" "Mozilla/5.0 (X11; Linux x86_64) AppleWebKit/537.36 (KHTML, like Gecko) HeadlessChrome/68.0.3440.106 Safari/537.36"
35.81.164.123 - - [05/Jul/2024:21:32:36 +0330] "GET /fa/wp-content/uploads/2022/05/Picture2-1024x683.jpg HTTP/2.0" 200 126422 "https://saffgroup.com/fa/" "Mozilla/5.0 (X11; Linux x86_64) AppleWebKit/537.36 (KHTML, like Gecko) HeadlessChrome/68.0.3440.106 Safari/537.36"
35.81.164.123 - - [05/Jul/2024:21:32:36 +0330] "GET /fa/wp-content/uploads/2022/05/South-Pars-Phase-19-Sea-Water-Intake-5.jpg HTTP/2.0" 200 602681 "https://saffgroup.com/fa/" "Mozilla/5.0 (X11; Linux x86_64) AppleWebKit/537.36 (KHTML, like Gecko) HeadlessChrome/68.0.3440.106 Safari/537.36"
35.81.164.123 - - [05/Jul/2024:21:32:36 +0330] "GET /fa/wp-content/uploads/2022/05/Page-50-1024x575.jpg HTTP/2.0" 200 72739 "https://saffgroup.com/fa/" "Mozilla/5.0 (X11; Linux x86_64) AppleWebKit/537.36 (KHTML, like Gecko) HeadlessChrome/68.0.3440.106 Safari/537.36"
35.81.164.123 - - [05/Jul/2024:21:32:36 +0330] "GET /fa/wp-content/uploads/2022/05/Page-41-copy.jpg HTTP/2.0" 200 389049 "https://saffgroup.com/fa/" "Mozilla/5.0 (X11; Linux x86_64) AppleWebKit/537.36 (KHTML, like Gecko) HeadlessChrome/68.0.3440.106 Safari/537.36"
35.81.164.123 - - [05/Jul/2024:21:32:36 +0330] "GET /fa/wp-content/uploads/2022/05/400098000660_118398-1024x535.jpg HTTP/2.0" 200 59082 "https://saffgroup.com/fa/" "Mozilla/5.0 (X11; Linux x86_64) AppleWebKit/537.36 (KHTML, like Gecko) HeadlessChrome/68.0.3440.106 Safari/537.36"
35.81.164.123 - - [05/Jul/2024:21:32:36 +0330] "GET /fa/wp-content/uploads/2023/01/Page-56-1024x569.jpg HTTP/2.0" 200 112682 "https://saffgroup.com/fa/" "Mozilla/5.0 (X11; Linux x86_64) AppleWebKit/537.36 (KHTML, like Gecko) HeadlessChrome/68.0.3440.106 Safari/537.36"
35.81.164.123 - - [05/Jul/2024:21:32:36 +0330] "GET /fa/wp-content/uploads/2022/05/KAL-Booster-Station-project-1.jpg HTTP/2.0" 200 302534 "https://saffgroup.com/fa/" "Mozilla/5.0 (X11; Linux x86_64) AppleWebKit/537.36 (KHTML, like Gecko) HeadlessChrome/68.0.3440.106 Safari/537.36"
35.81.164.123 - - [05/Jul/2024:21:32:36 +0330] "GET /fa/wp-content/uploads/2022/01/Dsc00177-1024x768.jpg HTTP/2.0" 200 126915 "https://saffgroup.com/fa/" "Mozilla/5.0 (X11; Linux x86_64) AppleWebKit/537.36 (KHTML, like Gecko) HeadlessChrome/68.0.3440.106 Safari/537.36"
35.81.164.123 - - [05/Jul/2024:21:32:36 +0330] "GET /fa/wp-content/uploads/2022/05/clients-removebg-preview.png HTTP/2.0" 200 12972 "https://saffgroup.com/fa/" "Mozilla/5.0 (X11; Linux x86_64) AppleWebKit/537.36 (KHTML, like Gecko) HeadlessChrome/68.0.3440.106 Safari/537.36"
35.81.164.123 - - [05/Jul/2024:21:32:36 +0330] "GET /fa/wp-content/uploads/2022/05/clients-removebg-preview-Copy-Copy.png HTTP/2.0" 200 17294 "https://saffgroup.com/fa/" "Mozilla/5.0 (X11; Linux x86_64) AppleWebKit/537.36 (KHTML, like Gecko) HeadlessChrome/68.0.3440.106 Safari/537.36"
35.81.164.123 - - [05/Jul/2024:21:32:36 +0330] "GET /fa/wp-content/uploads/2022/05/clients-removebg-preview-Copy.png HTTP/2.0" 200 18382 "https://saffgroup.com/fa/" "Mozilla/5.0 (X11; Linux x86_64) AppleWebKit/537.36 (KHTML, like Gecko) HeadlessChrome/68.0.3440.106 Safari/537.36"
35.81.164.123 - - [05/Jul/2024:21:32:36 +0330] "GET /fa/wp-content/uploads/2022/05/clients-removebg-preview-Copy-Copy-2.png HTTP/2.0" 200 13056 "https://saffgroup.com/fa/" "Mozilla/5.0 (X11; Linux x86_64) AppleWebKit/537.36 (KHTML, like Gecko) HeadlessChrome/68.0.3440.106 Safari/537.36"
35.81.164.123 - - [05/Jul/2024:21:32:36 +0330] "GET /fa/wp-content/uploads/2022/05/clients-removebg-preview-1.png HTTP/2.0" 200 12972 "https://saffgroup.com/fa/" "Mozilla/5.0 (X11; Linux x86_64) AppleWebKit/537.36 (KHTML, like Gecko) HeadlessChrome/68.0.3440.106 Safari/537.36"
35.81.164.123 - - [05/Jul/2024:21:32:36 +0330] "GET /fa/wp-content/uploads/2022/05/Salman-Tripod-Renovation-2.jpg HTTP/2.0" 200 657232 "https://saffgroup.com/fa/" "Mozilla/5.0 (X11; Linux x86_64) AppleWebKit/537.36 (KHTML, like Gecko) HeadlessChrome/68.0.3440.106 Safari/537.36"
35.81.164.123 - - [05/Jul/2024:21:32:36 +0330] "GET /fa/wp-content/uploads/2016/02/Spq1.5.jpg HTTP/2.0" 200 89559 "https://saffgroup.com/fa/" "Mozilla/5.0 (X11; Linux x86_64) AppleWebKit/537.36 (KHTML, like Gecko) HeadlessChrome/68.0.3440.106 Safari/537.36"
35.81.164.123 - - [05/Jul/2024:21:32:36 +0330] "GET /fa/wp-content/uploads/2022/05/clients-removebg-preview-Copy-Copy-3.png HTTP/2.0" 200 8978 "https://saffgroup.com/fa/" "Mozilla/5.0 (X11; Linux x86_64) AppleWebKit/537.36 (KHTML, like Gecko) HeadlessChrome/68.0.3440.106 Safari/537.36"
35.81.164.123 - - [05/Jul/2024:21:32:36 +0330] "GET /fa/wp-content/uploads/2016/02/20150822_153918_resized-1024x768.jpg HTTP/2.0" 200 151977 "https://saffgroup.com/fa/" "Mozilla/5.0 (X11; Linux x86_64) AppleWebKit/537.36 (KHTML, like Gecko) HeadlessChrome/68.0.3440.106 Safari/537.36"
35.81.164.123 - - [05/Jul/2024:21:32:36 +0330] "GET /fa/wp-content/uploads/2022/05/3.png HTTP/2.0" 200 1393 "https://saffgroup.com/fa/" "Mozilla/5.0 (X11; Linux x86_64) AppleWebKit/537.36 (KHTML, like Gecko) HeadlessChrome/68.0.3440.106 Safari/537.36"
35.81.164.123 - - [05/Jul/2024:21:32:36 +0330] "GET /fa/wp-content/uploads/2023/01/png-transparent-building-architectural-engineering-home-construction-house-computer-icons-build-90x90.png HTTP/2.0" 200 7929 "https://saffgroup.com/fa/" "Mozilla/5.0 (X11; Linux x86_64) AppleWebKit/537.36 (KHTML, like Gecko) HeadlessChrome/68.0.3440.106 Safari/537.36"
35.81.164.123 - - [05/Jul/2024:21:32:36 +0330] "GET /fa/wp-content/uploads/2022/05/1.png HTTP/2.0" 200 2507 "https://saffgroup.com/fa/" "Mozilla/5.0 (X11; Linux x86_64) AppleWebKit/537.36 (KHTML, like Gecko) HeadlessChrome/68.0.3440.106 Safari/537.36"
35.81.164.123 - - [05/Jul/2024:21:32:36 +0330] "GET /fa/wp-content/uploads/2022/05/Salman-Offshore-Facilities-6.jpg HTTP/2.0" 200 424956 "https://saffgroup.com/fa/" "Mozilla/5.0 (X11; Linux x86_64) AppleWebKit/537.36 (KHTML, like Gecko) HeadlessChrome/68.0.3440.106 Safari/537.36"
35.81.164.123 - - [05/Jul/2024:21:32:36 +0330] "GET /fa/wp-content/uploads/2023/01/img_10531-90x78.png HTTP/2.0" 200 4529 "https://saffgroup.com/fa/" "Mozilla/5.0 (X11; Linux x86_64) AppleWebKit/537.36 (KHTML, like Gecko) HeadlessChrome/68.0.3440.106 Safari/537.36"
35.81.164.123 - - [05/Jul/2024:21:32:36 +0330] "GET /fa/wp-content/uploads/2023/01/INVs-copy-90x77.png HTTP/2.0" 200 4769 "https://saffgroup.com/fa/" "Mozilla/5.0 (X11; Linux x86_64) AppleWebKit/537.36 (KHTML, like Gecko) HeadlessChrome/68.0.3440.106 Safari/537.36"
35.81.164.123 - - [05/Jul/2024:21:32:36 +0330] "GET /fa/wp-content/uploads/2022/05/SIRRI-A-E-Field-Development-5.jpg HTTP/2.0" 200 334068 "https://saffgroup.com/fa/" "Mozilla/5.0 (X11; Linux x86_64) AppleWebKit/537.36 (KHTML, like Gecko) HeadlessChrome/68.0.3440.106 Safari/537.36"
35.81.164.123 - - [05/Jul/2024:21:32:36 +0330] "GET /fa/wp-content/uploads/2022/05/1x-removebg-preview-1.png HTTP/2.0" 200 36782 "https://saffgroup.com/fa/" "Mozilla/5.0 (X11; Linux x86_64) AppleWebKit/537.36 (KHTML, like Gecko) HeadlessChrome/68.0.3440.106 Safari/537.36"
35.81.164.123 - - [05/Jul/2024:21:32:36 +0330] "GET /fa/wp-content/uploads/2024/05/photo1715763985-600x480.jpeg HTTP/2.0" 200 36623 "https://saffgroup.com/fa/" "Mozilla/5.0 (X11; Linux x86_64) AppleWebKit/537.36 (KHTML, like Gecko) HeadlessChrome/68.0.3440.106 Safari/537.36"
35.81.164.123 - - [05/Jul/2024:21:32:36 +0330] "GET /fa/wp-content/uploads/2024/01/IMG_7239-600x480.jpg HTTP/2.0" 200 57275 "https://saffgroup.com/fa/" "Mozilla/5.0 (X11; Linux x86_64) AppleWebKit/537.36 (KHTML, like Gecko) HeadlessChrome/68.0.3440.106 Safari/537.36"
35.81.164.123 - - [05/Jul/2024:21:32:36 +0330] "GET /fa/wp-content/uploads/2023/11/IMG_6806-600x480.jpg HTTP/2.0" 200 66074 "https://saffgroup.com/fa/" "Mozilla/5.0 (X11; Linux x86_64) AppleWebKit/537.36 (KHTML, like Gecko) HeadlessChrome/68.0.3440.106 Safari/537.36"
35.81.164.123 - - [05/Jul/2024:21:32:36 +0330] "GET /fa/wp-content/uploads/2022/05/Bandar-Abbas-Refinery-Offshore-Pipeline-6.jpg HTTP/2.0" 200 546313 "https://saffgroup.com/fa/" "Mozilla/5.0 (X11; Linux x86_64) AppleWebKit/537.36 (KHTML, like Gecko) HeadlessChrome/68.0.3440.106 Safari/537.36"
35.81.164.123 - - [05/Jul/2024:21:32:36 +0330] "GET /fa/wp-content/uploads/2023/11/IMG_3969-600x480.jpg HTTP/2.0" 200 58681 "https://saffgroup.com/fa/" "Mozilla/5.0 (X11; Linux x86_64) AppleWebKit/537.36 (KHTML, like Gecko) HeadlessChrome/68.0.3440.106 Safari/537.36"
35.81.164.123 - - [05/Jul/2024:21:32:37 +0330] "GET /fa/wp-content/uploads/2023/10/IMG_20231018_104509-600x480.jpg HTTP/2.0" 200 54448 "https://saffgroup.com/fa/" "Mozilla/5.0 (X11; Linux x86_64) AppleWebKit/537.36 (KHTML, like Gecko) HeadlessChrome/68.0.3440.106 Safari/537.36"
35.81.164.123 - - [05/Jul/2024:21:32:37 +0330] "GET /fa/wp-content/uploads/2023/10/NGL-2-600x480.jpg HTTP/2.0" 200 53856 "https://saffgroup.com/fa/" "Mozilla/5.0 (X11; Linux x86_64) AppleWebKit/537.36 (KHTML, like Gecko) HeadlessChrome/68.0.3440.106 Safari/537.36"
35.81.164.123 - - [05/Jul/2024:21:32:37 +0330] "GET /fa/wp-content/uploads/2023/10/Reactorsaz-1-600x480.jpg HTTP/2.0" 200 89283 "https://saffgroup.com/fa/" "Mozilla/5.0 (X11; Linux x86_64) AppleWebKit/537.36 (KHTML, like Gecko) HeadlessChrome/68.0.3440.106 Safari/537.36"
35.81.164.123 - - [05/Jul/2024:21:32:37 +0330] "GET /fa/wp-content/uploads/2023/07/%D9%84%D9%88%D8%AD-%D9%88%D8%A7%D8%AD%D8%AF-%D9%86%D9%85%D9%88%D9%86%D9%87-600x480.jpg HTTP/2.0" 200 47583 "https://saffgroup.com/fa/" "Mozilla/5.0 (X11; Linux x86_64) AppleWebKit/537.36 (KHTML, like Gecko) HeadlessChrome/68.0.3440.106 Safari/537.36"
35.81.164.123 - - [05/Jul/2024:21:32:37 +0330] "GET /fa/wp-content/uploads/2023/07/IMG_20230704_131415-600x480.jpg HTTP/2.0" 200 66904 "https://saffgroup.com/fa/" "Mozilla/5.0 (X11; Linux x86_64) AppleWebKit/537.36 (KHTML, like Gecko) HeadlessChrome/68.0.3440.106 Safari/537.36"
35.81.164.123 - - [05/Jul/2024:21:32:37 +0330] "GET /fa/wp-content/uploads/2023/06/e.4-600x480.jpg HTTP/2.0" 200 73511 "https://saffgroup.com/fa/" "Mozilla/5.0 (X11; Linux x86_64) AppleWebKit/537.36 (KHTML, like Gecko) HeadlessChrome/68.0.3440.106 Safari/537.36"
35.81.164.123 - - [05/Jul/2024:21:32:37 +0330] "GET /fa/wp-includes/images/rss.png HTTP/2.0" 200 608 "https://saffgroup.com/fa/" "Mozilla/5.0 (X11; Linux x86_64) AppleWebKit/537.36 (KHTML, like Gecko) HeadlessChrome/68.0.3440.106 Safari/537.36"
35.81.164.123 - - [05/Jul/2024:21:32:37 +0330] "GET /fa/wp-content/uploads/2024/05/photo1715763985-150x150.jpeg HTTP/2.0" 200 5341 "https://saffgroup.com/fa/" "Mozilla/5.0 (X11; Linux x86_64) AppleWebKit/537.36 (KHTML, like Gecko) HeadlessChrome/68.0.3440.106 Safari/537.36"
35.81.164.123 - - [05/Jul/2024:21:32:37 +0330] "GET /fa/wp-content/plugins/html5-video-player/css/player-style.css?ver=2.5.8 HTTP/2.0" 200 24894 "https://saffgroup.com/fa/" "Mozilla/5.0 (X11; Linux x86_64) AppleWebKit/537.36 (KHTML, like Gecko) HeadlessChrome/68.0.3440.106 Safari/537.36"
35.81.164.123 - - [05/Jul/2024:21:32:37 +0330] "GET /fa/wp-content/uploads/2024/01/IMG_7239-150x150.jpg HTTP/2.0" 200 7896 "https://saffgroup.com/fa/" "Mozilla/5.0 (X11; Linux x86_64) AppleWebKit/537.36 (KHTML, like Gecko) HeadlessChrome/68.0.3440.106 Safari/537.36"
35.81.164.123 - - [05/Jul/2024:21:32:37 +0330] "GET /fa/wp-content/plugins/html5-video-player/dist/public.css?ver=2.5.8 HTTP/2.0" 200 913 "https://saffgroup.com/fa/" "Mozilla/5.0 (X11; Linux x86_64) AppleWebKit/537.36 (KHTML, like Gecko) HeadlessChrome/68.0.3440.106 Safari/537.36"
35.81.164.123 - - [05/Jul/2024:21:32:37 +0330] "GET /fa/wp-content/plugins/revslider/public/assets/fonts/revicons/revicons.woff?5510888 HTTP/2.0" 200 7536 "https://saffgroup.com/fa/" "Mozilla/5.0 (X11; Linux x86_64) AppleWebKit/537.36 (KHTML, like Gecko) HeadlessChrome/68.0.3440.106 Safari/537.36"
35.81.164.123 - - [05/Jul/2024:21:32:37 +0330] "GET /fa/wp-content/uploads/2023/11/IMG_6806-150x150.jpg HTTP/2.0" 200 8761 "https://saffgroup.com/fa/" "Mozilla/5.0 (X11; Linux x86_64) AppleWebKit/537.36 (KHTML, like Gecko) HeadlessChrome/68.0.3440.106 Safari/537.36"
35.81.164.123 - - [05/Jul/2024:21:32:37 +0330] "GET /fa/wp-content/themes/Zephyr/js/us.core.min.js?ver=8.5.1 HTTP/2.0" 200 177140 "https://saffgroup.com/fa/" "Mozilla/5.0 (X11; Linux x86_64) AppleWebKit/537.36 (KHTML, like Gecko) HeadlessChrome/68.0.3440.106 Safari/537.36"
35.81.164.123 - - [05/Jul/2024:21:32:37 +0330] "GET /fa/wp-content/themes/Zephyr/common/js/base/ripple.min.js?ver=8.5.1 HTTP/2.0" 200 1705 "https://saffgroup.com/fa/" "Mozilla/5.0 (X11; Linux x86_64) AppleWebKit/537.36 (KHTML, like Gecko) HeadlessChrome/68.0.3440.106 Safari/537.36"
35.81.164.123 - - [05/Jul/2024:21:32:37 +0330] "GET /fa/wp-content/uploads/2022/05/Group-580.png HTTP/2.0" 200 532 "https://saffgroup.com/fa/" "Mozilla/5.0 (X11; Linux x86_64) AppleWebKit/537.36 (KHTML, like Gecko) HeadlessChrome/68.0.3440.106 Safari/537.36"
35.81.164.123 - - [05/Jul/2024:21:32:37 +0330] "GET /fa/wp-content/plugins/revslider/public/assets/css/rs6.css?ver=6.5.15 HTTP/2.0" 200 57704 "https://saffgroup.com/fa/" "Mozilla/5.0 (X11; Linux x86_64) AppleWebKit/537.36 (KHTML, like Gecko) HeadlessChrome/68.0.3440.106 Safari/537.36"
35.81.164.123 - - [05/Jul/2024:21:32:37 +0330] "GET /fa/wp-content/themes/Zephyr/fonts/fonts/fonts/woff2/IRANSansWeb_FaNum_Medium.woff2 HTTP/2.0" 200 25784 "https://saffgroup.com/fa/wp-content/themes/Zephyr/fonts/fonts/fonts.css?ver=5.9.3" "Mozilla/5.0 (X11; Linux x86_64) AppleWebKit/537.36 (KHTML, like Gecko) HeadlessChrome/68.0.3440.106 Safari/537.36"
35.81.164.123 - - [05/Jul/2024:21:32:37 +0330] "GET /fa/wp-content/plugins/html5-video-player/js/plyr.js?ver=2.5.8 HTTP/2.0" 200 108507 "https://saffgroup.com/fa/" "Mozilla/5.0 (X11; Linux x86_64) AppleWebKit/537.36 (KHTML, like Gecko) HeadlessChrome/68.0.3440.106 Safari/537.36"
35.81.164.123 - - [05/Jul/2024:21:32:37 +0330] "GET /fa/wp-content/themes/Zephyr/fonts/fonts/fonts/woff2/IRANSansWeb_Medium.woff2 HTTP/2.0" 200 26888 "https://saffgroup.com/fa/wp-content/themes/Zephyr/fonts/fonts/fonts.css?ver=5.9.3" "Mozilla/5.0 (X11; Linux x86_64) AppleWebKit/537.36 (KHTML, like Gecko) HeadlessChrome/68.0.3440.106 Safari/537.36"
35.81.164.123 - - [05/Jul/2024:21:32:37 +0330] "GET /fa/wp-content/plugins/html5-video-player/dist/public.js?ver=2.5.8 HTTP/2.0" 200 4538 "https://saffgroup.com/fa/" "Mozilla/5.0 (X11; Linux x86_64) AppleWebKit/537.36 (KHTML, like Gecko) HeadlessChrome/68.0.3440.106 Safari/537.36"
