46.148.35.242 - - [06/Jul/2024:11:13:27 +0330] "GET /cpsess1917652218/3rdparty/roundcube/index.php?_task=addressbook&_action=photo&_email=M.Alaie%40Saffgroup.com&_error=1&_bgcolor=transparent HTTP/2.0" 204 - "https://webmail.saffgroup.com/cpsess1917652218/3rdparty/roundcube/index.php?_task=mail&_caps=pdf%3D1%2Cflash%3D0%2Ctiff%3D0%2Cwebp%3D1%2Cpgpmime%3D0&_uid=558&_mbox=INBOX&_framed=1&_action=preview" "Mozilla/5.0 (Windows NT 6.1; Win64; x64; rv:109.0) Gecko/20100101 Firefox/115.0"
46.148.35.242 - - [06/Jul/2024:11:13:28 +0330] "POST /mod_pagespeed_beacon?url=https%3A%2F%2Fwebmail.saffgroup.com%2Fcpsess1917652218%2F3rdparty%2Froundcube%2Findex.php%3F_task%3Dmail%26_caps%3Dpdf%253D1%252Cflash%253D0%252Ctiff%253D0%252Cwebp%253D1%252Cpgpmime%253D0%26_uid%3D558%26_mbox%3DINBOX%26_framed%3D1%26_action%3Dpreview HTTP/2.0" 204 - "https://webmail.saffgroup.com/cpsess1917652218/3rdparty/roundcube/index.php?_task=mail&_caps=pdf%3D1%2Cflash%3D0%2Ctiff%3D0%2Cwebp%3D1%2Cpgpmime%3D0&_uid=558&_mbox=INBOX&_framed=1&_action=preview" "Mozilla/5.0 (Windows NT 6.1; Win64; x64; rv:109.0) Gecko/20100101 Firefox/115.0"
46.148.35.242 - - [06/Jul/2024:11:13:28 +0330] "POST /cpsess1917652218/3rdparty/roundcube/index.php?_task=mail&_action=move HTTP/2.0" 200 338 "https://webmail.saffgroup.com/cpsess1917652218/3rdparty/roundcube/index.php?_task=mail&_mbox=INBOX" "Mozilla/5.0 (Windows NT 6.1; Win64; x64; rv:109.0) Gecko/20100101 Firefox/115.0"
46.148.35.242 - - [06/Jul/2024:11:13:28 +0330] "GET /cpsess1917652218/3rdparty/roundcube/index.php?_task=mail&_caps=pdf%3D1%2Cflash%3D0%2Ctiff%3D0%2Cwebp%3D1%2Cpgpmime%3D0&_uid=557&_mbox=INBOX&_framed=1&_action=preview HTTP/2.0" 200 5976 "https://webmail.saffgroup.com/cpsess1917652218/3rdparty/roundcube/index.php?_task=mail&_mbox=INBOX" "Mozilla/5.0 (Windows NT 6.1; Win64; x64; rv:109.0) Gecko/20100101 Firefox/115.0"
46.148.35.242 - - [06/Jul/2024:11:13:29 +0330] "GET /cpsess1917652218/3rdparty/roundcube/index.php?_task=addressbook&_action=photo&_email=reza_zerehi%40yahoo.com&_error=1&_bgcolor=transparent HTTP/2.0" 204 - "https://webmail.saffgroup.com/cpsess1917652218/3rdparty/roundcube/index.php?_task=mail&_caps=pdf%3D1%2Cflash%3D0%2Ctiff%3D0%2Cwebp%3D1%2Cpgpmime%3D0&_uid=557&_mbox=INBOX&_framed=1&_action=preview" "Mozilla/5.0 (Windows NT 6.1; Win64; x64; rv:109.0) Gecko/20100101 Firefox/115.0"
46.148.35.242 - - [06/Jul/2024:11:13:29 +0330] "POST /mod_pagespeed_beacon?url=https%3A%2F%2Fwebmail.saffgroup.com%2Fcpsess1917652218%2F3rdparty%2Froundcube%2Findex.php%3F_task%3Dmail%26_caps%3Dpdf%253D1%252Cflash%253D0%252Ctiff%253D0%252Cwebp%253D1%252Cpgpmime%253D0%26_uid%3D557%26_mbox%3DINBOX%26_framed%3D1%26_action%3Dpreview HTTP/2.0" 204 - "https://webmail.saffgroup.com/cpsess1917652218/3rdparty/roundcube/index.php?_task=mail&_caps=pdf%3D1%2Cflash%3D0%2Ctiff%3D0%2Cwebp%3D1%2Cpgpmime%3D0&_uid=557&_mbox=INBOX&_framed=1&_action=preview" "Mozilla/5.0 (Windows NT 6.1; Win64; x64; rv:109.0) Gecko/20100101 Firefox/115.0"
46.148.35.242 - - [06/Jul/2024:11:13:30 +0330] "GET /cpsess1917652218/3rdparty/roundcube/skins/elastic/watermark.html HTTP/2.0" 200 330 "https://webmail.saffgroup.com/cpsess1917652218/3rdparty/roundcube/index.php?_task=mail&_mbox=INBOX" "Mozilla/5.0 (Windows NT 6.1; Win64; x64; rv:109.0) Gecko/20100101 Firefox/115.0"
46.148.35.242 - - [06/Jul/2024:11:13:30 +0330] "POST /cpsess1917652218/3rdparty/roundcube/index.php?_task=mail&_action=move HTTP/2.0" 200 340 "https://webmail.saffgroup.com/cpsess1917652218/3rdparty/roundcube/index.php?_task=mail&_mbox=INBOX" "Mozilla/5.0 (Windows NT 6.1; Win64; x64; rv:109.0) Gecko/20100101 Firefox/115.0"
46.148.35.242 - - [06/Jul/2024:11:13:30 +0330] "GET /cpsess1917652218/3rdparty/roundcube/index.php?_task=mail&_caps=pdf%3D1%2Cflash%3D0%2Ctiff%3D0%2Cwebp%3D1%2Cpgpmime%3D0&_uid=556&_mbox=INBOX&_framed=1&_action=preview HTTP/2.0" 200 6382 "https://webmail.saffgroup.com/cpsess1917652218/3rdparty/roundcube/index.php?_task=mail&_mbox=INBOX" "Mozilla/5.0 (Windows NT 6.1; Win64; x64; rv:109.0) Gecko/20100101 Firefox/115.0"
46.148.35.242 - - [06/Jul/2024:11:13:31 +0330] "GET /cpsess1917652218/3rdparty/roundcube/index.php?_task=addressbook&_action=photo&_email=N.Yekzaban%40Saffgroup.com&_error=1&_bgcolor=transparent HTTP/2.0" 204 - "https://webmail.saffgroup.com/cpsess1917652218/3rdparty/roundcube/index.php?_task=mail&_caps=pdf%3D1%2Cflash%3D0%2Ctiff%3D0%2Cwebp%3D1%2Cpgpmime%3D0&_uid=556&_mbox=INBOX&_framed=1&_action=preview" "Mozilla/5.0 (Windows NT 6.1; Win64; x64; rv:109.0) Gecko/20100101 Firefox/115.0"
46.148.35.242 - - [06/Jul/2024:11:13:31 +0330] "GET /cpsess1917652218/3rdparty/roundcube/index.php?_task=mail&_action=get&_mbox=INBOX&_uid=556&_token=OFBZunpj9T1afriRFTBjMMR5Qb0qUh2c&_part=2&_embed=1&_mimeclass=image&_thumb=1 HTTP/2.0" 200 7159 "https://webmail.saffgroup.com/cpsess1917652218/3rdparty/roundcube/index.php?_task=mail&_caps=pdf%3D1%2Cflash%3D0%2Ctiff%3D0%2Cwebp%3D1%2Cpgpmime%3D0&_uid=556&_mbox=INBOX&_framed=1&_action=preview" "Mozilla/5.0 (Windows NT 6.1; Win64; x64; rv:109.0) Gecko/20100101 Firefox/115.0"
46.148.35.242 - - [06/Jul/2024:11:13:32 +0330] "POST /mod_pagespeed_beacon?url=https%3A%2F%2Fwebmail.saffgroup.com%2Fcpsess1917652218%2F3rdparty%2Froundcube%2Findex.php%3F_task%3Dmail%26_caps%3Dpdf%253D1%252Cflash%253D0%252Ctiff%253D0%252Cwebp%253D1%252Cpgpmime%253D0%26_uid%3D556%26_mbox%3DINBOX%26_framed%3D1%26_action%3Dpreview HTTP/2.0" 204 - "https://webmail.saffgroup.com/cpsess1917652218/3rdparty/roundcube/index.php?_task=mail&_caps=pdf%3D1%2Cflash%3D0%2Ctiff%3D0%2Cwebp%3D1%2Cpgpmime%3D0&_uid=556&_mbox=INBOX&_framed=1&_action=preview" "Mozilla/5.0 (Windows NT 6.1; Win64; x64; rv:109.0) Gecko/20100101 Firefox/115.0"
46.148.35.242 - - [06/Jul/2024:11:13:36 +0330] "GET /cpsess1917652218/3rdparty/roundcube/skins/elastic/watermark.html HTTP/2.0" 200 330 "https://webmail.saffgroup.com/cpsess1917652218/3rdparty/roundcube/index.php?_task=mail&_mbox=INBOX" "Mozilla/5.0 (Windows NT 6.1; Win64; x64; rv:109.0) Gecko/20100101 Firefox/115.0"
46.148.35.242 - - [06/Jul/2024:11:13:36 +0330] "GET /cpsess1917652218/3rdparty/roundcube/skins/elastic/watermark.html HTTP/2.0" 200 330 "https://webmail.saffgroup.com/cpsess1917652218/3rdparty/roundcube/index.php?_task=mail&_mbox=INBOX" "Mozilla/5.0 (Windows NT 6.1; Win64; x64; rv:109.0) Gecko/20100101 Firefox/115.0"
46.148.35.242 - - [06/Jul/2024:11:13:36 +0330] "GET /cpsess1917652218/3rdparty/roundcube/index.php?_task=mail&_action=list&_refresh=1&_layout=widescreen&_mbox=INBOX.Sent&_page=1&_remote=1&_unlock=loading1720248121758&_=1720247235794 HTTP/2.0" 200 3429 "https://webmail.saffgroup.com/cpsess1917652218/3rdparty/roundcube/index.php?_task=mail&_mbox=INBOX" "Mozilla/5.0 (Windows NT 6.1; Win64; x64; rv:109.0) Gecko/20100101 Firefox/115.0"
46.148.35.242 - - [06/Jul/2024:11:13:39 +0330] "GET /cpsess1917652218/3rdparty/roundcube/index.php?_task=mail&_caps=pdf%3D1%2Cflash%3D0%2Ctiff%3D0%2Cwebp%3D1%2Cpgpmime%3D0&_uid=277&_mbox=INBOX.Sent&_framed=1&_action=preview HTTP/2.0" 200 6261 "https://webmail.saffgroup.com/cpsess1917652218/3rdparty/roundcube/index.php?_task=mail&_mbox=INBOX.Sent" "Mozilla/5.0 (Windows NT 6.1; Win64; x64; rv:109.0) Gecko/20100101 Firefox/115.0"
46.148.35.242 - - [06/Jul/2024:11:13:40 +0330] "GET /cpsess1917652218/3rdparty/roundcube/index.php?_task=addressbook&_action=photo&_email=r.safarzadeh%40saffgroup.com&_error=1&_bgcolor=transparent HTTP/2.0" 204 - "https://webmail.saffgroup.com/cpsess1917652218/3rdparty/roundcube/index.php?_task=mail&_caps=pdf%3D1%2Cflash%3D0%2Ctiff%3D0%2Cwebp%3D1%2Cpgpmime%3D0&_uid=277&_mbox=INBOX.Sent&_framed=1&_action=preview" "Mozilla/5.0 (Windows NT 6.1; Win64; x64; rv:109.0) Gecko/20100101 Firefox/115.0"
46.148.35.242 - - [06/Jul/2024:11:13:40 +0330] "POST /mod_pagespeed_beacon?url=https%3A%2F%2Fwebmail.saffgroup.com%2Fcpsess1917652218%2F3rdparty%2Froundcube%2Findex.php%3F_task%3Dmail%26_caps%3Dpdf%253D1%252Cflash%253D0%252Ctiff%253D0%252Cwebp%253D1%252Cpgpmime%253D0%26_uid%3D277%26_mbox%3DINBOX.Sent%26_framed%3D1%26_action%3Dpreview HTTP/2.0" 204 - "https://webmail.saffgroup.com/cpsess1917652218/3rdparty/roundcube/index.php?_task=mail&_caps=pdf%3D1%2Cflash%3D0%2Ctiff%3D0%2Cwebp%3D1%2Cpgpmime%3D0&_uid=277&_mbox=INBOX.Sent&_framed=1&_action=preview" "Mozilla/5.0 (Windows NT 6.1; Win64; x64; rv:109.0) Gecko/20100101 Firefox/115.0"
46.148.35.242 - - [06/Jul/2024:11:13:42 +0330] "POST /cpsess1917652218/3rdparty/roundcube/index.php?_task=mail&_action=move HTTP/2.0" 200 566 "https://webmail.saffgroup.com/cpsess1917652218/3rdparty/roundcube/index.php?_task=mail&_mbox=INBOX.Sent" "Mozilla/5.0 (Windows NT 6.1; Win64; x64; rv:109.0) Gecko/20100101 Firefox/115.0"
46.148.35.242 - - [06/Jul/2024:11:13:42 +0330] "GET /cpsess1917652218/3rdparty/roundcube/skins/elastic/watermark.html HTTP/2.0" 200 330 "https://webmail.saffgroup.com/cpsess1917652218/3rdparty/roundcube/index.php?_task=mail&_mbox=INBOX.Sent" "Mozilla/5.0 (Windows NT 6.1; Win64; x64; rv:109.0) Gecko/20100101 Firefox/115.0"
46.148.35.242 - - [06/Jul/2024:11:13:42 +0330] "GET /cpsess1917652218/3rdparty/roundcube/index.php?_task=mail&_caps=pdf%3D1%2Cflash%3D0%2Ctiff%3D0%2Cwebp%3D1%2Cpgpmime%3D0&_uid=276&_mbox=INBOX.Sent&_framed=1&_action=preview HTTP/2.0" 200 6064 "https://webmail.saffgroup.com/cpsess1917652218/3rdparty/roundcube/index.php?_task=mail&_mbox=INBOX.Sent" "Mozilla/5.0 (Windows NT 6.1; Win64; x64; rv:109.0) Gecko/20100101 Firefox/115.0"
46.148.35.242 - - [06/Jul/2024:11:13:43 +0330] "GET /cpsess1917652218/3rdparty/roundcube/index.php?_task=addressbook&_action=photo&_email=r.safarzadeh%40saffgroup.com&_error=1&_bgcolor=transparent HTTP/2.0" 204 - "https://webmail.saffgroup.com/cpsess1917652218/3rdparty/roundcube/index.php?_task=mail&_caps=pdf%3D1%2Cflash%3D0%2Ctiff%3D0%2Cwebp%3D1%2Cpgpmime%3D0&_uid=276&_mbox=INBOX.Sent&_framed=1&_action=preview" "Mozilla/5.0 (Windows NT 6.1; Win64; x64; rv:109.0) Gecko/20100101 Firefox/115.0"
46.148.35.242 - - [06/Jul/2024:11:13:43 +0330] "POST /mod_pagespeed_beacon?url=https%3A%2F%2Fwebmail.saffgroup.com%2Fcpsess1917652218%2F3rdparty%2Froundcube%2Findex.php%3F_task%3Dmail%26_caps%3Dpdf%253D1%252Cflash%253D0%252Ctiff%253D0%252Cwebp%253D1%252Cpgpmime%253D0%26_uid%3D276%26_mbox%3DINBOX.Sent%26_framed%3D1%26_action%3Dpreview HTTP/2.0" 204 - "https://webmail.saffgroup.com/cpsess1917652218/3rdparty/roundcube/index.php?_task=mail&_caps=pdf%3D1%2Cflash%3D0%2Ctiff%3D0%2Cwebp%3D1%2Cpgpmime%3D0&_uid=276&_mbox=INBOX.Sent&_framed=1&_action=preview" "Mozilla/5.0 (Windows NT 6.1; Win64; x64; rv:109.0) Gecko/20100101 Firefox/115.0"
46.148.35.242 - - [06/Jul/2024:11:13:45 +0330] "POST /cpsess1917652218/3rdparty/roundcube/index.php?_task=mail&_action=move HTTP/2.0" 200 572 "https://webmail.saffgroup.com/cpsess1917652218/3rdparty/roundcube/index.php?_task=mail&_mbox=INBOX.Sent" "Mozilla/5.0 (Windows NT 6.1; Win64; x64; rv:109.0) Gecko/20100101 Firefox/115.0"
46.148.35.242 - - [06/Jul/2024:11:13:45 +0330] "GET /cpsess1917652218/3rdparty/roundcube/index.php?_task=mail&_caps=pdf%3D1%2Cflash%3D0%2Ctiff%3D0%2Cwebp%3D1%2Cpgpmime%3D0&_uid=275&_mbox=INBOX.Sent&_framed=1&_action=preview HTTP/2.0" 200 5790 "https://webmail.saffgroup.com/cpsess1917652218/3rdparty/roundcube/index.php?_task=mail&_mbox=INBOX.Sent" "Mozilla/5.0 (Windows NT 6.1; Win64; x64; rv:109.0) Gecko/20100101 Firefox/115.0"
46.148.35.242 - - [06/Jul/2024:11:13:46 +0330] "GET /cpsess1917652218/3rdparty/roundcube/index.php?_task=addressbook&_action=photo&_email=r.safarzadeh%40saffgroup.com&_error=1&_bgcolor=transparent HTTP/2.0" 204 - "https://webmail.saffgroup.com/cpsess1917652218/3rdparty/roundcube/index.php?_task=mail&_caps=pdf%3D1%2Cflash%3D0%2Ctiff%3D0%2Cwebp%3D1%2Cpgpmime%3D0&_uid=275&_mbox=INBOX.Sent&_framed=1&_action=preview" "Mozilla/5.0 (Windows NT 6.1; Win64; x64; rv:109.0) Gecko/20100101 Firefox/115.0"
46.148.35.242 - - [06/Jul/2024:11:13:46 +0330] "POST /mod_pagespeed_beacon?url=https%3A%2F%2Fwebmail.saffgroup.com%2Fcpsess1917652218%2F3rdparty%2Froundcube%2Findex.php%3F_task%3Dmail%26_caps%3Dpdf%253D1%252Cflash%253D0%252Ctiff%253D0%252Cwebp%253D1%252Cpgpmime%253D0%26_uid%3D275%26_mbox%3DINBOX.Sent%26_framed%3D1%26_action%3Dpreview HTTP/2.0" 204 - "https://webmail.saffgroup.com/cpsess1917652218/3rdparty/roundcube/index.php?_task=mail&_caps=pdf%3D1%2Cflash%3D0%2Ctiff%3D0%2Cwebp%3D1%2Cpgpmime%3D0&_uid=275&_mbox=INBOX.Sent&_framed=1&_action=preview" "Mozilla/5.0 (Windows NT 6.1; Win64; x64; rv:109.0) Gecko/20100101 Firefox/115.0"
46.148.35.242 - - [06/Jul/2024:11:13:52 +0330] "GET /cpsess1917652218/3rdparty/roundcube/skins/elastic/watermark.html HTTP/2.0" 200 330 "https://webmail.saffgroup.com/cpsess1917652218/3rdparty/roundcube/index.php?_task=mail&_mbox=INBOX.Sent" "Mozilla/5.0 (Windows NT 6.1; Win64; x64; rv:109.0) Gecko/20100101 Firefox/115.0"
46.148.35.242 - - [06/Jul/2024:11:13:52 +0330] "GET /cpsess1917652218/3rdparty/roundcube/index.php?_task=mail&_action=list&_refresh=1&_layout=widescreen&_mbox=INBOX.Trash&_page=1&_remote=1&_unlock=loading1720248137302&_=1720247235795 HTTP/2.0" 200 3265 "https://webmail.saffgroup.com/cpsess1917652218/3rdparty/roundcube/index.php?_task=mail&_mbox=INBOX.Sent" "Mozilla/5.0 (Windows NT 6.1; Win64; x64; rv:109.0) Gecko/20100101 Firefox/115.0"
46.148.35.242 - - [06/Jul/2024:11:13:54 +0330] "GET /cpsess1917652218/3rdparty/roundcube/index.php?_task=mail&_caps=pdf%3D1%2Cflash%3D0%2Ctiff%3D0%2Cwebp%3D1%2Cpgpmime%3D0&_uid=749&_mbox=INBOX.Trash&_framed=1&_action=preview HTTP/2.0" 200 6054 "https://webmail.saffgroup.com/cpsess1917652218/3rdparty/roundcube/index.php?_task=mail&_mbox=INBOX.Trash" "Mozilla/5.0 (Windows NT 6.1; Win64; x64; rv:109.0) Gecko/20100101 Firefox/115.0"
46.148.35.242 - - [06/Jul/2024:11:13:54 +0330] "GET /cpsess1917652218/3rdparty/roundcube/index.php?_task=addressbook&_action=photo&_email=r.safarzadeh%40saffgroup.com&_error=1&_bgcolor=transparent HTTP/2.0" 204 - "https://webmail.saffgroup.com/cpsess1917652218/3rdparty/roundcube/index.php?_task=mail&_caps=pdf%3D1%2Cflash%3D0%2Ctiff%3D0%2Cwebp%3D1%2Cpgpmime%3D0&_uid=749&_mbox=INBOX.Trash&_framed=1&_action=preview" "Mozilla/5.0 (Windows NT 6.1; Win64; x64; rv:109.0) Gecko/20100101 Firefox/115.0"
217.76.60.63 - - [06/Jul/2024:11:13:55 +0330] "GET /fa/%D8%A8%D8%A7%D8%B2%D8%AF%DB%8C%D8%AF-%D9%85%D8%AF%DB%8C%D8%B1%D8%A7%D9%86-%D9%88-%DA%A9%D8%A7%D8%B1%D8%B4%D9%86%D8%A7%D8%B3%D8%A7%D9%86-%D9%85%D8%AD%D8%AA%D8%B1%D9%85-%D8%B3%D8%A7%D8%B2%D9%85%D8%A7/img_20231018_104509/ HTTP/1.1" 200 18397 "-" "Mozilla/5.0 (compatible; MJ12bot/v1.4.8; http://mj12bot.com/)"
46.148.35.242 - - [06/Jul/2024:11:13:58 +0330] "POST /mod_pagespeed_beacon?url=https%3A%2F%2Fwebmail.saffgroup.com%2Fcpsess1917652218%2F3rdparty%2Froundcube%2Findex.php%3F_task%3Dmail%26_caps%3Dpdf%253D1%252Cflash%253D0%252Ctiff%253D0%252Cwebp%253D1%252Cpgpmime%253D0%26_uid%3D749%26_mbox%3DINBOX.Trash%26_framed%3D1%26_action%3Dpreview HTTP/2.0" 400 - "https://webmail.saffgroup.com/cpsess1917652218/3rdparty/roundcube/index.php?_task=mail&_caps=pdf%3D1%2Cflash%3D0%2Ctiff%3D0%2Cwebp%3D1%2Cpgpmime%3D0&_uid=749&_mbox=INBOX.Trash&_framed=1&_action=preview" "Mozilla/5.0 (Windows NT 6.1; Win64; x64; rv:109.0) Gecko/20100101 Firefox/115.0"
46.148.35.242 - - [06/Jul/2024:11:13:58 +0330] "POST /cpsess1917652218/3rdparty/roundcube/index.php?_task=mail&_action=refresh HTTP/2.0" 200 126 "https://webmail.saffgroup.com/cpsess1917652218/3rdparty/roundcube/index.php?_task=mail&_mbox=INBOX.Trash" "Mozilla/5.0 (Windows NT 6.1; Win64; x64; rv:109.0) Gecko/20100101 Firefox/115.0"
46.148.35.242 - - [06/Jul/2024:11:13:58 +0330] "GET /cpsess1917652218/3rdparty/roundcube/skins/elastic/watermark.html HTTP/2.0" 200 330 "https://webmail.saffgroup.com/cpsess1917652218/3rdparty/roundcube/index.php?_task=mail&_mbox=INBOX.Trash" "Mozilla/5.0 (Windows NT 6.1; Win64; x64; rv:109.0) Gecko/20100101 Firefox/115.0"
46.148.35.242 - - [06/Jul/2024:11:13:58 +0330] "GET /cpsess1917652218/3rdparty/roundcube/skins/elastic/watermark.html HTTP/2.0" 200 330 "https://webmail.saffgroup.com/cpsess1917652218/3rdparty/roundcube/index.php?_task=mail&_mbox=INBOX.Trash" "Mozilla/5.0 (Windows NT 6.1; Win64; x64; rv:109.0) Gecko/20100101 Firefox/115.0"
46.148.35.242 - - [06/Jul/2024:11:13:58 +0330] "GET /cpsess1917652218/3rdparty/roundcube/skins/elastic/watermark.html HTTP/2.0" 200 330 "https://webmail.saffgroup.com/cpsess1917652218/3rdparty/roundcube/index.php?_task=mail&_mbox=INBOX.Trash" "Mozilla/5.0 (Windows NT 6.1; Win64; x64; rv:109.0) Gecko/20100101 Firefox/115.0"
46.148.35.242 - - [06/Jul/2024:11:13:58 +0330] "GET /cpsess1917652218/3rdparty/roundcube/skins/elastic/watermark.html HTTP/2.0" 200 330 "https://webmail.saffgroup.com/cpsess1917652218/3rdparty/roundcube/index.php?_task=mail&_mbox=INBOX.Trash" "Mozilla/5.0 (Windows NT 6.1; Win64; x64; rv:109.0) Gecko/20100101 Firefox/115.0"
46.148.35.242 - - [06/Jul/2024:11:14:00 +0330] "GET /cpsess1917652218/3rdparty/roundcube/index.php?_task=mail&_caps=pdf%3D1%2Cflash%3D0%2Ctiff%3D0%2Cwebp%3D1%2Cpgpmime%3D0&_uid=747&_mbox=INBOX.Trash&_framed=1&_action=preview HTTP/2.0" 200 5979 "https://webmail.saffgroup.com/cpsess1917652218/3rdparty/roundcube/index.php?_task=mail&_mbox=INBOX.Trash" "Mozilla/5.0 (Windows NT 6.1; Win64; x64; rv:109.0) Gecko/20100101 Firefox/115.0"
46.148.35.242 - - [06/Jul/2024:11:14:00 +0330] "GET /cpsess1917652218/3rdparty/roundcube/index.php?_task=addressbook&_action=photo&_email=reza_zerehi%40yahoo.com&_error=1&_bgcolor=transparent HTTP/2.0" 204 - "https://webmail.saffgroup.com/cpsess1917652218/3rdparty/roundcube/index.php?_task=mail&_caps=pdf%3D1%2Cflash%3D0%2Ctiff%3D0%2Cwebp%3D1%2Cpgpmime%3D0&_uid=747&_mbox=INBOX.Trash&_framed=1&_action=preview" "Mozilla/5.0 (Windows NT 6.1; Win64; x64; rv:109.0) Gecko/20100101 Firefox/115.0"
46.148.35.242 - - [06/Jul/2024:11:14:01 +0330] "POST /mod_pagespeed_beacon?url=https%3A%2F%2Fwebmail.saffgroup.com%2Fcpsess1917652218%2F3rdparty%2Froundcube%2Findex.php%3F_task%3Dmail%26_caps%3Dpdf%253D1%252Cflash%253D0%252Ctiff%253D0%252Cwebp%253D1%252Cpgpmime%253D0%26_uid%3D747%26_mbox%3DINBOX.Trash%26_framed%3D1%26_action%3Dpreview HTTP/2.0" 204 - "https://webmail.saffgroup.com/cpsess1917652218/3rdparty/roundcube/index.php?_task=mail&_caps=pdf%3D1%2Cflash%3D0%2Ctiff%3D0%2Cwebp%3D1%2Cpgpmime%3D0&_uid=747&_mbox=INBOX.Trash&_framed=1&_action=preview" "Mozilla/5.0 (Windows NT 6.1; Win64; x64; rv:109.0) Gecko/20100101 Firefox/115.0"
46.148.35.242 - - [06/Jul/2024:11:14:01 +0330] "GET /cpsess1917652218/3rdparty/roundcube/skins/elastic/watermark.html HTTP/2.0" 200 330 "https://webmail.saffgroup.com/cpsess1917652218/3rdparty/roundcube/index.php?_task=mail&_mbox=INBOX.Trash" "Mozilla/5.0 (Windows NT 6.1; Win64; x64; rv:109.0) Gecko/20100101 Firefox/115.0"
46.148.35.242 - - [06/Jul/2024:11:14:03 +0330] "POST /cpsess1917652218/3rdparty/roundcube/index.php?_task=mail&_action=refresh HTTP/2.0" 200 289 "https://webmail.saffgroup.com/cpsess1917652218/3rdparty/roundcube/index.php?_task=mail&_mbox=INBOX" "Mozilla/5.0 (Windows NT 6.1; Win64; x64; rv:109.0) Gecko/20100101 Firefox/115.0"
46.148.35.242 - - [06/Jul/2024:11:14:06 +0330] "POST /cpsess1917652218/3rdparty/roundcube/index.php?_task=mail&_action=delete HTTP/2.0" 200 922 "https://webmail.saffgroup.com/cpsess1917652218/3rdparty/roundcube/index.php?_task=mail&_mbox=INBOX.Trash" "Mozilla/5.0 (Windows NT 6.1; Win64; x64; rv:109.0) Gecko/20100101 Firefox/115.0"
46.148.35.242 - - [06/Jul/2024:11:14:09 +0330] "GET /cpsess1917652218/3rdparty/roundcube/index.php?_task=mail&_caps=pdf%3D1%2Cflash%3D0%2Ctiff%3D0%2Cwebp%3D1%2Cpgpmime%3D0&_uid=749&_mbox=INBOX.Trash&_framed=1&_action=preview HTTP/2.0" 200 6054 "https://webmail.saffgroup.com/cpsess1917652218/3rdparty/roundcube/index.php?_task=mail&_mbox=INBOX.Trash" "Mozilla/5.0 (Windows NT 6.1; Win64; x64; rv:109.0) Gecko/20100101 Firefox/115.0"
46.148.35.242 - - [06/Jul/2024:11:14:09 +0330] "GET /cpsess1917652218/3rdparty/roundcube/index.php?_task=addressbook&_action=photo&_email=r.safarzadeh%40saffgroup.com&_error=1&_bgcolor=transparent HTTP/2.0" 204 - "https://webmail.saffgroup.com/cpsess1917652218/3rdparty/roundcube/index.php?_task=mail&_caps=pdf%3D1%2Cflash%3D0%2Ctiff%3D0%2Cwebp%3D1%2Cpgpmime%3D0&_uid=749&_mbox=INBOX.Trash&_framed=1&_action=preview" "Mozilla/5.0 (Windows NT 6.1; Win64; x64; rv:109.0) Gecko/20100101 Firefox/115.0"
46.148.35.242 - - [06/Jul/2024:11:14:09 +0330] "GET /cpsess1917652218/3rdparty/roundcube/skins/elastic/watermark.html HTTP/2.0" 200 330 "https://webmail.saffgroup.com/cpsess1917652218/3rdparty/roundcube/index.php?_task=mail&_mbox=INBOX.Trash" "Mozilla/5.0 (Windows NT 6.1; Win64; x64; rv:109.0) Gecko/20100101 Firefox/115.0"
46.148.35.242 - - [06/Jul/2024:11:14:18 +0330] "POST /cpsess1917652218/3rdparty/roundcube/index.php?_task=mail&_action=delete HTTP/2.0" 200 1193 "https://webmail.saffgroup.com/cpsess1917652218/3rdparty/roundcube/index.php?_task=mail&_mbox=INBOX.Trash" "Mozilla/5.0 (Windows NT 6.1; Win64; x64; rv:109.0) Gecko/20100101 Firefox/115.0"
46.148.35.242 - - [06/Jul/2024:11:14:21 +0330] "GET /cpsess1917652218/3rdparty/roundcube/index.php?_task=mail&_caps=pdf%3D1%2Cflash%3D0%2Ctiff%3D0%2Cwebp%3D1%2Cpgpmime%3D0&_uid=728&_mbox=INBOX.Trash&_framed=1&_action=preview HTTP/2.0" 200 6338 "https://webmail.saffgroup.com/cpsess1917652218/3rdparty/roundcube/index.php?_task=mail&_mbox=INBOX.Trash" "Mozilla/5.0 (Windows NT 6.1; Win64; x64; rv:109.0) Gecko/20100101 Firefox/115.0"
46.148.35.242 - - [06/Jul/2024:11:14:22 +0330] "GET /cpsess1917652218/3rdparty/roundcube/index.php?_task=addressbook&_action=photo&_email=yard%40nsqme.com&_error=1&_bgcolor=transparent HTTP/2.0" 204 - "https://webmail.saffgroup.com/cpsess1917652218/3rdparty/roundcube/index.php?_task=mail&_caps=pdf%3D1%2Cflash%3D0%2Ctiff%3D0%2Cwebp%3D1%2Cpgpmime%3D0&_uid=728&_mbox=INBOX.Trash&_framed=1&_action=preview" "Mozilla/5.0 (Windows NT 6.1; Win64; x64; rv:109.0) Gecko/20100101 Firefox/115.0"
46.148.35.242 - - [06/Jul/2024:11:14:22 +0330] "POST /mod_pagespeed_beacon?url=https%3A%2F%2Fwebmail.saffgroup.com%2Fcpsess1917652218%2F3rdparty%2Froundcube%2Findex.php%3F_task%3Dmail%26_caps%3Dpdf%253D1%252Cflash%253D0%252Ctiff%253D0%252Cwebp%253D1%252Cpgpmime%253D0%26_uid%3D728%26_mbox%3DINBOX.Trash%26_framed%3D1%26_action%3Dpreview HTTP/2.0" 400 - "https://webmail.saffgroup.com/cpsess1917652218/3rdparty/roundcube/index.php?_task=mail&_caps=pdf%3D1%2Cflash%3D0%2Ctiff%3D0%2Cwebp%3D1%2Cpgpmime%3D0&_uid=728&_mbox=INBOX.Trash&_framed=1&_action=preview" "Mozilla/5.0 (Windows NT 6.1; Win64; x64; rv:109.0) Gecko/20100101 Firefox/115.0"
46.148.35.242 - - [06/Jul/2024:11:14:22 +0330] "GET /cpsess1917652218/3rdparty/roundcube/skins/elastic/watermark.html HTTP/2.0" 200 330 "https://webmail.saffgroup.com/cpsess1917652218/3rdparty/roundcube/index.php?_task=mail&_mbox=INBOX.Trash" "Mozilla/5.0 (Windows NT 6.1; Win64; x64; rv:109.0) Gecko/20100101 Firefox/115.0"
46.148.35.242 - - [06/Jul/2024:11:14:30 +0330] "POST /cpsess1917652218/3rdparty/roundcube/index.php?_task=mail&_action=delete HTTP/2.0" 200 1299 "https://webmail.saffgroup.com/cpsess1917652218/3rdparty/roundcube/index.php?_task=mail&_mbox=INBOX.Trash" "Mozilla/5.0 (Windows NT 6.1; Win64; x64; rv:109.0) Gecko/20100101 Firefox/115.0"
46.148.35.242 - - [06/Jul/2024:11:14:33 +0330] "GET /cpsess1917652218/3rdparty/roundcube/index.php?_task=mail&_mbox=INBOX.Trash&_action=compose HTTP/2.0" 302 1 "https://webmail.saffgroup.com/cpsess1917652218/3rdparty/roundcube/index.php?_task=mail&_mbox=INBOX.Trash" "Mozilla/5.0 (Windows NT 6.1; Win64; x64; rv:109.0) Gecko/20100101 Firefox/115.0"
46.148.35.242 - - [06/Jul/2024:11:14:34 +0330] "GET /cpsess1917652218/3rdparty/roundcube/index.php?_task=mail&_action=compose&_id=1947764176688f5e22705f HTTP/2.0" 200 9485 "https://webmail.saffgroup.com/cpsess1917652218/3rdparty/roundcube/index.php?_task=mail&_mbox=INBOX.Trash" "Mozilla/5.0 (Windows NT 6.1; Win64; x64; rv:109.0) Gecko/20100101 Firefox/115.0"
46.148.35.242 - - [06/Jul/2024:11:14:34 +0330] "GET /cpsess1917652218/3rdparty/roundcube/program/js/publickey.min.js?s=1698349383 HTTP/2.0" 200 2071 "https://webmail.saffgroup.com/cpsess1917652218/3rdparty/roundcube/index.php?_task=mail&_action=compose&_id=1947764176688f5e22705f" "Mozilla/5.0 (Windows NT 6.1; Win64; x64; rv:109.0) Gecko/20100101 Firefox/115.0"
46.148.35.242 - - [06/Jul/2024:11:14:35 +0330] "GET /cpsess1917652218/3rdparty/roundcube/program/js/tinymce/tinymce.min.js?s=1624422060 HTTP/2.0" 200 140454 "https://webmail.saffgroup.com/cpsess1917652218/3rdparty/roundcube/index.php?_task=mail&_action=compose&_id=1947764176688f5e22705f" "Mozilla/5.0 (Windows NT 6.1; Win64; x64; rv:109.0) Gecko/20100101 Firefox/115.0"
46.148.35.242 - - [06/Jul/2024:11:14:35 +0330] "GET /cpsess1917652218/3rdparty/roundcube/program/js/editor.min.js?s=1698349383 HTTP/2.0" 200 5575 "https://webmail.saffgroup.com/cpsess1917652218/3rdparty/roundcube/index.php?_task=mail&_action=compose&_id=1947764176688f5e22705f" "Mozilla/5.0 (Windows NT 6.1; Win64; x64; rv:109.0) Gecko/20100101 Firefox/115.0"
46.148.35.242 - - [06/Jul/2024:11:14:35 +0330] "POST /mod_pagespeed_beacon?url=https%3A%2F%2Fwebmail.saffgroup.com%2Fcpsess1917652218%2F3rdparty%2Froundcube%2Findex.php%3F_task%3Dmail%26_action%3Dcompose%26_id%3D1947764176688f5e22705f HTTP/2.0" 204 - "https://webmail.saffgroup.com/cpsess1917652218/3rdparty/roundcube/index.php?_task=mail&_action=compose&_id=1947764176688f5e22705f" "Mozilla/5.0 (Windows NT 6.1; Win64; x64; rv:109.0) Gecko/20100101 Firefox/115.0"
66.249.66.205 - - [06/Jul/2024:11:14:37 +0330] "GET /fa/wp-content/plugins/captcha-code-authentication/captcha_code_file.php?rand=256750337 HTTP/1.1" 200 3126 "-" "Googlebot-Image/1.0"
46.148.35.242 - - [06/Jul/2024:11:15:03 +0330] "POST /cpsess1917652218/3rdparty/roundcube/index.php?_task=mail&_action=refresh HTTP/2.0" 200 112 "https://webmail.saffgroup.com/cpsess1917652218/3rdparty/roundcube/index.php?_task=mail&_mbox=INBOX" "Mozilla/5.0 (Windows NT 6.1; Win64; x64; rv:109.0) Gecko/20100101 Firefox/115.0"
195.191.219.131 - - [06/Jul/2024:11:15:14 +0330] "GET /robots.txt HTTP/1.1" 200 122 "-" "Mozilla/5.0 (compatible; MJ12bot/v1.4.8; http://mj12bot.com/)"
195.191.219.131 - - [06/Jul/2024:11:15:15 +0330] "GET /fa HTTP/1.1" 301 233 "-" "Mozilla/5.0 (compatible; MJ12bot/v1.4.8; http://mj12bot.com/)"
79.132.193.205 - - [06/Jul/2024:11:15:18 +0330] "POST /fa/wp-cron.php?doing_wp_cron=1720251918.8451728820800781250000 HTTP/1.1" 200 1 "https://saffgroup.com/fa/wp-cron.php?doing_wp_cron=1720251918.8451728820800781250000" "WordPress/5.9.3; https://saffgroup.com/fa"
195.191.219.131 - - [06/Jul/2024:11:15:17 +0330] "GET /fa/ HTTP/1.1" 200 32133 "-" "Mozilla/5.0 (compatible; MJ12bot/v1.4.8; http://mj12bot.com/)"
217.76.60.63 - - [06/Jul/2024:11:15:22 +0330] "GET /fa/%D8%A8%D8%A7%D8%B2%D8%AF%DB%8C%D8%AF-%D9%85%D8%AF%DB%8C%D8%B1%D8%A7%D9%86-%D9%88-%DA%A9%D8%A7%D8%B1%D8%B4%D9%86%D8%A7%D8%B3%D8%A7%D9%86-%D9%85%D8%AD%D8%AA%D8%B1%D9%85-%D8%B3%D8%A7%D8%B2%D9%85%D8%A7/img_20231018_112026/ HTTP/1.1" 200 18399 "-" "Mozilla/5.0 (compatible; MJ12bot/v1.4.8; http://mj12bot.com/)"
195.191.219.131 - - [06/Jul/2024:11:15:30 +0330] "GET / HTTP/1.1" 301 232 "-" "Mozilla/5.0 (compatible; MJ12bot/v1.4.8; http://mj12bot.com/)"
195.191.219.131 - - [06/Jul/2024:11:15:32 +0330] "GET /fa HTTP/1.1" 301 233 "-" "Mozilla/5.0 (compatible; MJ12bot/v1.4.8; http://mj12bot.com/)"
195.191.219.131 - - [06/Jul/2024:11:15:33 +0330] "GET /fa/ HTTP/1.1" 200 32120 "-" "Mozilla/5.0 (compatible; MJ12bot/v1.4.8; http://mj12bot.com/)"
46.148.35.242 - - [06/Jul/2024:11:15:36 +0330] "POST /cpsess1917652218/3rdparty/roundcube/index.php?_task=mail&_action=refresh HTTP/2.0" 200 59 "https://webmail.saffgroup.com/cpsess1917652218/3rdparty/roundcube/index.php?_task=mail&_action=compose&_id=1947764176688f5e22705f" "Mozilla/5.0 (Windows NT 6.1; Win64; x64; rv:109.0) Gecko/20100101 Firefox/115.0"
79.132.193.205 - - [06/Jul/2024:11:15:59 +0330] "POST /fa/wp-cron.php?doing_wp_cron=1720251959.1962840557098388671875 HTTP/1.1" 200 1 "https://saffgroup.com/fa/wp-cron.php?doing_wp_cron=1720251959.1962840557098388671875" "WordPress/5.9.3; https://saffgroup.com/fa"
217.76.60.63 - - [06/Jul/2024:11:15:58 +0330] "GET /fa/%D8%A8%D8%A7%D8%B2%D8%AF%DB%8C%D8%AF-%D9%85%D8%AF%DB%8C%D8%B1%D8%A7%D9%86-%D9%88-%DA%A9%D8%A7%D8%B1%D8%B4%D9%86%D8%A7%D8%B3%D8%A7%D9%86-%D9%85%D8%AD%D8%AA%D8%B1%D9%85-%D8%B3%D8%A7%D8%B2%D9%85%D8%A7/img_20231018_114031/ HTTP/1.1" 200 18396 "-" "Mozilla/5.0 (compatible; MJ12bot/v1.4.8; http://mj12bot.com/)"
46.148.35.242 - - [06/Jul/2024:11:16:04 +0330] "POST /cpsess1917652218/3rdparty/roundcube/index.php?_task=mail&_action=refresh HTTP/2.0" 200 112 "https://webmail.saffgroup.com/cpsess1917652218/3rdparty/roundcube/index.php?_task=mail&_mbox=INBOX" "Mozilla/5.0 (Windows NT 6.1; Win64; x64; rv:109.0) Gecko/20100101 Firefox/115.0"
46.148.35.242 - - [06/Jul/2024:11:16:36 +0330] "POST /cpsess1917652218/3rdparty/roundcube/index.php?_task=mail&_action=refresh HTTP/2.0" 200 58 "https://webmail.saffgroup.com/cpsess1917652218/3rdparty/roundcube/index.php?_task=mail&_action=compose&_id=1947764176688f5e22705f" "Mozilla/5.0 (Windows NT 6.1; Win64; x64; rv:109.0) Gecko/20100101 Firefox/115.0"
79.132.193.205 - - [06/Jul/2024:11:16:43 +0330] "POST /fa/wp-cron.php?doing_wp_cron=1720252003.4147980213165283203125 HTTP/1.1" 200 1 "https://saffgroup.com/fa/wp-cron.php?doing_wp_cron=1720252003.4147980213165283203125" "WordPress/5.9.3; https://saffgroup.com/fa"
217.76.60.63 - - [06/Jul/2024:11:16:42 +0330] "GET /fa/%D9%85%DB%8C%D9%84%D8%A7%D8%AF-%D8%A8%D8%A7-%D8%B3%D8%B9%D8%A7%D8%AF%D8%AA-%D8%AD%D8%B6%D8%B1%D8%AA-%D9%81%D8%A7%D8%B7%D9%85%D9%87-%D8%B3-%D9%88-%D8%B1%D9%88%D8%B2-%D8%B2%D9%86/img_7223/ HTTP/1.1" 200 18368 "-" "Mozilla/5.0 (compatible; MJ12bot/v1.4.8; http://mj12bot.com/)"
46.148.35.242 - - [06/Jul/2024:11:17:05 +0330] "POST /cpsess1917652218/3rdparty/roundcube/index.php?_task=mail&_action=refresh HTTP/2.0" 200 112 "https://webmail.saffgroup.com/cpsess1917652218/3rdparty/roundcube/index.php?_task=mail&_mbox=INBOX" "Mozilla/5.0 (Windows NT 6.1; Win64; x64; rv:109.0) Gecko/20100101 Firefox/115.0"
46.148.35.242 - - [06/Jul/2024:11:17:37 +0330] "POST /cpsess1917652218/3rdparty/roundcube/index.php?_task=mail&_action=refresh HTTP/2.0" 200 58 "https://webmail.saffgroup.com/cpsess1917652218/3rdparty/roundcube/index.php?_task=mail&_action=compose&_id=1947764176688f5e22705f" "Mozilla/5.0 (Windows NT 6.1; Win64; x64; rv:109.0) Gecko/20100101 Firefox/115.0"
217.76.60.63 - - [06/Jul/2024:11:17:41 +0330] "GET /fa/%D9%85%DB%8C%D9%84%D8%A7%D8%AF-%D8%A8%D8%A7-%D8%B3%D8%B9%D8%A7%D8%AF%D8%AA-%D8%AD%D8%B6%D8%B1%D8%AA-%D9%81%D8%A7%D8%B7%D9%85%D9%87-%D8%B3-%D9%88-%D8%B1%D9%88%D8%B2-%D8%B2%D9%86/img_7239/ HTTP/1.1" 200 18369 "-" "Mozilla/5.0 (compatible; MJ12bot/v1.4.8; http://mj12bot.com/)"
46.148.35.242 - - [06/Jul/2024:11:18:05 +0330] "POST /cpsess1917652218/3rdparty/roundcube/index.php?_task=mail&_action=refresh HTTP/2.0" 200 112 "https://webmail.saffgroup.com/cpsess1917652218/3rdparty/roundcube/index.php?_task=mail&_mbox=INBOX" "Mozilla/5.0 (Windows NT 6.1; Win64; x64; rv:109.0) Gecko/20100101 Firefox/115.0"
46.148.35.242 - - [06/Jul/2024:11:18:36 +0330] "POST /cpsess1917652218/3rdparty/roundcube/index.php?_task=mail&_action=refresh HTTP/2.0" 200 58 "https://webmail.saffgroup.com/cpsess1917652218/3rdparty/roundcube/index.php?_task=mail&_action=compose&_id=1947764176688f5e22705f" "Mozilla/5.0 (Windows NT 6.1; Win64; x64; rv:109.0) Gecko/20100101 Firefox/115.0"
217.76.60.63 - - [06/Jul/2024:11:18:39 +0330] "GET /fa/%D9%85%DB%8C%D9%84%D8%A7%D8%AF-%D8%A8%D8%A7-%D8%B3%D8%B9%D8%A7%D8%AF%D8%AA-%D8%AD%D8%B6%D8%B1%D8%AA-%D9%81%D8%A7%D8%B7%D9%85%D9%87-%D8%B3-%D9%88-%D8%B1%D9%88%D8%B2-%D8%B2%D9%86/whatsapp-image-2024-01-03-at-14-54-13-1/ HTTP/1.1" 200 18442 "-" "Mozilla/5.0 (compatible; MJ12bot/v1.4.8; http://mj12bot.com/)"
46.148.35.242 - - [06/Jul/2024:11:19:06 +0330] "POST /cpsess1917652218/3rdparty/roundcube/index.php?_task=mail&_action=refresh HTTP/2.0" 200 112 "https://webmail.saffgroup.com/cpsess1917652218/3rdparty/roundcube/index.php?_task=mail&_mbox=INBOX" "Mozilla/5.0 (Windows NT 6.1; Win64; x64; rv:109.0) Gecko/20100101 Firefox/115.0"
46.148.35.242 - - [06/Jul/2024:11:19:36 +0330] "POST /cpsess1917652218/3rdparty/roundcube/index.php?_task=mail&_unlock=loading1720248480911&_framed=1 HTTP/2.0" 200 248 "https://webmail.saffgroup.com/cpsess1917652218/3rdparty/roundcube/index.php?_task=mail&_action=compose&_id=1947764176688f5e22705f" "Mozilla/5.0 (Windows NT 6.1; Win64; x64; rv:109.0) Gecko/20100101 Firefox/115.0"
46.148.35.242 - - [06/Jul/2024:11:19:46 +0330] "POST /cpsess1917652218/3rdparty/roundcube/index.php?_task=mail&_action=refresh HTTP/2.0" 200 58 "https://webmail.saffgroup.com/cpsess1917652218/3rdparty/roundcube/index.php?_task=mail&_action=compose&_id=1947764176688f5e22705f" "Mozilla/5.0 (Windows NT 6.1; Win64; x64; rv:109.0) Gecko/20100101 Firefox/115.0"
46.148.35.242 - - [06/Jul/2024:11:20:05 +0330] "POST /cpsess1917652218/3rdparty/roundcube/index.php?_task=mail&_action=refresh HTTP/2.0" 200 112 "https://webmail.saffgroup.com/cpsess1917652218/3rdparty/roundcube/index.php?_task=mail&_mbox=INBOX" "Mozilla/5.0 (Windows NT 6.1; Win64; x64; rv:109.0) Gecko/20100101 Firefox/115.0"
46.148.35.242 - - [06/Jul/2024:11:20:46 +0330] "POST /cpsess1917652218/3rdparty/roundcube/index.php?_task=mail&_action=refresh HTTP/2.0" 200 58 "https://webmail.saffgroup.com/cpsess1917652218/3rdparty/roundcube/index.php?_task=mail&_action=compose&_id=1947764176688f5e22705f" "Mozilla/5.0 (Windows NT 6.1; Win64; x64; rv:109.0) Gecko/20100101 Firefox/115.0"
46.148.35.242 - - [06/Jul/2024:11:21:05 +0330] "POST /cpsess1917652218/3rdparty/roundcube/index.php?_task=mail&_action=refresh HTTP/2.0" 200 112 "https://webmail.saffgroup.com/cpsess1917652218/3rdparty/roundcube/index.php?_task=mail&_mbox=INBOX" "Mozilla/5.0 (Windows NT 6.1; Win64; x64; rv:109.0) Gecko/20100101 Firefox/115.0"
79.132.193.205 - - [06/Jul/2024:11:21:31 +0330] "POST /fa/wp-cron.php?doing_wp_cron=1720252291.4792590141296386718750 HTTP/1.1" 200 1 "https://saffgroup.com/fa/wp-cron.php?doing_wp_cron=1720252291.4792590141296386718750" "WordPress/5.9.3; https://saffgroup.com/fa"
52.167.144.176 - - [06/Jul/2024:11:21:30 +0330] "GET /fa/vision/ HTTP/2.0" 200 17785 "-" "Mozilla/5.0 AppleWebKit/537.36 (KHTML, like Gecko; compatible; bingbot/2.0; +http://www.bing.com/bingbot.htm) Chrome/116.0.1938.76 Safari/537.36"
46.148.35.242 - - [06/Jul/2024:11:21:46 +0330] "POST /cpsess1917652218/3rdparty/roundcube/index.php?_task=mail&_action=refresh HTTP/2.0" 200 57 "https://webmail.saffgroup.com/cpsess1917652218/3rdparty/roundcube/index.php?_task=mail&_action=compose&_id=1947764176688f5e22705f" "Mozilla/5.0 (Windows NT 6.1; Win64; x64; rv:109.0) Gecko/20100101 Firefox/115.0"
46.148.35.242 - - [06/Jul/2024:11:22:06 +0330] "POST /cpsess1917652218/3rdparty/roundcube/index.php?_task=mail&_action=refresh HTTP/2.0" 200 112 "https://webmail.saffgroup.com/cpsess1917652218/3rdparty/roundcube/index.php?_task=mail&_mbox=INBOX" "Mozilla/5.0 (Windows NT 6.1; Win64; x64; rv:109.0) Gecko/20100101 Firefox/115.0"
46.148.35.242 - - [06/Jul/2024:11:22:46 +0330] "POST /cpsess1917652218/3rdparty/roundcube/index.php?_task=mail&_action=refresh HTTP/2.0" 200 58 "https://webmail.saffgroup.com/cpsess1917652218/3rdparty/roundcube/index.php?_task=mail&_action=compose&_id=1947764176688f5e22705f" "Mozilla/5.0 (Windows NT 6.1; Win64; x64; rv:109.0) Gecko/20100101 Firefox/115.0"
46.148.35.242 - - [06/Jul/2024:11:23:06 +0330] "POST /cpsess1917652218/3rdparty/roundcube/index.php?_task=mail&_action=refresh HTTP/2.0" 200 112 "https://webmail.saffgroup.com/cpsess1917652218/3rdparty/roundcube/index.php?_task=mail&_mbox=INBOX" "Mozilla/5.0 (Windows NT 6.1; Win64; x64; rv:109.0) Gecko/20100101 Firefox/115.0"
46.148.35.242 - - [06/Jul/2024:11:23:46 +0330] "POST /cpsess1917652218/3rdparty/roundcube/index.php?_task=mail&_action=refresh HTTP/2.0" 200 58 "https://webmail.saffgroup.com/cpsess1917652218/3rdparty/roundcube/index.php?_task=mail&_action=compose&_id=1947764176688f5e22705f" "Mozilla/5.0 (Windows NT 6.1; Win64; x64; rv:109.0) Gecko/20100101 Firefox/115.0"
66.249.66.206 - - [06/Jul/2024:11:24:02 +0330] "GET /fa/wp-content/uploads/2023/01/N1b-600x480.jpg HTTP/1.1" 200 43838 "-" "Googlebot-Image/1.0"
46.148.35.242 - - [06/Jul/2024:11:24:06 +0330] "POST /cpsess1917652218/3rdparty/roundcube/index.php?_task=mail&_action=refresh HTTP/2.0" 200 112 "https://webmail.saffgroup.com/cpsess1917652218/3rdparty/roundcube/index.php?_task=mail&_mbox=INBOX" "Mozilla/5.0 (Windows NT 6.1; Win64; x64; rv:109.0) Gecko/20100101 Firefox/115.0"
46.148.35.242 - - [06/Jul/2024:11:24:48 +0330] "POST /cpsess1917652218/3rdparty/roundcube/index.php?_task=mail&_action=refresh HTTP/2.0" 200 58 "https://webmail.saffgroup.com/cpsess1917652218/3rdparty/roundcube/index.php?_task=mail&_action=compose&_id=1947764176688f5e22705f" "Mozilla/5.0 (Windows NT 6.1; Win64; x64; rv:109.0) Gecko/20100101 Firefox/115.0"
46.148.35.242 - - [06/Jul/2024:11:25:03 +0330] "POST /cpsess1917652218/3rdparty/roundcube/index.php?_task=mail&_action=autocomplete HTTP/2.0" 200 576 "https://webmail.saffgroup.com/cpsess1917652218/3rdparty/roundcube/index.php?_task=mail&_action=compose&_id=1947764176688f5e22705f" "Mozilla/5.0 (Windows NT 6.1; Win64; x64; rv:109.0) Gecko/20100101 Firefox/115.0"
46.148.35.242 - - [06/Jul/2024:11:25:05 +0330] "POST /cpsess1917652218/3rdparty/roundcube/index.php?_task=mail&_action=autocomplete HTTP/2.0" 200 144 "https://webmail.saffgroup.com/cpsess1917652218/3rdparty/roundcube/index.php?_task=mail&_action=compose&_id=1947764176688f5e22705f" "Mozilla/5.0 (Windows NT 6.1; Win64; x64; rv:109.0) Gecko/20100101 Firefox/115.0"
46.148.35.242 - - [06/Jul/2024:11:25:05 +0330] "GET /cPanel_magic_revision_1697448186/3rdparty/roundcube/skins/elastic/fonts/roboto-v29-italic.woff2 HTTP/2.0" 200 54136 "https://webmail.saffgroup.com/cpsess1917652218/3rdparty/roundcube/skins/elastic/styles/styles.min.css?s=1698349383" "Mozilla/5.0 (Windows NT 6.1; Win64; x64; rv:109.0) Gecko/20100101 Firefox/115.0"
46.148.35.242 - - [06/Jul/2024:11:25:07 +0330] "POST /cpsess1917652218/3rdparty/roundcube/index.php?_task=mail&_action=refresh HTTP/2.0" 200 112 "https://webmail.saffgroup.com/cpsess1917652218/3rdparty/roundcube/index.php?_task=mail&_mbox=INBOX" "Mozilla/5.0 (Windows NT 6.1; Win64; x64; rv:109.0) Gecko/20100101 Firefox/115.0"
46.148.35.242 - - [06/Jul/2024:11:25:09 +0330] "POST /cpsess1917652218/3rdparty/roundcube/index.php?_task=mail&_action=autocomplete HTTP/2.0" 200 523 "https://webmail.saffgroup.com/cpsess1917652218/3rdparty/roundcube/index.php?_task=mail&_action=compose&_id=1947764176688f5e22705f" "Mozilla/5.0 (Windows NT 6.1; Win64; x64; rv:109.0) Gecko/20100101 Firefox/115.0"
46.148.35.242 - - [06/Jul/2024:11:25:10 +0330] "POST /cpsess1917652218/3rdparty/roundcube/index.php?_task=mail&_action=autocomplete HTTP/2.0" 200 381 "https://webmail.saffgroup.com/cpsess1917652218/3rdparty/roundcube/index.php?_task=mail&_action=compose&_id=1947764176688f5e22705f" "Mozilla/5.0 (Windows NT 6.1; Win64; x64; rv:109.0) Gecko/20100101 Firefox/115.0"
46.148.35.242 - - [06/Jul/2024:11:25:10 +0330] "POST /cpsess1917652218/3rdparty/roundcube/index.php?_task=mail&_action=autocomplete HTTP/2.0" 200 237 "https://webmail.saffgroup.com/cpsess1917652218/3rdparty/roundcube/index.php?_task=mail&_action=compose&_id=1947764176688f5e22705f" "Mozilla/5.0 (Windows NT 6.1; Win64; x64; rv:109.0) Gecko/20100101 Firefox/115.0"
46.148.35.242 - - [06/Jul/2024:11:25:11 +0330] "POST /cpsess1917652218/3rdparty/roundcube/index.php?_task=mail&_action=autocomplete HTTP/2.0" 200 175 "https://webmail.saffgroup.com/cpsess1917652218/3rdparty/roundcube/index.php?_task=mail&_action=compose&_id=1947764176688f5e22705f" "Mozilla/5.0 (Windows NT 6.1; Win64; x64; rv:109.0) Gecko/20100101 Firefox/115.0"
46.148.35.242 - - [06/Jul/2024:11:25:18 +0330] "POST /cpsess1917652218/3rdparty/roundcube/index.php?_task=mail&_action=autocomplete HTTP/2.0" 200 237 "https://webmail.saffgroup.com/cpsess1917652218/3rdparty/roundcube/index.php?_task=mail&_action=compose&_id=1947764176688f5e22705f" "Mozilla/5.0 (Windows NT 6.1; Win64; x64; rv:109.0) Gecko/20100101 Firefox/115.0"
46.148.35.242 - - [06/Jul/2024:11:25:19 +0330] "POST /cpsess1917652218/3rdparty/roundcube/index.php?_task=mail&_action=autocomplete HTTP/2.0" 200 380 "https://webmail.saffgroup.com/cpsess1917652218/3rdparty/roundcube/index.php?_task=mail&_action=compose&_id=1947764176688f5e22705f" "Mozilla/5.0 (Windows NT 6.1; Win64; x64; rv:109.0) Gecko/20100101 Firefox/115.0"
46.148.35.242 - - [06/Jul/2024:11:25:19 +0330] "POST /cpsess1917652218/3rdparty/roundcube/index.php?_task=mail&_action=autocomplete HTTP/2.0" 200 522 "https://webmail.saffgroup.com/cpsess1917652218/3rdparty/roundcube/index.php?_task=mail&_action=compose&_id=1947764176688f5e22705f" "Mozilla/5.0 (Windows NT 6.1; Win64; x64; rv:109.0) Gecko/20100101 Firefox/115.0"
46.148.35.242 - - [06/Jul/2024:11:25:21 +0330] "POST /cpsess1917652218/3rdparty/roundcube/index.php?_task=mail&_action=autocomplete HTTP/2.0" 200 523 "https://webmail.saffgroup.com/cpsess1917652218/3rdparty/roundcube/index.php?_task=mail&_action=compose&_id=1947764176688f5e22705f" "Mozilla/5.0 (Windows NT 6.1; Win64; x64; rv:109.0) Gecko/20100101 Firefox/115.0"
46.148.35.242 - - [06/Jul/2024:11:25:21 +0330] "POST /cpsess1917652218/3rdparty/roundcube/index.php?_task=mail&_action=autocomplete HTTP/2.0" 200 268 "https://webmail.saffgroup.com/cpsess1917652218/3rdparty/roundcube/index.php?_task=mail&_action=compose&_id=1947764176688f5e22705f" "Mozilla/5.0 (Windows NT 6.1; Win64; x64; rv:109.0) Gecko/20100101 Firefox/115.0"
46.148.35.242 - - [06/Jul/2024:11:25:46 +0330] "POST /cpsess1917652218/3rdparty/roundcube/index.php?_task=mail&_action=refresh HTTP/2.0" 200 58 "https://webmail.saffgroup.com/cpsess1917652218/3rdparty/roundcube/index.php?_task=mail&_action=compose&_id=1947764176688f5e22705f" "Mozilla/5.0 (Windows NT 6.1; Win64; x64; rv:109.0) Gecko/20100101 Firefox/115.0"
46.148.35.242 - - [06/Jul/2024:11:26:08 +0330] "POST /cpsess1917652218/3rdparty/roundcube/index.php?_task=mail&_action=refresh HTTP/2.0" 200 112 "https://webmail.saffgroup.com/cpsess1917652218/3rdparty/roundcube/index.php?_task=mail&_mbox=INBOX" "Mozilla/5.0 (Windows NT 6.1; Win64; x64; rv:109.0) Gecko/20100101 Firefox/115.0"
46.148.35.242 - - [06/Jul/2024:11:26:46 +0330] "POST /cpsess1917652218/3rdparty/roundcube/index.php?_task=mail&_action=refresh HTTP/2.0" 200 58 "https://webmail.saffgroup.com/cpsess1917652218/3rdparty/roundcube/index.php?_task=mail&_action=compose&_id=1947764176688f5e22705f" "Mozilla/5.0 (Windows NT 6.1; Win64; x64; rv:109.0) Gecko/20100101 Firefox/115.0"
46.148.35.242 - - [06/Jul/2024:11:27:07 +0330] "POST /cpsess1917652218/3rdparty/roundcube/index.php?_task=mail&_action=refresh HTTP/2.0" 200 112 "https://webmail.saffgroup.com/cpsess1917652218/3rdparty/roundcube/index.php?_task=mail&_mbox=INBOX" "Mozilla/5.0 (Windows NT 6.1; Win64; x64; rv:109.0) Gecko/20100101 Firefox/115.0"
46.148.35.242 - - [06/Jul/2024:11:27:47 +0330] "POST /cpsess1917652218/3rdparty/roundcube/index.php?_task=mail&_action=refresh HTTP/2.0" 200 57 "https://webmail.saffgroup.com/cpsess1917652218/3rdparty/roundcube/index.php?_task=mail&_action=compose&_id=1947764176688f5e22705f" "Mozilla/5.0 (Windows NT 6.1; Win64; x64; rv:109.0) Gecko/20100101 Firefox/115.0"
46.148.35.242 - - [06/Jul/2024:11:28:08 +0330] "POST /cpsess1917652218/3rdparty/roundcube/index.php?_task=mail&_action=refresh HTTP/2.0" 200 112 "https://webmail.saffgroup.com/cpsess1917652218/3rdparty/roundcube/index.php?_task=mail&_mbox=INBOX" "Mozilla/5.0 (Windows NT 6.1; Win64; x64; rv:109.0) Gecko/20100101 Firefox/115.0"
3.147.67.45 - - [06/Jul/2024:11:28:35 +0330] "GET /images/inlet.jpg HTTP/1.1" 404 - "-" "Mozilla/5.0 (X11; Ubuntu; Linux x86_64; rv:72.0) Gecko/20100101 Firefox/72.0 (compatible; img2dataset; +https://github.com/rom1504/img2dataset)"
46.148.35.242 - - [06/Jul/2024:11:28:47 +0330] "POST /cpsess1917652218/3rdparty/roundcube/index.php?_task=mail&_action=refresh HTTP/2.0" 200 58 "https://webmail.saffgroup.com/cpsess1917652218/3rdparty/roundcube/index.php?_task=mail&_action=compose&_id=1947764176688f5e22705f" "Mozilla/5.0 (Windows NT 6.1; Win64; x64; rv:109.0) Gecko/20100101 Firefox/115.0"
46.148.35.242 - - [06/Jul/2024:11:29:08 +0330] "POST /cpsess1917652218/3rdparty/roundcube/index.php?_task=mail&_action=refresh HTTP/2.0" 200 112 "https://webmail.saffgroup.com/cpsess1917652218/3rdparty/roundcube/index.php?_task=mail&_mbox=INBOX" "Mozilla/5.0 (Windows NT 6.1; Win64; x64; rv:109.0) Gecko/20100101 Firefox/115.0"
46.148.35.242 - - [06/Jul/2024:11:29:36 +0330] "POST /cpsess1917652218/3rdparty/roundcube/index.php?_task=mail&_unlock=loading1720249081702&_framed=1 HTTP/2.0" 200 245 "https://webmail.saffgroup.com/cpsess1917652218/3rdparty/roundcube/index.php?_task=mail&_action=compose&_id=1947764176688f5e22705f" "Mozilla/5.0 (Windows NT 6.1; Win64; x64; rv:109.0) Gecko/20100101 Firefox/115.0"
46.148.35.242 - - [06/Jul/2024:11:29:50 +0330] "POST /cpsess1917652218/3rdparty/roundcube/index.php?_task=mail&_action=refresh HTTP/2.0" 200 58 "https://webmail.saffgroup.com/cpsess1917652218/3rdparty/roundcube/index.php?_task=mail&_action=compose&_id=1947764176688f5e22705f" "Mozilla/5.0 (Windows NT 6.1; Win64; x64; rv:109.0) Gecko/20100101 Firefox/115.0"
46.148.35.242 - - [06/Jul/2024:11:30:09 +0330] "POST /cpsess1917652218/3rdparty/roundcube/index.php?_task=mail&_action=refresh HTTP/2.0" 200 112 "https://webmail.saffgroup.com/cpsess1917652218/3rdparty/roundcube/index.php?_task=mail&_mbox=INBOX" "Mozilla/5.0 (Windows NT 6.1; Win64; x64; rv:109.0) Gecko/20100101 Firefox/115.0"
46.148.35.242 - - [06/Jul/2024:11:30:48 +0330] "POST /cpsess1917652218/3rdparty/roundcube/index.php?_task=mail&_action=refresh HTTP/2.0" 200 58 "https://webmail.saffgroup.com/cpsess1917652218/3rdparty/roundcube/index.php?_task=mail&_action=compose&_id=1947764176688f5e22705f" "Mozilla/5.0 (Windows NT 6.1; Win64; x64; rv:109.0) Gecko/20100101 Firefox/115.0"
46.148.35.242 - - [06/Jul/2024:11:31:09 +0330] "POST /cpsess1917652218/3rdparty/roundcube/index.php?_task=mail&_action=refresh HTTP/2.0" 200 112 "https://webmail.saffgroup.com/cpsess1917652218/3rdparty/roundcube/index.php?_task=mail&_mbox=INBOX" "Mozilla/5.0 (Windows NT 6.1; Win64; x64; rv:109.0) Gecko/20100101 Firefox/115.0"
46.148.35.242 - - [06/Jul/2024:11:31:48 +0330] "POST /cpsess1917652218/3rdparty/roundcube/index.php?_task=mail&_action=refresh HTTP/2.0" 200 58 "https://webmail.saffgroup.com/cpsess1917652218/3rdparty/roundcube/index.php?_task=mail&_action=compose&_id=1947764176688f5e22705f" "Mozilla/5.0 (Windows NT 6.1; Win64; x64; rv:109.0) Gecko/20100101 Firefox/115.0"
46.148.35.242 - - [06/Jul/2024:11:32:10 +0330] "POST /cpsess1917652218/3rdparty/roundcube/index.php?_task=mail&_action=refresh HTTP/2.0" 200 112 "https://webmail.saffgroup.com/cpsess1917652218/3rdparty/roundcube/index.php?_task=mail&_mbox=INBOX" "Mozilla/5.0 (Windows NT 6.1; Win64; x64; rv:109.0) Gecko/20100101 Firefox/115.0"
79.132.193.205 - - [06/Jul/2024:11:32:13 +0330] "POST /en/wp-cron.php?doing_wp_cron=1720252933.1648859977722167968750 HTTP/1.1" 200 1 "https://saffgroup.com/en/wp-cron.php?doing_wp_cron=1720252933.1648859977722167968750" "WordPress/5.9.3; https://saffgroup.com/en"
52.167.144.176 - - [06/Jul/2024:11:32:12 +0330] "GET /en/wp-json/wp/v2/posts/7409 HTTP/2.0" 200 2481 "-" "Mozilla/5.0 AppleWebKit/537.36 (KHTML, like Gecko; compatible; bingbot/2.0; +http://www.bing.com/bingbot.htm) Chrome/116.0.1938.76 Safari/537.36"
46.148.35.242 - - [06/Jul/2024:11:32:48 +0330] "POST /cpsess1917652218/3rdparty/roundcube/index.php?_task=mail&_action=refresh HTTP/2.0" 200 58 "https://webmail.saffgroup.com/cpsess1917652218/3rdparty/roundcube/index.php?_task=mail&_action=compose&_id=1947764176688f5e22705f" "Mozilla/5.0 (Windows NT 6.1; Win64; x64; rv:109.0) Gecko/20100101 Firefox/115.0"
46.148.35.242 - - [06/Jul/2024:11:33:10 +0330] "POST /cpsess1917652218/3rdparty/roundcube/index.php?_task=mail&_action=refresh HTTP/2.0" 200 112 "https://webmail.saffgroup.com/cpsess1917652218/3rdparty/roundcube/index.php?_task=mail&_mbox=INBOX" "Mozilla/5.0 (Windows NT 6.1; Win64; x64; rv:109.0) Gecko/20100101 Firefox/115.0"
46.148.35.242 - - [06/Jul/2024:11:33:49 +0330] "POST /cpsess1917652218/3rdparty/roundcube/index.php?_task=mail&_action=refresh HTTP/2.0" 200 58 "https://webmail.saffgroup.com/cpsess1917652218/3rdparty/roundcube/index.php?_task=mail&_action=compose&_id=1947764176688f5e22705f" "Mozilla/5.0 (Windows NT 6.1; Win64; x64; rv:109.0) Gecko/20100101 Firefox/115.0"
46.148.35.242 - - [06/Jul/2024:11:34:14 +0330] "POST /cpsess1917652218/3rdparty/roundcube/index.php?_task=mail&_action=refresh HTTP/2.0" 200 112 "https://webmail.saffgroup.com/cpsess1917652218/3rdparty/roundcube/index.php?_task=mail&_mbox=INBOX" "Mozilla/5.0 (Windows NT 6.1; Win64; x64; rv:109.0) Gecko/20100101 Firefox/115.0"
46.148.35.242 - - [06/Jul/2024:11:34:52 +0330] "POST /cpsess1917652218/3rdparty/roundcube/index.php?_task=mail&_action=refresh HTTP/2.0" 200 60 "https://webmail.saffgroup.com/cpsess1917652218/3rdparty/roundcube/index.php?_task=mail&_action=compose&_id=1947764176688f5e22705f" "Mozilla/5.0 (Windows NT 6.1; Win64; x64; rv:109.0) Gecko/20100101 Firefox/115.0"
46.148.35.242 - - [06/Jul/2024:11:35:13 +0330] "POST /cpsess1917652218/3rdparty/roundcube/index.php?_task=mail&_action=refresh HTTP/2.0" 200 112 "https://webmail.saffgroup.com/cpsess1917652218/3rdparty/roundcube/index.php?_task=mail&_mbox=INBOX" "Mozilla/5.0 (Windows NT 6.1; Win64; x64; rv:109.0) Gecko/20100101 Firefox/115.0"
66.249.66.206 - - [06/Jul/2024:11:35:42 +0330] "GET / HTTP/1.1" 301 232 "-" "Mozilla/5.0 (Linux; Android 6.0.1; Nexus 5X Build/MMB29P) AppleWebKit/537.36 (KHTML, like Gecko) Chrome/125.0.6422.175 Mobile Safari/537.36 (compatible; Googlebot/2.1; +http://www.google.com/bot.html)"
