94.182.194.104 - - [06/Jul/2024:12:51:56 +0330] "GET /fa/wp-content/uploads/2023/01/Page-41-copy.jpg HTTP/2.0" 200 944632 "https://saffgroup.com/fa/" "Mozilla/5.0 (Windows NT 10.0; Win64; x64) AppleWebKit/537.36 (KHTML, like Gecko) Chrome/126.0.0.0 Safari/537.36"
94.182.194.104 - - [06/Jul/2024:12:52:01 +0330] "GET /fa/contact-us/ HTTP/2.0" 200 21383 "https://saffgroup.com/fa/" "Mozilla/5.0 (Windows NT 10.0; Win64; x64) AppleWebKit/537.36 (KHTML, like Gecko) Chrome/126.0.0.0 Safari/537.36"
94.182.194.104 - - [06/Jul/2024:12:52:02 +0330] "GET /fa/wp-content/plugins/gfstylespro/themes/sp_kiwi.min.css?ver=5.9.3 HTTP/2.0" 200 1089 "https://saffgroup.com/fa/contact-us/" "Mozilla/5.0 (Windows NT 10.0; Win64; x64) AppleWebKit/537.36 (KHTML, like Gecko) Chrome/126.0.0.0 Safari/537.36"
94.182.194.104 - - [06/Jul/2024:12:52:02 +0330] "GET /fa/wp-content/plugins/gfstylespro/styles/rtl.min.css?ver=5.9.3 HTTP/2.0" 200 1777 "https://saffgroup.com/fa/contact-us/" "Mozilla/5.0 (Windows NT 10.0; Win64; x64) AppleWebKit/537.36 (KHTML, like Gecko) Chrome/126.0.0.0 Safari/537.36"
94.182.194.104 - - [06/Jul/2024:12:52:02 +0330] "GET /fa/wp-content/plugins/gfstylespro/fonts/material_icons/md-icons.css?ver=5.9.3 HTTP/2.0" 200 7523 "https://saffgroup.com/fa/contact-us/" "Mozilla/5.0 (Windows NT 10.0; Win64; x64) AppleWebKit/537.36 (KHTML, like Gecko) Chrome/126.0.0.0 Safari/537.36"
94.182.194.104 - - [06/Jul/2024:12:52:02 +0330] "GET /fa/wp-content/plugins/gfstylespro/styles/gfstylespro.min.css?ver=2.5.2 HTTP/2.0" 200 13235 "https://saffgroup.com/fa/contact-us/" "Mozilla/5.0 (Windows NT 10.0; Win64; x64) AppleWebKit/537.36 (KHTML, like Gecko) Chrome/126.0.0.0 Safari/537.36"
94.182.194.104 - - [06/Jul/2024:12:52:02 +0330] "GET /fa/wp-content/uploads/gravity_forms/0-dba5e8ad4f0540c75a5980cfc99596c7/1790621948.png HTTP/2.0" 200 2605 "https://saffgroup.com/fa/contact-us/" "Mozilla/5.0 (Windows NT 10.0; Win64; x64) AppleWebKit/537.36 (KHTML, like Gecko) Chrome/126.0.0.0 Safari/537.36"
94.182.194.104 - - [06/Jul/2024:12:52:02 +0330] "GET /fa/wp-includes/js/wp-emoji-release.min.js?ver=5.9.3 HTTP/2.0" 200 4788 "https://saffgroup.com/fa/contact-us/" "Mozilla/5.0 (Windows NT 10.0; Win64; x64) AppleWebKit/537.36 (KHTML, like Gecko) Chrome/126.0.0.0 Safari/537.36"
94.182.194.104 - - [06/Jul/2024:12:52:02 +0330] "GET /fa/wp-content/uploads/2022/05/contact-e-min.jpg HTTP/2.0" 200 79568 "https://saffgroup.com/fa/contact-us/" "Mozilla/5.0 (Windows NT 10.0; Win64; x64) AppleWebKit/537.36 (KHTML, like Gecko) Chrome/126.0.0.0 Safari/537.36"
94.182.194.104 - - [06/Jul/2024:12:52:02 +0330] "GET /fa/wp-content/uploads/2022/05/Rectangle-332-min.png HTTP/2.0" 200 201778 "https://saffgroup.com/fa/contact-us/" "Mozilla/5.0 (Windows NT 10.0; Win64; x64) AppleWebKit/537.36 (KHTML, like Gecko) Chrome/126.0.0.0 Safari/537.36"
94.182.194.104 - - [06/Jul/2024:12:52:03 +0330] "GET /fa/wp-content/uploads/2024/05/photo1715763985-150x150.jpeg HTTP/2.0" 200 5341 "https://saffgroup.com/fa/contact-us/" "Mozilla/5.0 (Windows NT 10.0; Win64; x64) AppleWebKit/537.36 (KHTML, like Gecko) Chrome/126.0.0.0 Safari/537.36"
94.182.194.104 - - [06/Jul/2024:12:52:03 +0330] "GET /fa/wp-content/uploads/2022/05/Group-580.png HTTP/2.0" 200 532 "https://saffgroup.com/fa/contact-us/" "Mozilla/5.0 (Windows NT 10.0; Win64; x64) AppleWebKit/537.36 (KHTML, like Gecko) Chrome/126.0.0.0 Safari/537.36"
94.182.194.104 - - [06/Jul/2024:12:52:03 +0330] "GET /fa/wp-content/uploads/2024/01/IMG_7239-150x150.jpg HTTP/2.0" 200 7896 "https://saffgroup.com/fa/contact-us/" "Mozilla/5.0 (Windows NT 10.0; Win64; x64) AppleWebKit/537.36 (KHTML, like Gecko) Chrome/126.0.0.0 Safari/537.36"
94.182.194.104 - - [06/Jul/2024:12:52:03 +0330] "GET /fa/wp-content/uploads/2023/11/IMG_6806-150x150.jpg HTTP/2.0" 200 8761 "https://saffgroup.com/fa/contact-us/" "Mozilla/5.0 (Windows NT 10.0; Win64; x64) AppleWebKit/537.36 (KHTML, like Gecko) Chrome/126.0.0.0 Safari/537.36"
94.182.194.104 - - [06/Jul/2024:12:52:03 +0330] "POST /mod_pagespeed_beacon?url=https%3A%2F%2Fsaffgroup.com%2Ffa%2Fcontact-us%2F HTTP/2.0" 204 - "https://saffgroup.com/fa/contact-us/" "Mozilla/5.0 (Windows NT 10.0; Win64; x64) AppleWebKit/537.36 (KHTML, like Gecko) Chrome/126.0.0.0 Safari/537.36"
66.249.66.206 - - [06/Jul/2024:12:54:01 +0330] "GET /fa/wp-content/uploads/2023/01/IMG_20230111_142804-300x225.jpg HTTP/1.1" 200 17501 "-" "Googlebot-Image/1.0"
79.132.193.205 - - [06/Jul/2024:13:01:28 +0330] "POST /fa/wp-cron.php?doing_wp_cron=1720258288.9403719902038574218750 HTTP/1.1" 200 1 "https://saffgroup.com/fa/wp-cron.php?doing_wp_cron=1720258288.9403719902038574218750" "WordPress/5.9.3; https://saffgroup.com/fa"
94.182.194.104 - - [06/Jul/2024:13:01:28 +0330] "GET /fa/ HTTP/2.0" 200 34391 "https://saffgroup.com/fa/contact-us/" "Mozilla/5.0 (Windows NT 10.0; Win64; x64) AppleWebKit/537.36 (KHTML, like Gecko) Chrome/126.0.0.0 Safari/537.36"
94.182.194.104 - - [06/Jul/2024:13:01:29 +0330] "GET /fa/wp-includes/js/wp-emoji-release.min.js?ver=5.9.3 HTTP/2.0" 200 4542 "https://saffgroup.com/fa/" "Mozilla/5.0 (Windows NT 10.0; Win64; x64) AppleWebKit/537.36 (KHTML, like Gecko) Chrome/126.0.0.0 Safari/537.36"
94.182.194.104 - - [06/Jul/2024:13:01:30 +0330] "POST /mod_pagespeed_beacon?url=https%3A%2F%2Fsaffgroup.com%2Ffa%2F HTTP/2.0" 204 - "https://saffgroup.com/fa/" "Mozilla/5.0 (Windows NT 10.0; Win64; x64) AppleWebKit/537.36 (KHTML, like Gecko) Chrome/126.0.0.0 Safari/537.36"
79.132.193.205 - - [06/Jul/2024:13:07:12 +0330] "POST /fa/wp-cron.php?doing_wp_cron=1720258632.8666388988494873046875 HTTP/1.1" 200 1 "https://saffgroup.com/fa/wp-cron.php?doing_wp_cron=1720258632.8666388988494873046875" "WordPress/5.9.3; https://saffgroup.com/fa"
66.249.66.206 - - [06/Jul/2024:13:07:12 +0330] "GET /fa/?fbclid=IwAR0zZJA-Eam_cnhil-NabnLBzhsIju4svqjtTHZ0C70FsCgwQhfHHNFeeOE HTTP/1.1" 200 32194 "-" "Mozilla/5.0 (Linux; Android 6.0.1; Nexus 5X Build/MMB29P) AppleWebKit/537.36 (KHTML, like Gecko) Chrome/125.0.6422.175 Mobile Safari/537.36 (compatible; Googlebot/2.1; +http://www.google.com/bot.html)"
66.220.149.23 - - [06/Jul/2024:13:08:57 +0330] "GET /fa/wp-content/uploads/2023/06/IMG_8926-600x600.jpg HTTP/2.0" 200 84304 "-" "facebookexternalhit/1.1 (+http://www.facebook.com/externalhit_uatext.php)"
66.249.66.205 - - [06/Jul/2024:13:09:01 +0330] "GET /fa/wp-content/uploads/2023/01/INVs-300x258.jpg HTTP/1.1" 200 8019 "-" "Googlebot-Image/1.0"
79.132.193.205 - - [06/Jul/2024:13:14:49 +0330] "POST /fa/wp-cron.php?doing_wp_cron=1720259089.1097059249877929687500 HTTP/1.1" 200 1 "https://saffgroup.com/fa/wp-cron.php?doing_wp_cron=1720259089.1097059249877929687500" "WordPress/5.9.3; https://saffgroup.com/fa"
185.190.42.200 - - [06/Jul/2024:13:14:48 +0330] "GET /fa/contact-us/ HTTP/1.0" 200 142600 "https://saffgroup.com/fa/contact-us/" "Mozilla/5.0 (Windows NT 10.0; Win64; x64) AppleWebKit/537.36 (KHTML, like Gecko) Chrome/120.0.6099.71 Safari/537.36"
185.190.42.200 - - [06/Jul/2024:13:14:50 +0330] "POST /fa/contact-us/ HTTP/1.0" 200 138813 "https://saffgroup.com/fa/contact-us/" "Mozilla/5.0 (Windows NT 10.0; Win64; x64) AppleWebKit/537.36 (KHTML, like Gecko) Chrome/120.0.6099.71 Safari/537.36"
66.249.66.205 - - [06/Jul/2024:13:24:01 +0330] "GET /robots.txt HTTP/1.1" 200 97 "-" "Mozilla/5.0 (compatible; Googlebot/2.1; +http://www.google.com/bot.html)"
66.249.66.206 - - [06/Jul/2024:13:24:01 +0330] "GET /fa/wp-content/uploads/2014/10/Beautifull-Baby-Hd-Walpapers-011-1024x640.jpg HTTP/1.1" 200 76247 "-" "Googlebot-Image/1.0"
79.132.193.205 - - [06/Jul/2024:13:35:18 +0330] "POST /en/wp-cron.php?doing_wp_cron=1720260318.4177958965301513671875 HTTP/1.1" 200 1 "https://saffgroup.com/en/wp-cron.php?doing_wp_cron=1720260318.4177958965301513671875" "WordPress/5.9.3; https://saffgroup.com/en"
209.17.114.78 - - [06/Jul/2024:13:35:17 +0330] "POST /en/xmlrpc.php HTTP/1.1" 200 206 "-" "Mozilla/5.0 (Windows NT 10.0; Win64; x64; rv:70.0) Gecko/20100101 Firefox/70.0"
66.249.66.206 - - [06/Jul/2024:13:39:02 +0330] "GET /fa/wp-content/uploads/2014/10/ipad-iphone-300x300.png HTTP/1.1" 200 99401 "-" "Googlebot-Image/1.0"
79.132.193.205 - - [06/Jul/2024:13:42:05 +0330] "POST /fa/wp-cron.php?doing_wp_cron=1720260725.3066399097442626953125 HTTP/1.1" 200 1 "https://saffgroup.com/fa/wp-cron.php?doing_wp_cron=1720260725.3066399097442626953125" "WordPress/5.9.3; https://saffgroup.com/fa"
104.248.246.60 - - [06/Jul/2024:13:42:04 +0330] "POST /fa/xmlrpc.php HTTP/1.1" 200 245 "-" "Mozilla/5.0 (Windows NT 10.0; Win64; x64; rv:77.0) Gecko/20100101 Firefox/77.0"
65.108.78.33 - - [06/Jul/2024:13:44:48 +0330] "GET /robots.txt HTTP/1.1" 200 122 "-" "Mozilla/5.0 (compatible; MJ12bot/v1.4.8; http://mj12bot.com/)"
79.132.193.205 - - [06/Jul/2024:13:44:51 +0330] "POST /fa/wp-cron.php?doing_wp_cron=1720260891.3777880668640136718750 HTTP/1.1" 200 1 "https://saffgroup.com/fa/wp-cron.php?doing_wp_cron=1720260891.3777880668640136718750" "WordPress/5.9.3; https://saffgroup.com/fa"
65.108.78.33 - - [06/Jul/2024:13:44:50 +0330] "GET /fa/%D9%BE%DB%8C%D8%A7%D9%85-%D9%85%D8%AF%DB%8C%D8%B1-%D8%B9%D8%A7%D9%85%D9%84/ HTTP/1.1" 200 18378 "-" "Mozilla/5.0 (compatible; MJ12bot/v1.4.8; http://mj12bot.com/)"
65.108.78.33 - - [06/Jul/2024:13:44:53 +0330] "GET /fa/%D8%A8%D8%A7%D8%B2%D8%AF%DB%8C%D8%AF-%D9%85%D8%AF%DB%8C%D8%B1%D8%A7%D9%86-%D8%A7%D8%B1%D8%B4%D8%AF-%D8%A8%D8%A7%D9%86%DA%A9-%D8%AA%D8%AC%D8%A7%D8%B1%D8%AA-%D9%88-%D8%B5%D9%86%D8%AF%D9%88%D9%82-%D8%AA/ HTTP/1.1" 200 20451 "-" "Mozilla/5.0 (compatible; MJ12bot/v1.4.8; http://mj12bot.com/)"
51.222.253.10 - - [06/Jul/2024:13:45:56 +0330] "GET /robots.txt HTTP/2.0" 200 97 "-" "Mozilla/5.0 (compatible; AhrefsBot/7.0; +http://ahrefs.com/robot/)"
79.132.193.205 - - [06/Jul/2024:13:45:58 +0330] "POST /fa/wp-cron.php?doing_wp_cron=1720260958.1612780094146728515625 HTTP/1.1" 200 1 "https://saffgroup.com/fa/wp-cron.php?doing_wp_cron=1720260958.1612780094146728515625" "WordPress/5.9.3; https://saffgroup.com/fa"
54.36.149.95 - - [06/Jul/2024:13:45:57 +0330] "GET /fa/%D8%A8%D8%A7%D8%B2%D8%AF%DB%8C%D8%AF-%D8%B1%D8%A6%DB%8C%D8%B3-%D9%87%DB%8C%D8%A6%D8%AA-%D9%85%D8%AF%DB%8C%D8%B1%D9%87-%D9%88-%D9%85%D8%AF%DB%8C%D8%B1%D8%A7%D9%86-%D8%A7%D8%B1%D8%B4%D8%AF-%D8%B4-2/ngl-2/ HTTP/2.0" 200 18358 "-" "Mozilla/5.0 (compatible; AhrefsBot/7.0; +http://ahrefs.com/robot/)"
54.36.148.62 - - [06/Jul/2024:13:46:00 +0330] "GET /fa/wp-content/plugins/captcha-code-authentication/captcha_code_file.php?rand=273325875 HTTP/2.0" 200 2791 "-" "Mozilla/5.0 (compatible; AhrefsBot/7.0; +http://ahrefs.com/robot/)"
79.132.193.205 - - [06/Jul/2024:13:46:05 +0330] "POST /fa/wp-cron.php?doing_wp_cron=1720260965.2827730178833007812500 HTTP/1.1" 200 1 "https://saffgroup.com/fa/wp-cron.php?doing_wp_cron=1720260965.2827730178833007812500" "WordPress/5.9.3; https://saffgroup.com/fa"
40.77.167.30 - - [06/Jul/2024:13:46:04 +0330] "GET /fa/?s=2025 HTTP/2.0" 200 21283 "-" "Mozilla/5.0 AppleWebKit/537.36 (KHTML, like Gecko; compatible; bingbot/2.0; +http://www.bing.com/bingbot.htm) Chrome/116.0.1938.76 Safari/537.36"
79.132.193.205 - - [06/Jul/2024:13:49:39 +0330] "POST /fa/wp-cron.php?doing_wp_cron=1720261179.3546550273895263671875 HTTP/1.1" 200 1 "https://saffgroup.com/fa/wp-cron.php?doing_wp_cron=1720261179.3546550273895263671875" "WordPress/5.9.3; https://saffgroup.com/fa"
66.249.66.205 - - [06/Jul/2024:13:49:38 +0330] "GET /fa/%D9%BE%DB%8C%D8%A7%D9%85-%D9%85%D8%AF%DB%8C%D8%B1-%D8%B9%D8%A7%D9%85%D9%84-%D8%B4%D8%B1%DA%A9%D8%AA-%D8%B5%D9%81-%D8%A8%D9%87-%D9%85%D9%86%D8%A7%D8%B3%D8%A8%D8%AA-%D8%A8%D8%B2%D8%B1%DA%AF%D8%AF%D8%A7/ HTTP/1.1" 200 20512 "-" "Mozilla/5.0 (Linux; Android 6.0.1; Nexus 5X Build/MMB29P) AppleWebKit/537.36 (KHTML, like Gecko) Chrome/125.0.6422.175 Mobile Safari/537.36 (compatible; Googlebot/2.1; +http://www.google.com/bot.html)"
88.88.133.174 - - [06/Jul/2024:13:49:40 +0330] "GET /robots.txt HTTP/1.1" 200 122 "-" "Mozilla/5.0 (compatible; MJ12bot/v1.4.8; http://mj12bot.com/)"
88.88.133.174 - - [06/Jul/2024:13:49:42 +0330] "GET /en/wp-content/uploads/2022/06/%DA%AF%D9%88%D8%A7%D9%87%DB%8C-%D8%AE%D8%AF%D9%85%D8%A7%D8%AA-%D9%85%D8%B4%D8%A7%D9%88%D8%B1%D9%87-98.jpg HTTP/1.1" 200 176375 "-" "Mozilla/5.0 (compatible; MJ12bot/v1.4.8; http://mj12bot.com/)"
88.88.133.174 - - [06/Jul/2024:13:49:44 +0330] "GET /en/wp-content/uploads/2022/06/%DA%AF%D9%88%D8%A7%D9%87%DB%8C%D9%86%D8%A7%D9%85%D9%87-%D8%B5%D9%84%D8%A7%D8%AD%DB%8C%D8%AA-%D9%BE%DB%8C%D9%85%D8%A7%D9%86%DA%A9%D8%A7%D8%B1%DB%8C-1402.jpg HTTP/1.1" 200 150110 "-" "Mozilla/5.0 (compatible; MJ12bot/v1.4.8; http://mj12bot.com/)"
66.249.66.205 - - [06/Jul/2024:13:49:45 +0330] "GET /fa/wp-content/themes/Zephyr/fonts/fonts/fonts.css?ver=5.9.3 HTTP/1.1" 200 1380 "https://saffgroup.com/fa/%D9%BE%DB%8C%D8%A7%D9%85-%D9%85%D8%AF%DB%8C%D8%B1-%D8%B9%D8%A7%D9%85%D9%84-%D8%B4%D8%B1%DA%A9%D8%AA-%D8%B5%D9%81-%D8%A8%D9%87-%D9%85%D9%86%D8%A7%D8%B3%D8%A8%D8%AA-%D8%A8%D8%B2%D8%B1%DA%AF%D8%AF%D8%A7/" "Mozilla/5.0 (Linux; Android 6.0.1; Nexus 5X Build/MMB29P) AppleWebKit/537.36 (KHTML, like Gecko) Chrome/125.0.6422.175 Mobile Safari/537.36 (compatible; Googlebot/2.1; +http://www.google.com/bot.html)"
66.249.66.206 - - [06/Jul/2024:13:49:47 +0330] "GET /fa/wp-includes/js/comment-reply.min.js?ver=5.9.3 HTTP/1.1" 200 1223 "https://saffgroup.com/fa/%D9%BE%DB%8C%D8%A7%D9%85-%D9%85%D8%AF%DB%8C%D8%B1-%D8%B9%D8%A7%D9%85%D9%84-%D8%B4%D8%B1%DA%A9%D8%AA-%D8%B5%D9%81-%D8%A8%D9%87-%D9%85%D9%86%D8%A7%D8%B3%D8%A8%D8%AA-%D8%A8%D8%B2%D8%B1%DA%AF%D8%AF%D8%A7/" "Mozilla/5.0 (Linux; Android 6.0.1; Nexus 5X Build/MMB29P) AppleWebKit/537.36 (KHTML, like Gecko) Chrome/125.0.6422.175 Mobile Safari/537.36 (compatible; Googlebot/2.1; +http://www.google.com/bot.html)"
88.88.133.174 - - [06/Jul/2024:13:49:45 +0330] "GET /fa/%D8%A7%D9%85%D8%B6%D8%A7%DB%8C-%D8%AA%D9%81%D8%A7%D9%87%D9%85%D9%86%D8%A7%D9%85%D9%87-%D9%87%D9%85%DA%A9%D8%A7%D8%B1%DB%8C-%D9%87%D8%A7%DB%8C-%D9%85%D8%B4%D8%AA%D8%B1%DA%A9-%D9%85%DB%8C%D8%A7%D9%86/ HTTP/1.1" 200 20148 "-" "Mozilla/5.0 (compatible; MJ12bot/v1.4.8; http://mj12bot.com/)"
66.249.66.205 - - [06/Jul/2024:13:49:48 +0330] "GET /fa/wp-content/themes/Zephyr/common/css/rtl.min.css?ver=8.5.1 HTTP/1.1" 200 3818 "https://saffgroup.com/fa/%D9%BE%DB%8C%D8%A7%D9%85-%D9%85%D8%AF%DB%8C%D8%B1-%D8%B9%D8%A7%D9%85%D9%84-%D8%B4%D8%B1%DA%A9%D8%AA-%D8%B5%D9%81-%D8%A8%D9%87-%D9%85%D9%86%D8%A7%D8%B3%D8%A8%D8%AA-%D8%A8%D8%B2%D8%B1%DA%AF%D8%AF%D8%A7/" "Mozilla/5.0 (Linux; Android 6.0.1; Nexus 5X Build/MMB29P) AppleWebKit/537.36 (KHTML, like Gecko) Chrome/125.0.6422.175 Mobile Safari/537.36 (compatible; Googlebot/2.1; +http://www.google.com/bot.html)"
88.88.133.174 - - [06/Jul/2024:13:49:49 +0330] "GET /fa/%D8%A7%D9%85%D8%B6%D8%A7%DB%8C-%D8%AA%D9%81%D8%A7%D9%87%D9%85%D9%86%D8%A7%D9%85%D9%87-%D9%87%D9%85%DA%A9%D8%A7%D8%B1%DB%8C-%D9%87%D8%A7%DB%8C-%D9%85%D8%B4%D8%AA%D8%B1%DA%A9-%D9%85%DB%8C%D8%A7%D9%86/dav-2/feed/ HTTP/1.1" 200 568 "-" "Mozilla/5.0 (compatible; MJ12bot/v1.4.8; http://mj12bot.com/)"
88.88.133.174 - - [06/Jul/2024:13:49:51 +0330] "GET /fa/%D8%A7%D9%85%D8%B6%D8%A7%DB%8C-%D8%AA%D9%81%D8%A7%D9%87%D9%85%D9%86%D8%A7%D9%85%D9%87-%D9%87%D9%85%DA%A9%D8%A7%D8%B1%DB%8C-%D9%87%D8%A7%DB%8C-%D9%85%D8%B4%D8%AA%D8%B1%DA%A9-%D9%85%DB%8C%D8%A7%D9%86/dav/feed/ HTTP/1.1" 200 567 "-" "Mozilla/5.0 (compatible; MJ12bot/v1.4.8; http://mj12bot.com/)"
88.88.133.174 - - [06/Jul/2024:13:49:54 +0330] "GET /fa/%D8%A7%D9%85%D8%B6%D8%A7%DB%8C-%D8%AA%D9%81%D8%A7%D9%87%D9%85%D9%86%D8%A7%D9%85%D9%87-%D9%87%D9%85%DA%A9%D8%A7%D8%B1%DB%8C-%D9%87%D8%A7%DB%8C-%D9%85%D8%B4%D8%AA%D8%B1%DA%A9-%D9%85%DB%8C%D8%A7%D9%86/feed/ HTTP/1.1" 200 632 "-" "Mozilla/5.0 (compatible; MJ12bot/v1.4.8; http://mj12bot.com/)"
88.88.133.174 - - [06/Jul/2024:13:49:56 +0330] "GET /fa/%D8%A7%D9%85%D8%B6%D8%A7-%D9%82%D8%B1%D8%A7%D8%B1%D8%AF%D8%A7%D8%AF-%D8%AA%D8%B9%D9%85%DB%8C%D8%B1%D8%A7%D8%AA-%D8%A7%D8%B3%D8%A7%D8%B3%DB%8C-%D8%A8%D8%AE%D8%B4-%D8%B4%D8%B1%D9%82%DB%8C-%D8%A7%D8%B3/ HTTP/1.1" 200 20094 "-" "Mozilla/5.0 (compatible; MJ12bot/v1.4.8; http://mj12bot.com/)"
88.88.133.174 - - [06/Jul/2024:13:50:00 +0330] "GET /fa/%D8%A7%D9%85%D8%B6%D8%A7-%D9%82%D8%B1%D8%A7%D8%B1%D8%AF%D8%A7%D8%AF-%D8%AA%D8%B9%D9%85%DB%8C%D8%B1%D8%A7%D8%AA-%D8%A7%D8%B3%D8%A7%D8%B3%DB%8C-%D8%A8%D8%AE%D8%B4-%D8%B4%D8%B1%D9%82%DB%8C-%D8%A7%D8%B3/feed/ HTTP/1.1" 200 645 "-" "Mozilla/5.0 (compatible; MJ12bot/v1.4.8; http://mj12bot.com/)"
88.88.133.174 - - [06/Jul/2024:13:50:02 +0330] "GET /fa/%D8%A7%D9%85%D8%B6%D8%A7-%D9%82%D8%B1%D8%A7%D8%B1%D8%AF%D8%A7%D8%AF-%D8%AA%D8%B9%D9%85%DB%8C%D8%B1%D8%A7%D8%AA-%D8%A7%D8%B3%D8%A7%D8%B3%DB%8C-%D8%A8%D8%AE%D8%B4-%D8%B4%D8%B1%D9%82%DB%8C-%D8%A7%D8%B3/t01/feed/ HTTP/1.1" 200 573 "-" "Mozilla/5.0 (compatible; MJ12bot/v1.4.8; http://mj12bot.com/)"
88.88.133.174 - - [06/Jul/2024:13:50:05 +0330] "GET /fa/%D8%A7%D9%85%D8%B6%D8%A7-%D9%82%D8%B1%D8%A7%D8%B1%D8%AF%D8%A7%D8%AF-%D8%AA%D8%B9%D9%85%DB%8C%D8%B1%D8%A7%D8%AA-%D8%A7%D8%B3%D8%A7%D8%B3%DB%8C-%D8%A8%D8%AE%D8%B4-%D8%B4%D8%B1%D9%82%DB%8C-%D8%A7%D8%B3/t02/feed/ HTTP/1.1" 200 573 "-" "Mozilla/5.0 (compatible; MJ12bot/v1.4.8; http://mj12bot.com/)"
88.88.133.174 - - [06/Jul/2024:13:50:07 +0330] "GET /fa/%D8%A7%D9%87%D8%AF%D8%A7%DB%8C-%D9%84%D9%88%D8%AD-%D9%88%D8%A7%D8%AD%D8%AF-%D9%86%D9%85%D9%88%D9%86%D9%87-%D8%B5%D9%86%D9%81%DB%8C-%D9%87%D8%B1%D9%85%D8%B2%DA%AF%D8%A7%D9%86-%D8%AF%D8%B1-%D8%B3%D8%A7/ HTTP/1.1" 200 20165 "-" "Mozilla/5.0 (compatible; MJ12bot/v1.4.8; http://mj12bot.com/)"
88.88.133.174 - - [06/Jul/2024:13:50:10 +0330] "GET /fa/%D8%A7%D9%87%D8%AF%D8%A7%DB%8C-%D9%84%D9%88%D8%AD-%D9%88%D8%A7%D8%AD%D8%AF-%D9%86%D9%85%D9%88%D9%86%D9%87-%D8%B5%D9%86%D9%81%DB%8C-%D9%87%D8%B1%D9%85%D8%B2%DA%AF%D8%A7%D9%86-%D8%AF%D8%B1-%D8%B3%D8%A7/attachment/111/feed/ HTTP/1.1" 200 592 "-" "Mozilla/5.0 (compatible; MJ12bot/v1.4.8; http://mj12bot.com/)"
88.88.133.174 - - [06/Jul/2024:13:50:13 +0330] "GET /fa/%D8%A7%D9%87%D8%AF%D8%A7%DB%8C-%D9%84%D9%88%D8%AD-%D9%88%D8%A7%D8%AD%D8%AF-%D9%86%D9%85%D9%88%D9%86%D9%87-%D8%B5%D9%86%D9%81%DB%8C-%D9%87%D8%B1%D9%85%D8%B2%DA%AF%D8%A7%D9%86-%D8%AF%D8%B1-%D8%B3%D8%A7/attachment/2222222222/feed/ HTTP/1.1" 200 594 "-" "Mozilla/5.0 (compatible; MJ12bot/v1.4.8; http://mj12bot.com/)"
88.88.133.174 - - [06/Jul/2024:13:50:15 +0330] "GET /fa/%D8%A7%D9%87%D8%AF%D8%A7%DB%8C-%D9%84%D9%88%D8%AD-%D9%88%D8%A7%D8%AD%D8%AF-%D9%86%D9%85%D9%88%D9%86%D9%87-%D8%B5%D9%86%D9%81%DB%8C-%D9%87%D8%B1%D9%85%D8%B2%DA%AF%D8%A7%D9%86-%D8%AF%D8%B1-%D8%B3%D8%A7/feed/ HTTP/1.1" 200 639 "-" "Mozilla/5.0 (compatible; MJ12bot/v1.4.8; http://mj12bot.com/)"
88.88.133.174 - - [06/Jul/2024:13:50:18 +0330] "GET /fa/%D8%A8%D8%A7%D8%B2%D8%AF%DB%8C%D8%AF-%D8%AC%D9%86%D8%A7%D8%A8-%D8%A2%D9%82%D8%A7%DB%8C-%D8%AF%DA%A9%D8%AA%D8%B1-%D8%AD%D8%B3%DB%8C%D9%86-%D8%B1%D8%B6%DB%8C-%D9%82%D8%A7%D8%A6%D9%85-%D9%85%D9%82%D8%A7/img_20230704_115732/feed/ HTTP/1.1" 200 607 "-" "Mozilla/5.0 (compatible; MJ12bot/v1.4.8; http://mj12bot.com/)"
88.88.133.174 - - [06/Jul/2024:13:50:20 +0330] "GET /fa/%D8%A8%D8%A7%D8%B2%D8%AF%DB%8C%D8%AF-%D8%AC%D9%86%D8%A7%D8%A8-%D8%A2%D9%82%D8%A7%DB%8C-%D8%AF%DA%A9%D8%AA%D8%B1-%D8%AD%D8%B3%DB%8C%D9%86-%D8%B1%D8%B6%DB%8C-%D9%82%D8%A7%D8%A6%D9%85-%D9%85%D9%82%D8%A7/img_20230704_115747/feed/ HTTP/1.1" 200 608 "-" "Mozilla/5.0 (compatible; MJ12bot/v1.4.8; http://mj12bot.com/)"
88.88.133.174 - - [06/Jul/2024:13:50:23 +0330] "GET /fa/%D8%A8%D8%A7%D8%B2%D8%AF%DB%8C%D8%AF-%D8%AC%D9%86%D8%A7%D8%A8-%D8%A2%D9%82%D8%A7%DB%8C-%D8%AF%DA%A9%D8%AA%D8%B1-%D8%AD%D8%B3%DB%8C%D9%86-%D8%B1%D8%B6%DB%8C-%D9%82%D8%A7%D8%A6%D9%85-%D9%85%D9%82%D8%A7/img_20230704_120325/feed/ HTTP/1.1" 200 607 "-" "Mozilla/5.0 (compatible; MJ12bot/v1.4.8; http://mj12bot.com/)"
88.88.133.174 - - [06/Jul/2024:13:50:25 +0330] "GET /fa/%D8%A8%D8%A7%D8%B2%D8%AF%DB%8C%D8%AF-%D8%AC%D9%86%D8%A7%D8%A8-%D8%A2%D9%82%D8%A7%DB%8C-%D8%AF%DA%A9%D8%AA%D8%B1-%D8%AD%D8%B3%DB%8C%D9%86-%D8%B1%D8%B6%DB%8C-%D9%82%D8%A7%D8%A6%D9%85-%D9%85%D9%82%D8%A7/img_20230704_131415/feed/ HTTP/1.1" 200 608 "-" "Mozilla/5.0 (compatible; MJ12bot/v1.4.8; http://mj12bot.com/)"
88.88.133.174 - - [06/Jul/2024:13:50:28 +0330] "GET /fa/%D8%A8%D8%A7%D8%B2%D8%AF%DB%8C%D8%AF-%D9%85%D8%AF%DB%8C%D8%B1%D8%A7%D9%86-%D9%88-%DA%A9%D8%A7%D8%B1%D8%B4%D9%86%D8%A7%D8%B3%D8%A7%D9%86-%D9%85%D8%AD%D8%AA%D8%B1%D9%85-%D8%B3%D8%A7%D8%B2%D9%85%D8%A7/img_20231018_103039/feed/ HTTP/1.1" 200 592 "-" "Mozilla/5.0 (compatible; MJ12bot/v1.4.8; http://mj12bot.com/)"
88.88.133.174 - - [06/Jul/2024:13:50:31 +0330] "GET /fa/%D8%A8%D8%A7%D8%B2%D8%AF%DB%8C%D8%AF-%D9%85%D8%AF%DB%8C%D8%B1%D8%A7%D9%86-%D9%88-%DA%A9%D8%A7%D8%B1%D8%B4%D9%86%D8%A7%D8%B3%D8%A7%D9%86-%D9%85%D8%AD%D8%AA%D8%B1%D9%85-%D8%B3%D8%A7%D8%B2%D9%85%D8%A7/img_20231018_104509/feed/ HTTP/1.1" 200 593 "-" "Mozilla/5.0 (compatible; MJ12bot/v1.4.8; http://mj12bot.com/)"
88.88.133.174 - - [06/Jul/2024:13:50:34 +0330] "GET /fa/%D8%A8%D8%A7%D8%B2%D8%AF%DB%8C%D8%AF-%D9%85%D8%AF%DB%8C%D8%B1%D8%A7%D9%86-%D9%88-%DA%A9%D8%A7%D8%B1%D8%B4%D9%86%D8%A7%D8%B3%D8%A7%D9%86-%D9%85%D8%AD%D8%AA%D8%B1%D9%85-%D8%B3%D8%A7%D8%B2%D9%85%D8%A7/img_20231018_112026/feed/ HTTP/1.1" 200 592 "-" "Mozilla/5.0 (compatible; MJ12bot/v1.4.8; http://mj12bot.com/)"
88.88.133.174 - - [06/Jul/2024:13:50:36 +0330] "GET /fa/%D8%A8%D8%A7%D8%B2%D8%AF%DB%8C%D8%AF-%D9%85%D8%AF%DB%8C%D8%B1%D8%A7%D9%86-%D9%88-%DA%A9%D8%A7%D8%B1%D8%B4%D9%86%D8%A7%D8%B3%D8%A7%D9%86-%D9%85%D8%AD%D8%AA%D8%B1%D9%85-%D8%B3%D8%A7%D8%B2%D9%85%D8%A7/img_20231018_114031/feed/ HTTP/1.1" 200 593 "-" "Mozilla/5.0 (compatible; MJ12bot/v1.4.8; http://mj12bot.com/)"
88.88.133.174 - - [06/Jul/2024:13:50:39 +0330] "GET /fa/%D8%A8%D8%A7%D8%B2%D8%AF%DB%8C%D8%AF-%D9%85%D8%AF%DB%8C%D8%B1%D8%B9%D8%A7%D9%85%D9%84-%D8%B4%D8%B1%DA%A9%D8%AA-%D9%86%D9%81%D8%AA-%D9%81%D9%84%D8%A7%D8%AA-%D9%82%D8%A7%D8%B1%D9%87-%D8%A7%DB%8C%D8%B1/ HTTP/1.1" 200 20160 "-" "Mozilla/5.0 (compatible; MJ12bot/v1.4.8; http://mj12bot.com/)"
88.88.133.174 - - [06/Jul/2024:13:50:42 +0330] "GET /fa/%D8%A8%D8%A7%D8%B2%D8%AF%DB%8C%D8%AF-%D9%85%D8%AF%DB%8C%D8%B1%D8%B9%D8%A7%D9%85%D9%84-%D8%B4%D8%B1%DA%A9%D8%AA-%D9%86%D9%81%D8%AA-%D9%81%D9%84%D8%A7%D8%AA-%D9%82%D8%A7%D8%B1%D9%87-%D8%A7%DB%8C%D8%B1/feed/ HTTP/1.1" 200 688 "-" "Mozilla/5.0 (compatible; MJ12bot/v1.4.8; http://mj12bot.com/)"
88.88.133.174 - - [06/Jul/2024:13:50:44 +0330] "GET /fa/%D8%A8%D8%A7%D8%B2%D8%AF%DB%8C%D8%AF-%D9%85%D8%AF%DB%8C%D8%B1%D8%B9%D8%A7%D9%85%D9%84-%D8%B4%D8%B1%DA%A9%D8%AA-%D9%86%D9%81%D8%AA-%D9%81%D9%84%D8%A7%D8%AA-%D9%82%D8%A7%D8%B1%D9%87-%D8%A7%DB%8C%D8%B1/photo1687927886-3/feed/ HTTP/1.1" 200 595 "-" "Mozilla/5.0 (compatible; MJ12bot/v1.4.8; http://mj12bot.com/)"
88.88.133.174 - - [06/Jul/2024:13:50:47 +0330] "GET /fa/%D8%A8%D8%A7%D8%B2%D8%AF%DB%8C%D8%AF-%D9%85%D8%AF%DB%8C%D8%B1%D8%B9%D8%A7%D9%85%D9%84-%D8%B4%D8%B1%DA%A9%D8%AA-%D9%86%D9%81%D8%AA-%D9%81%D9%84%D8%A7%D8%AA-%D9%82%D8%A7%D8%B1%D9%87-%D8%A7%DB%8C%D8%B1/photo1687927886/feed/ HTTP/1.1" 200 588 "-" "Mozilla/5.0 (compatible; MJ12bot/v1.4.8; http://mj12bot.com/)"
88.88.133.174 - - [06/Jul/2024:13:50:49 +0330] "GET /fa/%D8%A8%D8%B2%D8%B1%DA%AF%D8%AF%D8%A7%D8%B4%D8%AA-%D9%86%D9%88%D8%B1%D9%88%D8%B2-%D8%A8%D8%A7%D8%B3%D8%AA%D8%A7%D9%86%DB%8C-%D8%A8%D8%A7-%D8%AD%D8%B6%D9%88%D8%B1-%D9%85%D8%AF%DB%8C%D8%B1%D8%B9%D8%A7/ HTTP/1.1" 200 20019 "-" "Mozilla/5.0 (compatible; MJ12bot/v1.4.8; http://mj12bot.com/)"
88.88.133.174 - - [06/Jul/2024:13:50:52 +0330] "GET /fa/%D8%A8%D8%B2%D8%B1%DA%AF%D8%AF%D8%A7%D8%B4%D8%AA-%D9%86%D9%88%D8%B1%D9%88%D8%B2-%D8%A8%D8%A7%D8%B3%D8%AA%D8%A7%D9%86%DB%8C-%D8%A8%D8%A7-%D8%AD%D8%B6%D9%88%D8%B1-%D9%85%D8%AF%DB%8C%D8%B1%D8%B9%D8%A7/feed/ HTTP/1.1" 200 675 "-" "Mozilla/5.0 (compatible; MJ12bot/v1.4.8; http://mj12bot.com/)"
88.88.133.174 - - [06/Jul/2024:13:50:55 +0330] "GET /fa/%D8%A8%D8%B2%D8%B1%DA%AF%D8%AF%D8%A7%D8%B4%D8%AA-%D9%86%D9%88%D8%B1%D9%88%D8%B2-%D8%A8%D8%A7%D8%B3%D8%AA%D8%A7%D9%86%DB%8C-%D8%A8%D8%A7-%D8%AD%D8%B6%D9%88%D8%B1-%D9%85%D8%AF%DB%8C%D8%B1%D8%B9%D8%A7/mix01-copy-2/feed/ HTTP/1.1" 200 589 "-" "Mozilla/5.0 (compatible; MJ12bot/v1.4.8; http://mj12bot.com/)"
88.88.133.174 - - [06/Jul/2024:13:50:57 +0330] "GET /fa/%D8%A8%D8%B2%D8%B1%DA%AF%D8%AF%D8%A7%D8%B4%D8%AA-%D9%86%D9%88%D8%B1%D9%88%D8%B2-%D8%A8%D8%A7%D8%B3%D8%AA%D8%A7%D9%86%DB%8C-%D8%A8%D8%A7-%D8%AD%D8%B6%D9%88%D8%B1-%D9%85%D8%AF%DB%8C%D8%B1%D8%B9%D8%A7/mix01-copy/feed/ HTTP/1.1" 200 588 "-" "Mozilla/5.0 (compatible; MJ12bot/v1.4.8; http://mj12bot.com/)"
88.88.133.174 - - [06/Jul/2024:13:51:00 +0330] "GET /fa/%D8%A8%D8%B2%D8%B1%DA%AF%D8%AF%D8%A7%D8%B4%D8%AA-%D9%86%D9%88%D8%B1%D9%88%D8%B2-%D8%A8%D8%A7%D8%B3%D8%AA%D8%A7%D9%86%DB%8C-%D8%A8%D8%A7-%D8%AD%D8%B6%D9%88%D8%B1-%D9%85%D8%AF%DB%8C%D8%B1%D8%B9%D8%A7/mix02-copy/feed/ HTTP/1.1" 200 588 "-" "Mozilla/5.0 (compatible; MJ12bot/v1.4.8; http://mj12bot.com/)"
88.88.133.174 - - [06/Jul/2024:13:51:02 +0330] "GET /fa/%D8%AA%D9%85%D8%AF%DB%8C%D8%AF-%D8%B9%D8%B6%D9%88%DB%8C%D8%AA-%D9%88-%D8%AF%D8%B1%DB%8C%D8%A7%D9%81%D8%AA-%DA%AF%D9%88%D8%A7%D9%87%DB%8C%D9%86%D8%A7%D9%85%D9%87-%D8%A7%D8%B2-%D8%A7%D9%86%D8%AC%D9%85/ HTTP/1.1" 200 19996 "-" "Mozilla/5.0 (compatible; MJ12bot/v1.4.8; http://mj12bot.com/)"
88.88.133.174 - - [06/Jul/2024:13:51:05 +0330] "GET /fa/%D8%AA%D9%85%D8%AF%DB%8C%D8%AF-%D8%B9%D8%B6%D9%88%DB%8C%D8%AA-%D9%88-%D8%AF%D8%B1%DB%8C%D8%A7%D9%81%D8%AA-%DA%AF%D9%88%D8%A7%D9%87%DB%8C%D9%86%D8%A7%D9%85%D9%87-%D8%A7%D8%B2-%D8%A7%D9%86%D8%AC%D9%85/feed/ HTTP/1.1" 200 645 "-" "Mozilla/5.0 (compatible; MJ12bot/v1.4.8; http://mj12bot.com/)"
88.88.133.174 - - [06/Jul/2024:13:51:08 +0330] "GET /fa/%D8%AC%D8%B4%D9%86-%D8%B3%DB%8C-%D8%B3%D8%A7%D9%84%DA%AF%DB%8C-%D8%B4%D8%B1%DA%A9%D8%AA-%D8%B5%D9%86%D8%A7%DB%8C%D8%B9-%D9%81%D8%B1%D8%A7%D8%B3%D8%A7%D8%AD%D9%84/ HTTP/1.1" 200 20063 "-" "Mozilla/5.0 (compatible; MJ12bot/v1.4.8; http://mj12bot.com/)"
88.88.133.174 - - [06/Jul/2024:13:51:11 +0330] "GET /fa/%D8%AC%D8%B4%D9%86-%D8%B3%DB%8C-%D8%B3%D8%A7%D9%84%DA%AF%DB%8C-%D8%B4%D8%B1%DA%A9%D8%AA-%D8%B5%D9%86%D8%A7%DB%8C%D8%B9-%D9%81%D8%B1%D8%A7%D8%B3%D8%A7%D8%AD%D9%84/feed/ HTTP/1.1" 200 609 "-" "Mozilla/5.0 (compatible; MJ12bot/v1.4.8; http://mj12bot.com/)"
88.88.133.174 - - [06/Jul/2024:13:51:14 +0330] "GET /fa/%D8%AF%D8%B1%DB%8C%D8%A7%D9%81%D8%AA-%D8%A7%D8%B3%D8%AA%D9%88%D8%A7%D8%B1%D9%86%D8%A7%D9%85%D9%87-%D8%B3%D9%81%DB%8C%D8%B1-%D8%B3%D8%A8%D8%B2-%D8%B5%D9%86%D8%A7%DB%8C%D8%B9-%D8%AF%D8%B1%DB%8C%D8%A7/ HTTP/1.1" 200 20000 "-" "Mozilla/5.0 (compatible; MJ12bot/v1.4.8; http://mj12bot.com/)"
88.88.133.174 - - [06/Jul/2024:13:51:17 +0330] "GET /fa/%D8%AF%D8%B1%DB%8C%D8%A7%D9%81%D8%AA-%D8%A7%D8%B3%D8%AA%D9%88%D8%A7%D8%B1%D9%86%D8%A7%D9%85%D9%87-%D8%B3%D9%81%DB%8C%D8%B1-%D8%B3%D8%A8%D8%B2-%D8%B5%D9%86%D8%A7%DB%8C%D8%B9-%D8%AF%D8%B1%DB%8C%D8%A7/feed/ HTTP/1.1" 200 620 "-" "Mozilla/5.0 (compatible; MJ12bot/v1.4.8; http://mj12bot.com/)"
88.88.133.174 - - [06/Jul/2024:13:51:22 +0330] "GET /fa/index.php/2015-11-01-10-30-27/view-album-image/tag-%DA%AF%D9%88%D8%A7%D9%87%DB%8C%D9%86%D8%A7%D9%85%D9%87+%D9%87%D8%A7%DB%8C+%D8%B9%D8%B6%D9%88%DB%8C%D8%AA/180d71d96f2332933c4f139240527c7b/jpg HTTP/1.1" 301 20 "-" "Mozilla/5.0 (compatible; MJ12bot/v1.4.8; http://mj12bot.com/)"
88.88.133.174 - - [06/Jul/2024:13:51:25 +0330] "GET /fa/2015-11-01-10-30-27/view-album-image/tag-%DA%AF%D9%88%D8%A7%D9%87%DB%8C%D9%86%D8%A7%D9%85%D9%87+%D9%87%D8%A7%DB%8C+%D8%B9%D8%B6%D9%88%DB%8C%D8%AA/180d71d96f2332933c4f139240527c7b/jpg HTTP/1.1" 404 19803 "-" "Mozilla/5.0 (compatible; MJ12bot/v1.4.8; http://mj12bot.com/)"
88.88.133.174 - - [06/Jul/2024:13:51:30 +0330] "GET /fa/index.php/2015-11-01-10-30-27/view-album-image/tag-%DA%AF%D9%88%D8%A7%D9%87%DB%8C%D9%86%D8%A7%D9%85%D9%87+%D9%87%D8%A7%DB%8C+%D9%82%D8%AF%D8%B1%D8%AF%D8%A7%D9%86%DB%8C/15ac665a1e6d78b02c165b5a6afdac9f/jpg HTTP/1.1" 301 20 "-" "Mozilla/5.0 (compatible; MJ12bot/v1.4.8; http://mj12bot.com/)"
88.88.133.174 - - [06/Jul/2024:13:51:33 +0330] "GET /fa/2015-11-01-10-30-27/view-album-image/tag-%DA%AF%D9%88%D8%A7%D9%87%DB%8C%D9%86%D8%A7%D9%85%D9%87+%D9%87%D8%A7%DB%8C+%D9%82%D8%AF%D8%B1%D8%AF%D8%A7%D9%86%DB%8C/15ac665a1e6d78b02c165b5a6afdac9f/jpg HTTP/1.1" 404 19807 "-" "Mozilla/5.0 (compatible; MJ12bot/v1.4.8; http://mj12bot.com/)"
88.88.133.174 - - [06/Jul/2024:13:51:38 +0330] "GET /fa/index.php/2015-11-01-10-30-27/view-album-image/tag-%DA%AF%D9%88%D8%A7%D9%87%DB%8C%D9%86%D8%A7%D9%85%D9%87+%D9%87%D8%A7%DB%8C+%D9%85%D9%84%DB%8C/ec348320ec2f1d8384c8051a75c4560d/jpg HTTP/1.1" 301 20 "-" "Mozilla/5.0 (compatible; MJ12bot/v1.4.8; http://mj12bot.com/)"
79.132.193.205 - - [06/Jul/2024:13:51:41 +0330] "POST /en/wp-cron.php?doing_wp_cron=1720261301.2836539745330810546875 HTTP/1.1" 200 1 "https://saffgroup.com/en/wp-cron.php?doing_wp_cron=1720261301.2836539745330810546875" "WordPress/5.9.3; https://saffgroup.com/en"
66.249.66.206 - - [06/Jul/2024:13:51:40 +0330] "GET /en/certificates/ HTTP/1.1" 200 18537 "-" "Mozilla/5.0 (Linux; Android 6.0.1; Nexus 5X Build/MMB29P) AppleWebKit/537.36 (KHTML, like Gecko) Chrome/125.0.6422.175 Mobile Safari/537.36 (compatible; Googlebot/2.1; +http://www.google.com/bot.html)"
88.88.133.174 - - [06/Jul/2024:13:51:40 +0330] "GET /fa/2015-11-01-10-30-27/view-album-image/tag-%DA%AF%D9%88%D8%A7%D9%87%DB%8C%D9%86%D8%A7%D9%85%D9%87+%D9%87%D8%A7%DB%8C+%D9%85%D9%84%DB%8C/ec348320ec2f1d8384c8051a75c4560d/jpg HTTP/1.1" 404 19787 "-" "Mozilla/5.0 (compatible; MJ12bot/v1.4.8; http://mj12bot.com/)"
185.67.215.10 - - [06/Jul/2024:13:51:41 +0330] "GET /en/ HTTP/2.0" 200 31524 "https://www.google.com/" "Mozilla/5.0 (Windows NT 10.0; Win64; x64) AppleWebKit/537.36 (KHTML, like Gecko) Chrome/126.0.0.0 Safari/537.36"
185.67.215.10 - - [06/Jul/2024:13:51:42 +0330] "GET /en/wp-content/plugins/newsletter/style.css?ver=7.4.3 HTTP/2.0" 200 1190 "https://saffgroup.com/en/" "Mozilla/5.0 (Windows NT 10.0; Win64; x64) AppleWebKit/537.36 (KHTML, like Gecko) Chrome/126.0.0.0 Safari/537.36"
185.67.215.10 - - [06/Jul/2024:13:51:42 +0330] "GET /en/wp-content/plugins/revslider/revslider-fonts/fonts.css?ver=5.9.3 HTTP/2.0" 200 1380 "https://saffgroup.com/en/" "Mozilla/5.0 (Windows NT 10.0; Win64; x64) AppleWebKit/537.36 (KHTML, like Gecko) Chrome/126.0.0.0 Safari/537.36"
185.67.215.10 - - [06/Jul/2024:13:51:42 +0330] "GET /en/wp-content/themes/Zephyr/fonts/fonts/fonts.css?ver=5.9.3 HTTP/2.0" 200 1380 "https://saffgroup.com/en/" "Mozilla/5.0 (Windows NT 10.0; Win64; x64) AppleWebKit/537.36 (KHTML, like Gecko) Chrome/126.0.0.0 Safari/537.36"
185.67.215.10 - - [06/Jul/2024:13:51:42 +0330] "GET /en/wp-content/themes/Zephyr/common/css/base/ripple.css?ver=8.5.1 HTTP/2.0" 200 391 "https://saffgroup.com/en/" "Mozilla/5.0 (Windows NT 10.0; Win64; x64) AppleWebKit/537.36 (KHTML, like Gecko) Chrome/126.0.0.0 Safari/537.36"
185.67.215.10 - - [06/Jul/2024:13:51:42 +0330] "GET /en/wp-content/themes/Zephyr-child/style.css?ver=8.5.1 HTTP/2.0" 200 123 "https://saffgroup.com/en/" "Mozilla/5.0 (Windows NT 10.0; Win64; x64) AppleWebKit/537.36 (KHTML, like Gecko) Chrome/126.0.0.0 Safari/537.36"
185.67.215.10 - - [06/Jul/2024:13:51:42 +0330] "GET /en/wp-content/plugins/revslider/public/assets/assets/dummy.png HTTP/2.0" 200 68 "https://saffgroup.com/en/" "Mozilla/5.0 (Windows NT 10.0; Win64; x64) AppleWebKit/537.36 (KHTML, like Gecko) Chrome/126.0.0.0 Safari/537.36"
185.67.215.10 - - [06/Jul/2024:13:51:42 +0330] "GET /en/wp-content/plugins/revslider/public/assets/fonts/revicons/revicons.woff?5510888 HTTP/2.0" 200 7459 "https://saffgroup.com/en/" "Mozilla/5.0 (Windows NT 10.0; Win64; x64) AppleWebKit/537.36 (KHTML, like Gecko) Chrome/126.0.0.0 Safari/537.36"
185.67.215.10 - - [06/Jul/2024:13:51:42 +0330] "GET /en/wp-content/uploads/smile_fonts/Defaults/Defaults.css?ver=3.19.11 HTTP/2.0" 200 4455 "https://saffgroup.com/en/" "Mozilla/5.0 (Windows NT 10.0; Win64; x64) AppleWebKit/537.36 (KHTML, like Gecko) Chrome/126.0.0.0 Safari/537.36"
185.67.215.10 - - [06/Jul/2024:13:51:42 +0330] "GET /en/wp-includes/js/jquery/jquery.min.js?ver=3.6.0 HTTP/2.0" 200 30310 "https://saffgroup.com/en/" "Mozilla/5.0 (Windows NT 10.0; Win64; x64) AppleWebKit/537.36 (KHTML, like Gecko) Chrome/126.0.0.0 Safari/537.36"
185.67.215.10 - - [06/Jul/2024:13:51:42 +0330] "GET /en/wp-content/plugins/revslider/public/assets/css/rs6.css?ver=6.5.15 HTTP/2.0" 200 11778 "https://saffgroup.com/en/" "Mozilla/5.0 (Windows NT 10.0; Win64; x64) AppleWebKit/537.36 (KHTML, like Gecko) Chrome/126.0.0.0 Safari/537.36"
185.67.215.10 - - [06/Jul/2024:13:51:42 +0330] "GET /en/wp-content/themes/Zephyr/css/style.min.css?ver=8.5.1 HTTP/2.0" 200 58077 "https://saffgroup.com/en/" "Mozilla/5.0 (Windows NT 10.0; Win64; x64) AppleWebKit/537.36 (KHTML, like Gecko) Chrome/126.0.0.0 Safari/537.36"
185.67.215.10 - - [06/Jul/2024:13:51:42 +0330] "GET /en/wp-content/plugins/js_composer/assets/css/js_composer.min.css?ver=6.7.0 HTTP/2.0" 200 41040 "https://saffgroup.com/en/" "Mozilla/5.0 (Windows NT 10.0; Win64; x64) AppleWebKit/537.36 (KHTML, like Gecko) Chrome/126.0.0.0 Safari/537.36"
185.67.215.10 - - [06/Jul/2024:13:51:42 +0330] "GET /en/wp-content/themes/Zephyr/js/us.core.min.js?ver=8.5.1 HTTP/2.0" 200 40612 "https://saffgroup.com/en/" "Mozilla/5.0 (Windows NT 10.0; Win64; x64) AppleWebKit/537.36 (KHTML, like Gecko) Chrome/126.0.0.0 Safari/537.36"
185.67.215.10 - - [06/Jul/2024:13:51:42 +0330] "GET /en/wp-content/themes/Zephyr/common/js/base/ripple.min.js?ver=8.5.1 HTTP/2.0" 200 764 "https://saffgroup.com/en/" "Mozilla/5.0 (Windows NT 10.0; Win64; x64) AppleWebKit/537.36 (KHTML, like Gecko) Chrome/126.0.0.0 Safari/537.36"
185.67.215.10 - - [06/Jul/2024:13:51:42 +0330] "GET /en/wp-includes/js/wp-emoji-release.min.js?ver=5.9.3 HTTP/2.0" 200 4542 "https://saffgroup.com/en/" "Mozilla/5.0 (Windows NT 10.0; Win64; x64) AppleWebKit/537.36 (KHTML, like Gecko) Chrome/126.0.0.0 Safari/537.36"
185.67.215.10 - - [06/Jul/2024:13:51:42 +0330] "GET /en/wp-content/plugins/revslider/public/assets/js/rbtools.min.js?ver=6.5.15 HTTP/2.0" 200 47240 "https://saffgroup.com/en/" "Mozilla/5.0 (Windows NT 10.0; Win64; x64) AppleWebKit/537.36 (KHTML, like Gecko) Chrome/126.0.0.0 Safari/537.36"
185.67.215.10 - - [06/Jul/2024:13:51:43 +0330] "GET /en/wp-content/themes/Zephyr/fonts/fonts/fonts/woff2/robotoregular.woff2 HTTP/2.0" 200 19824 "https://saffgroup.com/en/wp-content/themes/Zephyr/fonts/fonts/fonts.css?ver=5.9.3" "Mozilla/5.0 (Windows NT 10.0; Win64; x64) AppleWebKit/537.36 (KHTML, like Gecko) Chrome/126.0.0.0 Safari/537.36"
185.67.215.10 - - [06/Jul/2024:13:51:43 +0330] "GET /en/wp-content/themes/Zephyr/fonts/fa-solid-900.woff2?ver=8.5.1 HTTP/2.0" 200 78273 "https://saffgroup.com/en/" "Mozilla/5.0 (Windows NT 10.0; Win64; x64) AppleWebKit/537.36 (KHTML, like Gecko) Chrome/126.0.0.0 Safari/537.36"
185.67.215.10 - - [06/Jul/2024:13:51:43 +0330] "GET /en/wp-content/themes/Zephyr/fonts/fonts/fonts/woff2/robotobold.woff2 HTTP/2.0" 200 20216 "https://saffgroup.com/en/wp-content/themes/Zephyr/fonts/fonts/fonts.css?ver=5.9.3" "Mozilla/5.0 (Windows NT 10.0; Win64; x64) AppleWebKit/537.36 (KHTML, like Gecko) Chrome/126.0.0.0 Safari/537.36"
185.67.215.10 - - [06/Jul/2024:13:51:43 +0330] "GET /en/wp-content/themes/Zephyr/fonts/material-icons.woff2?ver=8.5.1 HTTP/2.0" 200 110565 "https://saffgroup.com/en/" "Mozilla/5.0 (Windows NT 10.0; Win64; x64) AppleWebKit/537.36 (KHTML, like Gecko) Chrome/126.0.0.0 Safari/537.36"
185.67.215.10 - - [06/Jul/2024:13:51:43 +0330] "GET /en/wp-content/uploads/2017/07/SAFF-logo.png HTTP/2.0" 200 24558 "https://saffgroup.com/en/" "Mozilla/5.0 (Windows NT 10.0; Win64; x64) AppleWebKit/537.36 (KHTML, like Gecko) Chrome/126.0.0.0 Safari/537.36"
185.67.215.10 - - [06/Jul/2024:13:51:42 +0330] "GET /en/wp-content/plugins/revslider/public/assets/js/rs6.min.js?ver=6.5.15 HTTP/2.0" 200 94275 "https://saffgroup.com/en/" "Mozilla/5.0 (Windows NT 10.0; Win64; x64) AppleWebKit/537.36 (KHTML, like Gecko) Chrome/126.0.0.0 Safari/537.36"
185.67.215.10 - - [06/Jul/2024:13:51:43 +0330] "GET /en/wp-content/uploads/2022/05/4232637-1-1.jpg HTTP/2.0" 200 191941 "https://saffgroup.com/en/" "Mozilla/5.0 (Windows NT 10.0; Win64; x64) AppleWebKit/537.36 (KHTML, like Gecko) Chrome/126.0.0.0 Safari/537.36"
185.67.215.10 - - [06/Jul/2024:13:51:43 +0330] "GET /en/wp-content/uploads/2022/05/IMG_1446-scaled.jpg HTTP/2.0" 200 271609 "https://saffgroup.com/en/" "Mozilla/5.0 (Windows NT 10.0; Win64; x64) AppleWebKit/537.36 (KHTML, like Gecko) Chrome/126.0.0.0 Safari/537.36"
185.67.215.10 - - [06/Jul/2024:13:51:43 +0330] "GET /en/wp-content/uploads/2022/05/061.jpg HTTP/2.0" 200 85125 "https://saffgroup.com/en/" "Mozilla/5.0 (Windows NT 10.0; Win64; x64) AppleWebKit/537.36 (KHTML, like Gecko) Chrome/126.0.0.0 Safari/537.36"
185.67.215.10 - - [06/Jul/2024:13:51:43 +0330] "GET /en/wp-content/uploads/2022/05/Rectangle-332-min.png HTTP/2.0" 200 201778 "https://saffgroup.com/en/" "Mozilla/5.0 (Windows NT 10.0; Win64; x64) AppleWebKit/537.36 (KHTML, like Gecko) Chrome/126.0.0.0 Safari/537.36"
185.67.215.10 - - [06/Jul/2024:13:51:43 +0330] "GET /en/wp-content/uploads/2022/05/DSC00968-min.jpg HTTP/2.0" 200 125534 "https://saffgroup.com/en/" "Mozilla/5.0 (Windows NT 10.0; Win64; x64) AppleWebKit/537.36 (KHTML, like Gecko) Chrome/126.0.0.0 Safari/537.36"
185.67.215.10 - - [06/Jul/2024:13:51:43 +0330] "GET /en/wp-content/uploads/2022/05/Page-41-copy-1024x485.jpg HTTP/2.0" 200 81879 "https://saffgroup.com/en/" "Mozilla/5.0 (Windows NT 10.0; Win64; x64) AppleWebKit/537.36 (KHTML, like Gecko) Chrome/126.0.0.0 Safari/537.36"
185.67.215.10 - - [06/Jul/2024:13:51:43 +0330] "GET /en/wp-content/themes/Zephyr/fonts/fa-brands-400.woff2?ver=8.5.1 HTTP/2.0" 200 76741 "https://saffgroup.com/en/" "Mozilla/5.0 (Windows NT 10.0; Win64; x64) AppleWebKit/537.36 (KHTML, like Gecko) Chrome/126.0.0.0 Safari/537.36"
185.67.215.10 - - [06/Jul/2024:13:51:43 +0330] "GET /en/wp-content/uploads/2022/05/South-Pars-Phase-19-Sea-Water-Intake-5.jpg HTTP/2.0" 200 602681 "https://saffgroup.com/en/" "Mozilla/5.0 (Windows NT 10.0; Win64; x64) AppleWebKit/537.36 (KHTML, like Gecko) Chrome/126.0.0.0 Safari/537.36"
185.67.215.10 - - [06/Jul/2024:13:51:43 +0330] "GET /en/wp-content/uploads/2022/05/263753_837.jpg HTTP/2.0" 200 66312 "https://saffgroup.com/en/" "Mozilla/5.0 (Windows NT 10.0; Win64; x64) AppleWebKit/537.36 (KHTML, like Gecko) Chrome/126.0.0.0 Safari/537.36"
185.67.215.10 - - [06/Jul/2024:13:51:43 +0330] "GET /en/wp-content/uploads/2022/05/IMG_5346-2-min-scaled-1-1024x683.jpg HTTP/2.0" 200 110174 "https://saffgroup.com/en/" "Mozilla/5.0 (Windows NT 10.0; Win64; x64) AppleWebKit/537.36 (KHTML, like Gecko) Chrome/126.0.0.0 Safari/537.36"
185.67.215.10 - - [06/Jul/2024:13:51:43 +0330] "GET /en/wp-content/uploads/2022/05/Page-50-1024x575.jpg HTTP/2.0" 200 72739 "https://saffgroup.com/en/" "Mozilla/5.0 (Windows NT 10.0; Win64; x64) AppleWebKit/537.36 (KHTML, like Gecko) Chrome/126.0.0.0 Safari/537.36"
185.67.215.10 - - [06/Jul/2024:13:51:43 +0330] "GET /en/wp-content/uploads/2022/05/site-hara_0-1024x334.jpg HTTP/2.0" 200 53357 "https://saffgroup.com/en/" "Mozilla/5.0 (Windows NT 10.0; Win64; x64) AppleWebKit/537.36 (KHTML, like Gecko) Chrome/126.0.0.0 Safari/537.36"
185.67.215.10 - - [06/Jul/2024:13:51:43 +0330] "GET /en/wp-content/themes/Zephyr/common/js/vendor/owl.carousel.js HTTP/2.0" 200 11227 "https://saffgroup.com/en/" "Mozilla/5.0 (Windows NT 10.0; Win64; x64) AppleWebKit/537.36 (KHTML, like Gecko) Chrome/126.0.0.0 Safari/537.36"
185.67.215.10 - - [06/Jul/2024:13:51:43 +0330] "GET /en/wp-content/uploads/2023/01/Page-7-50x100.jpg HTTP/2.0" 200 2202 "https://saffgroup.com/en/" "Mozilla/5.0 (Windows NT 10.0; Win64; x64) AppleWebKit/537.36 (KHTML, like Gecko) Chrome/126.0.0.0 Safari/537.36"
185.67.215.10 - - [06/Jul/2024:13:51:43 +0330] "GET /en/wp-content/uploads/2022/05/Salman-Offshore-Facilities-6.jpg HTTP/2.0" 200 424956 "https://saffgroup.com/en/" "Mozilla/5.0 (Windows NT 10.0; Win64; x64) AppleWebKit/537.36 (KHTML, like Gecko) Chrome/126.0.0.0 Safari/537.36"
185.67.215.10 - - [06/Jul/2024:13:51:43 +0330] "GET /en/wp-content/uploads/2022/05/hara-50x100.jpg HTTP/2.0" 200 1862 "https://saffgroup.com/en/" "Mozilla/5.0 (Windows NT 10.0; Win64; x64) AppleWebKit/537.36 (KHTML, like Gecko) Chrome/126.0.0.0 Safari/537.36"
185.67.215.10 - - [06/Jul/2024:13:51:43 +0330] "GET /en/wp-content/uploads/2022/05/slider.jpg HTTP/2.0" 200 170320 "https://saffgroup.com/en/" "Mozilla/5.0 (Windows NT 10.0; Win64; x64) AppleWebKit/537.36 (KHTML, like Gecko) Chrome/126.0.0.0 Safari/537.36"
185.67.215.10 - - [06/Jul/2024:13:51:43 +0330] "GET /en/wp-content/uploads/2022/05/digital-hand-min-1.png HTTP/2.0" 200 345426 "https://saffgroup.com/en/" "Mozilla/5.0 (Windows NT 10.0; Win64; x64) AppleWebKit/537.36 (KHTML, like Gecko) Chrome/126.0.0.0 Safari/537.36"
185.67.215.10 - - [06/Jul/2024:13:51:43 +0330] "GET /en/wp-content/uploads/2022/05/e86efdcc-ce48-4125-bb77-c63c676533a3-removebg-preview.png HTTP/2.0" 200 53563 "https://saffgroup.com/en/" "Mozilla/5.0 (Windows NT 10.0; Win64; x64) AppleWebKit/537.36 (KHTML, like Gecko) Chrome/126.0.0.0 Safari/537.36"
185.67.215.10 - - [06/Jul/2024:13:51:43 +0330] "GET /en/wp-content/uploads/2022/05/Bandar-Abbas-Refinery-Offshore-Pipeline-6.jpg HTTP/2.0" 200 546313 "https://saffgroup.com/en/" "Mozilla/5.0 (Windows NT 10.0; Win64; x64) AppleWebKit/537.36 (KHTML, like Gecko) Chrome/126.0.0.0 Safari/537.36"
185.67.215.10 - - [06/Jul/2024:13:51:43 +0330] "POST /mod_pagespeed_beacon?url=https%3A%2F%2Fsaffgroup.com%2Fen%2F HTTP/2.0" 204 - "https://saffgroup.com/en/" "Mozilla/5.0 (Windows NT 10.0; Win64; x64) AppleWebKit/537.36 (KHTML, like Gecko) Chrome/126.0.0.0 Safari/537.36"
185.67.215.10 - - [06/Jul/2024:13:51:43 +0330] "GET /en/wp-content/uploads/2022/05/SAFF-logo-150x149.png HTTP/2.0" 200 20476 "https://saffgroup.com/en/" "Mozilla/5.0 (Windows NT 10.0; Win64; x64) AppleWebKit/537.36 (KHTML, like Gecko) Chrome/126.0.0.0 Safari/537.36"
185.67.215.10 - - [06/Jul/2024:13:51:43 +0330] "GET /en/wp-content/uploads/2023/01/Page-7.jpg HTTP/2.0" 200 228374 "https://saffgroup.com/en/" "Mozilla/5.0 (Windows NT 10.0; Win64; x64) AppleWebKit/537.36 (KHTML, like Gecko) Chrome/126.0.0.0 Safari/537.36"
185.67.215.10 - - [06/Jul/2024:13:51:43 +0330] "GET /en/wp-content/uploads/2022/05/hara.jpg HTTP/2.0" 200 251557 "https://saffgroup.com/en/" "Mozilla/5.0 (Windows NT 10.0; Win64; x64) AppleWebKit/537.36 (KHTML, like Gecko) Chrome/126.0.0.0 Safari/537.36"
88.88.133.174 - - [06/Jul/2024:13:51:46 +0330] "GET /fa/index.php/2015-11-01-10-30-27/view-album/tag-%DA%AF%D9%88%D8%A7%D9%87%DB%8C%D9%86%D8%A7%D9%85%D9%87+%D9%87%D8%A7%DB%8C+%D8%B9%D8%B6%D9%88%DB%8C%D8%AA HTTP/1.1" 301 20 "-" "Mozilla/5.0 (compatible; MJ12bot/v1.4.8; http://mj12bot.com/)"
66.249.66.205 - - [06/Jul/2024:13:51:49 +0330] "GET /en/wp-content/plugins/revslider/public/assets/js/rs6.min.js?ver=6.5.15 HTTP/1.1" 200 94275 "https://saffgroup.com/en/certificates/" "Mozilla/5.0 (Linux; Android 6.0.1; Nexus 5X Build/MMB29P) AppleWebKit/537.36 (KHTML, like Gecko) Chrome/125.0.6422.175 Mobile Safari/537.36 (compatible; Googlebot/2.1; +http://www.google.com/bot.html)"
88.88.133.174 - - [06/Jul/2024:13:51:49 +0330] "GET /fa/2015-11-01-10-30-27/view-album/tag-%DA%AF%D9%88%D8%A7%D9%87%DB%8C%D9%86%D8%A7%D9%85%D9%87+%D9%87%D8%A7%DB%8C+%D8%B9%D8%B6%D9%88%DB%8C%D8%AA HTTP/1.1" 404 19734 "-" "Mozilla/5.0 (compatible; MJ12bot/v1.4.8; http://mj12bot.com/)"
88.88.133.174 - - [06/Jul/2024:13:51:54 +0330] "GET /fa/index.php/2015-11-01-10-30-27/view-album/tag-%DA%AF%D9%88%D8%A7%D9%87%DB%8C%D9%86%D8%A7%D9%85%D9%87+%D9%87%D8%A7%DB%8C+%D9%82%D8%AF%D8%B1%D8%AF%D8%A7%D9%86%DB%8C HTTP/1.1" 301 20 "-" "Mozilla/5.0 (compatible; MJ12bot/v1.4.8; http://mj12bot.com/)"
185.67.215.10 - - [06/Jul/2024:13:51:55 +0330] "GET /en/wp-content/uploads/2023/01/Page-41.jpg HTTP/2.0" 200 696719 "https://saffgroup.com/en/" "Mozilla/5.0 (Windows NT 10.0; Win64; x64) AppleWebKit/537.36 (KHTML, like Gecko) Chrome/126.0.0.0 Safari/537.36"
185.67.215.10 - - [06/Jul/2024:13:51:56 +0330] "GET /fa HTTP/2.0" 301 233 "https://saffgroup.com/en/" "Mozilla/5.0 (Windows NT 10.0; Win64; x64) AppleWebKit/537.36 (KHTML, like Gecko) Chrome/126.0.0.0 Safari/537.36"
185.67.215.10 - - [06/Jul/2024:13:51:56 +0330] "GET /fa/ HTTP/2.0" 200 34374 "https://saffgroup.com/en/" "Mozilla/5.0 (Windows NT 10.0; Win64; x64) AppleWebKit/537.36 (KHTML, like Gecko) Chrome/126.0.0.0 Safari/537.36"
185.67.215.10 - - [06/Jul/2024:13:51:57 +0330] "GET /fa/wp-content/plugins/revslider/revslider-fonts/fonts.css?ver=5.9.3 HTTP/2.0" 200 1380 "https://saffgroup.com/fa/" "Mozilla/5.0 (Windows NT 10.0; Win64; x64) AppleWebKit/537.36 (KHTML, like Gecko) Chrome/126.0.0.0 Safari/537.36"
185.67.215.10 - - [06/Jul/2024:13:51:57 +0330] "GET /fa/wp-content/themes/Zephyr/fonts/fonts/fonts.css?ver=5.9.3 HTTP/2.0" 200 1380 "https://saffgroup.com/fa/" "Mozilla/5.0 (Windows NT 10.0; Win64; x64) AppleWebKit/537.36 (KHTML, like Gecko) Chrome/126.0.0.0 Safari/537.36"
185.67.215.10 - - [06/Jul/2024:13:51:57 +0330] "GET /fa/wp-content/plugins/revslider/public/assets/assets/dummy.png HTTP/2.0" 200 68 "https://saffgroup.com/fa/" "Mozilla/5.0 (Windows NT 10.0; Win64; x64) AppleWebKit/537.36 (KHTML, like Gecko) Chrome/126.0.0.0 Safari/537.36"
185.67.215.10 - - [06/Jul/2024:13:51:57 +0330] "GET /fa/wp-content/themes/Zephyr-child/style.css?ver=8.5.1 HTTP/2.0" 200 123 "https://saffgroup.com/fa/" "Mozilla/5.0 (Windows NT 10.0; Win64; x64) AppleWebKit/537.36 (KHTML, like Gecko) Chrome/126.0.0.0 Safari/537.36"
185.67.215.10 - - [06/Jul/2024:13:51:57 +0330] "GET /fa/wp-content/themes/Zephyr/common/css/base/ripple.css?ver=8.5.1 HTTP/2.0" 200 391 "https://saffgroup.com/fa/" "Mozilla/5.0 (Windows NT 10.0; Win64; x64) AppleWebKit/537.36 (KHTML, like Gecko) Chrome/126.0.0.0 Safari/537.36"
185.67.215.10 - - [06/Jul/2024:13:51:57 +0330] "GET /fa/wp-content/plugins/newsletter/style.css?ver=7.4.3 HTTP/2.0" 200 1190 "https://saffgroup.com/fa/" "Mozilla/5.0 (Windows NT 10.0; Win64; x64) AppleWebKit/537.36 (KHTML, like Gecko) Chrome/126.0.0.0 Safari/537.36"
185.67.215.10 - - [06/Jul/2024:13:51:57 +0330] "GET /fa/wp-content/plugins/revslider/public/assets/fonts/revicons/revicons.woff?5510888 HTTP/2.0" 200 7459 "https://saffgroup.com/fa/" "Mozilla/5.0 (Windows NT 10.0; Win64; x64) AppleWebKit/537.36 (KHTML, like Gecko) Chrome/126.0.0.0 Safari/537.36"
185.67.215.10 - - [06/Jul/2024:13:51:57 +0330] "GET /fa/wp-content/uploads/smile_fonts/Defaults/Defaults.css?ver=3.19.11 HTTP/2.0" 200 4455 "https://saffgroup.com/fa/" "Mozilla/5.0 (Windows NT 10.0; Win64; x64) AppleWebKit/537.36 (KHTML, like Gecko) Chrome/126.0.0.0 Safari/537.36"
185.67.215.10 - - [06/Jul/2024:13:51:57 +0330] "GET /fa/wp-content/themes/Zephyr/common/css/rtl.min.css?ver=8.5.1 HTTP/2.0" 200 3818 "https://saffgroup.com/fa/" "Mozilla/5.0 (Windows NT 10.0; Win64; x64) AppleWebKit/537.36 (KHTML, like Gecko) Chrome/126.0.0.0 Safari/537.36"
185.67.215.10 - - [06/Jul/2024:13:51:57 +0330] "GET /fa/wp-content/plugins/html5-video-player/css/player-style.css?ver=2.5.8 HTTP/2.0" 200 4027 "https://saffgroup.com/fa/" "Mozilla/5.0 (Windows NT 10.0; Win64; x64) AppleWebKit/537.36 (KHTML, like Gecko) Chrome/126.0.0.0 Safari/537.36"
185.67.215.10 - - [06/Jul/2024:13:51:57 +0330] "GET /fa/wp-content/plugins/html5-video-player/dist/public.css?ver=2.5.8 HTTP/2.0" 200 238 "https://saffgroup.com/fa/" "Mozilla/5.0 (Windows NT 10.0; Win64; x64) AppleWebKit/537.36 (KHTML, like Gecko) Chrome/126.0.0.0 Safari/537.36"
185.67.215.10 - - [06/Jul/2024:13:51:57 +0330] "GET /fa/wp-includes/js/jquery/jquery.min.js?ver=3.6.0 HTTP/2.0" 200 30310 "https://saffgroup.com/fa/" "Mozilla/5.0 (Windows NT 10.0; Win64; x64) AppleWebKit/537.36 (KHTML, like Gecko) Chrome/126.0.0.0 Safari/537.36"
185.67.215.10 - - [06/Jul/2024:13:51:57 +0330] "GET /fa/wp-content/plugins/revslider/public/assets/css/rs6.css?ver=6.5.15 HTTP/2.0" 200 11778 "https://saffgroup.com/fa/" "Mozilla/5.0 (Windows NT 10.0; Win64; x64) AppleWebKit/537.36 (KHTML, like Gecko) Chrome/126.0.0.0 Safari/537.36"
185.67.215.10 - - [06/Jul/2024:13:51:57 +0330] "GET /fa/wp-content/plugins/js_composer/assets/css/js_composer.min.css?ver=6.7.0 HTTP/2.0" 200 41040 "https://saffgroup.com/fa/" "Mozilla/5.0 (Windows NT 10.0; Win64; x64) AppleWebKit/537.36 (KHTML, like Gecko) Chrome/126.0.0.0 Safari/537.36"
185.67.215.10 - - [06/Jul/2024:13:51:57 +0330] "GET /fa/wp-content/themes/Zephyr/css/style.min.css?ver=8.5.1 HTTP/2.0" 200 58077 "https://saffgroup.com/fa/" "Mozilla/5.0 (Windows NT 10.0; Win64; x64) AppleWebKit/537.36 (KHTML, like Gecko) Chrome/126.0.0.0 Safari/537.36"
185.67.215.10 - - [06/Jul/2024:13:51:57 +0330] "GET /fa/wp-content/themes/Zephyr/js/us.core.min.js?ver=8.5.1 HTTP/2.0" 200 40612 "https://saffgroup.com/fa/" "Mozilla/5.0 (Windows NT 10.0; Win64; x64) AppleWebKit/537.36 (KHTML, like Gecko) Chrome/126.0.0.0 Safari/537.36"
185.67.215.10 - - [06/Jul/2024:13:51:57 +0330] "GET /fa/wp-content/themes/Zephyr/common/js/base/ripple.min.js?ver=8.5.1 HTTP/2.0" 200 764 "https://saffgroup.com/fa/" "Mozilla/5.0 (Windows NT 10.0; Win64; x64) AppleWebKit/537.36 (KHTML, like Gecko) Chrome/126.0.0.0 Safari/537.36"
185.67.215.10 - - [06/Jul/2024:13:51:57 +0330] "GET /fa/wp-content/plugins/html5-video-player/dist/public.js?ver=2.5.8 HTTP/2.0" 200 1849 "https://saffgroup.com/fa/" "Mozilla/5.0 (Windows NT 10.0; Win64; x64) AppleWebKit/537.36 (KHTML, like Gecko) Chrome/126.0.0.0 Safari/537.36"
185.67.215.10 - - [06/Jul/2024:13:51:57 +0330] "GET /fa/wp-content/plugins/js_composer/assets/js/dist/js_composer_front.min.js?ver=6.7.0 HTTP/2.0" 200 5397 "https://saffgroup.com/fa/" "Mozilla/5.0 (Windows NT 10.0; Win64; x64) AppleWebKit/537.36 (KHTML, like Gecko) Chrome/126.0.0.0 Safari/537.36"
185.67.215.10 - - [06/Jul/2024:13:51:57 +0330] "GET /fa/wp-includes/js/wp-emoji-release.min.js?ver=5.9.3 HTTP/2.0" 200 4542 "https://saffgroup.com/fa/" "Mozilla/5.0 (Windows NT 10.0; Win64; x64) AppleWebKit/537.36 (KHTML, like Gecko) Chrome/126.0.0.0 Safari/537.36"
185.67.215.10 - - [06/Jul/2024:13:51:57 +0330] "GET /fa/wp-content/plugins/html5-video-player/js/plyr.js?ver=2.5.8 HTTP/2.0" 200 30659 "https://saffgroup.com/fa/" "Mozilla/5.0 (Windows NT 10.0; Win64; x64) AppleWebKit/537.36 (KHTML, like Gecko) Chrome/126.0.0.0 Safari/537.36"
