46.148.35.242 - - [06/Jul/2024:09:05:21 +0330] "GET /cpsess1500353364/3rdparty/roundcube/skins/elastic/deps/bootstrap.min.css?s=1697448200 HTTP/2.0" 200 25867 "https://webmail.saffgroup.com/cpsess1500353364/3rdparty/roundcube/index.php?_task=mail&_token=ZhEgj1OZFRJFvYmVTA79lAyaMzwAaeWa" "Mozilla/5.0 (Windows NT 6.1; Win64; x64; rv:109.0) Gecko/20100101 Firefox/115.0"
46.148.35.242 - - [06/Jul/2024:09:05:21 +0330] "GET /cpsess1500353364/3rdparty/roundcube/skins/elastic/styles/styles.min.css?s=1698349383 HTTP/2.0" 200 24060 "https://webmail.saffgroup.com/cpsess1500353364/3rdparty/roundcube/index.php?_task=mail&_token=ZhEgj1OZFRJFvYmVTA79lAyaMzwAaeWa" "Mozilla/5.0 (Windows NT 6.1; Win64; x64; rv:109.0) Gecko/20100101 Firefox/115.0"
46.148.35.242 - - [06/Jul/2024:09:05:21 +0330] "GET /cpsess1500353364/3rdparty/roundcube/plugins/return_to_webmail/skins/elastic/return_to_webmail.css?s=1699372602 HTTP/2.0" 200 863 "https://webmail.saffgroup.com/cpsess1500353364/3rdparty/roundcube/index.php?_task=mail&_token=ZhEgj1OZFRJFvYmVTA79lAyaMzwAaeWa" "Mozilla/5.0 (Windows NT 6.1; Win64; x64; rv:109.0) Gecko/20100101 Firefox/115.0"
46.148.35.242 - - [06/Jul/2024:09:05:21 +0330] "GET /cpsess1500353364/3rdparty/roundcube/plugins/carddav/skins/elastic/carddav.css?s=1699372602 HTTP/2.0" 200 66 "https://webmail.saffgroup.com/cpsess1500353364/3rdparty/roundcube/index.php?_task=mail&_token=ZhEgj1OZFRJFvYmVTA79lAyaMzwAaeWa" "Mozilla/5.0 (Windows NT 6.1; Win64; x64; rv:109.0) Gecko/20100101 Firefox/115.0"
46.148.35.242 - - [06/Jul/2024:09:05:21 +0330] "GET /cpsess1500353364/3rdparty/roundcube/plugins/jqueryui/themes/elastic/jquery-ui.min.css?s=1698349383 HTTP/2.0" 200 7701 "https://webmail.saffgroup.com/cpsess1500353364/3rdparty/roundcube/index.php?_task=mail&_token=ZhEgj1OZFRJFvYmVTA79lAyaMzwAaeWa" "Mozilla/5.0 (Windows NT 6.1; Win64; x64; rv:109.0) Gecko/20100101 Firefox/115.0"
5.113.93.237 - - [06/Jul/2024:09:05:26 +0330] "GET /fa/ HTTP/2.0" 200 34363 "https://www.google.com/" "Mozilla/5.0 (Windows NT 10.0; Win64; x64) AppleWebKit/537.36 (KHTML, like Gecko) Chrome/126.0.0.0 Safari/537.36"
5.113.93.237 - - [06/Jul/2024:09:05:28 +0330] "GET /fa/wp-content/uploads/2023/01/Test.mp4 HTTP/2.0" 206 1406063 "https://saffgroup.com/fa/" "Mozilla/5.0 (Windows NT 10.0; Win64; x64) AppleWebKit/537.36 (KHTML, like Gecko) Chrome/126.0.0.0 Safari/537.36"
5.113.93.237 - - [06/Jul/2024:09:05:28 +0330] "POST /mod_pagespeed_beacon?url=https%3A%2F%2Fsaffgroup.com%2Ffa%2F HTTP/2.0" 204 - "https://saffgroup.com/fa/" "Mozilla/5.0 (Windows NT 10.0; Win64; x64) AppleWebKit/537.36 (KHTML, like Gecko) Chrome/126.0.0.0 Safari/537.36"
46.148.35.242 - - [06/Jul/2024:09:05:21 +0330] "GET /cpsess1500353364/3rdparty/roundcube/plugins/calendar/skins/elastic/calendar.css?s=1699372602 HTTP/2.0" 200 15435 "https://webmail.saffgroup.com/cpsess1500353364/3rdparty/roundcube/index.php?_task=mail&_token=ZhEgj1OZFRJFvYmVTA79lAyaMzwAaeWa" "Mozilla/5.0 (Windows NT 6.1; Win64; x64; rv:109.0) Gecko/20100101 Firefox/115.0"
46.148.35.242 - - [06/Jul/2024:09:05:21 +0330] "GET /cpsess1500353364/3rdparty/roundcube/program/js/jquery.min.js?s=1697448190 HTTP/2.0" 200 32867 "https://webmail.saffgroup.com/cpsess1500353364/3rdparty/roundcube/index.php?_task=mail&_token=ZhEgj1OZFRJFvYmVTA79lAyaMzwAaeWa" "Mozilla/5.0 (Windows NT 6.1; Win64; x64; rv:109.0) Gecko/20100101 Firefox/115.0"
46.148.35.242 - - [06/Jul/2024:09:05:21 +0330] "GET /cpsess1500353364/3rdparty/roundcube/program/js/app.min.js?s=1698349383 HTTP/2.0" 200 50587 "https://webmail.saffgroup.com/cpsess1500353364/3rdparty/roundcube/index.php?_task=mail&_token=ZhEgj1OZFRJFvYmVTA79lAyaMzwAaeWa" "Mozilla/5.0 (Windows NT 6.1; Win64; x64; rv:109.0) Gecko/20100101 Firefox/115.0"
46.148.35.242 - - [06/Jul/2024:09:05:21 +0330] "GET /cpsess1500353364/3rdparty/roundcube/program/js/common.min.js?s=1698349383 HTTP/2.0" 200 4964 "https://webmail.saffgroup.com/cpsess1500353364/3rdparty/roundcube/index.php?_task=mail&_token=ZhEgj1OZFRJFvYmVTA79lAyaMzwAaeWa" "Mozilla/5.0 (Windows NT 6.1; Win64; x64; rv:109.0) Gecko/20100101 Firefox/115.0"
46.148.35.242 - - [06/Jul/2024:09:05:21 +0330] "GET /cpsess1500353364/3rdparty/roundcube/program/js/treelist.min.js?s=1698349383 HTTP/2.0" 200 5401 "https://webmail.saffgroup.com/cpsess1500353364/3rdparty/roundcube/index.php?_task=mail&_token=ZhEgj1OZFRJFvYmVTA79lAyaMzwAaeWa" "Mozilla/5.0 (Windows NT 6.1; Win64; x64; rv:109.0) Gecko/20100101 Firefox/115.0"
46.148.35.242 - - [06/Jul/2024:09:05:21 +0330] "GET /cpsess1500353364/3rdparty/roundcube/program/js/list.min.js?s=1698349383 HTTP/2.0" 200 8305 "https://webmail.saffgroup.com/cpsess1500353364/3rdparty/roundcube/index.php?_task=mail&_token=ZhEgj1OZFRJFvYmVTA79lAyaMzwAaeWa" "Mozilla/5.0 (Windows NT 6.1; Win64; x64; rv:109.0) Gecko/20100101 Firefox/115.0"
46.148.35.242 - - [06/Jul/2024:09:05:38 +0330] "GET /cpsess1500353364/3rdparty/roundcube/plugins/return_to_webmail/return_to_webmail.js?s=1699372602 HTTP/2.0" 200 773 "https://webmail.saffgroup.com/cpsess1500353364/3rdparty/roundcube/index.php?_task=mail&_token=ZhEgj1OZFRJFvYmVTA79lAyaMzwAaeWa" "Mozilla/5.0 (Windows NT 6.1; Win64; x64; rv:109.0) Gecko/20100101 Firefox/115.0"
46.148.35.242 - - [06/Jul/2024:09:05:38 +0330] "GET /cpsess1500353364/3rdparty/roundcube/plugins/archive/archive.min.js?s=1697448186 HTTP/2.0" 200 743 "https://webmail.saffgroup.com/cpsess1500353364/3rdparty/roundcube/index.php?_task=mail&_token=ZhEgj1OZFRJFvYmVTA79lAyaMzwAaeWa" "Mozilla/5.0 (Windows NT 6.1; Win64; x64; rv:109.0) Gecko/20100101 Firefox/115.0"
46.148.35.242 - - [06/Jul/2024:09:05:38 +0330] "GET /cpsess1500353364/3rdparty/roundcube/plugins/markasjunk/markasjunk.min.js?s=1697448186 HTTP/2.0" 200 1144 "https://webmail.saffgroup.com/cpsess1500353364/3rdparty/roundcube/index.php?_task=mail&_token=ZhEgj1OZFRJFvYmVTA79lAyaMzwAaeWa" "Mozilla/5.0 (Windows NT 6.1; Win64; x64; rv:109.0) Gecko/20100101 Firefox/115.0"
46.148.35.242 - - [06/Jul/2024:09:05:38 +0330] "GET /cpsess1500353364/3rdparty/roundcube/plugins/calendar/calendar_base.js?s=1699372602 HTTP/2.0" 200 1766 "https://webmail.saffgroup.com/cpsess1500353364/3rdparty/roundcube/index.php?_task=mail&_token=ZhEgj1OZFRJFvYmVTA79lAyaMzwAaeWa" "Mozilla/5.0 (Windows NT 6.1; Win64; x64; rv:109.0) Gecko/20100101 Firefox/115.0"
46.148.35.242 - - [06/Jul/2024:09:05:38 +0330] "GET /cpsess1500353364/3rdparty/roundcube/plugins/libcalendaring/libcalendaring.js?s=1699372602 HTTP/2.0" 200 15634 "https://webmail.saffgroup.com/cpsess1500353364/3rdparty/roundcube/index.php?_task=mail&_token=ZhEgj1OZFRJFvYmVTA79lAyaMzwAaeWa" "Mozilla/5.0 (Windows NT 6.1; Win64; x64; rv:109.0) Gecko/20100101 Firefox/115.0"
46.148.35.242 - - [06/Jul/2024:09:05:38 +0330] "GET /cpsess1500353364/3rdparty/roundcube/skins/elastic/images/favicon.ico?s=1697448186 HTTP/2.0" 200 1871 "https://webmail.saffgroup.com/cpsess1500353364/3rdparty/roundcube/index.php?_task=mail&_token=ZhEgj1OZFRJFvYmVTA79lAyaMzwAaeWa" "Mozilla/5.0 (Windows NT 6.1; Win64; x64; rv:109.0) Gecko/20100101 Firefox/115.0"
46.148.35.242 - - [06/Jul/2024:09:05:38 +0330] "GET /cpsess1500353364/3rdparty/roundcube/plugins/jqueryui/js/jquery-ui.min.js?s=1698349383 HTTP/2.0" 200 74378 "https://webmail.saffgroup.com/cpsess1500353364/3rdparty/roundcube/index.php?_task=mail&_token=ZhEgj1OZFRJFvYmVTA79lAyaMzwAaeWa" "Mozilla/5.0 (Windows NT 6.1; Win64; x64; rv:109.0) Gecko/20100101 Firefox/115.0"
46.148.35.242 - - [06/Jul/2024:09:05:38 +0330] "GET /cpsess1500353364/3rdparty/roundcube/skins/elastic/images/logo.svg?s=1697448186 HTTP/2.0" 200 397 "https://webmail.saffgroup.com/cpsess1500353364/3rdparty/roundcube/index.php?_task=mail&_token=ZhEgj1OZFRJFvYmVTA79lAyaMzwAaeWa" "Mozilla/5.0 (Windows NT 6.1; Win64; x64; rv:109.0) Gecko/20100101 Firefox/115.0"
46.148.35.242 - - [06/Jul/2024:09:05:38 +0330] "GET /cpsess1500353364/3rdparty/roundcube/skins/elastic/ui.min.js?s=1698349383 HTTP/2.0" 200 20599 "https://webmail.saffgroup.com/cpsess1500353364/3rdparty/roundcube/index.php?_task=mail&_token=ZhEgj1OZFRJFvYmVTA79lAyaMzwAaeWa" "Mozilla/5.0 (Windows NT 6.1; Win64; x64; rv:109.0) Gecko/20100101 Firefox/115.0"
46.148.35.242 - - [06/Jul/2024:09:05:38 +0330] "GET /cpsess1500353364/3rdparty/roundcube/skins/elastic/deps/bootstrap.bundle.min.js?s=1697448200 HTTP/2.0" 200 23054 "https://webmail.saffgroup.com/cpsess1500353364/3rdparty/roundcube/index.php?_task=mail&_token=ZhEgj1OZFRJFvYmVTA79lAyaMzwAaeWa" "Mozilla/5.0 (Windows NT 6.1; Win64; x64; rv:109.0) Gecko/20100101 Firefox/115.0"
66.249.66.206 - - [06/Jul/2024:09:05:58 +0330] "GET /fa HTTP/1.1" 301 233 "-" "Mozilla/5.0 (compatible; Googlebot/2.1; +http://www.google.com/bot.html)"
66.249.66.207 - - [06/Jul/2024:09:05:59 +0330] "GET /fa/ HTTP/1.1" 200 32120 "-" "Mozilla/5.0 (compatible; Googlebot/2.1; +http://www.google.com/bot.html)"
66.249.66.206 - - [06/Jul/2024:09:06:04 +0330] "GET /fa/wp-content/plugins/revslider/public/assets/fonts/revicons/revicons.woff?5510888 HTTP/1.1" 200 7459 "https://saffgroup.com/fa/" "Mozilla/5.0 AppleWebKit/537.36 (KHTML, like Gecko; compatible; Googlebot/2.1; +http://www.google.com/bot.html) Chrome/125.0.6422.175 Safari/537.36"
66.249.66.206 - - [06/Jul/2024:09:06:05 +0330] "GET /fa/wp-content/themes/Zephyr/fonts/fonts/fonts/woff2/IRANSansWeb_FaNum_Light.woff2 HTTP/1.1" 200 28404 "https://saffgroup.com/fa/wp-content/themes/Zephyr/fonts/fonts/fonts.css?ver=5.9.3" "Mozilla/5.0 AppleWebKit/537.36 (KHTML, like Gecko; compatible; Googlebot/2.1; +http://www.google.com/bot.html) Chrome/125.0.6422.175 Safari/537.36"
66.249.66.205 - - [06/Jul/2024:09:06:06 +0330] "GET /fa/wp-content/themes/Zephyr/fonts/fonts/fonts/woff2/IRANSansWeb_Medium.woff2 HTTP/1.1" 200 26892 "https://saffgroup.com/fa/wp-content/themes/Zephyr/fonts/fonts/fonts.css?ver=5.9.3" "Mozilla/5.0 AppleWebKit/537.36 (KHTML, like Gecko; compatible; Googlebot/2.1; +http://www.google.com/bot.html) Chrome/125.0.6422.175 Safari/537.36"
66.249.66.206 - - [06/Jul/2024:09:06:06 +0330] "GET /fa/wp-content/themes/Zephyr/fonts/fa-solid-900.woff2?ver=8.5.1 HTTP/1.1" 200 78273 "https://saffgroup.com/fa/" "Mozilla/5.0 AppleWebKit/537.36 (KHTML, like Gecko; compatible; Googlebot/2.1; +http://www.google.com/bot.html) Chrome/125.0.6422.175 Safari/537.36"
66.249.66.206 - - [06/Jul/2024:09:06:07 +0330] "GET /fa/wp-content/themes/Zephyr/fonts/fonts/fonts/woff2/IRANSansWeb_FaNum_Medium.woff2 HTTP/1.1" 200 25782 "https://saffgroup.com/fa/wp-content/themes/Zephyr/fonts/fonts/fonts.css?ver=5.9.3" "Mozilla/5.0 AppleWebKit/537.36 (KHTML, like Gecko; compatible; Googlebot/2.1; +http://www.google.com/bot.html) Chrome/125.0.6422.175 Safari/537.36"
66.249.66.205 - - [06/Jul/2024:09:06:08 +0330] "GET /fa/wp-content/themes/Zephyr/fonts/fonts/fonts/woff2/IRANSansWeb_FaNum.woff2 HTTP/1.1" 200 27942 "https://saffgroup.com/fa/wp-content/themes/Zephyr/fonts/fonts/fonts.css?ver=5.9.3" "Mozilla/5.0 AppleWebKit/537.36 (KHTML, like Gecko; compatible; Googlebot/2.1; +http://www.google.com/bot.html) Chrome/125.0.6422.175 Safari/537.36"
66.249.66.205 - - [06/Jul/2024:09:06:09 +0330] "GET /fa/wp-content/themes/Zephyr/fonts/material-icons.woff2?ver=8.5.1 HTTP/1.1" 200 110565 "https://saffgroup.com/fa/" "Mozilla/5.0 AppleWebKit/537.36 (KHTML, like Gecko; compatible; Googlebot/2.1; +http://www.google.com/bot.html) Chrome/125.0.6422.175 Safari/537.36"
66.249.66.205 - - [06/Jul/2024:09:06:12 +0330] "GET /fa/wp-content/themes/Zephyr/fonts/fonts/fonts/woff2/robotoregular.woff2 HTTP/1.1" 200 19824 "https://saffgroup.com/fa/wp-content/themes/Zephyr/fonts/fonts/fonts.css?ver=5.9.3" "Mozilla/5.0 AppleWebKit/537.36 (KHTML, like Gecko; compatible; Googlebot/2.1; +http://www.google.com/bot.html) Chrome/125.0.6422.175 Safari/537.36"
46.148.35.242 - - [06/Jul/2024:09:06:13 +0330] "POST /mod_pagespeed_beacon?url=https%3A%2F%2Fwebmail.saffgroup.com%2Fcpsess1500353364%2F3rdparty%2Froundcube%2Findex.php%3F_task%3Dmail%26_token%3DZhEgj1OZFRJFvYmVTA79lAyaMzwAaeWa HTTP/2.0" 204 - "https://webmail.saffgroup.com/cpsess1500353364/3rdparty/roundcube/index.php?_task=mail&_mbox=INBOX" "Mozilla/5.0 (Windows NT 6.1; Win64; x64; rv:109.0) Gecko/20100101 Firefox/115.0"
46.148.35.242 - - [06/Jul/2024:09:06:13 +0330] "GET /cpsess1500353364/3rdparty/roundcube/skins/elastic/watermark.html HTTP/2.0" 200 363 "https://webmail.saffgroup.com/cpsess1500353364/3rdparty/roundcube/index.php?_task=mail&_token=ZhEgj1OZFRJFvYmVTA79lAyaMzwAaeWa" "Mozilla/5.0 (Windows NT 6.1; Win64; x64; rv:109.0) Gecko/20100101 Firefox/115.0"
46.148.35.242 - - [06/Jul/2024:09:06:13 +0330] "GET /cpsess1500353364/3rdparty/roundcube/index.php?_task=mail&_action=getunread&_page=1&_remote=1&_unlock=0&_=1720240444516 HTTP/2.0" 200 128 "https://webmail.saffgroup.com/cpsess1500353364/3rdparty/roundcube/index.php?_task=mail&_mbox=INBOX" "Mozilla/5.0 (Windows NT 6.1; Win64; x64; rv:109.0) Gecko/20100101 Firefox/115.0"
46.148.35.242 - - [06/Jul/2024:09:06:13 +0330] "GET /cpsess1500353364/3rdparty/roundcube/index.php?_task=mail&_action=list&_refresh=1&_layout=widescreen&_mbox=INBOX&_page=&_remote=1&_unlock=loading1720240465377&_=1720240444515 HTTP/2.0" 200 3038 "https://webmail.saffgroup.com/cpsess1500353364/3rdparty/roundcube/index.php?_task=mail&_token=ZhEgj1OZFRJFvYmVTA79lAyaMzwAaeWa" "Mozilla/5.0 (Windows NT 6.1; Win64; x64; rv:109.0) Gecko/20100101 Firefox/115.0"
46.148.35.242 - - [06/Jul/2024:09:06:13 +0330] "GET /cpsess1500353364/3rdparty/roundcube/program/resources/blank.tiff HTTP/2.0" 200 151 "https://webmail.saffgroup.com/cpsess1500353364/3rdparty/roundcube/index.php?_task=mail&_mbox=INBOX" "Mozilla/5.0 (Windows NT 6.1; Win64; x64; rv:109.0) Gecko/20100101 Firefox/115.0"
46.148.35.242 - - [06/Jul/2024:09:06:13 +0330] "GET /cpsess1500353364/3rdparty/roundcube/program/resources/blank.webp HTTP/2.0" 200 90 "https://webmail.saffgroup.com/cpsess1500353364/3rdparty/roundcube/index.php?_task=mail&_mbox=INBOX" "Mozilla/5.0 (Windows NT 6.1; Win64; x64; rv:109.0) Gecko/20100101 Firefox/115.0"
46.148.35.242 - - [06/Jul/2024:09:06:13 +0330] "GET /cpsess1500353364/3rdparty/roundcube/skins/elastic/images/logo.svg HTTP/2.0" 200 397 "https://webmail.saffgroup.com/cpsess1500353364/3rdparty/roundcube/skins/elastic/watermark.html" "Mozilla/5.0 (Windows NT 6.1; Win64; x64; rv:109.0) Gecko/20100101 Firefox/115.0"
66.249.66.205 - - [06/Jul/2024:09:06:13 +0330] "GET /fa/wp-content/themes/Zephyr/fonts/fa-brands-400.woff2?ver=8.5.1 HTTP/1.1" 200 76741 "https://saffgroup.com/fa/" "Mozilla/5.0 AppleWebKit/537.36 (KHTML, like Gecko; compatible; Googlebot/2.1; +http://www.google.com/bot.html) Chrome/125.0.6422.175 Safari/537.36"
66.249.66.205 - - [06/Jul/2024:09:06:18 +0330] "GET /fa/wp-content/themes/Zephyr/fonts/fa-brands-400.woff?ver=8.5.1 HTTP/1.1" 200 89993 "https://saffgroup.com/fa/" "Mozilla/5.0 AppleWebKit/537.36 (KHTML, like Gecko; compatible; Googlebot/2.1; +http://www.google.com/bot.html) Chrome/125.0.6422.175 Safari/537.36"
66.249.66.205 - - [06/Jul/2024:09:06:18 +0330] "GET /fa/wp-content/plugins/revslider/revslider-fonts/fonts/woff2/robotoregular.woff2 HTTP/1.1" 200 19824 "https://saffgroup.com/fa/wp-content/plugins/revslider/revslider-fonts/fonts.css?ver=5.9.3" "Mozilla/5.0 AppleWebKit/537.36 (KHTML, like Gecko; compatible; Googlebot/2.1; +http://www.google.com/bot.html) Chrome/125.0.6422.175 Safari/537.36"
66.249.66.205 - - [06/Jul/2024:09:06:29 +0330] "GET /fa/wp-content/themes/Zephyr/common/js/vendor/owl.carousel.js HTTP/1.1" 200 11427 "https://saffgroup.com/fa/" "Mozilla/5.0 AppleWebKit/537.36 (KHTML, like Gecko; compatible; Googlebot/2.1; +http://www.google.com/bot.html) Chrome/125.0.6422.175 Safari/537.36"
66.249.66.205 - - [06/Jul/2024:09:06:19 +0330] "GET /fa/wp-content/uploads/2023/01/Test.mp4 HTTP/1.1" 200 1396163 "https://saffgroup.com/fa/" "Mozilla/5.0 AppleWebKit/537.36 (KHTML, like Gecko; compatible; Googlebot/2.1; +http://www.google.com/bot.html) Chrome/125.0.6422.175 Safari/537.36"
46.148.35.242 - - [06/Jul/2024:09:06:40 +0330] "GET /cpsess1500353364/3rdparty/roundcube/index.php?_task=mail&_caps=pdf%3D1%2Cflash%3D0%2Ctiff%3D0%2Cwebp%3D1%2Cpgpmime%3D0&_uid=564&_mbox=INBOX&_action=show HTTP/2.0" 200 8926 "https://webmail.saffgroup.com/cpsess1500353364/3rdparty/roundcube/index.php?_task=mail&_mbox=INBOX" "Mozilla/5.0 (Windows NT 6.1; Win64; x64; rv:109.0) Gecko/20100101 Firefox/115.0"
46.148.35.242 - - [06/Jul/2024:09:06:41 +0330] "GET /cpsess1500353364/3rdparty/roundcube/index.php?_task=addressbook&_action=photo&_email=n.moghaddam%40saffgroup.com&_error=1&_bgcolor=transparent HTTP/2.0" 204 - "https://webmail.saffgroup.com/cpsess1500353364/3rdparty/roundcube/index.php?_task=mail&_caps=pdf%3D1%2Cflash%3D0%2Ctiff%3D0%2Cwebp%3D1%2Cpgpmime%3D0&_uid=564&_mbox=INBOX&_action=show" "Mozilla/5.0 (Windows NT 6.1; Win64; x64; rv:109.0) Gecko/20100101 Firefox/115.0"
46.148.35.242 - - [06/Jul/2024:09:06:43 +0330] "GET /cpsess1500353364/3rdparty/roundcube/index.php?_task=mail&_action=pagenav&_uid=564&_mbox=INBOX&_remote=1&_unlock=loading1720240507070&_=1720240506798 HTTP/2.0" 200 149 "https://webmail.saffgroup.com/cpsess1500353364/3rdparty/roundcube/index.php?_task=mail&_caps=pdf%3D1%2Cflash%3D0%2Ctiff%3D0%2Cwebp%3D1%2Cpgpmime%3D0&_uid=564&_mbox=INBOX&_action=show" "Mozilla/5.0 (Windows NT 6.1; Win64; x64; rv:109.0) Gecko/20100101 Firefox/115.0"
46.148.35.242 - - [06/Jul/2024:09:06:43 +0330] "GET /cpsess1500353364/3rdparty/roundcube/skins/elastic/images/contactpic.svg HTTP/2.0" 200 232 "https://webmail.saffgroup.com/cpsess1500353364/3rdparty/roundcube/index.php?_task=mail&_caps=pdf%3D1%2Cflash%3D0%2Ctiff%3D0%2Cwebp%3D1%2Cpgpmime%3D0&_uid=564&_mbox=INBOX&_action=show" "Mozilla/5.0 (Windows NT 6.1; Win64; x64; rv:109.0) Gecko/20100101 Firefox/115.0"
46.148.35.242 - - [06/Jul/2024:09:06:43 +0330] "POST /mod_pagespeed_beacon?url=https%3A%2F%2Fwebmail.saffgroup.com%2Fcpsess1500353364%2F3rdparty%2Froundcube%2Findex.php%3F_task%3Dmail%26_caps%3Dpdf%253D1%252Cflash%253D0%252Ctiff%253D0%252Cwebp%253D1%252Cpgpmime%253D0%26_uid%3D564%26_mbox%3DINBOX%26_action%3Dshow HTTP/2.0" 204 - "https://webmail.saffgroup.com/cpsess1500353364/3rdparty/roundcube/index.php?_task=mail&_caps=pdf%3D1%2Cflash%3D0%2Ctiff%3D0%2Cwebp%3D1%2Cpgpmime%3D0&_uid=564&_mbox=INBOX&_action=show" "Mozilla/5.0 (Windows NT 6.1; Win64; x64; rv:109.0) Gecko/20100101 Firefox/115.0"
66.249.66.205 - - [06/Jul/2024:09:06:29 +0330] "GET /fa/wp-content/uploads/2023/01/Test.mp4 HTTP/1.1" 200 1396163 "https://saffgroup.com/fa/" "Mozilla/5.0 AppleWebKit/537.36 (KHTML, like Gecko; compatible; Googlebot/2.1; +http://www.google.com/bot.html) Chrome/125.0.6422.175 Safari/537.36"
46.148.35.242 - - [06/Jul/2024:09:07:08 +0330] "GET /cpsess1500353364/3rdparty/roundcube/index.php?_task=mail&_mbox=INBOX&_uid=564&_part=2&_download=1&_action=get&_token=ZhEgj1OZFRJFvYmVTA79lAyaMzwAaeWa HTTP/2.0" 200 147215 "https://webmail.saffgroup.com/cpsess1500353364/3rdparty/roundcube/index.php?_task=mail&_caps=pdf%3D1%2Cflash%3D0%2Ctiff%3D0%2Cwebp%3D1%2Cpgpmime%3D0&_uid=564&_mbox=INBOX&_action=show" "Mozilla/5.0 (Windows NT 6.1; Win64; x64; rv:109.0) Gecko/20100101 Firefox/115.0"
46.148.35.242 - - [06/Jul/2024:09:07:48 +0330] "POST /cpsess1500353364/3rdparty/roundcube/index.php?_task=mail&_action=refresh HTTP/2.0" 200 58 "https://webmail.saffgroup.com/cpsess1500353364/3rdparty/roundcube/index.php?_task=mail&_caps=pdf%3D1%2Cflash%3D0%2Ctiff%3D0%2Cwebp%3D1%2Cpgpmime%3D0&_uid=564&_mbox=INBOX&_action=show" "Mozilla/5.0 (Windows NT 6.1; Win64; x64; rv:109.0) Gecko/20100101 Firefox/115.0"
66.249.66.206 - - [06/Jul/2024:09:07:58 +0330] "GET /en HTTP/1.1" 301 233 "-" "Mozilla/5.0 (compatible; Googlebot/2.1; +http://www.google.com/bot.html)"
79.132.193.205 - - [06/Jul/2024:09:08:00 +0330] "POST /en/wp-cron.php?doing_wp_cron=1720244280.2989089488983154296875 HTTP/1.1" 200 1 "https://saffgroup.com/en/wp-cron.php?doing_wp_cron=1720244280.2989089488983154296875" "WordPress/5.9.3; https://saffgroup.com/en"
66.249.66.205 - - [06/Jul/2024:09:07:59 +0330] "GET /en/ HTTP/1.1" 200 29361 "-" "Mozilla/5.0 (compatible; Googlebot/2.1; +http://www.google.com/bot.html)"
66.249.66.205 - - [06/Jul/2024:09:08:03 +0330] "GET /en/wp-includes/js/wp-emoji-release.min.js?ver=5.9.3 HTTP/1.1" 200 4542 "https://saffgroup.com/en/" "Mozilla/5.0 AppleWebKit/537.36 (KHTML, like Gecko; compatible; Googlebot/2.1; +http://www.google.com/bot.html) Chrome/125.0.6422.175 Safari/537.36"
66.249.66.205 - - [06/Jul/2024:09:08:04 +0330] "GET /en/wp-content/plugins/revslider/public/assets/fonts/revicons/revicons.woff?5510888 HTTP/1.1" 200 7459 "https://saffgroup.com/en/" "Mozilla/5.0 AppleWebKit/537.36 (KHTML, like Gecko; compatible; Googlebot/2.1; +http://www.google.com/bot.html) Chrome/125.0.6422.175 Safari/537.36"
102.165.48.44 - - [06/Jul/2024:09:08:05 +0330] "GET / HTTP/2.0" 301 232 "-" "Mozilla/5.0 (Windows; U; Windows NT 6.1; en-US; rv:1.9.1.5) Gecko/20091102 Firefox/3.5.5 (.NET CLR 3.5.30729)"
102.165.48.44 - - [06/Jul/2024:09:08:05 +0330] "GET /fa HTTP/2.0" 301 233 "-" "Mozilla/5.0 (Windows; U; Windows NT 6.1; en-US; rv:1.9.1.5) Gecko/20091102 Firefox/3.5.5 (.NET CLR 3.5.30729)"
66.249.66.206 - - [06/Jul/2024:09:08:06 +0330] "GET /en/wp-content/themes/Zephyr/fonts/fonts/fonts/woff2/robotobold.woff2 HTTP/1.1" 200 20216 "https://saffgroup.com/en/wp-content/themes/Zephyr/fonts/fonts/fonts.css?ver=5.9.3" "Mozilla/5.0 AppleWebKit/537.36 (KHTML, like Gecko; compatible; Googlebot/2.1; +http://www.google.com/bot.html) Chrome/125.0.6422.175 Safari/537.36"
66.249.66.205 - - [06/Jul/2024:09:08:06 +0330] "GET /en/wp-content/themes/Zephyr/fonts/fonts/fonts/woff2/robotoregular.woff2 HTTP/1.1" 200 19824 "https://saffgroup.com/en/wp-content/themes/Zephyr/fonts/fonts/fonts.css?ver=5.9.3" "Mozilla/5.0 AppleWebKit/537.36 (KHTML, like Gecko; compatible; Googlebot/2.1; +http://www.google.com/bot.html) Chrome/125.0.6422.175 Safari/537.36"
102.165.48.44 - - [06/Jul/2024:09:08:06 +0330] "GET /fa/ HTTP/2.0" 200 41054 "-" "Mozilla/5.0 (Windows; U; Windows NT 6.1; en-US; rv:1.9.1.5) Gecko/20091102 Firefox/3.5.5 (.NET CLR 3.5.30729)"
66.249.66.205 - - [06/Jul/2024:09:08:07 +0330] "GET /en/wp-content/themes/Zephyr/fonts/material-icons.woff2?ver=8.5.1 HTTP/1.1" 200 110565 "https://saffgroup.com/en/" "Mozilla/5.0 AppleWebKit/537.36 (KHTML, like Gecko; compatible; Googlebot/2.1; +http://www.google.com/bot.html) Chrome/125.0.6422.175 Safari/537.36"
66.249.66.205 - - [06/Jul/2024:09:08:09 +0330] "GET /en/wp-content/themes/Zephyr/fonts/fa-solid-900.woff2?ver=8.5.1 HTTP/1.1" 200 78273 "https://saffgroup.com/en/" "Mozilla/5.0 AppleWebKit/537.36 (KHTML, like Gecko; compatible; Googlebot/2.1; +http://www.google.com/bot.html) Chrome/125.0.6422.175 Safari/537.36"
66.249.66.205 - - [06/Jul/2024:09:08:09 +0330] "GET /en/wp-content/themes/Zephyr/fonts/fa-brands-400.woff2?ver=8.5.1 HTTP/1.1" 200 76741 "https://saffgroup.com/en/" "Mozilla/5.0 AppleWebKit/537.36 (KHTML, like Gecko; compatible; Googlebot/2.1; +http://www.google.com/bot.html) Chrome/125.0.6422.175 Safari/537.36"
66.249.66.205 - - [06/Jul/2024:09:08:10 +0330] "GET /en/wp-content/themes/Zephyr/common/js/vendor/owl.carousel.js HTTP/1.1" 200 11227 "https://saffgroup.com/en/" "Mozilla/5.0 AppleWebKit/537.36 (KHTML, like Gecko; compatible; Googlebot/2.1; +http://www.google.com/bot.html) Chrome/125.0.6422.175 Safari/537.36"
46.148.35.242 - - [06/Jul/2024:09:08:44 +0330] "POST /cpsess1500353364/3rdparty/roundcube/index.php?_task=mail&_action=refresh HTTP/2.0" 200 58 "https://webmail.saffgroup.com/cpsess1500353364/3rdparty/roundcube/index.php?_task=mail&_caps=pdf%3D1%2Cflash%3D0%2Ctiff%3D0%2Cwebp%3D1%2Cpgpmime%3D0&_uid=564&_mbox=INBOX&_action=show" "Mozilla/5.0 (Windows NT 6.1; Win64; x64; rv:109.0) Gecko/20100101 Firefox/115.0"
46.148.35.242 - - [06/Jul/2024:09:09:43 +0330] "POST /cpsess1500353364/3rdparty/roundcube/index.php?_task=mail&_action=refresh HTTP/2.0" 200 58 "https://webmail.saffgroup.com/cpsess1500353364/3rdparty/roundcube/index.php?_task=mail&_caps=pdf%3D1%2Cflash%3D0%2Ctiff%3D0%2Cwebp%3D1%2Cpgpmime%3D0&_uid=564&_mbox=INBOX&_action=show" "Mozilla/5.0 (Windows NT 6.1; Win64; x64; rv:109.0) Gecko/20100101 Firefox/115.0"
46.148.35.242 - - [06/Jul/2024:09:10:46 +0330] "POST /cpsess1500353364/3rdparty/roundcube/index.php?_task=mail&_action=refresh HTTP/2.0" 200 58 "https://webmail.saffgroup.com/cpsess1500353364/3rdparty/roundcube/index.php?_task=mail&_caps=pdf%3D1%2Cflash%3D0%2Ctiff%3D0%2Cwebp%3D1%2Cpgpmime%3D0&_uid=564&_mbox=INBOX&_action=show" "Mozilla/5.0 (Windows NT 6.1; Win64; x64; rv:109.0) Gecko/20100101 Firefox/115.0"
46.148.35.242 - - [06/Jul/2024:09:11:44 +0330] "POST /cpsess1500353364/3rdparty/roundcube/index.php?_task=mail&_action=refresh HTTP/2.0" 200 58 "https://webmail.saffgroup.com/cpsess1500353364/3rdparty/roundcube/index.php?_task=mail&_caps=pdf%3D1%2Cflash%3D0%2Ctiff%3D0%2Cwebp%3D1%2Cpgpmime%3D0&_uid=564&_mbox=INBOX&_action=show" "Mozilla/5.0 (Windows NT 6.1; Win64; x64; rv:109.0) Gecko/20100101 Firefox/115.0"
79.132.193.205 - - [06/Jul/2024:09:11:58 +0330] "POST /fa/wp-cron.php?doing_wp_cron=1720244518.3916079998016357421875 HTTP/1.1" 200 1 "https://saffgroup.com/fa/wp-cron.php?doing_wp_cron=1720244518.3916079998016357421875" "WordPress/5.9.3; https://saffgroup.com/fa"
85.208.96.206 - - [06/Jul/2024:09:11:57 +0330] "GET /fa/%D8%A8%D8%A7%D8%B2%D8%AF%DB%8C%D8%AF-%D9%85%D8%AF%DB%8C%D8%B1%D8%A7%D9%86-%D8%A7%D8%B1%D8%B4%D8%AF-%D8%B5%D9%86%D8%AF%D9%88%D9%82-%D8%AA%D9%88%D8%B3%D8%B9%D9%87-%D9%85%D9%84%DB%8C%D8%8C-%D8%A8%D8%A7/ HTTP/1.1" 200 22787 "-" "Mozilla/5.0 (compatible; SemrushBot/7~bl; +http://www.semrush.com/bot.html)"
66.249.66.207 - - [06/Jul/2024:09:12:33 +0330] "GET /fa/wp-content/uploads/revslider/templates/techco-about/slide1.jpg HTTP/1.1" 200 5695 "-" "Googlebot-Image/1.0"
46.148.35.242 - - [06/Jul/2024:09:12:44 +0330] "POST /cpsess1500353364/3rdparty/roundcube/index.php?_task=mail&_action=refresh HTTP/2.0" 200 58 "https://webmail.saffgroup.com/cpsess1500353364/3rdparty/roundcube/index.php?_task=mail&_caps=pdf%3D1%2Cflash%3D0%2Ctiff%3D0%2Cwebp%3D1%2Cpgpmime%3D0&_uid=564&_mbox=INBOX&_action=show" "Mozilla/5.0 (Windows NT 6.1; Win64; x64; rv:109.0) Gecko/20100101 Firefox/115.0"
46.148.35.242 - - [06/Jul/2024:09:13:45 +0330] "POST /cpsess1500353364/3rdparty/roundcube/index.php?_task=mail&_action=refresh HTTP/2.0" 200 58 "https://webmail.saffgroup.com/cpsess1500353364/3rdparty/roundcube/index.php?_task=mail&_caps=pdf%3D1%2Cflash%3D0%2Ctiff%3D0%2Cwebp%3D1%2Cpgpmime%3D0&_uid=564&_mbox=INBOX&_action=show" "Mozilla/5.0 (Windows NT 6.1; Win64; x64; rv:109.0) Gecko/20100101 Firefox/115.0"
66.249.66.207 - - [06/Jul/2024:09:14:34 +0330] "GET /ads.txt HTTP/1.1" 404 - "-" "Mozilla/5.0 (compatible; Googlebot/2.1; +http://www.google.com/bot.html)"
79.132.193.205 - - [06/Jul/2024:09:14:35 +0330] "POST /fa/wp-cron.php?doing_wp_cron=1720244675.0006320476531982421875 HTTP/1.1" 200 1 "https://saffgroup.com/fa/wp-cron.php?doing_wp_cron=1720244675.0006320476531982421875" "WordPress/5.9.3; https://saffgroup.com/fa"
80.210.32.183 - - [06/Jul/2024:09:14:34 +0330] "GET /fa/ HTTP/2.0" 200 32133 "https://www.google.com/" "Mozilla/5.0 (Windows NT 10.0; Win64; x64; rv:127.0) Gecko/20100101 Firefox/127.0"
80.210.32.183 - - [06/Jul/2024:09:14:35 +0330] "GET /fa/wp-content/plugins/revslider/revslider-fonts/fonts.css?ver=5.9.3 HTTP/2.0" 200 1380 "https://saffgroup.com/fa/" "Mozilla/5.0 (Windows NT 10.0; Win64; x64; rv:127.0) Gecko/20100101 Firefox/127.0"
80.210.32.183 - - [06/Jul/2024:09:14:35 +0330] "GET /fa/wp-content/themes/Zephyr/fonts/fonts/fonts.css?ver=5.9.3 HTTP/2.0" 200 1380 "https://saffgroup.com/fa/" "Mozilla/5.0 (Windows NT 10.0; Win64; x64; rv:127.0) Gecko/20100101 Firefox/127.0"
80.210.32.183 - - [06/Jul/2024:09:14:35 +0330] "GET /fa/wp-includes/js/wp-emoji-release.min.js?ver=5.9.3 HTTP/2.0" 200 4542 "https://saffgroup.com/fa/" "Mozilla/5.0 (Windows NT 10.0; Win64; x64; rv:127.0) Gecko/20100101 Firefox/127.0"
80.210.32.183 - - [06/Jul/2024:09:14:35 +0330] "GET /fa/wp-content/plugins/newsletter/style.css?ver=7.4.3 HTTP/2.0" 200 1190 "https://saffgroup.com/fa/" "Mozilla/5.0 (Windows NT 10.0; Win64; x64; rv:127.0) Gecko/20100101 Firefox/127.0"
80.210.32.183 - - [06/Jul/2024:09:14:35 +0330] "GET /fa/wp-content/themes/Zephyr/common/css/base/ripple.css?ver=8.5.1 HTTP/2.0" 200 391 "https://saffgroup.com/fa/" "Mozilla/5.0 (Windows NT 10.0; Win64; x64; rv:127.0) Gecko/20100101 Firefox/127.0"
80.210.32.183 - - [06/Jul/2024:09:14:35 +0330] "GET /fa/wp-content/themes/Zephyr-child/style.css?ver=8.5.1 HTTP/2.0" 200 123 "https://saffgroup.com/fa/" "Mozilla/5.0 (Windows NT 10.0; Win64; x64; rv:127.0) Gecko/20100101 Firefox/127.0"
80.210.32.183 - - [06/Jul/2024:09:14:35 +0330] "GET /fa/wp-content/themes/Zephyr/common/css/rtl.min.css?ver=8.5.1 HTTP/2.0" 200 3818 "https://saffgroup.com/fa/" "Mozilla/5.0 (Windows NT 10.0; Win64; x64; rv:127.0) Gecko/20100101 Firefox/127.0"
80.210.32.183 - - [06/Jul/2024:09:14:35 +0330] "GET /fa/wp-content/uploads/smile_fonts/Defaults/Defaults.css?ver=3.19.11 HTTP/2.0" 200 4455 "https://saffgroup.com/fa/" "Mozilla/5.0 (Windows NT 10.0; Win64; x64; rv:127.0) Gecko/20100101 Firefox/127.0"
80.210.32.183 - - [06/Jul/2024:09:14:35 +0330] "GET /fa/wp-content/plugins/revslider/public/assets/assets/dummy.png HTTP/2.0" 200 68 "https://saffgroup.com/fa/" "Mozilla/5.0 (Windows NT 10.0; Win64; x64; rv:127.0) Gecko/20100101 Firefox/127.0"
80.210.32.183 - - [06/Jul/2024:09:14:35 +0330] "GET /fa/wp-content/plugins/revslider/public/assets/fonts/revicons/revicons.woff?5510888 HTTP/2.0" 200 7459 "https://saffgroup.com/fa/" "Mozilla/5.0 (Windows NT 10.0; Win64; x64; rv:127.0) Gecko/20100101 Firefox/127.0"
80.210.32.183 - - [06/Jul/2024:09:14:35 +0330] "GET /fa/wp-content/plugins/html5-video-player/dist/public.css?ver=2.5.8 HTTP/2.0" 200 238 "https://saffgroup.com/fa/" "Mozilla/5.0 (Windows NT 10.0; Win64; x64; rv:127.0) Gecko/20100101 Firefox/127.0"
80.210.32.183 - - [06/Jul/2024:09:14:35 +0330] "GET /fa/wp-content/plugins/html5-video-player/css/player-style.css?ver=2.5.8 HTTP/2.0" 200 4027 "https://saffgroup.com/fa/" "Mozilla/5.0 (Windows NT 10.0; Win64; x64; rv:127.0) Gecko/20100101 Firefox/127.0"
80.210.32.183 - - [06/Jul/2024:09:14:35 +0330] "GET /fa/wp-content/themes/Zephyr/common/js/base/ripple.min.js?ver=8.5.1 HTTP/2.0" 200 764 "https://saffgroup.com/fa/" "Mozilla/5.0 (Windows NT 10.0; Win64; x64; rv:127.0) Gecko/20100101 Firefox/127.0"
80.210.32.183 - - [06/Jul/2024:09:14:35 +0330] "GET /fa/wp-content/plugins/html5-video-player/dist/public.js?ver=2.5.8 HTTP/2.0" 200 1849 "https://saffgroup.com/fa/" "Mozilla/5.0 (Windows NT 10.0; Win64; x64; rv:127.0) Gecko/20100101 Firefox/127.0"
80.210.32.183 - - [06/Jul/2024:09:14:35 +0330] "GET /fa/wp-content/plugins/revslider/public/assets/css/rs6.css?ver=6.5.15 HTTP/2.0" 200 11778 "https://saffgroup.com/fa/" "Mozilla/5.0 (Windows NT 10.0; Win64; x64; rv:127.0) Gecko/20100101 Firefox/127.0"
80.210.32.183 - - [06/Jul/2024:09:14:35 +0330] "GET /fa/wp-content/plugins/js_composer/assets/js/dist/js_composer_front.min.js?ver=6.7.0 HTTP/2.0" 200 5397 "https://saffgroup.com/fa/" "Mozilla/5.0 (Windows NT 10.0; Win64; x64; rv:127.0) Gecko/20100101 Firefox/127.0"
80.210.32.183 - - [06/Jul/2024:09:14:35 +0330] "GET /fa/wp-includes/js/jquery/jquery.min.js?ver=3.6.0 HTTP/2.0" 200 30310 "https://saffgroup.com/fa/" "Mozilla/5.0 (Windows NT 10.0; Win64; x64; rv:127.0) Gecko/20100101 Firefox/127.0"
80.210.32.183 - - [06/Jul/2024:09:14:35 +0330] "GET /fa/wp-content/plugins/html5-video-player/js/plyr.js?ver=2.5.8 HTTP/2.0" 200 30659 "https://saffgroup.com/fa/" "Mozilla/5.0 (Windows NT 10.0; Win64; x64; rv:127.0) Gecko/20100101 Firefox/127.0"
80.210.32.183 - - [06/Jul/2024:09:14:35 +0330] "GET /fa/wp-content/plugins/js_composer/assets/css/js_composer.min.css?ver=6.7.0 HTTP/2.0" 200 41040 "https://saffgroup.com/fa/" "Mozilla/5.0 (Windows NT 10.0; Win64; x64; rv:127.0) Gecko/20100101 Firefox/127.0"
80.210.32.183 - - [06/Jul/2024:09:14:35 +0330] "GET /fa/wp-content/plugins/revslider/public/assets/js/rbtools.min.js?ver=6.5.15 HTTP/2.0" 200 47240 "https://saffgroup.com/fa/" "Mozilla/5.0 (Windows NT 10.0; Win64; x64; rv:127.0) Gecko/20100101 Firefox/127.0"
80.210.32.183 - - [06/Jul/2024:09:14:35 +0330] "GET /fa/wp-content/themes/Zephyr/js/us.core.min.js?ver=8.5.1 HTTP/2.0" 200 40612 "https://saffgroup.com/fa/" "Mozilla/5.0 (Windows NT 10.0; Win64; x64; rv:127.0) Gecko/20100101 Firefox/127.0"
80.210.32.183 - - [06/Jul/2024:09:14:35 +0330] "GET /fa/wp-content/themes/Zephyr/css/style.min.css?ver=8.5.1 HTTP/2.0" 200 58077 "https://saffgroup.com/fa/" "Mozilla/5.0 (Windows NT 10.0; Win64; x64; rv:127.0) Gecko/20100101 Firefox/127.0"
80.210.32.183 - - [06/Jul/2024:09:14:35 +0330] "GET /fa/wp-content/plugins/revslider/public/assets/js/rs6.min.js?ver=6.5.15 HTTP/2.0" 200 94275 "https://saffgroup.com/fa/" "Mozilla/5.0 (Windows NT 10.0; Win64; x64; rv:127.0) Gecko/20100101 Firefox/127.0"
80.210.32.183 - - [06/Jul/2024:09:14:36 +0330] "GET /fa/wp-content/themes/Zephyr/fonts/fonts/fonts/woff2/IRANSansWeb_FaNum_Medium.woff2 HTTP/2.0" 200 25784 "https://saffgroup.com/fa/wp-content/themes/Zephyr/fonts/fonts/fonts.css?ver=5.9.3" "Mozilla/5.0 (Windows NT 10.0; Win64; x64; rv:127.0) Gecko/20100101 Firefox/127.0"
80.210.32.183 - - [06/Jul/2024:09:14:36 +0330] "GET /fa/wp-content/themes/Zephyr/fonts/fonts/fonts/woff2/IRANSansWeb_FaNum_Light.woff2 HTTP/2.0" 200 28400 "https://saffgroup.com/fa/wp-content/themes/Zephyr/fonts/fonts/fonts.css?ver=5.9.3" "Mozilla/5.0 (Windows NT 10.0; Win64; x64; rv:127.0) Gecko/20100101 Firefox/127.0"
80.210.32.183 - - [06/Jul/2024:09:14:36 +0330] "GET /fa/wp-content/themes/Zephyr/fonts/fonts/fonts/woff2/IRANSansWeb_FaNum.woff2 HTTP/2.0" 200 27944 "https://saffgroup.com/fa/wp-content/themes/Zephyr/fonts/fonts/fonts.css?ver=5.9.3" "Mozilla/5.0 (Windows NT 10.0; Win64; x64; rv:127.0) Gecko/20100101 Firefox/127.0"
80.210.32.183 - - [06/Jul/2024:09:14:36 +0330] "GET /fa/wp-content/themes/Zephyr/fonts/fonts/fonts/woff2/IRANSansWeb_Medium.woff2 HTTP/2.0" 200 26888 "https://saffgroup.com/fa/wp-content/themes/Zephyr/fonts/fonts/fonts.css?ver=5.9.3" "Mozilla/5.0 (Windows NT 10.0; Win64; x64; rv:127.0) Gecko/20100101 Firefox/127.0"
80.210.32.183 - - [06/Jul/2024:09:14:36 +0330] "GET /fa/wp-content/themes/Zephyr/fonts/material-icons.woff2?ver=8.5.1 HTTP/2.0" 200 110560 "https://saffgroup.com/fa/" "Mozilla/5.0 (Windows NT 10.0; Win64; x64; rv:127.0) Gecko/20100101 Firefox/127.0"
80.210.32.183 - - [06/Jul/2024:09:14:36 +0330] "GET /fa/wp-content/themes/Zephyr/fonts/fa-solid-900.woff2?ver=8.5.1 HTTP/2.0" 200 78268 "https://saffgroup.com/fa/" "Mozilla/5.0 (Windows NT 10.0; Win64; x64; rv:127.0) Gecko/20100101 Firefox/127.0"
80.210.32.183 - - [06/Jul/2024:09:14:36 +0330] "GET /fa/wp-content/themes/Zephyr/fonts/fonts/fonts/woff2/robotoregular.woff2 HTTP/2.0" 200 19828 "https://saffgroup.com/fa/wp-content/themes/Zephyr/fonts/fonts/fonts.css?ver=5.9.3" "Mozilla/5.0 (Windows NT 10.0; Win64; x64; rv:127.0) Gecko/20100101 Firefox/127.0"
80.210.32.183 - - [06/Jul/2024:09:14:36 +0330] "GET /fa/wp-content/themes/Zephyr/fonts/fa-brands-400.woff2?ver=8.5.1 HTTP/2.0" 200 76736 "https://saffgroup.com/fa/" "Mozilla/5.0 (Windows NT 10.0; Win64; x64; rv:127.0) Gecko/20100101 Firefox/127.0"
80.210.32.183 - - [06/Jul/2024:09:14:36 +0330] "GET /fa/wp-content/uploads/2022/05/061.jpg HTTP/2.0" 200 85125 "https://saffgroup.com/fa/" "Mozilla/5.0 (Windows NT 10.0; Win64; x64; rv:127.0) Gecko/20100101 Firefox/127.0"
80.210.32.183 - - [06/Jul/2024:09:14:36 +0330] "GET /fa/wp-content/uploads/2022/05/4232637-1-1.jpg HTTP/2.0" 200 191941 "https://saffgroup.com/fa/" "Mozilla/5.0 (Windows NT 10.0; Win64; x64; rv:127.0) Gecko/20100101 Firefox/127.0"
80.210.32.183 - - [06/Jul/2024:09:14:36 +0330] "GET /fa/wp-content/uploads/2022/05/Rectangle-332-min.png HTTP/2.0" 200 201778 "https://saffgroup.com/fa/" "Mozilla/5.0 (Windows NT 10.0; Win64; x64; rv:127.0) Gecko/20100101 Firefox/127.0"
80.210.32.183 - - [06/Jul/2024:09:14:36 +0330] "GET /fa/wp-content/uploads/2022/05/IMG_1446-scaled.jpg HTTP/2.0" 200 271609 "https://saffgroup.com/fa/" "Mozilla/5.0 (Windows NT 10.0; Win64; x64; rv:127.0) Gecko/20100101 Firefox/127.0"
80.210.32.183 - - [06/Jul/2024:09:14:36 +0330] "GET /fa/wp-content/uploads/2017/07/SAFF-logo.png HTTP/2.0" 200 24558 "https://saffgroup.com/fa/" "Mozilla/5.0 (Windows NT 10.0; Win64; x64; rv:127.0) Gecko/20100101 Firefox/127.0"
80.210.32.183 - - [06/Jul/2024:09:14:36 +0330] "GET /fa/wp-content/plugins/revslider/revslider-fonts/fonts/woff2/robotoregular.woff2 HTTP/2.0" 200 19828 "https://saffgroup.com/fa/wp-content/plugins/revslider/revslider-fonts/fonts.css?ver=5.9.3" "Mozilla/5.0 (Windows NT 10.0; Win64; x64; rv:127.0) Gecko/20100101 Firefox/127.0"
80.210.32.183 - - [06/Jul/2024:09:14:36 +0330] "GET /fa/wp-content/uploads/2022/05/hara-50x100.jpg HTTP/2.0" 200 1862 "https://saffgroup.com/fa/" "Mozilla/5.0 (Windows NT 10.0; Win64; x64; rv:127.0) Gecko/20100101 Firefox/127.0"
80.210.32.183 - - [06/Jul/2024:09:14:36 +0330] "GET /fa/wp-content/uploads/2023/01/Page-7-50x100.jpg HTTP/2.0" 200 2202 "https://saffgroup.com/fa/" "Mozilla/5.0 (Windows NT 10.0; Win64; x64; rv:127.0) Gecko/20100101 Firefox/127.0"
80.210.32.183 - - [06/Jul/2024:09:14:36 +0330] "GET /fa/wp-content/themes/Zephyr/common/js/vendor/owl.carousel.js HTTP/2.0" 200 11227 "https://saffgroup.com/fa/" "Mozilla/5.0 (Windows NT 10.0; Win64; x64; rv:127.0) Gecko/20100101 Firefox/127.0"
80.210.32.183 - - [06/Jul/2024:09:14:36 +0330] "GET /fa/wp-content/uploads/2023/01/Page-7.jpg HTTP/2.0" 200 228374 "https://saffgroup.com/fa/" "Mozilla/5.0 (Windows NT 10.0; Win64; x64; rv:127.0) Gecko/20100101 Firefox/127.0"
80.210.32.183 - - [06/Jul/2024:09:14:37 +0330] "GET /fa/wp-content/uploads/2022/05/slider.jpg HTTP/2.0" 200 170320 "https://saffgroup.com/fa/" "Mozilla/5.0 (Windows NT 10.0; Win64; x64; rv:127.0) Gecko/20100101 Firefox/127.0"
80.210.32.183 - - [06/Jul/2024:09:14:37 +0330] "GET /fa/wp-content/uploads/2022/05/digital-hand-min-1.png HTTP/2.0" 200 345426 "https://saffgroup.com/fa/" "Mozilla/5.0 (Windows NT 10.0; Win64; x64; rv:127.0) Gecko/20100101 Firefox/127.0"
80.210.32.183 - - [06/Jul/2024:09:14:37 +0330] "GET /fa/wp-content/uploads/2022/05/e86efdcc-ce48-4125-bb77-c63c676533a3-removebg-preview.png HTTP/2.0" 200 53563 "https://saffgroup.com/fa/" "Mozilla/5.0 (Windows NT 10.0; Win64; x64; rv:127.0) Gecko/20100101 Firefox/127.0"
80.210.32.183 - - [06/Jul/2024:09:14:36 +0330] "GET /fa/wp-content/uploads/2023/01/Test.mp4 HTTP/2.0" 206 1193188 "https://saffgroup.com/fa/" "Mozilla/5.0 (Windows NT 10.0; Win64; x64; rv:127.0) Gecko/20100101 Firefox/127.0"
80.210.32.183 - - [06/Jul/2024:09:14:36 +0330] "GET /fa/wp-content/uploads/2023/01/Test.mp4 HTTP/2.0" 206 1406063 "https://saffgroup.com/fa/" "Mozilla/5.0 (Windows NT 10.0; Win64; x64; rv:127.0) Gecko/20100101 Firefox/127.0"
80.210.32.183 - - [06/Jul/2024:09:14:37 +0330] "GET /fa/wp-content/uploads/2022/05/hara.jpg HTTP/2.0" 200 251557 "https://saffgroup.com/fa/" "Mozilla/5.0 (Windows NT 10.0; Win64; x64; rv:127.0) Gecko/20100101 Firefox/127.0"
80.210.32.183 - - [06/Jul/2024:09:14:37 +0330] "GET /fa/wp-content/uploads/2022/05/SAFF-logo.png HTTP/2.0" 200 24558 "https://saffgroup.com/fa/" "Mozilla/5.0 (Windows NT 10.0; Win64; x64; rv:127.0) Gecko/20100101 Firefox/127.0"
80.210.32.183 - - [06/Jul/2024:09:14:37 +0330] "GET /fa/wp-content/uploads/2022/05/SAFF-logo-150x149.png HTTP/2.0" 200 20476 "https://saffgroup.com/fa/" "Mozilla/5.0 (Windows NT 10.0; Win64; x64; rv:127.0) Gecko/20100101 Firefox/127.0"
46.148.35.242 - - [06/Jul/2024:09:14:44 +0330] "POST /cpsess1500353364/3rdparty/roundcube/index.php?_task=mail&_action=refresh HTTP/2.0" 200 58 "https://webmail.saffgroup.com/cpsess1500353364/3rdparty/roundcube/index.php?_task=mail&_caps=pdf%3D1%2Cflash%3D0%2Ctiff%3D0%2Cwebp%3D1%2Cpgpmime%3D0&_uid=564&_mbox=INBOX&_action=show" "Mozilla/5.0 (Windows NT 6.1; Win64; x64; rv:109.0) Gecko/20100101 Firefox/115.0"
80.210.32.183 - - [06/Jul/2024:09:14:46 +0330] "GET /fa/wp-content/uploads/2023/01/Page-41-copy.jpg HTTP/2.0" 200 944632 "https://saffgroup.com/fa/" "Mozilla/5.0 (Windows NT 10.0; Win64; x64; rv:127.0) Gecko/20100101 Firefox/127.0"
79.132.193.205 - - [06/Jul/2024:09:14:49 +0330] "POST /fa/wp-cron.php?doing_wp_cron=1720244689.4716160297393798828125 HTTP/1.1" 200 1 "https://saffgroup.com/fa/wp-cron.php?doing_wp_cron=1720244689.4716160297393798828125" "WordPress/5.9.3; https://saffgroup.com/fa"
80.210.32.183 - - [06/Jul/2024:09:14:48 +0330] "GET /fa/contact-us/ HTTP/2.0" 200 21387 "https://saffgroup.com/fa/" "Mozilla/5.0 (Windows NT 10.0; Win64; x64; rv:127.0) Gecko/20100101 Firefox/127.0"
80.210.32.183 - - [06/Jul/2024:09:14:50 +0330] "GET /fa/wp-content/uploads/gravity_forms/0-dba5e8ad4f0540c75a5980cfc99596c7/621136536.png HTTP/2.0" 200 2837 "https://saffgroup.com/fa/contact-us/" "Mozilla/5.0 (Windows NT 10.0; Win64; x64; rv:127.0) Gecko/20100101 Firefox/127.0"
80.210.32.183 - - [06/Jul/2024:09:14:50 +0330] "GET /fa/wp-content/plugins/gfstylespro/styles/gfstylespro.min.css?ver=2.5.2 HTTP/2.0" 200 13235 "https://saffgroup.com/fa/contact-us/" "Mozilla/5.0 (Windows NT 10.0; Win64; x64; rv:127.0) Gecko/20100101 Firefox/127.0"
80.210.32.183 - - [06/Jul/2024:09:14:50 +0330] "GET /fa/wp-content/plugins/gfstylespro/styles/rtl.min.css?ver=5.9.3 HTTP/2.0" 200 1777 "https://saffgroup.com/fa/contact-us/" "Mozilla/5.0 (Windows NT 10.0; Win64; x64; rv:127.0) Gecko/20100101 Firefox/127.0"
80.210.32.183 - - [06/Jul/2024:09:14:50 +0330] "GET /fa/wp-content/plugins/gfstylespro/fonts/material_icons/md-icons.css?ver=5.9.3 HTTP/2.0" 200 7523 "https://saffgroup.com/fa/contact-us/" "Mozilla/5.0 (Windows NT 10.0; Win64; x64; rv:127.0) Gecko/20100101 Firefox/127.0"
80.210.32.183 - - [06/Jul/2024:09:14:50 +0330] "GET /fa/wp-content/plugins/gfstylespro/themes/sp_kiwi.min.css?ver=5.9.3 HTTP/2.0" 200 1089 "https://saffgroup.com/fa/contact-us/" "Mozilla/5.0 (Windows NT 10.0; Win64; x64; rv:127.0) Gecko/20100101 Firefox/127.0"
80.210.32.183 - - [06/Jul/2024:09:14:50 +0330] "GET /fa/wp-content/uploads/2022/05/contact-e-min.jpg HTTP/2.0" 200 79568 "https://saffgroup.com/fa/contact-us/" "Mozilla/5.0 (Windows NT 10.0; Win64; x64; rv:127.0) Gecko/20100101 Firefox/127.0"
80.210.32.183 - - [06/Jul/2024:09:14:50 +0330] "GET /fa/wp-content/plugins/gfstylespro/fonts/material_icons/MaterialIcons-Regular.woff2 HTTP/2.0" 200 44300 "https://saffgroup.com/fa/wp-content/plugins/gfstylespro/fonts/material_icons/md-icons.css?ver=5.9.3" "Mozilla/5.0 (Windows NT 10.0; Win64; x64; rv:127.0) Gecko/20100101 Firefox/127.0"
80.210.32.183 - - [06/Jul/2024:09:14:50 +0330] "POST /mod_pagespeed_beacon?url=https%3A%2F%2Fsaffgroup.com%2Ffa%2Fcontact-us%2F HTTP/2.0" 204 - "https://saffgroup.com/fa/contact-us/" "Mozilla/5.0 (Windows NT 10.0; Win64; x64; rv:127.0) Gecko/20100101 Firefox/127.0"
80.210.32.183 - - [06/Jul/2024:09:15:02 +0330] "GET /fa/projects/ HTTP/2.0" 200 23558 "https://saffgroup.com/fa/contact-us/" "Mozilla/5.0 (Windows NT 10.0; Win64; x64; rv:127.0) Gecko/20100101 Firefox/127.0"
80.210.32.183 - - [06/Jul/2024:09:15:04 +0330] "GET /fa/wp-content/uploads/2022/05/13.jpg HTTP/2.0" 200 116377 "https://saffgroup.com/fa/projects/" "Mozilla/5.0 (Windows NT 10.0; Win64; x64; rv:127.0) Gecko/20100101 Firefox/127.0"
80.210.32.183 - - [06/Jul/2024:09:15:04 +0330] "GET /fa/wp-content/uploads/2022/01/Dsc00177.jpg HTTP/2.0" 200 271573 "https://saffgroup.com/fa/projects/" "Mozilla/5.0 (Windows NT 10.0; Win64; x64; rv:127.0) Gecko/20100101 Firefox/127.0"
80.210.32.183 - - [06/Jul/2024:09:15:04 +0330] "GET /fa/wp-content/uploads/2022/03/%D8%AF%DB%8C%DB%8C%D8%B1-1.jpg HTTP/2.0" 200 697619 "https://saffgroup.com/fa/projects/" "Mozilla/5.0 (Windows NT 10.0; Win64; x64; rv:127.0) Gecko/20100101 Firefox/127.0"
80.210.32.183 - - [06/Jul/2024:09:15:04 +0330] "POST /mod_pagespeed_beacon?url=https%3A%2F%2Fsaffgroup.com%2Ffa%2Fprojects%2F HTTP/2.0" 204 - "https://saffgroup.com/fa/projects/" "Mozilla/5.0 (Windows NT 10.0; Win64; x64; rv:127.0) Gecko/20100101 Firefox/127.0"
80.210.32.183 - - [06/Jul/2024:09:15:04 +0330] "GET /fa/wp-content/uploads/2016/02/Spq1.5.jpg HTTP/2.0" 200 89559 "https://saffgroup.com/fa/projects/" "Mozilla/5.0 (Windows NT 10.0; Win64; x64; rv:127.0) Gecko/20100101 Firefox/127.0"
80.210.32.183 - - [06/Jul/2024:09:15:04 +0330] "GET /fa/wp-content/uploads/2022/05/Salman-Offshore-Facilities-6.jpg HTTP/2.0" 200 424956 "https://saffgroup.com/fa/projects/" "Mozilla/5.0 (Windows NT 10.0; Win64; x64; rv:127.0) Gecko/20100101 Firefox/127.0"
80.210.32.183 - - [06/Jul/2024:09:15:04 +0330] "GET /fa/wp-content/uploads/2023/01/Page-56.jpg HTTP/2.0" 200 683751 "https://saffgroup.com/fa/projects/" "Mozilla/5.0 (Windows NT 10.0; Win64; x64; rv:127.0) Gecko/20100101 Firefox/127.0"
80.210.32.183 - - [06/Jul/2024:09:15:04 +0330] "GET /fa/wp-content/uploads/2022/05/Salman-Tripod-Renovation-2.jpg HTTP/2.0" 200 657232 "https://saffgroup.com/fa/projects/" "Mozilla/5.0 (Windows NT 10.0; Win64; x64; rv:127.0) Gecko/20100101 Firefox/127.0"
80.210.32.183 - - [06/Jul/2024:09:15:07 +0330] "GET /fa/wp-content/uploads/2022/05/SIRRI-A-E-Field-Development-5.jpg HTTP/2.0" 200 334068 "https://saffgroup.com/fa/projects/" "Mozilla/5.0 (Windows NT 10.0; Win64; x64; rv:127.0) Gecko/20100101 Firefox/127.0"
80.210.32.183 - - [06/Jul/2024:09:15:07 +0330] "GET /fa/wp-content/uploads/0217/03/1.jpg HTTP/2.0" 200 248131 "https://saffgroup.com/fa/projects/" "Mozilla/5.0 (Windows NT 10.0; Win64; x64; rv:127.0) Gecko/20100101 Firefox/127.0"
80.210.32.183 - - [06/Jul/2024:09:15:07 +0330] "GET /fa/wp-content/uploads/2022/05/Bandar-Abbas-Refinery-Offshore-Pipeline-6.jpg HTTP/2.0" 200 546313 "https://saffgroup.com/fa/projects/" "Mozilla/5.0 (Windows NT 10.0; Win64; x64; rv:127.0) Gecko/20100101 Firefox/127.0"
43.134.94.224 - - [06/Jul/2024:09:15:08 +0330] "GET /en/wp-content/uploads/2022/05/11-1.jpg HTTP/1.1" 200 9298 "https://saffgroup.com/en/memberships/" "Mozilla/5.0 (Macintosh; Intel Mac OS X 10_13_6) AppleWebKit/537.36 (KHTML, like Gecko) Chrome/103.0.5060.114 Safari/537.36"
80.210.32.183 - - [06/Jul/2024:09:15:12 +0330] "GET /favicon.ico HTTP/2.0" 404 - "https://saffgroup.com/fa/contact-us/" "Mozilla/5.0 (Windows NT 10.0; Win64; x64; rv:127.0) Gecko/20100101 Firefox/127.0"
46.148.35.242 - - [06/Jul/2024:09:15:47 +0330] "POST /cpsess1500353364/3rdparty/roundcube/index.php?_task=mail&_action=refresh HTTP/2.0" 200 58 "https://webmail.saffgroup.com/cpsess1500353364/3rdparty/roundcube/index.php?_task=mail&_caps=pdf%3D1%2Cflash%3D0%2Ctiff%3D0%2Cwebp%3D1%2Cpgpmime%3D0&_uid=564&_mbox=INBOX&_action=show" "Mozilla/5.0 (Windows NT 6.1; Win64; x64; rv:109.0) Gecko/20100101 Firefox/115.0"
54.38.179.162 - - [06/Jul/2024:09:15:59 +0330] "GET /fa/contact-us/ HTTP/1.0" 200 142598 "https://saffgroup.com/fa/contact-us/" "Mozilla/5.0 (Windows NT 10.0; Win64; x64) AppleWebKit/537.36 (KHTML, like Gecko) Chrome/120.0.0.0 Safari/537.36"
54.38.179.162 - - [06/Jul/2024:09:16:01 +0330] "POST /fa/contact-us/ HTTP/1.0" 200 138362 "https://saffgroup.com/fa/contact-us/" "Mozilla/5.0 (Windows NT 10.0; Win64; x64) AppleWebKit/537.36 (KHTML, like Gecko) Chrome/120.0.0.0 Safari/537.36"
46.148.35.242 - - [06/Jul/2024:09:16:47 +0330] "POST /cpsess1500353364/3rdparty/roundcube/index.php?_task=mail&_action=refresh HTTP/2.0" 200 58 "https://webmail.saffgroup.com/cpsess1500353364/3rdparty/roundcube/index.php?_task=mail&_caps=pdf%3D1%2Cflash%3D0%2Ctiff%3D0%2Cwebp%3D1%2Cpgpmime%3D0&_uid=564&_mbox=INBOX&_action=show" "Mozilla/5.0 (Windows NT 6.1; Win64; x64; rv:109.0) Gecko/20100101 Firefox/115.0"
46.148.35.242 - - [06/Jul/2024:09:17:50 +0330] "POST /cpsess1500353364/3rdparty/roundcube/index.php?_task=mail&_action=refresh HTTP/2.0" 200 58 "https://webmail.saffgroup.com/cpsess1500353364/3rdparty/roundcube/index.php?_task=mail&_caps=pdf%3D1%2Cflash%3D0%2Ctiff%3D0%2Cwebp%3D1%2Cpgpmime%3D0&_uid=564&_mbox=INBOX&_action=show" "Mozilla/5.0 (Windows NT 6.1; Win64; x64; rv:109.0) Gecko/20100101 Firefox/115.0"
46.148.35.242 - - [06/Jul/2024:09:18:46 +0330] "POST /cpsess1500353364/3rdparty/roundcube/index.php?_task=mail&_action=refresh HTTP/2.0" 200 58 "https://webmail.saffgroup.com/cpsess1500353364/3rdparty/roundcube/index.php?_task=mail&_caps=pdf%3D1%2Cflash%3D0%2Ctiff%3D0%2Cwebp%3D1%2Cpgpmime%3D0&_uid=564&_mbox=INBOX&_action=show" "Mozilla/5.0 (Windows NT 6.1; Win64; x64; rv:109.0) Gecko/20100101 Firefox/115.0"
66.249.66.206 - - [06/Jul/2024:09:19:41 +0330] "GET /fa HTTP/1.1" 301 233 "-" "Mozilla/5.0 (Linux; Android 6.0.1; Nexus 5X Build/MMB29P) AppleWebKit/537.36 (KHTML, like Gecko) Chrome/125.0.6422.175 Mobile Safari/537.36 (compatible; Googlebot/2.1; +http://www.google.com/bot.html)"
79.132.193.205 - - [06/Jul/2024:09:19:43 +0330] "POST /fa/wp-cron.php?doing_wp_cron=1720244983.0010499954223632812500 HTTP/1.1" 200 1 "https://saffgroup.com/fa/wp-cron.php?doing_wp_cron=1720244983.0010499954223632812500" "WordPress/5.9.3; https://saffgroup.com/fa"
66.249.66.205 - - [06/Jul/2024:09:19:42 +0330] "GET /fa/ HTTP/1.1" 200 32142 "-" "Mozilla/5.0 (Linux; Android 6.0.1; Nexus 5X Build/MMB29P) AppleWebKit/537.36 (KHTML, like Gecko) Chrome/125.0.6422.175 Mobile Safari/537.36 (compatible; Googlebot/2.1; +http://www.google.com/bot.html)"
46.148.35.242 - - [06/Jul/2024:09:19:46 +0330] "POST /cpsess1500353364/3rdparty/roundcube/index.php?_task=mail&_action=refresh HTTP/2.0" 200 58 "https://webmail.saffgroup.com/cpsess1500353364/3rdparty/roundcube/index.php?_task=mail&_caps=pdf%3D1%2Cflash%3D0%2Ctiff%3D0%2Cwebp%3D1%2Cpgpmime%3D0&_uid=564&_mbox=INBOX&_action=show" "Mozilla/5.0 (Windows NT 6.1; Win64; x64; rv:109.0) Gecko/20100101 Firefox/115.0"
66.249.66.205 - - [06/Jul/2024:09:19:50 +0330] "GET /fa/wp-content/themes/Zephyr/common/js/vendor/owl.carousel.js HTTP/1.1" 200 11227 "https://saffgroup.com/fa/" "Mozilla/5.0 (Linux; Android 6.0.1; Nexus 5X Build/MMB29P) AppleWebKit/537.36 (KHTML, like Gecko) Chrome/125.0.6422.175 Mobile Safari/537.36 (compatible; Googlebot/2.1; +http://www.google.com/bot.html)"
