66.249.66.205 - - [05/Jul/2024:16:56:08 +0330] "GET /en/wp-content/themes/Zephyr/fonts/fonts/fonts/woff2/robotobold.woff2 HTTP/1.1" 200 20216 "https://saffgroup.com/en/wp-content/themes/Zephyr/fonts/fonts/fonts.css?ver=5.9.3" "Mozilla/5.0 AppleWebKit/537.36 (KHTML, like Gecko; compatible; Googlebot/2.1; +http://www.google.com/bot.html) Chrome/125.0.6422.175 Safari/537.36"
66.249.66.205 - - [05/Jul/2024:16:56:09 +0330] "GET /en/wp-content/themes/Zephyr/fonts/fa-brands-400.woff2?ver=8.5.1 HTTP/1.1" 200 76741 "https://saffgroup.com/en/" "Mozilla/5.0 AppleWebKit/537.36 (KHTML, like Gecko; compatible; Googlebot/2.1; +http://www.google.com/bot.html) Chrome/125.0.6422.175 Safari/537.36"
66.249.66.205 - - [05/Jul/2024:16:56:10 +0330] "GET /en/wp-content/themes/Zephyr/common/js/vendor/owl.carousel.js HTTP/1.1" 200 11227 "https://saffgroup.com/en/" "Mozilla/5.0 AppleWebKit/537.36 (KHTML, like Gecko; compatible; Googlebot/2.1; +http://www.google.com/bot.html) Chrome/125.0.6422.175 Safari/537.36"
66.249.66.207 - - [05/Jul/2024:17:04:08 +0330] "GET /en/wp-content/uploads/2022/05/19.jpg HTTP/1.1" 200 536447 "-" "Googlebot-Image/1.0"
66.249.66.206 - - [05/Jul/2024:17:04:35 +0330] "GET /fa HTTP/1.1" 301 233 "-" "Mozilla/5.0 (compatible; Googlebot/2.1; +http://www.google.com/bot.html)"
79.132.193.205 - - [05/Jul/2024:17:04:37 +0330] "POST /fa/wp-cron.php?doing_wp_cron=1720186477.0097239017486572265625 HTTP/1.1" 200 1 "https://saffgroup.com/fa/wp-cron.php?doing_wp_cron=1720186477.0097239017486572265625" "WordPress/5.9.3; https://saffgroup.com/fa"
66.249.66.206 - - [05/Jul/2024:17:04:36 +0330] "GET /fa/ HTTP/1.1" 200 32315 "-" "Mozilla/5.0 (compatible; Googlebot/2.1; +http://www.google.com/bot.html)"
66.249.66.205 - - [05/Jul/2024:17:04:40 +0330] "GET /fa/wp-content/plugins/revslider/public/assets/fonts/revicons/revicons.woff?5510888 HTTP/1.1" 200 7459 "https://saffgroup.com/fa/" "Mozilla/5.0 AppleWebKit/537.36 (KHTML, like Gecko; compatible; Googlebot/2.1; +http://www.google.com/bot.html) Chrome/125.0.6422.175 Safari/537.36"
66.249.66.205 - - [05/Jul/2024:17:04:41 +0330] "GET /fa/wp-content/plugins/js_composer/assets/css/js_composer.min.css?ver=6.7.0 HTTP/1.1" 200 41040 "https://saffgroup.com/fa/" "Mozilla/5.0 AppleWebKit/537.36 (KHTML, like Gecko; compatible; Googlebot/2.1; +http://www.google.com/bot.html) Chrome/125.0.6422.175 Safari/537.36"
66.249.66.205 - - [05/Jul/2024:17:04:42 +0330] "GET /fa/wp-content/themes/Zephyr/fonts/material-icons.woff2?ver=8.5.1 HTTP/1.1" 200 110565 "https://saffgroup.com/fa/" "Mozilla/5.0 AppleWebKit/537.36 (KHTML, like Gecko; compatible; Googlebot/2.1; +http://www.google.com/bot.html) Chrome/125.0.6422.175 Safari/537.36"
66.249.66.205 - - [05/Jul/2024:17:04:43 +0330] "GET /fa/wp-content/themes/Zephyr/fonts/fonts/fonts/woff2/IRANSansWeb_FaNum.woff2 HTTP/1.1" 200 27942 "https://saffgroup.com/fa/wp-content/themes/Zephyr/fonts/fonts/fonts.css?ver=5.9.3" "Mozilla/5.0 AppleWebKit/537.36 (KHTML, like Gecko; compatible; Googlebot/2.1; +http://www.google.com/bot.html) Chrome/125.0.6422.175 Safari/537.36"
66.249.66.205 - - [05/Jul/2024:17:04:44 +0330] "GET /fa/wp-content/themes/Zephyr/fonts/fonts/fonts/woff2/IRANSansWeb_FaNum_Light.woff2 HTTP/1.1" 200 28404 "https://saffgroup.com/fa/wp-content/themes/Zephyr/fonts/fonts/fonts.css?ver=5.9.3" "Mozilla/5.0 AppleWebKit/537.36 (KHTML, like Gecko; compatible; Googlebot/2.1; +http://www.google.com/bot.html) Chrome/125.0.6422.175 Safari/537.36"
66.249.66.205 - - [05/Jul/2024:17:04:45 +0330] "GET /fa/wp-content/themes/Zephyr/fonts/fonts/fonts/woff2/IRANSansWeb_Medium.woff2 HTTP/1.1" 200 26892 "https://saffgroup.com/fa/wp-content/themes/Zephyr/fonts/fonts/fonts.css?ver=5.9.3" "Mozilla/5.0 AppleWebKit/537.36 (KHTML, like Gecko; compatible; Googlebot/2.1; +http://www.google.com/bot.html) Chrome/125.0.6422.175 Safari/537.36"
66.249.66.205 - - [05/Jul/2024:17:04:47 +0330] "GET /fa/wp-content/themes/Zephyr/fonts/fonts/fonts/woff2/IRANSansWeb_FaNum_Medium.woff2 HTTP/1.1" 200 25782 "https://saffgroup.com/fa/wp-content/themes/Zephyr/fonts/fonts/fonts.css?ver=5.9.3" "Mozilla/5.0 AppleWebKit/537.36 (KHTML, like Gecko; compatible; Googlebot/2.1; +http://www.google.com/bot.html) Chrome/125.0.6422.175 Safari/537.36"
66.249.66.205 - - [05/Jul/2024:17:04:48 +0330] "GET /fa/wp-content/themes/Zephyr/fonts/fa-solid-900.woff2?ver=8.5.1 HTTP/1.1" 200 78273 "https://saffgroup.com/fa/" "Mozilla/5.0 AppleWebKit/537.36 (KHTML, like Gecko; compatible; Googlebot/2.1; +http://www.google.com/bot.html) Chrome/125.0.6422.175 Safari/537.36"
66.249.66.205 - - [05/Jul/2024:17:04:51 +0330] "GET /fa/wp-content/uploads/2023/01/Test.mp4 HTTP/1.1" 200 1396163 "https://saffgroup.com/fa/" "Mozilla/5.0 AppleWebKit/537.36 (KHTML, like Gecko; compatible; Googlebot/2.1; +http://www.google.com/bot.html) Chrome/125.0.6422.175 Safari/537.36"
66.249.66.205 - - [05/Jul/2024:17:04:53 +0330] "GET /fa/wp-content/themes/Zephyr/fonts/fa-brands-400.woff2?ver=8.5.1 HTTP/1.1" 200 76741 "https://saffgroup.com/fa/" "Mozilla/5.0 AppleWebKit/537.36 (KHTML, like Gecko; compatible; Googlebot/2.1; +http://www.google.com/bot.html) Chrome/125.0.6422.175 Safari/537.36"
66.249.66.205 - - [05/Jul/2024:17:04:54 +0330] "GET /fa/wp-content/themes/Zephyr/fonts/fonts/fonts/woff2/robotoregular.woff2 HTTP/1.1" 200 19824 "https://saffgroup.com/fa/wp-content/themes/Zephyr/fonts/fonts/fonts.css?ver=5.9.3" "Mozilla/5.0 AppleWebKit/537.36 (KHTML, like Gecko; compatible; Googlebot/2.1; +http://www.google.com/bot.html) Chrome/125.0.6422.175 Safari/537.36"
66.249.66.205 - - [05/Jul/2024:17:04:55 +0330] "GET /fa/wp-content/plugins/revslider/revslider-fonts/fonts/woff2/robotoregular.woff2 HTTP/1.1" 200 19824 "https://saffgroup.com/fa/wp-content/plugins/revslider/revslider-fonts/fonts.css?ver=5.9.3" "Mozilla/5.0 AppleWebKit/537.36 (KHTML, like Gecko; compatible; Googlebot/2.1; +http://www.google.com/bot.html) Chrome/125.0.6422.175 Safari/537.36"
66.249.66.205 - - [05/Jul/2024:17:04:56 +0330] "GET /fa/wp-content/themes/Zephyr/common/js/vendor/owl.carousel.js HTTP/1.1" 200 11227 "https://saffgroup.com/fa/" "Mozilla/5.0 AppleWebKit/537.36 (KHTML, like Gecko; compatible; Googlebot/2.1; +http://www.google.com/bot.html) Chrome/125.0.6422.175 Safari/537.36"
40.77.167.41 - - [05/Jul/2024:17:06:03 +0330] "GET /fa/saff-group/ HTTP/2.0" 200 20836 "-" "Mozilla/5.0 AppleWebKit/537.36 (KHTML, like Gecko; compatible; bingbot/2.0; +http://www.bing.com/bingbot.htm) Chrome/116.0.1938.76 Safari/537.36"
40.77.167.41 - - [05/Jul/2024:17:07:03 +0330] "GET /fa/wp-content/plugins/js_composer/assets/css/js_composer.min.css?ver=6.7.0 HTTP/2.0" 200 41040 "-" "Mozilla/5.0 AppleWebKit/537.36 (KHTML, like Gecko; compatible; bingbot/2.0; +http://www.bing.com/bingbot.htm) Chrome/116.0.1938.76 Safari/537.36"
40.77.167.41 - - [05/Jul/2024:17:07:04 +0330] "GET /fa/wp-content/themes/Zephyr/css/style.min.css?ver=8.5.1 HTTP/2.0" 200 58077 "-" "Mozilla/5.0 AppleWebKit/537.36 (KHTML, like Gecko; compatible; bingbot/2.0; +http://www.bing.com/bingbot.htm) Chrome/116.0.1938.76 Safari/537.36"
40.77.167.41 - - [05/Jul/2024:17:07:04 +0330] "GET /fa/wp-includes/js/jquery/jquery.min.js?ver=3.6.0 HTTP/2.0" 200 30310 "-" "Mozilla/5.0 AppleWebKit/537.36 (KHTML, like Gecko; compatible; bingbot/2.0; +http://www.bing.com/bingbot.htm) Chrome/116.0.1938.76 Safari/537.36"
40.77.167.47 - - [05/Jul/2024:17:07:08 +0330] "GET /fa/wp-content/plugins/newsletter/style.css?ver=7.4.3 HTTP/2.0" 200 1190 "-" "Mozilla/5.0 AppleWebKit/537.36 (KHTML, like Gecko; compatible; bingbot/2.0; +http://www.bing.com/bingbot.htm) Chrome/116.0.1938.76 Safari/537.36"
40.77.167.47 - - [05/Jul/2024:17:07:08 +0330] "GET /fa/wp-content/plugins/revslider/public/assets/js/rbtools.min.js?ver=6.5.15 HTTP/2.0" 200 47240 "-" "Mozilla/5.0 AppleWebKit/537.36 (KHTML, like Gecko; compatible; bingbot/2.0; +http://www.bing.com/bingbot.htm) Chrome/116.0.1938.76 Safari/537.36"
40.77.167.47 - - [05/Jul/2024:17:07:09 +0330] "GET /fa/wp-content/themes/Zephyr/common/css/base/ripple.css?ver=8.5.1 HTTP/2.0" 200 391 "-" "Mozilla/5.0 AppleWebKit/537.36 (KHTML, like Gecko; compatible; bingbot/2.0; +http://www.bing.com/bingbot.htm) Chrome/116.0.1938.76 Safari/537.36"
40.77.167.47 - - [05/Jul/2024:17:07:09 +0330] "GET /fa/wp-content/plugins/revslider/revslider-fonts/fonts.css?ver=5.9.3 HTTP/2.0" 200 1380 "-" "Mozilla/5.0 AppleWebKit/537.36 (KHTML, like Gecko; compatible; bingbot/2.0; +http://www.bing.com/bingbot.htm) Chrome/116.0.1938.76 Safari/537.36"
40.77.167.47 - - [05/Jul/2024:17:07:09 +0330] "GET /fa/wp-content/themes/Zephyr/fonts/fa-brands-400.woff2?ver=8.5.1 HTTP/2.0" 200 76741 "-" "Mozilla/5.0 AppleWebKit/537.36 (KHTML, like Gecko; compatible; bingbot/2.0; +http://www.bing.com/bingbot.htm) Chrome/116.0.1938.76 Safari/537.36"
40.77.167.47 - - [05/Jul/2024:17:07:10 +0330] "GET /fa/wp-content/themes/Zephyr/fonts/fa-brands-400.woff?ver=8.5.1 HTTP/2.0" 200 89993 "-" "Mozilla/5.0 AppleWebKit/537.36 (KHTML, like Gecko; compatible; bingbot/2.0; +http://www.bing.com/bingbot.htm) Chrome/116.0.1938.76 Safari/537.36"
40.77.167.47 - - [05/Jul/2024:17:07:10 +0330] "GET /fa/wp-content/themes/Zephyr/fonts/fonts/fonts.css?ver=5.9.3 HTTP/2.0" 200 1380 "-" "Mozilla/5.0 AppleWebKit/537.36 (KHTML, like Gecko; compatible; bingbot/2.0; +http://www.bing.com/bingbot.htm) Chrome/116.0.1938.76 Safari/537.36"
40.77.167.47 - - [05/Jul/2024:17:07:10 +0330] "GET /fa/wp-content/themes/Zephyr/fonts/material-icons.woff?ver=8.5.1 HTTP/2.0" 200 104045 "-" "Mozilla/5.0 AppleWebKit/537.36 (KHTML, like Gecko; compatible; bingbot/2.0; +http://www.bing.com/bingbot.htm) Chrome/116.0.1938.76 Safari/537.36"
40.77.167.47 - - [05/Jul/2024:17:07:11 +0330] "GET /fa/wp-includes/js/wp-emoji-release.min.js?ver=5.9.3 HTTP/2.0" 200 4542 "-" "Mozilla/5.0 AppleWebKit/537.36 (KHTML, like Gecko; compatible; bingbot/2.0; +http://www.bing.com/bingbot.htm) Chrome/116.0.1938.76 Safari/537.36"
40.77.167.60 - - [05/Jul/2024:17:07:27 +0330] "GET /fa/wp-content/themes/Zephyr/common/css/rtl.min.css?ver=8.5.1 HTTP/2.0" 200 3818 "-" "Mozilla/5.0 AppleWebKit/537.36 (KHTML, like Gecko; compatible; bingbot/2.0; +http://www.bing.com/bingbot.htm) Chrome/116.0.1938.76 Safari/537.36"
40.77.167.60 - - [05/Jul/2024:17:07:27 +0330] "GET /fa/wp-content/themes/Zephyr/common/js/base/ripple.min.js?ver=8.5.1 HTTP/2.0" 200 764 "-" "Mozilla/5.0 AppleWebKit/537.36 (KHTML, like Gecko; compatible; bingbot/2.0; +http://www.bing.com/bingbot.htm) Chrome/116.0.1938.76 Safari/537.36"
40.77.167.60 - - [05/Jul/2024:17:07:27 +0330] "GET /fa/wp-content/themes/Zephyr/fonts/fa-solid-900.woff2?ver=8.5.1 HTTP/2.0" 200 78273 "-" "Mozilla/5.0 AppleWebKit/537.36 (KHTML, like Gecko; compatible; bingbot/2.0; +http://www.bing.com/bingbot.htm) Chrome/116.0.1938.76 Safari/537.36"
40.77.167.60 - - [05/Jul/2024:17:07:28 +0330] "GET /fa/wp-content/themes/Zephyr/fonts/fa-solid-900.woff?ver=8.5.1 HTTP/2.0" 200 101653 "-" "Mozilla/5.0 AppleWebKit/537.36 (KHTML, like Gecko; compatible; bingbot/2.0; +http://www.bing.com/bingbot.htm) Chrome/116.0.1938.76 Safari/537.36"
40.77.167.60 - - [05/Jul/2024:17:07:29 +0330] "GET /fa/wp-content/themes/Zephyr/fonts/material-icons.woff2?ver=8.5.1 HTTP/2.0" 200 110565 "-" "Mozilla/5.0 AppleWebKit/537.36 (KHTML, like Gecko; compatible; bingbot/2.0; +http://www.bing.com/bingbot.htm) Chrome/116.0.1938.76 Safari/537.36"
40.77.167.60 - - [05/Jul/2024:17:07:29 +0330] "GET /fa/wp-content/themes/Zephyr/js/us.core.min.js?ver=8.5.1 HTTP/2.0" 200 40612 "-" "Mozilla/5.0 AppleWebKit/537.36 (KHTML, like Gecko; compatible; bingbot/2.0; +http://www.bing.com/bingbot.htm) Chrome/116.0.1938.76 Safari/537.36"
79.132.193.205 - - [05/Jul/2024:17:09:19 +0330] "POST /fa/wp-cron.php?doing_wp_cron=1720186759.4120919704437255859375 HTTP/1.1" 200 1 "https://saffgroup.com/fa/wp-cron.php?doing_wp_cron=1720186759.4120919704437255859375" "WordPress/5.9.3; https://saffgroup.com/fa"
66.249.66.207 - - [05/Jul/2024:17:09:18 +0330] "GET /fa/south-pars-gas-field-development-phase-15/ HTTP/1.1" 200 19665 "-" "Mozilla/5.0 (Linux; Android 6.0.1; Nexus 5X Build/MMB29P) AppleWebKit/537.36 (KHTML, like Gecko) Chrome/125.0.6422.175 Mobile Safari/537.36 (compatible; Googlebot/2.1; +http://www.google.com/bot.html)"
66.249.66.206 - - [05/Jul/2024:17:09:23 +0330] "GET /fa/wp-content/plugins/revslider/public/assets/css/rs6.css?ver=6.5.15 HTTP/1.1" 200 11778 "https://saffgroup.com/fa/south-pars-gas-field-development-phase-15/" "Mozilla/5.0 (Linux; Android 6.0.1; Nexus 5X Build/MMB29P) AppleWebKit/537.36 (KHTML, like Gecko) Chrome/125.0.6422.175 Mobile Safari/537.36 (compatible; Googlebot/2.1; +http://www.google.com/bot.html)"
66.249.66.205 - - [05/Jul/2024:17:12:47 +0330] "GET / HTTP/1.1" 301 232 "-" "Mozilla/5.0 (compatible; Googlebot/2.1; +http://www.google.com/bot.html)"
66.249.66.207 - - [05/Jul/2024:17:12:47 +0330] "GET /fa HTTP/1.1" 301 233 "-" "Mozilla/5.0 (compatible; Googlebot/2.1; +http://www.google.com/bot.html)"
66.249.66.207 - - [05/Jul/2024:17:12:48 +0330] "GET /fa/ HTTP/1.1" 200 32313 "-" "Mozilla/5.0 (compatible; Googlebot/2.1; +http://www.google.com/bot.html)"
66.249.66.206 - - [05/Jul/2024:17:12:52 +0330] "GET /fa/wp-content/themes/Zephyr/fonts/fonts/fonts/woff2/IRANSansWeb_FaNum_Medium.woff2 HTTP/1.1" 200 25782 "https://saffgroup.com/fa/wp-content/themes/Zephyr/fonts/fonts/fonts.css?ver=5.9.3" "Mozilla/5.0 AppleWebKit/537.36 (KHTML, like Gecko; compatible; Googlebot/2.1; +http://www.google.com/bot.html) Chrome/125.0.6422.175 Safari/537.36"
66.249.66.206 - - [05/Jul/2024:17:12:53 +0330] "GET /fa/wp-content/themes/Zephyr/fonts/fa-brands-400.woff2?ver=8.5.1 HTTP/1.1" 200 76741 "https://saffgroup.com/fa/" "Mozilla/5.0 AppleWebKit/537.36 (KHTML, like Gecko; compatible; Googlebot/2.1; +http://www.google.com/bot.html) Chrome/125.0.6422.175 Safari/537.36"
66.249.66.206 - - [05/Jul/2024:17:12:53 +0330] "GET /fa/wp-content/themes/Zephyr/fonts/fonts/fonts/woff2/robotoregular.woff2 HTTP/1.1" 200 19824 "https://saffgroup.com/fa/wp-content/themes/Zephyr/fonts/fonts/fonts.css?ver=5.9.3" "Mozilla/5.0 AppleWebKit/537.36 (KHTML, like Gecko; compatible; Googlebot/2.1; +http://www.google.com/bot.html) Chrome/125.0.6422.175 Safari/537.36"
66.249.66.205 - - [05/Jul/2024:17:12:55 +0330] "GET /fa/wp-content/themes/Zephyr/fonts/fa-solid-900.woff2?ver=8.5.1 HTTP/1.1" 200 78273 "https://saffgroup.com/fa/" "Mozilla/5.0 AppleWebKit/537.36 (KHTML, like Gecko; compatible; Googlebot/2.1; +http://www.google.com/bot.html) Chrome/125.0.6422.175 Safari/537.36"
66.249.66.205 - - [05/Jul/2024:17:12:55 +0330] "GET /fa/wp-content/themes/Zephyr/fonts/fonts/fonts/woff2/IRANSansWeb_FaNum.woff2 HTTP/1.1" 200 27942 "https://saffgroup.com/fa/wp-content/themes/Zephyr/fonts/fonts/fonts.css?ver=5.9.3" "Mozilla/5.0 AppleWebKit/537.36 (KHTML, like Gecko; compatible; Googlebot/2.1; +http://www.google.com/bot.html) Chrome/125.0.6422.175 Safari/537.36"
66.249.66.205 - - [05/Jul/2024:17:12:56 +0330] "GET /fa/wp-includes/js/wp-emoji-release.min.js?ver=5.9.3 HTTP/1.1" 200 4542 "https://saffgroup.com/fa/" "Mozilla/5.0 AppleWebKit/537.36 (KHTML, like Gecko; compatible; Googlebot/2.1; +http://www.google.com/bot.html) Chrome/125.0.6422.175 Safari/537.36"
66.249.66.205 - - [05/Jul/2024:17:12:56 +0330] "GET /fa/wp-content/themes/Zephyr/fonts/fonts/fonts/woff2/IRANSansWeb_FaNum_Light.woff2 HTTP/1.1" 200 28404 "https://saffgroup.com/fa/wp-content/themes/Zephyr/fonts/fonts/fonts.css?ver=5.9.3" "Mozilla/5.0 AppleWebKit/537.36 (KHTML, like Gecko; compatible; Googlebot/2.1; +http://www.google.com/bot.html) Chrome/125.0.6422.175 Safari/537.36"
66.249.66.205 - - [05/Jul/2024:17:12:57 +0330] "GET /fa/wp-content/themes/Zephyr/fonts/fonts/fonts/woff2/IRANSansWeb_Medium.woff2 HTTP/1.1" 200 26892 "https://saffgroup.com/fa/wp-content/themes/Zephyr/fonts/fonts/fonts.css?ver=5.9.3" "Mozilla/5.0 AppleWebKit/537.36 (KHTML, like Gecko; compatible; Googlebot/2.1; +http://www.google.com/bot.html) Chrome/125.0.6422.175 Safari/537.36"
66.249.66.205 - - [05/Jul/2024:17:12:58 +0330] "GET /fa/wp-content/plugins/revslider/public/assets/fonts/revicons/revicons.woff?5510888 HTTP/1.1" 200 7459 "https://saffgroup.com/fa/" "Mozilla/5.0 AppleWebKit/537.36 (KHTML, like Gecko; compatible; Googlebot/2.1; +http://www.google.com/bot.html) Chrome/125.0.6422.175 Safari/537.36"
66.249.66.205 - - [05/Jul/2024:17:12:58 +0330] "GET /fa/wp-content/themes/Zephyr/fonts/material-icons.woff2?ver=8.5.1 HTTP/1.1" 200 110565 "https://saffgroup.com/fa/" "Mozilla/5.0 AppleWebKit/537.36 (KHTML, like Gecko; compatible; Googlebot/2.1; +http://www.google.com/bot.html) Chrome/125.0.6422.175 Safari/537.36"
66.249.66.205 - - [05/Jul/2024:17:13:00 +0330] "GET /fa/wp-content/uploads/2023/01/Test.mp4 HTTP/1.1" 200 1396163 "https://saffgroup.com/fa/" "Mozilla/5.0 AppleWebKit/537.36 (KHTML, like Gecko; compatible; Googlebot/2.1; +http://www.google.com/bot.html) Chrome/125.0.6422.175 Safari/537.36"
66.249.66.205 - - [05/Jul/2024:17:13:02 +0330] "GET /fa/wp-content/plugins/revslider/revslider-fonts/fonts/woff2/robotoregular.woff2 HTTP/1.1" 200 19824 "https://saffgroup.com/fa/wp-content/plugins/revslider/revslider-fonts/fonts.css?ver=5.9.3" "Mozilla/5.0 AppleWebKit/537.36 (KHTML, like Gecko; compatible; Googlebot/2.1; +http://www.google.com/bot.html) Chrome/125.0.6422.175 Safari/537.36"
66.249.66.205 - - [05/Jul/2024:17:13:03 +0330] "GET /fa/wp-content/themes/Zephyr/common/js/vendor/owl.carousel.js HTTP/1.1" 200 11227 "https://saffgroup.com/fa/" "Mozilla/5.0 AppleWebKit/537.36 (KHTML, like Gecko; compatible; Googlebot/2.1; +http://www.google.com/bot.html) Chrome/125.0.6422.175 Safari/537.36"
66.249.66.205 - - [05/Jul/2024:17:13:22 +0330] "GET /fa/south-pars-phase-19-shore-protection/ HTTP/1.1" 200 19573 "-" "Mozilla/5.0 (Linux; Android 6.0.1; Nexus 5X Build/MMB29P) AppleWebKit/537.36 (KHTML, like Gecko) Chrome/125.0.6422.175 Mobile Safari/537.36 (compatible; Googlebot/2.1; +http://www.google.com/bot.html)"
66.249.66.205 - - [05/Jul/2024:17:14:52 +0330] "GET /en/ HTTP/1.1" 200 29361 "-" "Mozilla/5.0 (compatible; Googlebot/2.1; +http://www.google.com/bot.html)"
66.249.66.205 - - [05/Jul/2024:17:14:56 +0330] "GET /en/wp-includes/js/wp-emoji-release.min.js?ver=5.9.3 HTTP/1.1" 200 4542 "https://saffgroup.com/en/" "Mozilla/5.0 AppleWebKit/537.36 (KHTML, like Gecko; compatible; Googlebot/2.1; +http://www.google.com/bot.html) Chrome/125.0.6422.175 Safari/537.36"
66.249.66.206 - - [05/Jul/2024:17:14:57 +0330] "GET /en/wp-content/plugins/revslider/public/assets/fonts/revicons/revicons.woff?5510888 HTTP/1.1" 200 7459 "https://saffgroup.com/en/" "Mozilla/5.0 AppleWebKit/537.36 (KHTML, like Gecko; compatible; Googlebot/2.1; +http://www.google.com/bot.html) Chrome/125.0.6422.175 Safari/537.36"
66.249.66.205 - - [05/Jul/2024:17:15:04 +0330] "GET /en/wp-content/themes/Zephyr/fonts/fonts/fonts/woff2/robotobold.woff2 HTTP/1.1" 200 20216 "https://saffgroup.com/en/wp-content/themes/Zephyr/fonts/fonts/fonts.css?ver=5.9.3" "Mozilla/5.0 AppleWebKit/537.36 (KHTML, like Gecko; compatible; Googlebot/2.1; +http://www.google.com/bot.html) Chrome/125.0.6422.175 Safari/537.36"
66.249.66.206 - - [05/Jul/2024:17:15:05 +0330] "GET /en/wp-content/themes/Zephyr/fonts/material-icons.woff2?ver=8.5.1 HTTP/1.1" 200 110565 "https://saffgroup.com/en/" "Mozilla/5.0 AppleWebKit/537.36 (KHTML, like Gecko; compatible; Googlebot/2.1; +http://www.google.com/bot.html) Chrome/125.0.6422.175 Safari/537.36"
66.249.66.207 - - [05/Jul/2024:17:15:06 +0330] "GET /en/wp-content/themes/Zephyr/fonts/fonts/fonts/woff2/robotoregular.woff2 HTTP/1.1" 200 19824 "https://saffgroup.com/en/wp-content/themes/Zephyr/fonts/fonts/fonts.css?ver=5.9.3" "Mozilla/5.0 AppleWebKit/537.36 (KHTML, like Gecko; compatible; Googlebot/2.1; +http://www.google.com/bot.html) Chrome/125.0.6422.175 Safari/537.36"
66.249.66.206 - - [05/Jul/2024:17:15:06 +0330] "GET /en/wp-content/themes/Zephyr/fonts/fa-solid-900.woff2?ver=8.5.1 HTTP/1.1" 200 78273 "https://saffgroup.com/en/" "Mozilla/5.0 AppleWebKit/537.36 (KHTML, like Gecko; compatible; Googlebot/2.1; +http://www.google.com/bot.html) Chrome/125.0.6422.175 Safari/537.36"
66.249.66.207 - - [05/Jul/2024:17:15:07 +0330] "GET /en/wp-content/themes/Zephyr/fonts/fa-brands-400.woff2?ver=8.5.1 HTTP/1.1" 200 76741 "https://saffgroup.com/en/" "Mozilla/5.0 AppleWebKit/537.36 (KHTML, like Gecko; compatible; Googlebot/2.1; +http://www.google.com/bot.html) Chrome/125.0.6422.175 Safari/537.36"
66.249.66.206 - - [05/Jul/2024:17:15:08 +0330] "GET /en/wp-content/themes/Zephyr/common/js/vendor/owl.carousel.js HTTP/1.1" 200 11227 "https://saffgroup.com/en/" "Mozilla/5.0 AppleWebKit/537.36 (KHTML, like Gecko; compatible; Googlebot/2.1; +http://www.google.com/bot.html) Chrome/125.0.6422.175 Safari/537.36"
66.249.66.205 - - [05/Jul/2024:17:15:10 +0330] "GET /fa/wp-content/uploads/2022/05/NIOC-OFFICIALS-VISIT-TO-SAFFS-STALL-IN-IRAN-OIL-SHOW-2016-3-600x480.jpg HTTP/1.1" 200 57308 "-" "Googlebot-Image/1.0"
40.77.189.131 - - [05/Jul/2024:17:23:27 +0330] "GET /fa/wp-content/themes/Zephyr/fonts/fonts/fonts/woff2/IRANSansWeb_FaNum_Medium.woff2 HTTP/2.0" 200 25784 "-" "Mozilla/5.0 AppleWebKit/537.36 (KHTML, like Gecko; compatible; bingbot/2.0; +http://www.bing.com/bingbot.htm) Chrome/100.0.4896.127 Safari/537.36"
40.77.189.17 - - [05/Jul/2024:17:23:27 +0330] "GET /fa/wp-content/themes/Zephyr/fonts/fonts/fonts/woff2/IRANSansWeb_Medium.woff2 HTTP/2.0" 200 26888 "-" "Mozilla/5.0 AppleWebKit/537.36 (KHTML, like Gecko; compatible; bingbot/2.0; +http://www.bing.com/bingbot.htm) Chrome/100.0.4896.127 Safari/537.36"
40.77.190.20 - - [05/Jul/2024:17:23:28 +0330] "GET /fa/wp-content/themes/Zephyr/fonts/fonts/fonts/woff2/robotoregular.woff2 HTTP/2.0" 200 19828 "-" "Mozilla/5.0 AppleWebKit/537.36 (KHTML, like Gecko; compatible; bingbot/2.0; +http://www.bing.com/bingbot.htm) Chrome/100.0.4896.127 Safari/537.36"
40.77.188.15 - - [05/Jul/2024:17:23:29 +0330] "GET /fa/wp-content/plugins/revslider/revslider-fonts/fonts/woff2/robotoregular.woff2 HTTP/2.0" 200 19828 "-" "Mozilla/5.0 AppleWebKit/537.36 (KHTML, like Gecko; compatible; bingbot/2.0; +http://www.bing.com/bingbot.htm) Chrome/100.0.4896.127 Safari/537.36"
5.255.231.196 - - [05/Jul/2024:17:25:27 +0330] "GET /robots.txt HTTP/1.1" 200 122 "-" "Mozilla/5.0 (compatible; YandexBot/3.0; +http://yandex.com/bots)"
119.8.182.195 - - [05/Jul/2024:17:28:07 +0330] "GET /index.php/component/k2/item HTTP/2.0" 200 10998 "-" "Mozilla/5.0 (Windows NT 10.0; Win64; x64) AppleWebKit/537.36 (KHTML, like Gecko) Chrome/101.0.4951.64 Safari/537.36 Edg/101.0.1210.47"
79.132.193.205 - - [05/Jul/2024:17:36:56 +0330] "POST /en/wp-cron.php?doing_wp_cron=1720188416.8937718868255615234375 HTTP/1.1" 200 1 "https://saffgroup.com/en/wp-cron.php?doing_wp_cron=1720188416.8937718868255615234375" "WordPress/5.9.3; https://saffgroup.com/en"
66.249.66.206 - - [05/Jul/2024:17:36:56 +0330] "GET /en/feed/ HTTP/1.1" 304 - "-" "Mozilla/5.0 (compatible; Googlebot/2.1; +http://www.google.com/bot.html)"
185.191.171.14 - - [05/Jul/2024:17:40:14 +0330] "GET /robots.txt HTTP/1.1" 200 122 "-" "Mozilla/5.0 (compatible; SemrushBot/7~bl; +http://www.semrush.com/bot.html)"
79.132.193.205 - - [05/Jul/2024:17:40:16 +0330] "POST /en/wp-cron.php?doing_wp_cron=1720188616.4058101177215576171875 HTTP/1.1" 200 1 "https://saffgroup.com/en/wp-cron.php?doing_wp_cron=1720188616.4058101177215576171875" "WordPress/5.9.3; https://saffgroup.com/en"
85.208.96.193 - - [05/Jul/2024:17:40:15 +0330] "GET /en/national-petrochemical-company-approved-contractor-list/ HTTP/1.1" 200 20856 "-" "Mozilla/5.0 (compatible; SemrushBot/7~bl; +http://www.semrush.com/bot.html)"
66.249.66.207 - - [05/Jul/2024:17:46:57 +0330] "GET /fa HTTP/1.1" 301 233 "-" "Mozilla/5.0 (compatible; Googlebot/2.1; +http://www.google.com/bot.html)"
79.132.193.205 - - [05/Jul/2024:17:46:59 +0330] "POST /fa/wp-cron.php?doing_wp_cron=1720189019.2149090766906738281250 HTTP/1.1" 200 1 "https://saffgroup.com/fa/wp-cron.php?doing_wp_cron=1720189019.2149090766906738281250" "WordPress/5.9.3; https://saffgroup.com/fa"
66.249.66.206 - - [05/Jul/2024:17:46:58 +0330] "GET /fa/ HTTP/1.1" 200 32314 "-" "Mozilla/5.0 (compatible; Googlebot/2.1; +http://www.google.com/bot.html)"
66.249.66.205 - - [05/Jul/2024:17:47:03 +0330] "GET /fa/wp-content/themes/Zephyr/fonts/fonts/fonts/woff2/IRANSansWeb_Medium.woff2 HTTP/1.1" 200 26892 "https://saffgroup.com/fa/wp-content/themes/Zephyr/fonts/fonts/fonts.css?ver=5.9.3" "Mozilla/5.0 AppleWebKit/537.36 (KHTML, like Gecko; compatible; Googlebot/2.1; +http://www.google.com/bot.html) Chrome/125.0.6422.175 Safari/537.36"
66.249.66.206 - - [05/Jul/2024:17:47:03 +0330] "GET /fa/wp-content/themes/Zephyr/fonts/material-icons.woff2?ver=8.5.1 HTTP/1.1" 200 110565 "https://saffgroup.com/fa/" "Mozilla/5.0 AppleWebKit/537.36 (KHTML, like Gecko; compatible; Googlebot/2.1; +http://www.google.com/bot.html) Chrome/125.0.6422.175 Safari/537.36"
66.249.66.206 - - [05/Jul/2024:17:47:04 +0330] "GET /fa/wp-content/themes/Zephyr/fonts/fonts/fonts/woff2/IRANSansWeb_FaNum.woff2 HTTP/1.1" 200 27942 "https://saffgroup.com/fa/wp-content/themes/Zephyr/fonts/fonts/fonts.css?ver=5.9.3" "Mozilla/5.0 AppleWebKit/537.36 (KHTML, like Gecko; compatible; Googlebot/2.1; +http://www.google.com/bot.html) Chrome/125.0.6422.175 Safari/537.36"
66.249.66.206 - - [05/Jul/2024:17:47:05 +0330] "GET /fa/wp-content/plugins/revslider/public/assets/fonts/revicons/revicons.woff?5510888 HTTP/1.1" 200 7459 "https://saffgroup.com/fa/" "Mozilla/5.0 AppleWebKit/537.36 (KHTML, like Gecko; compatible; Googlebot/2.1; +http://www.google.com/bot.html) Chrome/125.0.6422.175 Safari/537.36"
66.249.66.205 - - [05/Jul/2024:17:47:06 +0330] "GET /fa/wp-content/themes/Zephyr/fonts/fonts/fonts/woff2/IRANSansWeb_FaNum_Medium.woff2 HTTP/1.1" 200 25782 "https://saffgroup.com/fa/wp-content/themes/Zephyr/fonts/fonts/fonts.css?ver=5.9.3" "Mozilla/5.0 AppleWebKit/537.36 (KHTML, like Gecko; compatible; Googlebot/2.1; +http://www.google.com/bot.html) Chrome/125.0.6422.175 Safari/537.36"
66.249.66.205 - - [05/Jul/2024:17:47:07 +0330] "GET /fa/wp-content/themes/Zephyr/fonts/fa-solid-900.woff2?ver=8.5.1 HTTP/1.1" 200 78273 "https://saffgroup.com/fa/" "Mozilla/5.0 AppleWebKit/537.36 (KHTML, like Gecko; compatible; Googlebot/2.1; +http://www.google.com/bot.html) Chrome/125.0.6422.175 Safari/537.36"
66.249.66.205 - - [05/Jul/2024:17:47:10 +0330] "GET /fa/wp-content/themes/Zephyr/fonts/fonts/fonts/woff2/IRANSansWeb_FaNum_Light.woff2 HTTP/1.1" 200 28404 "https://saffgroup.com/fa/wp-content/themes/Zephyr/fonts/fonts/fonts.css?ver=5.9.3" "Mozilla/5.0 AppleWebKit/537.36 (KHTML, like Gecko; compatible; Googlebot/2.1; +http://www.google.com/bot.html) Chrome/125.0.6422.175 Safari/537.36"
66.249.66.205 - - [05/Jul/2024:17:47:13 +0330] "GET /fa/wp-content/themes/Zephyr/fonts/fonts/fonts/woff2/robotoregular.woff2 HTTP/1.1" 200 19824 "https://saffgroup.com/fa/wp-content/themes/Zephyr/fonts/fonts/fonts.css?ver=5.9.3" "Mozilla/5.0 AppleWebKit/537.36 (KHTML, like Gecko; compatible; Googlebot/2.1; +http://www.google.com/bot.html) Chrome/125.0.6422.175 Safari/537.36"
66.249.66.205 - - [05/Jul/2024:17:47:15 +0330] "GET /fa/wp-content/themes/Zephyr/fonts/fa-brands-400.woff2?ver=8.5.1 HTTP/1.1" 200 76741 "https://saffgroup.com/fa/" "Mozilla/5.0 AppleWebKit/537.36 (KHTML, like Gecko; compatible; Googlebot/2.1; +http://www.google.com/bot.html) Chrome/125.0.6422.175 Safari/537.36"
66.249.66.205 - - [05/Jul/2024:17:47:18 +0330] "GET /fa/wp-content/uploads/2023/01/Test.mp4 HTTP/1.1" 200 520169 "https://saffgroup.com/fa/" "Mozilla/5.0 AppleWebKit/537.36 (KHTML, like Gecko; compatible; Googlebot/2.1; +http://www.google.com/bot.html) Chrome/125.0.6422.175 Safari/537.36"
66.249.66.205 - - [05/Jul/2024:17:47:32 +0330] "GET /fa/wp-content/plugins/revslider/revslider-fonts/fonts/woff2/robotoregular.woff2 HTTP/1.1" 200 19824 "https://saffgroup.com/fa/wp-content/plugins/revslider/revslider-fonts/fonts.css?ver=5.9.3" "Mozilla/5.0 AppleWebKit/537.36 (KHTML, like Gecko; compatible; Googlebot/2.1; +http://www.google.com/bot.html) Chrome/125.0.6422.175 Safari/537.36"
66.249.66.205 - - [05/Jul/2024:17:47:32 +0330] "GET /fa/wp-content/themes/Zephyr/common/js/vendor/owl.carousel.js HTTP/1.1" 200 11227 "https://saffgroup.com/fa/" "Mozilla/5.0 AppleWebKit/537.36 (KHTML, like Gecko; compatible; Googlebot/2.1; +http://www.google.com/bot.html) Chrome/125.0.6422.175 Safari/537.36"
66.249.66.205 - - [05/Jul/2024:17:56:57 +0330] "GET /en HTTP/1.1" 301 233 "-" "Mozilla/5.0 (compatible; Googlebot/2.1; +http://www.google.com/bot.html)"
79.132.193.205 - - [05/Jul/2024:17:56:58 +0330] "POST /en/wp-cron.php?doing_wp_cron=1720189618.7319669723510742187500 HTTP/1.1" 200 1 "https://saffgroup.com/en/wp-cron.php?doing_wp_cron=1720189618.7319669723510742187500" "WordPress/5.9.3; https://saffgroup.com/en"
66.249.66.205 - - [05/Jul/2024:17:56:58 +0330] "GET /en/ HTTP/1.1" 200 29361 "-" "Mozilla/5.0 (compatible; Googlebot/2.1; +http://www.google.com/bot.html)"
66.249.66.205 - - [05/Jul/2024:17:57:01 +0330] "GET /en/wp-includes/js/wp-emoji-release.min.js?ver=5.9.3 HTTP/1.1" 200 4542 "https://saffgroup.com/en/" "Mozilla/5.0 AppleWebKit/537.36 (KHTML, like Gecko; compatible; Googlebot/2.1; +http://www.google.com/bot.html) Chrome/125.0.6422.175 Safari/537.36"
66.249.66.205 - - [05/Jul/2024:17:57:01 +0330] "GET /en/wp-content/plugins/revslider/public/assets/fonts/revicons/revicons.woff?5510888 HTTP/1.1" 200 7459 "https://saffgroup.com/en/" "Mozilla/5.0 AppleWebKit/537.36 (KHTML, like Gecko; compatible; Googlebot/2.1; +http://www.google.com/bot.html) Chrome/125.0.6422.175 Safari/537.36"
66.249.66.206 - - [05/Jul/2024:17:57:02 +0330] "GET /en/wp-content/themes/Zephyr/fonts/fonts/fonts/woff2/robotobold.woff2 HTTP/1.1" 200 20216 "https://saffgroup.com/en/wp-content/themes/Zephyr/fonts/fonts/fonts.css?ver=5.9.3" "Mozilla/5.0 AppleWebKit/537.36 (KHTML, like Gecko; compatible; Googlebot/2.1; +http://www.google.com/bot.html) Chrome/125.0.6422.175 Safari/537.36"
66.249.66.205 - - [05/Jul/2024:17:57:03 +0330] "GET /en/wp-content/themes/Zephyr/fonts/material-icons.woff2?ver=8.5.1 HTTP/1.1" 200 110565 "https://saffgroup.com/en/" "Mozilla/5.0 AppleWebKit/537.36 (KHTML, like Gecko; compatible; Googlebot/2.1; +http://www.google.com/bot.html) Chrome/125.0.6422.175 Safari/537.36"
66.249.66.205 - - [05/Jul/2024:17:57:03 +0330] "GET /en/wp-content/themes/Zephyr/fonts/fonts/fonts/woff2/robotoregular.woff2 HTTP/1.1" 200 19824 "https://saffgroup.com/en/wp-content/themes/Zephyr/fonts/fonts/fonts.css?ver=5.9.3" "Mozilla/5.0 AppleWebKit/537.36 (KHTML, like Gecko; compatible; Googlebot/2.1; +http://www.google.com/bot.html) Chrome/125.0.6422.175 Safari/537.36"
66.249.66.206 - - [05/Jul/2024:17:57:04 +0330] "GET /en/wp-content/themes/Zephyr/fonts/fa-solid-900.woff2?ver=8.5.1 HTTP/1.1" 200 78273 "https://saffgroup.com/en/" "Mozilla/5.0 AppleWebKit/537.36 (KHTML, like Gecko; compatible; Googlebot/2.1; +http://www.google.com/bot.html) Chrome/125.0.6422.175 Safari/537.36"
66.249.66.205 - - [05/Jul/2024:17:57:04 +0330] "GET /en/wp-content/themes/Zephyr/fonts/fa-brands-400.woff2?ver=8.5.1 HTTP/1.1" 200 76741 "https://saffgroup.com/en/" "Mozilla/5.0 AppleWebKit/537.36 (KHTML, like Gecko; compatible; Googlebot/2.1; +http://www.google.com/bot.html) Chrome/125.0.6422.175 Safari/537.36"
66.249.66.205 - - [05/Jul/2024:17:57:05 +0330] "GET /en/wp-content/themes/Zephyr/common/js/vendor/owl.carousel.js HTTP/1.1" 200 11227 "https://saffgroup.com/en/" "Mozilla/5.0 AppleWebKit/537.36 (KHTML, like Gecko; compatible; Googlebot/2.1; +http://www.google.com/bot.html) Chrome/125.0.6422.175 Safari/537.36"
79.132.193.205 - - [05/Jul/2024:18:04:44 +0330] "POST /fa/wp-cron.php?doing_wp_cron=1720190084.0236020088195800781250 HTTP/1.1" 200 1 "https://saffgroup.com/fa/wp-cron.php?doing_wp_cron=1720190084.0236020088195800781250" "WordPress/5.9.3; https://saffgroup.com/fa"
77.51.24.139 - - [05/Jul/2024:18:04:43 +0330] "GET /fa/contact-us/ HTTP/1.0" 200 142598 "https://saffgroup.com/fa/contact-us/" "Mozilla/5.0 (Windows NT 6.1) AppleWebKit/537.36 (KHTML, like Gecko) Chrome/103.0.0.0 Safari/537.36"
77.51.24.139 - - [05/Jul/2024:18:04:47 +0330] "POST /fa/contact-us/ HTTP/1.0" 200 138461 "https://saffgroup.com/fa/contact-us/" "Mozilla/5.0 (Windows NT 6.1) AppleWebKit/537.36 (KHTML, like Gecko) Chrome/103.0.0.0 Safari/537.36"
79.132.193.205 - - [05/Jul/2024:18:05:30 +0330] "POST /en/wp-cron.php?doing_wp_cron=1720190130.8518559932708740234375 HTTP/1.1" 200 1 "https://saffgroup.com/en/wp-cron.php?doing_wp_cron=1720190130.8518559932708740234375" "WordPress/5.9.3; https://saffgroup.com/en"
141.138.142.246 - - [05/Jul/2024:18:05:30 +0330] "POST /en/xmlrpc.php HTTP/1.1" 200 206 "-" "Mozilla/5.0 (Windows NT 10.0; Win64; x64; rv:52.0) Gecko/20100101 Firefox/52.0"
43.134.111.75 - - [05/Jul/2024:18:06:15 +0330] "GET /en/wp-content/uploads/2022/05/iotc.png HTTP/1.1" 200 3009 "https://saffgroup.com/en/epc-package-for-two-asd-tug-boats/" "Mozilla/5.0 (Macintosh; Intel Mac OS X 10_13_1) AppleWebKit/537.36 (KHTML, like Gecko) Chrome/107.0.5304.62 Safari/537.36"
5.9.40.119 - - [05/Jul/2024:18:09:11 +0330] "POST /fa/xmlrpc.php HTTP/1.1" 200 245 "-" "Mozilla/5.0 (Windows NT 10.0; Win64; x64; rv:52.0) Gecko/20100101 Firefox/52.0"
66.249.66.207 - - [05/Jul/2024:18:14:35 +0330] "GET /fa HTTP/1.1" 301 233 "-" "Mozilla/5.0 (compatible; Googlebot/2.1; +http://www.google.com/bot.html)"
79.132.193.205 - - [05/Jul/2024:18:14:37 +0330] "POST /fa/wp-cron.php?doing_wp_cron=1720190677.1050810813903808593750 HTTP/1.1" 200 1 "https://saffgroup.com/fa/wp-cron.php?doing_wp_cron=1720190677.1050810813903808593750" "WordPress/5.9.3; https://saffgroup.com/fa"
66.249.66.206 - - [05/Jul/2024:18:14:36 +0330] "GET /fa/ HTTP/1.1" 200 32313 "-" "Mozilla/5.0 (compatible; Googlebot/2.1; +http://www.google.com/bot.html)"
66.249.66.205 - - [05/Jul/2024:18:14:39 +0330] "GET /fa/wp-content/plugins/revslider/public/assets/fonts/revicons/revicons.woff?5510888 HTTP/1.1" 200 7459 "https://saffgroup.com/fa/" "Mozilla/5.0 AppleWebKit/537.36 (KHTML, like Gecko; compatible; Googlebot/2.1; +http://www.google.com/bot.html) Chrome/125.0.6422.175 Safari/537.36"
66.249.66.205 - - [05/Jul/2024:18:14:43 +0330] "GET /fa/wp-content/themes/Zephyr/fonts/fa-solid-900.woff2?ver=8.5.1 HTTP/1.1" 200 78273 "https://saffgroup.com/fa/" "Mozilla/5.0 AppleWebKit/537.36 (KHTML, like Gecko; compatible; Googlebot/2.1; +http://www.google.com/bot.html) Chrome/125.0.6422.175 Safari/537.36"
66.249.66.205 - - [05/Jul/2024:18:14:44 +0330] "GET /fa/wp-content/themes/Zephyr/fonts/fa-brands-400.woff2?ver=8.5.1 HTTP/1.1" 200 76741 "https://saffgroup.com/fa/" "Mozilla/5.0 AppleWebKit/537.36 (KHTML, like Gecko; compatible; Googlebot/2.1; +http://www.google.com/bot.html) Chrome/125.0.6422.175 Safari/537.36"
66.249.66.205 - - [05/Jul/2024:18:14:44 +0330] "GET /fa/wp-content/themes/Zephyr/fonts/fonts/fonts/woff2/robotoregular.woff2 HTTP/1.1" 200 19824 "https://saffgroup.com/fa/wp-content/themes/Zephyr/fonts/fonts/fonts.css?ver=5.9.3" "Mozilla/5.0 AppleWebKit/537.36 (KHTML, like Gecko; compatible; Googlebot/2.1; +http://www.google.com/bot.html) Chrome/125.0.6422.175 Safari/537.36"
66.249.66.205 - - [05/Jul/2024:18:14:45 +0330] "GET /fa/wp-content/themes/Zephyr/fonts/fonts/fonts/woff2/IRANSansWeb_FaNum_Light.woff2 HTTP/1.1" 200 28404 "https://saffgroup.com/fa/wp-content/themes/Zephyr/fonts/fonts/fonts.css?ver=5.9.3" "Mozilla/5.0 AppleWebKit/537.36 (KHTML, like Gecko; compatible; Googlebot/2.1; +http://www.google.com/bot.html) Chrome/125.0.6422.175 Safari/537.36"
66.249.66.205 - - [05/Jul/2024:18:14:46 +0330] "GET /fa/wp-content/themes/Zephyr/fonts/fonts/fonts/woff2/IRANSansWeb_FaNum_Medium.woff2 HTTP/1.1" 200 25782 "https://saffgroup.com/fa/wp-content/themes/Zephyr/fonts/fonts/fonts.css?ver=5.9.3" "Mozilla/5.0 AppleWebKit/537.36 (KHTML, like Gecko; compatible; Googlebot/2.1; +http://www.google.com/bot.html) Chrome/125.0.6422.175 Safari/537.36"
66.249.66.205 - - [05/Jul/2024:18:14:46 +0330] "GET /fa/wp-content/themes/Zephyr/fonts/fonts/fonts/woff2/IRANSansWeb_Medium.woff2 HTTP/1.1" 200 26892 "https://saffgroup.com/fa/wp-content/themes/Zephyr/fonts/fonts/fonts.css?ver=5.9.3" "Mozilla/5.0 AppleWebKit/537.36 (KHTML, like Gecko; compatible; Googlebot/2.1; +http://www.google.com/bot.html) Chrome/125.0.6422.175 Safari/537.36"
66.249.66.205 - - [05/Jul/2024:18:14:47 +0330] "GET /fa/wp-content/themes/Zephyr/fonts/fonts/fonts/woff2/IRANSansWeb_FaNum.woff2 HTTP/1.1" 200 27942 "https://saffgroup.com/fa/wp-content/themes/Zephyr/fonts/fonts/fonts.css?ver=5.9.3" "Mozilla/5.0 AppleWebKit/537.36 (KHTML, like Gecko; compatible; Googlebot/2.1; +http://www.google.com/bot.html) Chrome/125.0.6422.175 Safari/537.36"
66.249.66.205 - - [05/Jul/2024:18:14:47 +0330] "GET /fa/wp-content/themes/Zephyr/fonts/material-icons.woff2?ver=8.5.1 HTTP/1.1" 200 110565 "https://saffgroup.com/fa/" "Mozilla/5.0 AppleWebKit/537.36 (KHTML, like Gecko; compatible; Googlebot/2.1; +http://www.google.com/bot.html) Chrome/125.0.6422.175 Safari/537.36"
66.249.66.205 - - [05/Jul/2024:18:14:50 +0330] "GET /fa/wp-content/themes/Zephyr/common/js/vendor/owl.carousel.js HTTP/1.1" 200 11227 "https://saffgroup.com/fa/" "Mozilla/5.0 AppleWebKit/537.36 (KHTML, like Gecko; compatible; Googlebot/2.1; +http://www.google.com/bot.html) Chrome/125.0.6422.175 Safari/537.36"
66.249.66.205 - - [05/Jul/2024:18:14:50 +0330] "GET /fa/wp-content/uploads/2023/01/Test.mp4 HTTP/1.1" 200 1396163 "https://saffgroup.com/fa/" "Mozilla/5.0 AppleWebKit/537.36 (KHTML, like Gecko; compatible; Googlebot/2.1; +http://www.google.com/bot.html) Chrome/125.0.6422.175 Safari/537.36"
66.249.66.205 - - [05/Jul/2024:18:14:51 +0330] "GET /fa/wp-content/plugins/revslider/revslider-fonts/fonts/woff2/robotoregular.woff2 HTTP/1.1" 200 19824 "https://saffgroup.com/fa/wp-content/plugins/revslider/revslider-fonts/fonts.css?ver=5.9.3" "Mozilla/5.0 AppleWebKit/537.36 (KHTML, like Gecko; compatible; Googlebot/2.1; +http://www.google.com/bot.html) Chrome/125.0.6422.175 Safari/537.36"
79.132.193.205 - - [05/Jul/2024:18:17:30 +0330] "POST /fa/wp-cron.php?doing_wp_cron=1720190850.9510569572448730468750 HTTP/1.1" 200 1 "https://saffgroup.com/fa/wp-cron.php?doing_wp_cron=1720190850.9510569572448730468750" "WordPress/5.9.3; https://saffgroup.com/fa"
165.231.164.243 - - [05/Jul/2024:18:17:30 +0330] "GET /fa/contact-us/ HTTP/1.1" 200 21388 "-" "Mozilla/5.0 (X11; Linux i686; rv:114.0) Gecko/20100101 Firefox/114.0"
45.95.118.73 - - [05/Jul/2024:18:17:32 +0330] "GET /fa/wp-content/uploads/gravity_forms/0-dba5e8ad4f0540c75a5980cfc99596c7/993592638.png HTTP/1.1" 200 2634 "https://saffgroup.com/fa/contact-us/" "Mozilla/5.0 (X11; Linux i686; rv:114.0) Gecko/20100101 Firefox/114.0"
109.230.203.118 - - [05/Jul/2024:18:17:33 +0330] "POST /fa/contact-us/ HTTP/1.1" 200 20138 "https://saffgroup.com/fa/contact-us/" "Mozilla/5.0 (X11; Linux i686; rv:114.0) Gecko/20100101 Firefox/114.0"
79.132.193.205 - - [05/Jul/2024:18:17:34 +0330] "POST /fa/wp-admin/admin-ajax.php?action=wp_gf_feed_processor&nonce=5a6e55603c HTTP/1.1" 200 20 "https://saffgroup.com/fa/wp-admin/admin-ajax.php?action=wp_gf_feed_processor&nonce=5a6e55603c" "WordPress/5.9.3; https://saffgroup.com/fa"
104.40.64.149 - - [05/Jul/2024:18:25:37 +0330] "GET /cgi-bin/luci HTTP/2.0" 404 - "-" "Mozilla/5.0 (Windows; U; Windows NT 5.1; rv:1.7.3) Gecko/20041001 Firefox/0.10.1"
104.40.64.149 - - [05/Jul/2024:18:25:38 +0330] "GET /login HTTP/2.0" 404 - "-" "Mozilla/5.0 (Windows; U; Windows NT 5.1; rv:1.7.3) Gecko/20041001 Firefox/0.10.1"
104.40.64.149 - - [05/Jul/2024:18:25:38 +0330] "GET /cgi-bin/luci/admin HTTP/2.0" 404 - "-" "Mozilla/5.0 (Windows; U; Windows NT 5.1; rv:1.7.3) Gecko/20041001 Firefox/0.10.1"
104.40.64.149 - - [05/Jul/2024:18:25:38 +0330] "GET / HTTP/2.0" 200 50977 "-" "Mozilla/5.0 (Windows; U; Windows NT 5.1; rv:1.7.3) Gecko/20041001 Firefox/0.10.1"
94.74.84.239 - - [05/Jul/2024:18:37:02 +0330] "GET /index.php/component/k2/item/1332-site-preparation-and-construction-of-foundation-for-daily-storage-tanks-and-methanol-project HTTP/2.0" 200 10634 "-" "Mozilla/5.0 (Windows NT 10.0; Win64; x64) AppleWebKit/537.36 (KHTML, like Gecko) Chrome/101.0.4951.67 Safari/537.36"
18.237.101.89 - - [05/Jul/2024:18:43:58 +0330] "GET /fa HTTP/1.1" 301 233 "-" "Mozilla/5.0 (Windows NT 10.0; Win64; x64)AppleWebKit/537.36 (KHTML, like Gecko) Chrome/66.0.3359.181 Safari/537.36"
79.132.193.205 - - [05/Jul/2024:18:43:59 +0330] "POST /fa/wp-cron.php?doing_wp_cron=1720192439.8528900146484375000000 HTTP/1.1" 200 1 "https://saffgroup.com/fa/wp-cron.php?doing_wp_cron=1720192439.8528900146484375000000" "WordPress/5.9.3; https://saffgroup.com/fa"
18.237.101.89 - - [05/Jul/2024:18:43:59 +0330] "GET /fa/ HTTP/1.1" 200 41281 "-" "Mozilla/5.0 (Windows NT 10.0; Win64; x64)AppleWebKit/537.36 (KHTML, like Gecko) Chrome/66.0.3359.181 Safari/537.36"
66.249.66.207 - - [05/Jul/2024:18:45:10 +0330] "GET /fa/wp-content/uploads/2022/06/4-1-768x1067.jpg HTTP/1.1" 200 148348 "-" "Googlebot-Image/1.0"
85.208.96.200 - - [05/Jul/2024:18:54:24 +0330] "GET /robots.txt HTTP/1.1" 200 122 "-" "Mozilla/5.0 (compatible; SemrushBot/7~bl; +http://www.semrush.com/bot.html)"
79.132.193.205 - - [05/Jul/2024:18:54:25 +0330] "POST /en/wp-cron.php?doing_wp_cron=1720193065.5500700473785400390625 HTTP/1.1" 200 1 "https://saffgroup.com/en/wp-cron.php?doing_wp_cron=1720193065.5500700473785400390625" "WordPress/5.9.3; https://saffgroup.com/en"
85.208.96.206 - - [05/Jul/2024:18:54:24 +0330] "GET /en/vision/ HTTP/1.1" 200 18907 "-" "Mozilla/5.0 (compatible; SemrushBot/7~bl; +http://www.semrush.com/bot.html)"
79.132.193.205 - - [05/Jul/2024:18:57:47 +0330] "POST /fa/wp-cron.php?doing_wp_cron=1720193267.5628108978271484375000 HTTP/1.1" 200 1 "https://saffgroup.com/fa/wp-cron.php?doing_wp_cron=1720193267.5628108978271484375000" "WordPress/5.9.3; https://saffgroup.com/fa"
40.77.167.76 - - [05/Jul/2024:18:57:46 +0330] "GET /fa/%D8%A8%D8%A7%D8%B2%D8%AF%DB%8C%D8%AF-%D8%A7%D8%B3%D8%AA%D8%A7%D9%86%D8%AF%D8%A7%D8%B1-%D9%85%D8%AD%D8%AA%D8%B1%D9%85-%D8%AE%D9%88%D8%B2%D8%B3%D8%AA%D8%A7%D9%86-%D9%88-%D9%85%D8%AF%DB%8C%D8%B1%D8%A7/56079c25-9644-43f8-874b-31afa0612b44-2/ HTTP/2.0" 200 18394 "-" "Mozilla/5.0 AppleWebKit/537.36 (KHTML, like Gecko; compatible; bingbot/2.0; +http://www.bing.com/bingbot.htm) Chrome/116.0.1938.76 Safari/537.36"
173.252.83.7 - - [05/Jul/2024:19:01:09 +0330] "GET /fa/wp-content/plugins/gravityforms-master/images/list-add.svg HTTP/2.0" 200 370 "-" "facebookexternalhit/1.1 (+http://www.facebook.com/externalhit_uatext.php)"
2.191.176.185 - - [05/Jul/2024:19:03:48 +0330] "GET /en/wp-content/uploads/2022/05/South-Pars-Phase-19-Sea-Water-Intake-5.jpg HTTP/2.0" 200 602681 "https://www.google.com/" "Mozilla/5.0 (Windows NT 10.0; Win64; x64) AppleWebKit/537.36 (KHTML, like Gecko) Chrome/109.0.0.0 Safari/537.36"
154.21.11.49 - - [05/Jul/2024:19:10:03 +0330] "GET /fa HTTP/1.1" 301 233 "http://www.saffgroup.com" "Mozilla/5.0 (Windows NT 10.0; Win64; x64) AppleWebKit/537.36 (KHTML, like Gecko) Chrome/114.0.0.0 Safari/537.36 OPR/89.0.4447.51"
79.132.193.205 - - [05/Jul/2024:19:10:05 +0330] "POST /fa/wp-cron.php?doing_wp_cron=1720194005.9322569370269775390625 HTTP/1.1" 200 1 "https://saffgroup.com/fa/wp-cron.php?doing_wp_cron=1720194005.9322569370269775390625" "WordPress/5.9.3; https://saffgroup.com/fa"
154.21.11.49 - - [05/Jul/2024:19:10:05 +0330] "GET /fa/ HTTP/1.1" 200 34561 "https://saffgroup.com/fa" "Mozilla/5.0 (Windows NT 10.0; Win64; x64) AppleWebKit/537.36 (KHTML, like Gecko) Chrome/114.0.0.0 Safari/537.36 OPR/89.0.4447.51"
154.21.11.49 - - [05/Jul/2024:19:10:11 +0330] "GET /wp-login.php?action=register HTTP/1.1" 200 1 "https://saffgroup.com/" "Mozilla/5.0 (Windows NT 6.3; Win64; x64) AppleWebKit/537.36 (KHTML, like Gecko) Chrome/103.0.0.0 Safari/537.36"
154.21.11.49 - - [05/Jul/2024:19:10:13 +0330] "GET /wp-login.php?action=register HTTP/1.1" 200 1 "https://saffgroup.com/wp-login.php?action=register" "Mozilla/5.0 (Windows NT 6.3; Win64; x64) AppleWebKit/537.36 (KHTML, like Gecko) Chrome/103.0.0.0 Safari/537.36"
66.220.149.22 - - [05/Jul/2024:19:13:17 +0330] "GET /en/wp-content/uploads/2022/05/Page-49.jpg HTTP/2.0" 200 482600 "-" "facebookexternalhit/1.1 (+http://www.facebook.com/externalhit_uatext.php)"
69.171.230.9 - - [05/Jul/2024:19:19:34 +0330] "GET /en/wp-content/uploads/2022/05/IMG_20161231_144803-600x600.jpg HTTP/2.0" 200 56397 "-" "facebookexternalhit/1.1 (+http://www.facebook.com/externalhit_uatext.php)"
2.191.176.185 - - [05/Jul/2024:19:19:54 +0330] "GET /fa/wp-content/uploads/2022/05/South-Pars-Phase-19-Sea-Water-Intake-5.jpg HTTP/2.0" 200 602681 "https://www.google.com/" "Mozilla/5.0 (Windows NT 10.0; Win64; x64) AppleWebKit/537.36 (KHTML, like Gecko) Chrome/109.0.0.0 Safari/537.36"
2.191.176.185 - - [05/Jul/2024:19:20:57 +0330] "GET /fa/wp-content/uploads/2022/05/South-Pars-Phase-19-Sea-Water-Intake-5.jpg HTTP/2.0" 200 602681 "https://www.google.com/" "Mozilla/5.0 (Windows NT 10.0; Win64; x64) AppleWebKit/537.36 (KHTML, like Gecko) Chrome/109.0.0.0 Safari/537.36"
79.132.193.205 - - [05/Jul/2024:19:21:06 +0330] "POST /fa/wp-cron.php?doing_wp_cron=1720194666.9097650051116943359375 HTTP/1.1" 200 1 "https://saffgroup.com/fa/wp-cron.php?doing_wp_cron=1720194666.9097650051116943359375" "WordPress/5.9.3; https://saffgroup.com/fa"
2.191.176.185 - - [05/Jul/2024:19:21:06 +0330] "GET /fa/south-pars-phase-19-sea-water-intake/ HTTP/2.0" 200 21461 "https://www.google.com/" "Mozilla/5.0 (Windows NT 10.0; Win64; x64) AppleWebKit/537.36 (KHTML, like Gecko) Chrome/109.0.0.0 Safari/537.36"
2.191.176.185 - - [05/Jul/2024:19:21:07 +0330] "GET /fa/wp-content/plugins/revslider/revslider-fonts/fonts.css?ver=5.9.3 HTTP/2.0" 200 1380 "https://saffgroup.com/fa/south-pars-phase-19-sea-water-intake/" "Mozilla/5.0 (Windows NT 10.0; Win64; x64) AppleWebKit/537.36 (KHTML, like Gecko) Chrome/109.0.0.0 Safari/537.36"
2.191.176.185 - - [05/Jul/2024:19:21:07 +0330] "GET /fa/wp-content/uploads/smile_fonts/Defaults/Defaults.css?ver=3.19.11 HTTP/2.0" 200 4455 "https://saffgroup.com/fa/south-pars-phase-19-sea-water-intake/" "Mozilla/5.0 (Windows NT 10.0; Win64; x64) AppleWebKit/537.36 (KHTML, like Gecko) Chrome/109.0.0.0 Safari/537.36"
2.191.176.185 - - [05/Jul/2024:19:21:07 +0330] "GET /fa/wp-content/plugins/newsletter/style.css?ver=7.4.3 HTTP/2.0" 200 1190 "https://saffgroup.com/fa/south-pars-phase-19-sea-water-intake/" "Mozilla/5.0 (Windows NT 10.0; Win64; x64) AppleWebKit/537.36 (KHTML, like Gecko) Chrome/109.0.0.0 Safari/537.36"
2.191.176.185 - - [05/Jul/2024:19:21:07 +0330] "GET /fa/wp-content/themes/Zephyr/fonts/fonts/fonts.css?ver=5.9.3 HTTP/2.0" 200 1380 "https://saffgroup.com/fa/south-pars-phase-19-sea-water-intake/" "Mozilla/5.0 (Windows NT 10.0; Win64; x64) AppleWebKit/537.36 (KHTML, like Gecko) Chrome/109.0.0.0 Safari/537.36"
2.191.176.185 - - [05/Jul/2024:19:21:07 +0330] "GET /fa/wp-content/themes/Zephyr-child/style.css?ver=8.5.1 HTTP/2.0" 200 123 "https://saffgroup.com/fa/south-pars-phase-19-sea-water-intake/" "Mozilla/5.0 (Windows NT 10.0; Win64; x64) AppleWebKit/537.36 (KHTML, like Gecko) Chrome/109.0.0.0 Safari/537.36"
2.191.176.185 - - [05/Jul/2024:19:21:07 +0330] "GET /fa/wp-content/themes/Zephyr/common/css/rtl.min.css?ver=8.5.1 HTTP/2.0" 200 3818 "https://saffgroup.com/fa/south-pars-phase-19-sea-water-intake/" "Mozilla/5.0 (Windows NT 10.0; Win64; x64) AppleWebKit/537.36 (KHTML, like Gecko) Chrome/109.0.0.0 Safari/537.36"
2.191.176.185 - - [05/Jul/2024:19:21:07 +0330] "GET /fa/wp-content/themes/Zephyr/common/css/base/ripple.css?ver=8.5.1 HTTP/2.0" 200 391 "https://saffgroup.com/fa/south-pars-phase-19-sea-water-intake/" "Mozilla/5.0 (Windows NT 10.0; Win64; x64) AppleWebKit/537.36 (KHTML, like Gecko) Chrome/109.0.0.0 Safari/537.36"
2.191.176.185 - - [05/Jul/2024:19:21:07 +0330] "GET /fa/wp-includes/js/jquery/jquery.min.js?ver=3.6.0 HTTP/2.0" 200 30310 "https://saffgroup.com/fa/south-pars-phase-19-sea-water-intake/" "Mozilla/5.0 (Windows NT 10.0; Win64; x64) AppleWebKit/537.36 (KHTML, like Gecko) Chrome/109.0.0.0 Safari/537.36"
2.191.176.185 - - [05/Jul/2024:19:21:07 +0330] "GET /fa/wp-content/themes/Zephyr/css/style.min.css?ver=8.5.1 HTTP/2.0" 200 58077 "https://saffgroup.com/fa/south-pars-phase-19-sea-water-intake/" "Mozilla/5.0 (Windows NT 10.0; Win64; x64) AppleWebKit/537.36 (KHTML, like Gecko) Chrome/109.0.0.0 Safari/537.36"
2.191.176.185 - - [05/Jul/2024:19:21:07 +0330] "GET /fa/wp-content/plugins/js_composer/assets/css/js_composer.min.css?ver=6.7.0 HTTP/2.0" 200 41040 "https://saffgroup.com/fa/south-pars-phase-19-sea-water-intake/" "Mozilla/5.0 (Windows NT 10.0; Win64; x64) AppleWebKit/537.36 (KHTML, like Gecko) Chrome/109.0.0.0 Safari/537.36"
2.191.176.185 - - [05/Jul/2024:19:21:09 +0330] "GET /fa/wp-content/plugins/revslider/public/assets/css/rs6.css?ver=6.5.15 HTTP/2.0" 200 11778 "https://saffgroup.com/fa/south-pars-phase-19-sea-water-intake/" "Mozilla/5.0 (Windows NT 10.0; Win64; x64) AppleWebKit/537.36 (KHTML, like Gecko) Chrome/109.0.0.0 Safari/537.36"
2.191.176.185 - - [05/Jul/2024:19:21:09 +0330] "GET /fa/wp-content/themes/Zephyr/common/js/base/ripple.min.js?ver=8.5.1 HTTP/2.0" 200 764 "https://saffgroup.com/fa/south-pars-phase-19-sea-water-intake/" "Mozilla/5.0 (Windows NT 10.0; Win64; x64) AppleWebKit/537.36 (KHTML, like Gecko) Chrome/109.0.0.0 Safari/537.36"
2.191.176.185 - - [05/Jul/2024:19:21:09 +0330] "GET /fa/wp-content/themes/Zephyr/js/us.core.min.js?ver=8.5.1 HTTP/2.0" 200 40612 "https://saffgroup.com/fa/south-pars-phase-19-sea-water-intake/" "Mozilla/5.0 (Windows NT 10.0; Win64; x64) AppleWebKit/537.36 (KHTML, like Gecko) Chrome/109.0.0.0 Safari/537.36"
2.191.176.185 - - [05/Jul/2024:19:21:10 +0330] "GET /fa/wp-content/plugins/revslider/public/assets/js/rbtools.min.js?ver=6.5.15 HTTP/2.0" 200 47240 "https://saffgroup.com/fa/south-pars-phase-19-sea-water-intake/" "Mozilla/5.0 (Windows NT 10.0; Win64; x64) AppleWebKit/537.36 (KHTML, like Gecko) Chrome/109.0.0.0 Safari/537.36"
