66.249.66.205 - - [06/Jul/2024:01:06:47 +0330] "GET /fa/wp-content/plugins/js_composer/assets/css/js_composer.min.css?ver=6.7.0 HTTP/1.1" 200 41040 "https://saffgroup.com/fa/?fbclid=IwAR0zZJA-Eam_cnhil-NabnLBzhsIju4svqjtTHZ0C70FsCgwQhfHHNFeeOE" "Mozilla/5.0 (Linux; Android 6.0.1; Nexus 5X Build/MMB29P) AppleWebKit/537.36 (KHTML, like Gecko) Chrome/125.0.6422.175 Mobile Safari/537.36 (compatible; Googlebot/2.1; +http://www.google.com/bot.html)"
66.249.66.205 - - [06/Jul/2024:01:06:48 +0330] "GET /fa/wp-content/uploads/smile_fonts/Defaults/Defaults.css?ver=3.19.11 HTTP/1.1" 200 4455 "https://saffgroup.com/fa/?fbclid=IwAR0zZJA-Eam_cnhil-NabnLBzhsIju4svqjtTHZ0C70FsCgwQhfHHNFeeOE" "Mozilla/5.0 (Linux; Android 6.0.1; Nexus 5X Build/MMB29P) AppleWebKit/537.36 (KHTML, like Gecko) Chrome/125.0.6422.175 Mobile Safari/537.36 (compatible; Googlebot/2.1; +http://www.google.com/bot.html)"
66.249.66.205 - - [06/Jul/2024:01:06:49 +0330] "GET /fa/wp-content/plugins/newsletter/style.css?ver=7.4.3 HTTP/1.1" 200 1190 "https://saffgroup.com/fa/?fbclid=IwAR0zZJA-Eam_cnhil-NabnLBzhsIju4svqjtTHZ0C70FsCgwQhfHHNFeeOE" "Mozilla/5.0 (Linux; Android 6.0.1; Nexus 5X Build/MMB29P) AppleWebKit/537.36 (KHTML, like Gecko) Chrome/125.0.6422.175 Mobile Safari/537.36 (compatible; Googlebot/2.1; +http://www.google.com/bot.html)"
66.249.66.205 - - [06/Jul/2024:01:06:50 +0330] "GET /fa/wp-content/plugins/revslider/public/assets/js/rbtools.min.js?ver=6.5.15 HTTP/1.1" 200 47240 "https://saffgroup.com/fa/?fbclid=IwAR0zZJA-Eam_cnhil-NabnLBzhsIju4svqjtTHZ0C70FsCgwQhfHHNFeeOE" "Mozilla/5.0 (Linux; Android 6.0.1; Nexus 5X Build/MMB29P) AppleWebKit/537.36 (KHTML, like Gecko) Chrome/125.0.6422.175 Mobile Safari/537.36 (compatible; Googlebot/2.1; +http://www.google.com/bot.html)"
66.249.66.206 - - [06/Jul/2024:01:20:45 +0330] "GET / HTTP/1.1" 301 232 "-" "Mozilla/5.0 (compatible; Googlebot/2.1; +http://www.google.com/bot.html)"
66.249.66.205 - - [06/Jul/2024:01:20:46 +0330] "GET /fa HTTP/1.1" 301 233 "-" "Mozilla/5.0 (compatible; Googlebot/2.1; +http://www.google.com/bot.html)"
79.132.193.205 - - [06/Jul/2024:01:20:48 +0330] "POST /fa/wp-cron.php?doing_wp_cron=1720216248.1091361045837402343750 HTTP/1.1" 200 1 "https://saffgroup.com/fa/wp-cron.php?doing_wp_cron=1720216248.1091361045837402343750" "WordPress/5.9.3; https://saffgroup.com/fa"
66.249.66.207 - - [06/Jul/2024:01:20:47 +0330] "GET /fa/ HTTP/1.1" 200 32315 "-" "Mozilla/5.0 (compatible; Googlebot/2.1; +http://www.google.com/bot.html)"
66.249.66.205 - - [06/Jul/2024:01:20:51 +0330] "GET /fa/wp-content/plugins/revslider/public/assets/fonts/revicons/revicons.woff?5510888 HTTP/1.1" 200 7459 "https://saffgroup.com/fa/" "Mozilla/5.0 AppleWebKit/537.36 (KHTML, like Gecko; compatible; Googlebot/2.1; +http://www.google.com/bot.html) Chrome/125.0.6422.175 Safari/537.36"
66.249.66.205 - - [06/Jul/2024:01:20:51 +0330] "GET /fa/wp-content/themes/Zephyr/fonts/fonts/fonts/woff2/IRANSansWeb_FaNum.woff2 HTTP/1.1" 200 27942 "https://saffgroup.com/fa/wp-content/themes/Zephyr/fonts/fonts/fonts.css?ver=5.9.3" "Mozilla/5.0 AppleWebKit/537.36 (KHTML, like Gecko; compatible; Googlebot/2.1; +http://www.google.com/bot.html) Chrome/125.0.6422.175 Safari/537.36"
66.249.66.206 - - [06/Jul/2024:01:20:53 +0330] "GET /fa/wp-content/themes/Zephyr/fonts/fonts/fonts/woff2/IRANSansWeb_Medium.woff2 HTTP/1.1" 200 26892 "https://saffgroup.com/fa/wp-content/themes/Zephyr/fonts/fonts/fonts.css?ver=5.9.3" "Mozilla/5.0 AppleWebKit/537.36 (KHTML, like Gecko; compatible; Googlebot/2.1; +http://www.google.com/bot.html) Chrome/125.0.6422.175 Safari/537.36"
66.249.66.205 - - [06/Jul/2024:01:20:53 +0330] "GET /fa/wp-content/themes/Zephyr/fonts/fonts/fonts/woff2/IRANSansWeb_FaNum_Light.woff2 HTTP/1.1" 200 28404 "https://saffgroup.com/fa/wp-content/themes/Zephyr/fonts/fonts/fonts.css?ver=5.9.3" "Mozilla/5.0 AppleWebKit/537.36 (KHTML, like Gecko; compatible; Googlebot/2.1; +http://www.google.com/bot.html) Chrome/125.0.6422.175 Safari/537.36"
219.145.166.222 - - [06/Jul/2024:01:20:54 +0330] "POST /cgi-bin/.%2e/.%2e/.%2e/.%2e/.%2e/.%2e/.%2e/.%2e/.%2e/.%2e/bin/sh HTTP/1.1" 404 - "-" "Custom-AsyncHttpClient"
66.249.66.205 - - [06/Jul/2024:01:20:54 +0330] "GET /fa/wp-content/themes/Zephyr/fonts/material-icons.woff2?ver=8.5.1 HTTP/1.1" 200 110565 "https://saffgroup.com/fa/" "Mozilla/5.0 AppleWebKit/537.36 (KHTML, like Gecko; compatible; Googlebot/2.1; +http://www.google.com/bot.html) Chrome/125.0.6422.175 Safari/537.36"
66.249.66.205 - - [06/Jul/2024:01:20:55 +0330] "GET /fa/wp-content/themes/Zephyr/fonts/fa-solid-900.woff2?ver=8.5.1 HTTP/1.1" 200 78273 "https://saffgroup.com/fa/" "Mozilla/5.0 AppleWebKit/537.36 (KHTML, like Gecko; compatible; Googlebot/2.1; +http://www.google.com/bot.html) Chrome/125.0.6422.175 Safari/537.36"
219.145.166.222 - - [06/Jul/2024:01:20:55 +0330] "POST /cgi-bin/%%32%65%%32%65/%%32%65%%32%65/%%32%65%%32%65/%%32%65%%32%65/%%32%65%%32%65/%%32%65%%32%65/%%32%65%%32%65/bin/sh HTTP/1.1" 404 - "-" "Custom-AsyncHttpClient"
66.249.66.205 - - [06/Jul/2024:01:20:55 +0330] "GET /fa/wp-content/themes/Zephyr/fonts/fonts/fonts/woff2/IRANSansWeb_FaNum_Medium.woff2 HTTP/1.1" 200 25782 "https://saffgroup.com/fa/wp-content/themes/Zephyr/fonts/fonts/fonts.css?ver=5.9.3" "Mozilla/5.0 AppleWebKit/537.36 (KHTML, like Gecko; compatible; Googlebot/2.1; +http://www.google.com/bot.html) Chrome/125.0.6422.175 Safari/537.36"
219.145.166.222 - - [06/Jul/2024:01:20:56 +0330] "GET /vendor/phpunit/phpunit/src/Util/PHP/eval-stdin.php HTTP/1.1" 404 - "-" "Custom-AsyncHttpClient"
66.249.66.205 - - [06/Jul/2024:01:20:56 +0330] "GET /fa/wp-content/themes/Zephyr/fonts/fonts/fonts/woff2/robotoregular.woff2 HTTP/1.1" 200 19824 "https://saffgroup.com/fa/wp-content/themes/Zephyr/fonts/fonts/fonts.css?ver=5.9.3" "Mozilla/5.0 AppleWebKit/537.36 (KHTML, like Gecko; compatible; Googlebot/2.1; +http://www.google.com/bot.html) Chrome/125.0.6422.175 Safari/537.36"
219.145.166.222 - - [06/Jul/2024:01:20:56 +0330] "GET /vendor/phpunit/phpunit/Util/PHP/eval-stdin.php HTTP/1.1" 404 - "-" "Custom-AsyncHttpClient"
219.145.166.222 - - [06/Jul/2024:01:20:57 +0330] "GET /vendor/phpunit/src/Util/PHP/eval-stdin.php HTTP/1.1" 404 - "-" "Custom-AsyncHttpClient"
66.249.66.205 - - [06/Jul/2024:01:20:57 +0330] "GET /fa/wp-content/themes/Zephyr/fonts/fa-brands-400.woff2?ver=8.5.1 HTTP/1.1" 200 76741 "https://saffgroup.com/fa/" "Mozilla/5.0 AppleWebKit/537.36 (KHTML, like Gecko; compatible; Googlebot/2.1; +http://www.google.com/bot.html) Chrome/125.0.6422.175 Safari/537.36"
219.145.166.222 - - [06/Jul/2024:01:20:57 +0330] "GET /vendor/phpunit/Util/PHP/eval-stdin.php HTTP/1.1" 404 - "-" "Custom-AsyncHttpClient"
219.145.166.222 - - [06/Jul/2024:01:20:57 +0330] "GET /vendor/phpunit/phpunit/LICENSE/eval-stdin.php HTTP/1.1" 404 - "-" "Custom-AsyncHttpClient"
219.145.166.222 - - [06/Jul/2024:01:20:58 +0330] "GET /vendor/vendor/phpunit/phpunit/src/Util/PHP/eval-stdin.php HTTP/1.1" 404 - "-" "Custom-AsyncHttpClient"
219.145.166.222 - - [06/Jul/2024:01:20:58 +0330] "GET /phpunit/phpunit/src/Util/PHP/eval-stdin.php HTTP/1.1" 404 - "-" "Custom-AsyncHttpClient"
219.145.166.222 - - [06/Jul/2024:01:20:58 +0330] "GET /phpunit/phpunit/Util/PHP/eval-stdin.php HTTP/1.1" 404 - "-" "Custom-AsyncHttpClient"
66.249.66.205 - - [06/Jul/2024:01:20:58 +0330] "GET /fa/wp-content/uploads/2023/01/Test.mp4 HTTP/1.1" 200 1396163 "https://saffgroup.com/fa/" "Mozilla/5.0 AppleWebKit/537.36 (KHTML, like Gecko; compatible; Googlebot/2.1; +http://www.google.com/bot.html) Chrome/125.0.6422.175 Safari/537.36"
219.145.166.222 - - [06/Jul/2024:01:20:59 +0330] "GET /phpunit/src/Util/PHP/eval-stdin.php HTTP/1.1" 404 - "-" "Custom-AsyncHttpClient"
66.249.66.205 - - [06/Jul/2024:01:20:59 +0330] "GET /fa/wp-content/themes/Zephyr/common/js/vendor/owl.carousel.js HTTP/1.1" 200 11227 "https://saffgroup.com/fa/" "Mozilla/5.0 AppleWebKit/537.36 (KHTML, like Gecko; compatible; Googlebot/2.1; +http://www.google.com/bot.html) Chrome/125.0.6422.175 Safari/537.36"
219.145.166.222 - - [06/Jul/2024:01:20:59 +0330] "GET /phpunit/Util/PHP/eval-stdin.php HTTP/1.1" 404 - "-" "Custom-AsyncHttpClient"
219.145.166.222 - - [06/Jul/2024:01:20:59 +0330] "GET /lib/phpunit/phpunit/src/Util/PHP/eval-stdin.php HTTP/1.1" 404 - "-" "Custom-AsyncHttpClient"
66.249.66.205 - - [06/Jul/2024:01:20:59 +0330] "GET /fa/wp-content/plugins/revslider/revslider-fonts/fonts/woff2/robotoregular.woff2 HTTP/1.1" 200 19824 "https://saffgroup.com/fa/wp-content/plugins/revslider/revslider-fonts/fonts.css?ver=5.9.3" "Mozilla/5.0 AppleWebKit/537.36 (KHTML, like Gecko; compatible; Googlebot/2.1; +http://www.google.com/bot.html) Chrome/125.0.6422.175 Safari/537.36"
219.145.166.222 - - [06/Jul/2024:01:20:59 +0330] "GET /lib/phpunit/phpunit/Util/PHP/eval-stdin.php HTTP/1.1" 404 - "-" "Custom-AsyncHttpClient"
219.145.166.222 - - [06/Jul/2024:01:21:00 +0330] "GET /lib/phpunit/src/Util/PHP/eval-stdin.php HTTP/1.1" 404 - "-" "Custom-AsyncHttpClient"
219.145.166.222 - - [06/Jul/2024:01:21:00 +0330] "GET /lib/phpunit/Util/PHP/eval-stdin.php HTTP/1.1" 404 - "-" "Custom-AsyncHttpClient"
219.145.166.222 - - [06/Jul/2024:01:21:00 +0330] "GET /lib/vendor/phpunit/phpunit/src/Util/PHP/eval-stdin.php HTTP/1.1" 404 - "-" "Custom-AsyncHttpClient"
219.145.166.222 - - [06/Jul/2024:01:21:01 +0330] "GET /laravel/vendor/phpunit/phpunit/src/Util/PHP/eval-stdin.php HTTP/1.1" 404 - "-" "Custom-AsyncHttpClient"
219.145.166.222 - - [06/Jul/2024:01:21:02 +0330] "GET /www/vendor/phpunit/phpunit/src/Util/PHP/eval-stdin.php HTTP/1.1" 404 - "-" "Custom-AsyncHttpClient"
219.145.166.222 - - [06/Jul/2024:01:21:02 +0330] "GET /ws/vendor/phpunit/phpunit/src/Util/PHP/eval-stdin.php HTTP/1.1" 404 - "-" "Custom-AsyncHttpClient"
219.145.166.222 - - [06/Jul/2024:01:21:02 +0330] "GET /yii/vendor/phpunit/phpunit/src/Util/PHP/eval-stdin.php HTTP/1.1" 404 - "-" "Custom-AsyncHttpClient"
219.145.166.222 - - [06/Jul/2024:01:21:03 +0330] "GET /zend/vendor/phpunit/phpunit/src/Util/PHP/eval-stdin.php HTTP/1.1" 404 - "-" "Custom-AsyncHttpClient"
219.145.166.222 - - [06/Jul/2024:01:21:03 +0330] "GET /ws/ec/vendor/phpunit/phpunit/src/Util/PHP/eval-stdin.php HTTP/1.1" 404 - "-" "Custom-AsyncHttpClient"
219.145.166.222 - - [06/Jul/2024:01:21:03 +0330] "GET /V2/vendor/phpunit/phpunit/src/Util/PHP/eval-stdin.php HTTP/1.1" 404 - "-" "Custom-AsyncHttpClient"
219.145.166.222 - - [06/Jul/2024:01:21:04 +0330] "GET /tests/vendor/phpunit/phpunit/src/Util/PHP/eval-stdin.php HTTP/1.1" 404 - "-" "Custom-AsyncHttpClient"
219.145.166.222 - - [06/Jul/2024:01:21:04 +0330] "GET /test/vendor/phpunit/phpunit/src/Util/PHP/eval-stdin.php HTTP/1.1" 404 - "-" "Custom-AsyncHttpClient"
219.145.166.222 - - [06/Jul/2024:01:21:04 +0330] "GET /testing/vendor/phpunit/phpunit/src/Util/PHP/eval-stdin.php HTTP/1.1" 404 - "-" "Custom-AsyncHttpClient"
219.145.166.222 - - [06/Jul/2024:01:21:04 +0330] "GET /api/vendor/phpunit/phpunit/src/Util/PHP/eval-stdin.php HTTP/1.1" 404 - "-" "Custom-AsyncHttpClient"
219.145.166.222 - - [06/Jul/2024:01:21:05 +0330] "GET /demo/vendor/phpunit/phpunit/src/Util/PHP/eval-stdin.php HTTP/1.1" 404 - "-" "Custom-AsyncHttpClient"
219.145.166.222 - - [06/Jul/2024:01:21:05 +0330] "GET /cms/vendor/phpunit/phpunit/src/Util/PHP/eval-stdin.php HTTP/1.1" 404 - "-" "Custom-AsyncHttpClient"
219.145.166.222 - - [06/Jul/2024:01:21:05 +0330] "GET /crm/vendor/phpunit/phpunit/src/Util/PHP/eval-stdin.php HTTP/1.1" 404 - "-" "Custom-AsyncHttpClient"
219.145.166.222 - - [06/Jul/2024:01:21:06 +0330] "GET /admin/vendor/phpunit/phpunit/src/Util/PHP/eval-stdin.php HTTP/1.1" 404 - "-" "Custom-AsyncHttpClient"
219.145.166.222 - - [06/Jul/2024:01:21:06 +0330] "GET /backup/vendor/phpunit/phpunit/src/Util/PHP/eval-stdin.php HTTP/1.1" 404 - "-" "Custom-AsyncHttpClient"
219.145.166.222 - - [06/Jul/2024:01:21:06 +0330] "GET /blog/vendor/phpunit/phpunit/src/Util/PHP/eval-stdin.php HTTP/1.1" 404 - "-" "Custom-AsyncHttpClient"
219.145.166.222 - - [06/Jul/2024:01:21:07 +0330] "GET /workspace/drupal/vendor/phpunit/phpunit/src/Util/PHP/eval-stdin.php HTTP/1.1" 404 - "-" "Custom-AsyncHttpClient"
219.145.166.222 - - [06/Jul/2024:01:21:07 +0330] "GET /panel/vendor/phpunit/phpunit/src/Util/PHP/eval-stdin.php HTTP/1.1" 404 - "-" "Custom-AsyncHttpClient"
219.145.166.222 - - [06/Jul/2024:01:21:07 +0330] "GET /public/vendor/phpunit/phpunit/src/Util/PHP/eval-stdin.php HTTP/1.1" 404 - "-" "Custom-AsyncHttpClient"
219.145.166.222 - - [06/Jul/2024:01:21:08 +0330] "GET /apps/vendor/phpunit/phpunit/src/Util/PHP/eval-stdin.php HTTP/1.1" 404 - "-" "Custom-AsyncHttpClient"
219.145.166.222 - - [06/Jul/2024:01:21:08 +0330] "GET /app/vendor/phpunit/phpunit/src/Util/PHP/eval-stdin.php HTTP/1.1" 404 - "-" "Custom-AsyncHttpClient"
219.145.166.222 - - [06/Jul/2024:01:21:08 +0330] "GET /index.php?s=/index/\\think\\app/invokefunction&function=call_user_func_array&vars[0]=md5&vars[1][]=Hello HTTP/1.1" 200 50977 "-" "Custom-AsyncHttpClient"
219.145.166.222 - - [06/Jul/2024:01:21:10 +0330] "GET /public/index.php?s=/index/\\think\\app/invokefunction&function=call_user_func_array&vars[0]=md5&vars[1][]=Hello HTTP/1.1" 404 - "-" "Custom-AsyncHttpClient"
219.145.166.222 - - [06/Jul/2024:01:21:10 +0330] "GET /index.php?lang=../../../../../../../../usr/local/lib/php/pearcmd&+config-create+/&/<?echo(md5(\"hi\"));?>+/tmp/index1.php HTTP/1.1" 200 50977 "-" "Custom-AsyncHttpClient"
219.145.166.222 - - [06/Jul/2024:01:21:11 +0330] "GET /index.php?lang=../../../../../../../../tmp/index1 HTTP/1.1" 200 50977 "-" "Custom-AsyncHttpClient"
79.132.193.205 - - [06/Jul/2024:01:23:36 +0330] "POST /en/wp-cron.php?doing_wp_cron=1720216416.3359520435333251953125 HTTP/1.1" 200 1 "https://saffgroup.com/en/wp-cron.php?doing_wp_cron=1720216416.3359520435333251953125" "WordPress/5.9.3; https://saffgroup.com/en"
40.77.167.75 - - [06/Jul/2024:01:23:35 +0330] "GET /en/careers/ HTTP/2.0" 200 22335 "-" "Mozilla/5.0 AppleWebKit/537.36 (KHTML, like Gecko; compatible; bingbot/2.0; +http://www.bing.com/bingbot.htm) Chrome/116.0.1938.76 Safari/537.36"
66.249.66.206 - - [06/Jul/2024:01:24:04 +0330] "GET /fa/wp-content/uploads/2014/10/picjumbo.com_HNCK2634-350x233.jpg HTTP/1.1" 200 11972 "-" "Googlebot-Image/1.0"
40.77.167.75 - - [06/Jul/2024:01:24:15 +0330] "GET /en/wp-content/plugins/gravityforms-master/js/gravityforms.min.js?ver=2.2.5 HTTP/2.0" 200 8012 "-" "Mozilla/5.0 AppleWebKit/537.36 (KHTML, like Gecko; compatible; bingbot/2.0; +http://www.bing.com/bingbot.htm) Chrome/116.0.1938.76 Safari/537.36"
40.77.167.75 - - [06/Jul/2024:01:24:15 +0330] "GET /en/wp-content/themes/Zephyr/css/style.min.css?ver=8.5.1 HTTP/2.0" 200 58077 "-" "Mozilla/5.0 AppleWebKit/537.36 (KHTML, like Gecko; compatible; bingbot/2.0; +http://www.bing.com/bingbot.htm) Chrome/116.0.1938.76 Safari/537.36"
52.167.144.199 - - [06/Jul/2024:01:24:22 +0330] "GET /en/wp-content/plugins/gravityforms-master/js/jquery.json.min.js?ver=2.2.5 HTTP/2.0" 200 882 "-" "Mozilla/5.0 AppleWebKit/537.36 (KHTML, like Gecko; compatible; bingbot/2.0; +http://www.bing.com/bingbot.htm) Chrome/116.0.1938.76 Safari/537.36"
52.167.144.199 - - [06/Jul/2024:01:24:22 +0330] "GET /en/wp-content/themes/Zephyr-child/style.css?ver=8.5.1 HTTP/2.0" 200 123 "-" "Mozilla/5.0 AppleWebKit/537.36 (KHTML, like Gecko; compatible; bingbot/2.0; +http://www.bing.com/bingbot.htm) Chrome/116.0.1938.76 Safari/537.36"
52.167.144.199 - - [06/Jul/2024:01:24:22 +0330] "GET /en/wp-content/uploads/smile_fonts/Defaults/Defaults.css?ver=3.19.11 HTTP/2.0" 200 4455 "-" "Mozilla/5.0 AppleWebKit/537.36 (KHTML, like Gecko; compatible; bingbot/2.0; +http://www.bing.com/bingbot.htm) Chrome/116.0.1938.76 Safari/537.36"
52.167.144.204 - - [06/Jul/2024:01:24:26 +0330] "GET /en/wp-content/plugins/gfstylespro/styles/gfstylespro.min.css?ver=2.5.2 HTTP/2.0" 200 13235 "-" "Mozilla/5.0 AppleWebKit/537.36 (KHTML, like Gecko; compatible; bingbot/2.0; +http://www.bing.com/bingbot.htm) Chrome/116.0.1938.76 Safari/537.36"
52.167.144.204 - - [06/Jul/2024:01:24:26 +0330] "GET /en/wp-content/plugins/gfstylespro/themes/sp_glass.min.css?ver=5.9.3 HTTP/2.0" 200 1304 "-" "Mozilla/5.0 AppleWebKit/537.36 (KHTML, like Gecko; compatible; bingbot/2.0; +http://www.bing.com/bingbot.htm) Chrome/116.0.1938.76 Safari/537.36"
52.167.144.204 - - [06/Jul/2024:01:24:26 +0330] "GET /en/wp-content/plugins/gravityforms-master/images/list-add.svg HTTP/2.0" 200 205 "-" "Mozilla/5.0 AppleWebKit/537.36 (KHTML, like Gecko; compatible; bingbot/2.0; +http://www.bing.com/bingbot.htm) Chrome/116.0.1938.76 Safari/537.36"
52.167.144.204 - - [06/Jul/2024:01:24:27 +0330] "GET /en/wp-content/plugins/gravityforms-master/images/list-remove.svg HTTP/2.0" 200 193 "-" "Mozilla/5.0 AppleWebKit/537.36 (KHTML, like Gecko; compatible; bingbot/2.0; +http://www.bing.com/bingbot.htm) Chrome/116.0.1938.76 Safari/537.36"
52.167.144.204 - - [06/Jul/2024:01:24:27 +0330] "GET /en/wp-content/plugins/revslider/public/assets/css/rs6.css?ver=6.5.15 HTTP/2.0" 200 11778 "-" "Mozilla/5.0 AppleWebKit/537.36 (KHTML, like Gecko; compatible; bingbot/2.0; +http://www.bing.com/bingbot.htm) Chrome/116.0.1938.76 Safari/537.36"
79.132.193.205 - - [06/Jul/2024:01:25:37 +0330] "POST /fa/wp-cron.php?doing_wp_cron=1720216537.0879199504852294921875 HTTP/1.1" 200 1 "https://saffgroup.com/fa/wp-cron.php?doing_wp_cron=1720216537.0879199504852294921875" "WordPress/5.9.3; https://saffgroup.com/fa"
66.249.66.205 - - [06/Jul/2024:01:25:36 +0330] "GET /fa/projects/ HTTP/1.1" 200 21595 "-" "Mozilla/5.0 (Linux; Android 6.0.1; Nexus 5X Build/MMB29P) AppleWebKit/537.36 (KHTML, like Gecko) Chrome/125.0.6422.175 Mobile Safari/537.36 (compatible; Googlebot/2.1; +http://www.google.com/bot.html)"
66.249.66.207 - - [06/Jul/2024:01:28:53 +0330] "GET /en/ HTTP/1.1" 200 29361 "-" "Mozilla/5.0 (compatible; Googlebot/2.1; +http://www.google.com/bot.html)"
66.249.66.205 - - [06/Jul/2024:01:28:57 +0330] "GET /en/wp-content/themes/Zephyr/fonts/fa-brands-400.woff2?ver=8.5.1 HTTP/1.1" 200 76741 "https://saffgroup.com/en/" "Mozilla/5.0 AppleWebKit/537.36 (KHTML, like Gecko; compatible; Googlebot/2.1; +http://www.google.com/bot.html) Chrome/125.0.6422.175 Safari/537.36"
66.249.66.206 - - [06/Jul/2024:01:28:58 +0330] "GET /en/wp-includes/js/wp-emoji-release.min.js?ver=5.9.3 HTTP/1.1" 200 4542 "https://saffgroup.com/en/" "Mozilla/5.0 AppleWebKit/537.36 (KHTML, like Gecko; compatible; Googlebot/2.1; +http://www.google.com/bot.html) Chrome/125.0.6422.175 Safari/537.36"
66.249.66.206 - - [06/Jul/2024:01:28:58 +0330] "GET /en/wp-content/themes/Zephyr/fonts/material-icons.woff2?ver=8.5.1 HTTP/1.1" 200 110565 "https://saffgroup.com/en/" "Mozilla/5.0 AppleWebKit/537.36 (KHTML, like Gecko; compatible; Googlebot/2.1; +http://www.google.com/bot.html) Chrome/125.0.6422.175 Safari/537.36"
66.249.66.205 - - [06/Jul/2024:01:28:59 +0330] "GET /en/wp-content/plugins/revslider/public/assets/fonts/revicons/revicons.woff?5510888 HTTP/1.1" 200 7459 "https://saffgroup.com/en/" "Mozilla/5.0 AppleWebKit/537.36 (KHTML, like Gecko; compatible; Googlebot/2.1; +http://www.google.com/bot.html) Chrome/125.0.6422.175 Safari/537.36"
66.249.66.206 - - [06/Jul/2024:01:29:00 +0330] "GET /en/wp-content/themes/Zephyr/fonts/fa-solid-900.woff2?ver=8.5.1 HTTP/1.1" 200 78273 "https://saffgroup.com/en/" "Mozilla/5.0 AppleWebKit/537.36 (KHTML, like Gecko; compatible; Googlebot/2.1; +http://www.google.com/bot.html) Chrome/125.0.6422.175 Safari/537.36"
66.249.66.206 - - [06/Jul/2024:01:29:00 +0330] "GET /en/wp-content/themes/Zephyr/fonts/fonts/fonts/woff2/robotoregular.woff2 HTTP/1.1" 200 19824 "https://saffgroup.com/en/wp-content/themes/Zephyr/fonts/fonts/fonts.css?ver=5.9.3" "Mozilla/5.0 AppleWebKit/537.36 (KHTML, like Gecko; compatible; Googlebot/2.1; +http://www.google.com/bot.html) Chrome/125.0.6422.175 Safari/537.36"
66.249.66.205 - - [06/Jul/2024:01:29:01 +0330] "GET /en/wp-content/themes/Zephyr/fonts/fonts/fonts/woff2/robotobold.woff2 HTTP/1.1" 200 20216 "https://saffgroup.com/en/wp-content/themes/Zephyr/fonts/fonts/fonts.css?ver=5.9.3" "Mozilla/5.0 AppleWebKit/537.36 (KHTML, like Gecko; compatible; Googlebot/2.1; +http://www.google.com/bot.html) Chrome/125.0.6422.175 Safari/537.36"
66.249.66.205 - - [06/Jul/2024:01:29:02 +0330] "GET /en/wp-content/themes/Zephyr/common/js/vendor/owl.carousel.js HTTP/1.1" 200 11227 "https://saffgroup.com/en/" "Mozilla/5.0 AppleWebKit/537.36 (KHTML, like Gecko; compatible; Googlebot/2.1; +http://www.google.com/bot.html) Chrome/125.0.6422.175 Safari/537.36"
78.46.4.189 - - [06/Jul/2024:01:29:54 +0330] "POST /en/xmlrpc.php HTTP/1.1" 200 206 "-" "Mozilla/5.0 (Windows NT 10.0; Win64; x64; rv:86.0) Gecko/20100101 Firefox/86.0"
79.132.193.205 - - [06/Jul/2024:01:30:37 +0330] "POST /fa/wp-cron.php?doing_wp_cron=1720216837.1982369422912597656250 HTTP/1.1" 200 1 "https://saffgroup.com/fa/wp-cron.php?doing_wp_cron=1720216837.1982369422912597656250" "WordPress/5.9.3; https://saffgroup.com/fa"
185.76.77.40 - - [06/Jul/2024:01:30:36 +0330] "POST /fa/xmlrpc.php HTTP/1.1" 200 245 "-" "Mozilla/5.0 (Windows NT 10.0; Win64; x64; rv:88.0) Gecko/20100101 Firefox/88.0"
79.132.193.205 - - [06/Jul/2024:01:34:53 +0330] "POST /en/wp-cron.php?doing_wp_cron=1720217093.1418440341949462890625 HTTP/1.1" 200 1 "https://saffgroup.com/en/wp-cron.php?doing_wp_cron=1720217093.1418440341949462890625" "WordPress/5.9.3; https://saffgroup.com/en"
66.249.66.207 - - [06/Jul/2024:01:34:52 +0330] "GET /en/feed/ HTTP/1.1" 304 - "-" "Mozilla/5.0 (compatible; Googlebot/2.1; +http://www.google.com/bot.html)"
66.249.66.205 - - [06/Jul/2024:01:38:53 +0330] "GET /en HTTP/1.1" 301 233 "-" "Mozilla/5.0 (compatible; Googlebot/2.1; +http://www.google.com/bot.html)"
79.132.193.205 - - [06/Jul/2024:01:38:55 +0330] "POST /en/wp-cron.php?doing_wp_cron=1720217335.3423120975494384765625 HTTP/1.1" 200 1 "https://saffgroup.com/en/wp-cron.php?doing_wp_cron=1720217335.3423120975494384765625" "WordPress/5.9.3; https://saffgroup.com/en"
66.249.66.207 - - [06/Jul/2024:01:38:54 +0330] "GET /en/ HTTP/1.1" 200 29361 "-" "Mozilla/5.0 (compatible; Googlebot/2.1; +http://www.google.com/bot.html)"
66.249.66.205 - - [06/Jul/2024:01:38:58 +0330] "GET /en/wp-content/plugins/revslider/public/assets/fonts/revicons/revicons.woff?5510888 HTTP/1.1" 200 7459 "https://saffgroup.com/en/" "Mozilla/5.0 AppleWebKit/537.36 (KHTML, like Gecko; compatible; Googlebot/2.1; +http://www.google.com/bot.html) Chrome/125.0.6422.175 Safari/537.36"
66.249.66.205 - - [06/Jul/2024:01:38:59 +0330] "GET /en/wp-includes/js/wp-emoji-release.min.js?ver=5.9.3 HTTP/1.1" 200 4542 "https://saffgroup.com/en/" "Mozilla/5.0 AppleWebKit/537.36 (KHTML, like Gecko; compatible; Googlebot/2.1; +http://www.google.com/bot.html) Chrome/125.0.6422.175 Safari/537.36"
66.249.66.206 - - [06/Jul/2024:01:39:00 +0330] "GET /en/wp-content/themes/Zephyr/fonts/fa-solid-900.woff2?ver=8.5.1 HTTP/1.1" 200 78273 "https://saffgroup.com/en/" "Mozilla/5.0 AppleWebKit/537.36 (KHTML, like Gecko; compatible; Googlebot/2.1; +http://www.google.com/bot.html) Chrome/125.0.6422.175 Safari/537.36"
66.249.66.205 - - [06/Jul/2024:01:39:00 +0330] "GET /en/wp-content/themes/Zephyr/fonts/fonts/fonts/woff2/robotoregular.woff2 HTTP/1.1" 200 19824 "https://saffgroup.com/en/wp-content/themes/Zephyr/fonts/fonts/fonts.css?ver=5.9.3" "Mozilla/5.0 AppleWebKit/537.36 (KHTML, like Gecko; compatible; Googlebot/2.1; +http://www.google.com/bot.html) Chrome/125.0.6422.175 Safari/537.36"
66.249.66.205 - - [06/Jul/2024:01:39:01 +0330] "GET /en/wp-content/themes/Zephyr/fonts/material-icons.woff2?ver=8.5.1 HTTP/1.1" 200 110565 "https://saffgroup.com/en/" "Mozilla/5.0 AppleWebKit/537.36 (KHTML, like Gecko; compatible; Googlebot/2.1; +http://www.google.com/bot.html) Chrome/125.0.6422.175 Safari/537.36"
66.249.66.205 - - [06/Jul/2024:01:39:02 +0330] "GET /en/wp-content/themes/Zephyr/fonts/fonts/fonts/woff2/robotobold.woff2 HTTP/1.1" 200 20216 "https://saffgroup.com/en/wp-content/themes/Zephyr/fonts/fonts/fonts.css?ver=5.9.3" "Mozilla/5.0 AppleWebKit/537.36 (KHTML, like Gecko; compatible; Googlebot/2.1; +http://www.google.com/bot.html) Chrome/125.0.6422.175 Safari/537.36"
66.249.66.205 - - [06/Jul/2024:01:39:03 +0330] "GET /en/wp-content/themes/Zephyr/fonts/fa-brands-400.woff2?ver=8.5.1 HTTP/1.1" 200 76741 "https://saffgroup.com/en/" "Mozilla/5.0 AppleWebKit/537.36 (KHTML, like Gecko; compatible; Googlebot/2.1; +http://www.google.com/bot.html) Chrome/125.0.6422.175 Safari/537.36"
66.249.66.205 - - [06/Jul/2024:01:39:04 +0330] "GET /en/wp-content/themes/Zephyr/common/js/vendor/owl.carousel.js HTTP/1.1" 200 11227 "https://saffgroup.com/en/" "Mozilla/5.0 AppleWebKit/537.36 (KHTML, like Gecko; compatible; Googlebot/2.1; +http://www.google.com/bot.html) Chrome/125.0.6422.175 Safari/537.36"
40.77.189.218 - - [06/Jul/2024:01:40:28 +0330] "GET /en/wp-content/themes/Zephyr/fonts/fonts/fonts/woff2/robotoregular.woff2 HTTP/2.0" 200 19828 "-" "Mozilla/5.0 AppleWebKit/537.36 (KHTML, like Gecko; compatible; bingbot/2.0; +http://www.bing.com/bingbot.htm) Chrome/100.0.4896.127 Safari/537.36"
66.249.66.206 - - [06/Jul/2024:01:42:02 +0330] "GET /fa/wp-content/uploads/2014/10/ipad-iphone.png HTTP/1.1" 200 248133 "-" "Googlebot-Image/1.0"
79.132.193.205 - - [06/Jul/2024:01:44:33 +0330] "POST /fa/wp-cron.php?doing_wp_cron=1720217673.8091330528259277343750 HTTP/1.1" 200 1 "https://saffgroup.com/fa/wp-cron.php?doing_wp_cron=1720217673.8091330528259277343750" "WordPress/5.9.3; https://saffgroup.com/fa"
66.249.66.207 - - [06/Jul/2024:01:44:32 +0330] "GET /fa/ofogh-2-saff-9000/ HTTP/1.1" 200 20285 "-" "Mozilla/5.0 (Linux; Android 6.0.1; Nexus 5X Build/MMB29P) AppleWebKit/537.36 (KHTML, like Gecko) Chrome/125.0.6422.175 Mobile Safari/537.36 (compatible; Googlebot/2.1; +http://www.google.com/bot.html)"
66.249.66.205 - - [06/Jul/2024:01:44:56 +0330] "GET /fa HTTP/1.1" 301 233 "-" "Mozilla/5.0 (compatible; Googlebot/2.1; +http://www.google.com/bot.html)"
66.249.66.206 - - [06/Jul/2024:01:44:57 +0330] "GET /fa/ HTTP/1.1" 200 32134 "-" "Mozilla/5.0 (compatible; Googlebot/2.1; +http://www.google.com/bot.html)"
66.249.66.205 - - [06/Jul/2024:01:45:02 +0330] "GET /fa/wp-content/themes/Zephyr/fonts/fa-solid-900.woff2?ver=8.5.1 HTTP/1.1" 200 78273 "https://saffgroup.com/fa/" "Mozilla/5.0 AppleWebKit/537.36 (KHTML, like Gecko; compatible; Googlebot/2.1; +http://www.google.com/bot.html) Chrome/125.0.6422.175 Safari/537.36"
66.249.66.205 - - [06/Jul/2024:01:45:03 +0330] "GET /fa/wp-content/themes/Zephyr/fonts/fonts/fonts/woff2/IRANSansWeb_Medium.woff2 HTTP/1.1" 200 26892 "https://saffgroup.com/fa/wp-content/themes/Zephyr/fonts/fonts/fonts.css?ver=5.9.3" "Mozilla/5.0 AppleWebKit/537.36 (KHTML, like Gecko; compatible; Googlebot/2.1; +http://www.google.com/bot.html) Chrome/125.0.6422.175 Safari/537.36"
66.249.66.205 - - [06/Jul/2024:01:45:04 +0330] "GET /fa/wp-content/plugins/revslider/public/assets/fonts/revicons/revicons.woff?5510888 HTTP/1.1" 200 7459 "https://saffgroup.com/fa/" "Mozilla/5.0 AppleWebKit/537.36 (KHTML, like Gecko; compatible; Googlebot/2.1; +http://www.google.com/bot.html) Chrome/125.0.6422.175 Safari/537.36"
66.249.66.205 - - [06/Jul/2024:01:45:05 +0330] "GET /fa/wp-content/themes/Zephyr/fonts/fonts/fonts/woff2/robotoregular.woff2 HTTP/1.1" 200 19824 "https://saffgroup.com/fa/wp-content/themes/Zephyr/fonts/fonts/fonts.css?ver=5.9.3" "Mozilla/5.0 AppleWebKit/537.36 (KHTML, like Gecko; compatible; Googlebot/2.1; +http://www.google.com/bot.html) Chrome/125.0.6422.175 Safari/537.36"
66.249.66.205 - - [06/Jul/2024:01:45:06 +0330] "GET /fa/wp-includes/js/wp-emoji-release.min.js?ver=5.9.3 HTTP/1.1" 200 4542 "https://saffgroup.com/fa/" "Mozilla/5.0 AppleWebKit/537.36 (KHTML, like Gecko; compatible; Googlebot/2.1; +http://www.google.com/bot.html) Chrome/125.0.6422.175 Safari/537.36"
66.249.66.205 - - [06/Jul/2024:01:45:07 +0330] "GET /fa/wp-content/themes/Zephyr/fonts/fonts/fonts/woff2/IRANSansWeb_FaNum_Medium.woff2 HTTP/1.1" 200 25782 "https://saffgroup.com/fa/wp-content/themes/Zephyr/fonts/fonts/fonts.css?ver=5.9.3" "Mozilla/5.0 AppleWebKit/537.36 (KHTML, like Gecko; compatible; Googlebot/2.1; +http://www.google.com/bot.html) Chrome/125.0.6422.175 Safari/537.36"
66.249.66.205 - - [06/Jul/2024:01:45:08 +0330] "GET /fa/wp-content/themes/Zephyr/fonts/fonts/fonts/woff2/IRANSansWeb_FaNum_Light.woff2 HTTP/1.1" 200 28404 "https://saffgroup.com/fa/wp-content/themes/Zephyr/fonts/fonts/fonts.css?ver=5.9.3" "Mozilla/5.0 AppleWebKit/537.36 (KHTML, like Gecko; compatible; Googlebot/2.1; +http://www.google.com/bot.html) Chrome/125.0.6422.175 Safari/537.36"
66.249.66.205 - - [06/Jul/2024:01:45:10 +0330] "GET /fa/wp-content/themes/Zephyr/fonts/fonts/fonts/woff2/IRANSansWeb_FaNum.woff2 HTTP/1.1" 200 27942 "https://saffgroup.com/fa/wp-content/themes/Zephyr/fonts/fonts/fonts.css?ver=5.9.3" "Mozilla/5.0 AppleWebKit/537.36 (KHTML, like Gecko; compatible; Googlebot/2.1; +http://www.google.com/bot.html) Chrome/125.0.6422.175 Safari/537.36"
66.249.66.205 - - [06/Jul/2024:01:45:11 +0330] "GET /fa/wp-content/themes/Zephyr/fonts/material-icons.woff2?ver=8.5.1 HTTP/1.1" 200 110565 "https://saffgroup.com/fa/" "Mozilla/5.0 AppleWebKit/537.36 (KHTML, like Gecko; compatible; Googlebot/2.1; +http://www.google.com/bot.html) Chrome/125.0.6422.175 Safari/537.36"
66.249.66.205 - - [06/Jul/2024:01:45:12 +0330] "GET /fa/wp-content/themes/Zephyr/fonts/fa-brands-400.woff2?ver=8.5.1 HTTP/1.1" 200 76741 "https://saffgroup.com/fa/" "Mozilla/5.0 AppleWebKit/537.36 (KHTML, like Gecko; compatible; Googlebot/2.1; +http://www.google.com/bot.html) Chrome/125.0.6422.175 Safari/537.36"
66.249.66.205 - - [06/Jul/2024:01:45:14 +0330] "GET /fa/wp-content/uploads/2023/01/Test.mp4 HTTP/1.1" 200 1396163 "https://saffgroup.com/fa/" "Mozilla/5.0 AppleWebKit/537.36 (KHTML, like Gecko; compatible; Googlebot/2.1; +http://www.google.com/bot.html) Chrome/125.0.6422.175 Safari/537.36"
66.249.66.205 - - [06/Jul/2024:01:45:15 +0330] "GET /fa/wp-content/themes/Zephyr/common/js/vendor/owl.carousel.js HTTP/1.1" 200 11227 "https://saffgroup.com/fa/" "Mozilla/5.0 AppleWebKit/537.36 (KHTML, like Gecko; compatible; Googlebot/2.1; +http://www.google.com/bot.html) Chrome/125.0.6422.175 Safari/537.36"
66.249.66.205 - - [06/Jul/2024:01:45:16 +0330] "GET /fa/wp-content/plugins/revslider/revslider-fonts/fonts/woff2/robotoregular.woff2 HTTP/1.1" 200 19824 "https://saffgroup.com/fa/wp-content/plugins/revslider/revslider-fonts/fonts.css?ver=5.9.3" "Mozilla/5.0 AppleWebKit/537.36 (KHTML, like Gecko; compatible; Googlebot/2.1; +http://www.google.com/bot.html) Chrome/125.0.6422.175 Safari/537.36"
66.249.66.207 - - [06/Jul/2024:01:48:56 +0330] "GET /fa HTTP/1.1" 301 233 "-" "Mozilla/5.0 (compatible; Googlebot/2.1; +http://www.google.com/bot.html)"
79.132.193.205 - - [06/Jul/2024:01:48:58 +0330] "POST /fa/wp-cron.php?doing_wp_cron=1720217938.0205318927764892578125 HTTP/1.1" 200 1 "https://saffgroup.com/fa/wp-cron.php?doing_wp_cron=1720217938.0205318927764892578125" "WordPress/5.9.3; https://saffgroup.com/fa"
66.249.66.207 - - [06/Jul/2024:01:48:57 +0330] "GET /fa/ HTTP/1.1" 200 32121 "-" "Mozilla/5.0 (compatible; Googlebot/2.1; +http://www.google.com/bot.html)"
66.249.66.206 - - [06/Jul/2024:01:49:01 +0330] "GET /fa/wp-content/themes/Zephyr/fonts/fonts/fonts/woff2/IRANSansWeb_FaNum_Medium.woff2 HTTP/1.1" 200 25782 "https://saffgroup.com/fa/wp-content/themes/Zephyr/fonts/fonts/fonts.css?ver=5.9.3" "Mozilla/5.0 AppleWebKit/537.36 (KHTML, like Gecko; compatible; Googlebot/2.1; +http://www.google.com/bot.html) Chrome/125.0.6422.175 Safari/537.36"
66.249.66.205 - - [06/Jul/2024:01:49:02 +0330] "GET /fa/wp-includes/js/wp-emoji-release.min.js?ver=5.9.3 HTTP/1.1" 200 4853 "https://saffgroup.com/fa/" "Mozilla/5.0 AppleWebKit/537.36 (KHTML, like Gecko; compatible; Googlebot/2.1; +http://www.google.com/bot.html) Chrome/125.0.6422.175 Safari/537.36"
66.249.66.206 - - [06/Jul/2024:01:49:02 +0330] "GET /fa/wp-content/themes/Zephyr/fonts/fonts/fonts/woff2/robotoregular.woff2 HTTP/1.1" 200 19824 "https://saffgroup.com/fa/wp-content/themes/Zephyr/fonts/fonts/fonts.css?ver=5.9.3" "Mozilla/5.0 AppleWebKit/537.36 (KHTML, like Gecko; compatible; Googlebot/2.1; +http://www.google.com/bot.html) Chrome/125.0.6422.175 Safari/537.36"
66.249.66.206 - - [06/Jul/2024:01:49:03 +0330] "GET /fa/wp-content/plugins/revslider/public/assets/fonts/revicons/revicons.woff?5510888 HTTP/1.1" 200 7459 "https://saffgroup.com/fa/" "Mozilla/5.0 AppleWebKit/537.36 (KHTML, like Gecko; compatible; Googlebot/2.1; +http://www.google.com/bot.html) Chrome/125.0.6422.175 Safari/537.36"
66.249.66.205 - - [06/Jul/2024:01:49:04 +0330] "GET /fa/wp-content/themes/Zephyr/fonts/fa-brands-400.woff2?ver=8.5.1 HTTP/1.1" 200 76741 "https://saffgroup.com/fa/" "Mozilla/5.0 AppleWebKit/537.36 (KHTML, like Gecko; compatible; Googlebot/2.1; +http://www.google.com/bot.html) Chrome/125.0.6422.175 Safari/537.36"
66.249.66.205 - - [06/Jul/2024:01:49:04 +0330] "GET /fa/wp-content/themes/Zephyr/fonts/fonts/fonts/woff2/IRANSansWeb_FaNum.woff2 HTTP/1.1" 200 27942 "https://saffgroup.com/fa/wp-content/themes/Zephyr/fonts/fonts/fonts.css?ver=5.9.3" "Mozilla/5.0 AppleWebKit/537.36 (KHTML, like Gecko; compatible; Googlebot/2.1; +http://www.google.com/bot.html) Chrome/125.0.6422.175 Safari/537.36"
66.249.66.205 - - [06/Jul/2024:01:49:05 +0330] "GET /fa/wp-content/themes/Zephyr/fonts/material-icons.woff2?ver=8.5.1 HTTP/1.1" 200 110565 "https://saffgroup.com/fa/" "Mozilla/5.0 AppleWebKit/537.36 (KHTML, like Gecko; compatible; Googlebot/2.1; +http://www.google.com/bot.html) Chrome/125.0.6422.175 Safari/537.36"
66.249.66.205 - - [06/Jul/2024:01:49:05 +0330] "GET /fa/wp-content/themes/Zephyr/fonts/fa-solid-900.woff2?ver=8.5.1 HTTP/1.1" 200 78273 "https://saffgroup.com/fa/" "Mozilla/5.0 AppleWebKit/537.36 (KHTML, like Gecko; compatible; Googlebot/2.1; +http://www.google.com/bot.html) Chrome/125.0.6422.175 Safari/537.36"
66.249.66.205 - - [06/Jul/2024:01:49:06 +0330] "GET /fa/wp-content/themes/Zephyr/fonts/fonts/fonts/woff2/IRANSansWeb_Medium.woff2 HTTP/1.1" 200 26892 "https://saffgroup.com/fa/wp-content/themes/Zephyr/fonts/fonts/fonts.css?ver=5.9.3" "Mozilla/5.0 AppleWebKit/537.36 (KHTML, like Gecko; compatible; Googlebot/2.1; +http://www.google.com/bot.html) Chrome/125.0.6422.175 Safari/537.36"
66.249.66.205 - - [06/Jul/2024:01:49:06 +0330] "GET /fa/wp-content/themes/Zephyr/fonts/fonts/fonts/woff2/IRANSansWeb_FaNum_Light.woff2 HTTP/1.1" 200 28404 "https://saffgroup.com/fa/wp-content/themes/Zephyr/fonts/fonts/fonts.css?ver=5.9.3" "Mozilla/5.0 AppleWebKit/537.36 (KHTML, like Gecko; compatible; Googlebot/2.1; +http://www.google.com/bot.html) Chrome/125.0.6422.175 Safari/537.36"
66.249.66.205 - - [06/Jul/2024:01:49:07 +0330] "GET /fa/wp-content/plugins/revslider/revslider-fonts/fonts/woff2/robotoregular.woff2 HTTP/1.1" 200 19824 "https://saffgroup.com/fa/wp-content/plugins/revslider/revslider-fonts/fonts.css?ver=5.9.3" "Mozilla/5.0 AppleWebKit/537.36 (KHTML, like Gecko; compatible; Googlebot/2.1; +http://www.google.com/bot.html) Chrome/125.0.6422.175 Safari/537.36"
66.249.66.205 - - [06/Jul/2024:01:49:07 +0330] "GET /fa/wp-content/themes/Zephyr/common/js/vendor/owl.carousel.js HTTP/1.1" 200 11427 "https://saffgroup.com/fa/" "Mozilla/5.0 AppleWebKit/537.36 (KHTML, like Gecko; compatible; Googlebot/2.1; +http://www.google.com/bot.html) Chrome/125.0.6422.175 Safari/537.36"
66.249.66.205 - - [06/Jul/2024:01:49:08 +0330] "GET /fa/wp-content/uploads/2023/01/Test.mp4 HTTP/1.1" 200 1396163 "https://saffgroup.com/fa/" "Mozilla/5.0 AppleWebKit/537.36 (KHTML, like Gecko; compatible; Googlebot/2.1; +http://www.google.com/bot.html) Chrome/125.0.6422.175 Safari/537.36"
79.132.193.205 - - [06/Jul/2024:01:53:44 +0330] "POST /fa/wp-cron.php?doing_wp_cron=1720218224.0317070484161376953125 HTTP/1.1" 200 1 "https://saffgroup.com/fa/wp-cron.php?doing_wp_cron=1720218224.0317070484161376953125" "WordPress/5.9.3; https://saffgroup.com/fa"
45.80.158.27 - - [06/Jul/2024:01:53:43 +0330] "GET /fa/ HTTP/2.0" 200 34388 "-" "Mozilla/5.0 (X11; Linux x86_64) AppleWebKit/537.36 (KHTML, like Gecko) HeadlessChrome/121.0.0.0 Safari/537.36"
45.80.158.27 - - [06/Jul/2024:01:53:46 +0330] "GET /fa/wp-content/plugins/revslider/revslider-fonts/fonts.css?ver=5.9.3 HTTP/2.0" 200 1380 "https://saffgroup.com/fa/" "Mozilla/5.0 (X11; Linux x86_64) AppleWebKit/537.36 (KHTML, like Gecko) HeadlessChrome/121.0.0.0 Safari/537.36"
45.80.158.27 - - [06/Jul/2024:01:53:46 +0330] "GET /fa/wp-content/plugins/newsletter/style.css?ver=7.4.3 HTTP/2.0" 200 1190 "https://saffgroup.com/fa/" "Mozilla/5.0 (X11; Linux x86_64) AppleWebKit/537.36 (KHTML, like Gecko) HeadlessChrome/121.0.0.0 Safari/537.36"
45.80.158.27 - - [06/Jul/2024:01:53:46 +0330] "GET /fa/wp-content/themes/Zephyr-child/style.css?ver=8.5.1 HTTP/2.0" 200 123 "https://saffgroup.com/fa/" "Mozilla/5.0 (X11; Linux x86_64) AppleWebKit/537.36 (KHTML, like Gecko) HeadlessChrome/121.0.0.0 Safari/537.36"
45.80.158.27 - - [06/Jul/2024:01:53:46 +0330] "GET /fa/wp-content/themes/Zephyr/common/css/base/ripple.css?ver=8.5.1 HTTP/2.0" 200 391 "https://saffgroup.com/fa/" "Mozilla/5.0 (X11; Linux x86_64) AppleWebKit/537.36 (KHTML, like Gecko) HeadlessChrome/121.0.0.0 Safari/537.36"
45.80.158.27 - - [06/Jul/2024:01:53:46 +0330] "GET /fa/wp-content/themes/Zephyr/fonts/fonts/fonts.css?ver=5.9.3 HTTP/2.0" 200 1380 "https://saffgroup.com/fa/" "Mozilla/5.0 (X11; Linux x86_64) AppleWebKit/537.36 (KHTML, like Gecko) HeadlessChrome/121.0.0.0 Safari/537.36"
45.80.158.27 - - [06/Jul/2024:01:53:46 +0330] "GET /fa/wp-content/plugins/revslider/public/assets/fonts/revicons/revicons.woff?5510888 HTTP/2.0" 200 7459 "https://saffgroup.com/fa/" "Mozilla/5.0 (X11; Linux x86_64) AppleWebKit/537.36 (KHTML, like Gecko) HeadlessChrome/121.0.0.0 Safari/537.36"
45.80.158.27 - - [06/Jul/2024:01:53:46 +0330] "GET /fa/wp-content/themes/Zephyr/common/css/rtl.min.css?ver=8.5.1 HTTP/2.0" 200 3818 "https://saffgroup.com/fa/" "Mozilla/5.0 (X11; Linux x86_64) AppleWebKit/537.36 (KHTML, like Gecko) HeadlessChrome/121.0.0.0 Safari/537.36"
45.80.158.27 - - [06/Jul/2024:01:53:46 +0330] "GET /fa/wp-content/uploads/smile_fonts/Defaults/Defaults.css?ver=3.19.11 HTTP/2.0" 200 4455 "https://saffgroup.com/fa/" "Mozilla/5.0 (X11; Linux x86_64) AppleWebKit/537.36 (KHTML, like Gecko) HeadlessChrome/121.0.0.0 Safari/537.36"
45.80.158.27 - - [06/Jul/2024:01:53:46 +0330] "GET /fa/wp-includes/js/jquery/jquery.min.js?ver=3.6.0 HTTP/2.0" 200 30310 "https://saffgroup.com/fa/" "Mozilla/5.0 (X11; Linux x86_64) AppleWebKit/537.36 (KHTML, like Gecko) HeadlessChrome/121.0.0.0 Safari/537.36"
45.80.158.27 - - [06/Jul/2024:01:53:46 +0330] "GET /fa/wp-content/plugins/js_composer/assets/css/js_composer.min.css?ver=6.7.0 HTTP/2.0" 200 41040 "https://saffgroup.com/fa/" "Mozilla/5.0 (X11; Linux x86_64) AppleWebKit/537.36 (KHTML, like Gecko) HeadlessChrome/121.0.0.0 Safari/537.36"
45.80.158.27 - - [06/Jul/2024:01:53:46 +0330] "GET /fa/wp-content/themes/Zephyr/css/style.min.css?ver=8.5.1 HTTP/2.0" 200 58077 "https://saffgroup.com/fa/" "Mozilla/5.0 (X11; Linux x86_64) AppleWebKit/537.36 (KHTML, like Gecko) HeadlessChrome/121.0.0.0 Safari/537.36"
45.80.158.27 - - [06/Jul/2024:01:53:47 +0330] "GET /fa/wp-content/plugins/revslider/public/assets/assets/dummy.png HTTP/2.0" 200 68 "https://saffgroup.com/fa/" "Mozilla/5.0 (X11; Linux x86_64) AppleWebKit/537.36 (KHTML, like Gecko) HeadlessChrome/121.0.0.0 Safari/537.36"
45.80.158.27 - - [06/Jul/2024:01:53:47 +0330] "GET /fa/wp-content/plugins/html5-video-player/css/player-style.css?ver=2.5.8 HTTP/2.0" 200 4027 "https://saffgroup.com/fa/" "Mozilla/5.0 (X11; Linux x86_64) AppleWebKit/537.36 (KHTML, like Gecko) HeadlessChrome/121.0.0.0 Safari/537.36"
45.80.158.27 - - [06/Jul/2024:01:53:47 +0330] "GET /fa/wp-content/plugins/html5-video-player/dist/public.css?ver=2.5.8 HTTP/2.0" 200 238 "https://saffgroup.com/fa/" "Mozilla/5.0 (X11; Linux x86_64) AppleWebKit/537.36 (KHTML, like Gecko) HeadlessChrome/121.0.0.0 Safari/537.36"
45.80.158.27 - - [06/Jul/2024:01:53:47 +0330] "GET /fa/wp-content/themes/Zephyr/common/js/base/ripple.min.js?ver=8.5.1 HTTP/2.0" 200 764 "https://saffgroup.com/fa/" "Mozilla/5.0 (X11; Linux x86_64) AppleWebKit/537.36 (KHTML, like Gecko) HeadlessChrome/121.0.0.0 Safari/537.36"
45.80.158.27 - - [06/Jul/2024:01:53:47 +0330] "GET /fa/wp-content/plugins/revslider/public/assets/css/rs6.css?ver=6.5.15 HTTP/2.0" 200 11778 "https://saffgroup.com/fa/" "Mozilla/5.0 (X11; Linux x86_64) AppleWebKit/537.36 (KHTML, like Gecko) HeadlessChrome/121.0.0.0 Safari/537.36"
45.80.158.27 - - [06/Jul/2024:01:53:47 +0330] "GET /fa/wp-content/plugins/html5-video-player/js/plyr.js?ver=2.5.8 HTTP/2.0" 200 30659 "https://saffgroup.com/fa/" "Mozilla/5.0 (X11; Linux x86_64) AppleWebKit/537.36 (KHTML, like Gecko) HeadlessChrome/121.0.0.0 Safari/537.36"
45.80.158.27 - - [06/Jul/2024:01:53:47 +0330] "GET /fa/wp-content/themes/Zephyr/js/us.core.min.js?ver=8.5.1 HTTP/2.0" 200 40612 "https://saffgroup.com/fa/" "Mozilla/5.0 (X11; Linux x86_64) AppleWebKit/537.36 (KHTML, like Gecko) HeadlessChrome/121.0.0.0 Safari/537.36"
45.80.158.27 - - [06/Jul/2024:01:53:48 +0330] "GET /fa/wp-content/uploads/2017/07/SAFF-logo.png HTTP/2.0" 200 24558 "https://saffgroup.com/fa/" "Mozilla/5.0 (X11; Linux x86_64) AppleWebKit/537.36 (KHTML, like Gecko) HeadlessChrome/121.0.0.0 Safari/537.36"
45.80.158.27 - - [06/Jul/2024:01:53:48 +0330] "GET /fa/wp-content/plugins/html5-video-player/dist/public.js?ver=2.5.8 HTTP/2.0" 200 1849 "https://saffgroup.com/fa/" "Mozilla/5.0 (X11; Linux x86_64) AppleWebKit/537.36 (KHTML, like Gecko) HeadlessChrome/121.0.0.0 Safari/537.36"
45.80.158.27 - - [06/Jul/2024:01:53:48 +0330] "GET /fa/wp-content/plugins/js_composer/assets/js/dist/js_composer_front.min.js?ver=6.7.0 HTTP/2.0" 200 5397 "https://saffgroup.com/fa/" "Mozilla/5.0 (X11; Linux x86_64) AppleWebKit/537.36 (KHTML, like Gecko) HeadlessChrome/121.0.0.0 Safari/537.36"
45.80.158.27 - - [06/Jul/2024:01:53:48 +0330] "GET /fa/wp-content/themes/Zephyr/fonts/fa-brands-400.woff2?ver=8.5.1 HTTP/2.0" 200 76741 "https://saffgroup.com/fa/" "Mozilla/5.0 (X11; Linux x86_64) AppleWebKit/537.36 (KHTML, like Gecko) HeadlessChrome/121.0.0.0 Safari/537.36"
45.80.158.27 - - [06/Jul/2024:01:53:48 +0330] "GET /fa/wp-content/themes/Zephyr/fonts/material-icons.woff2?ver=8.5.1 HTTP/2.0" 200 110565 "https://saffgroup.com/fa/" "Mozilla/5.0 (X11; Linux x86_64) AppleWebKit/537.36 (KHTML, like Gecko) HeadlessChrome/121.0.0.0 Safari/537.36"
45.80.158.27 - - [06/Jul/2024:01:53:48 +0330] "GET /fa/wp-content/themes/Zephyr/fonts/fa-solid-900.woff2?ver=8.5.1 HTTP/2.0" 200 78273 "https://saffgroup.com/fa/" "Mozilla/5.0 (X11; Linux x86_64) AppleWebKit/537.36 (KHTML, like Gecko) HeadlessChrome/121.0.0.0 Safari/537.36"
45.80.158.27 - - [06/Jul/2024:01:53:48 +0330] "GET /fa/wp-content/uploads/2023/01/Page-7.jpg HTTP/2.0" 200 228374 "https://saffgroup.com/fa/" "Mozilla/5.0 (X11; Linux x86_64) AppleWebKit/537.36 (KHTML, like Gecko) HeadlessChrome/121.0.0.0 Safari/537.36"
45.80.158.27 - - [06/Jul/2024:01:53:48 +0330] "GET /fa/wp-content/themes/Zephyr/common/js/vendor/owl.carousel.js HTTP/2.0" 200 11227 "https://saffgroup.com/fa/" "Mozilla/5.0 (X11; Linux x86_64) AppleWebKit/537.36 (KHTML, like Gecko) HeadlessChrome/121.0.0.0 Safari/537.36"
45.80.158.27 - - [06/Jul/2024:01:53:52 +0330] "GET /fa/wp-content/plugins/revslider/public/assets/js/rbtools.min.js?ver=6.5.15 HTTP/2.0" 200 47240 "https://saffgroup.com/fa/" "Mozilla/5.0 (X11; Linux x86_64) AppleWebKit/537.36 (KHTML, like Gecko) HeadlessChrome/121.0.0.0 Safari/537.36"
45.80.158.27 - - [06/Jul/2024:01:53:52 +0330] "GET /fa/wp-content/plugins/revslider/public/assets/js/rs6.min.js?ver=6.5.15 HTTP/2.0" 200 94275 "https://saffgroup.com/fa/" "Mozilla/5.0 (X11; Linux x86_64) AppleWebKit/537.36 (KHTML, like Gecko) HeadlessChrome/121.0.0.0 Safari/537.36"
45.80.158.27 - - [06/Jul/2024:01:53:52 +0330] "GET /fa/wp-content/uploads/2022/05/IMG_1446-scaled.jpg HTTP/2.0" 200 271609 "https://saffgroup.com/fa/" "Mozilla/5.0 (X11; Linux x86_64) AppleWebKit/537.36 (KHTML, like Gecko) HeadlessChrome/121.0.0.0 Safari/537.36"
45.80.158.27 - - [06/Jul/2024:01:53:52 +0330] "GET /fa/wp-content/uploads/2022/05/4232637-1-1.jpg HTTP/2.0" 200 191941 "https://saffgroup.com/fa/" "Mozilla/5.0 (X11; Linux x86_64) AppleWebKit/537.36 (KHTML, like Gecko) HeadlessChrome/121.0.0.0 Safari/537.36"
45.80.158.27 - - [06/Jul/2024:01:53:52 +0330] "GET /fa/wp-includes/js/wp-emoji-release.min.js?ver=5.9.3 HTTP/2.0" 200 4542 "https://saffgroup.com/fa/" "Mozilla/5.0 (X11; Linux x86_64) AppleWebKit/537.36 (KHTML, like Gecko) HeadlessChrome/121.0.0.0 Safari/537.36"
45.80.158.27 - - [06/Jul/2024:01:53:53 +0330] "GET /fa/wp-content/uploads/2022/05/clients-removebg-preview.png HTTP/2.0" 200 12972 "https://saffgroup.com/fa/" "Mozilla/5.0 (X11; Linux x86_64) AppleWebKit/537.36 (KHTML, like Gecko) HeadlessChrome/121.0.0.0 Safari/537.36"
45.80.158.27 - - [06/Jul/2024:01:53:53 +0330] "GET /fa/wp-content/uploads/2022/05/061.jpg HTTP/2.0" 200 85125 "https://saffgroup.com/fa/" "Mozilla/5.0 (X11; Linux x86_64) AppleWebKit/537.36 (KHTML, like Gecko) HeadlessChrome/121.0.0.0 Safari/537.36"
45.80.158.27 - - [06/Jul/2024:01:53:53 +0330] "GET /fa/wp-content/uploads/2022/05/Rectangle-332-min.png HTTP/2.0" 200 201778 "https://saffgroup.com/fa/" "Mozilla/5.0 (X11; Linux x86_64) AppleWebKit/537.36 (KHTML, like Gecko) HeadlessChrome/121.0.0.0 Safari/537.36"
45.80.158.27 - - [06/Jul/2024:01:53:53 +0330] "GET /fa/wp-content/uploads/2022/05/clients-removebg-preview-Copy-Copy.png HTTP/2.0" 200 17294 "https://saffgroup.com/fa/" "Mozilla/5.0 (X11; Linux x86_64) AppleWebKit/537.36 (KHTML, like Gecko) HeadlessChrome/121.0.0.0 Safari/537.36"
45.80.158.27 - - [06/Jul/2024:01:53:54 +0330] "GET /fa/wp-content/uploads/2022/05/clients-removebg-preview-Copy.png HTTP/2.0" 200 18382 "https://saffgroup.com/fa/" "Mozilla/5.0 (X11; Linux x86_64) AppleWebKit/537.36 (KHTML, like Gecko) HeadlessChrome/121.0.0.0 Safari/537.36"
45.80.158.27 - - [06/Jul/2024:01:53:55 +0330] "GET /fa/wp-content/uploads/2022/05/clients-removebg-preview-Copy-Copy-2.png HTTP/2.0" 200 13056 "https://saffgroup.com/fa/" "Mozilla/5.0 (X11; Linux x86_64) AppleWebKit/537.36 (KHTML, like Gecko) HeadlessChrome/121.0.0.0 Safari/537.36"
45.80.158.27 - - [06/Jul/2024:01:53:56 +0330] "GET /fa/wp-content/uploads/2022/05/clients-removebg-preview-1.png HTTP/2.0" 200 12972 "https://saffgroup.com/fa/" "Mozilla/5.0 (X11; Linux x86_64) AppleWebKit/537.36 (KHTML, like Gecko) HeadlessChrome/121.0.0.0 Safari/537.36"
45.80.158.27 - - [06/Jul/2024:01:53:56 +0330] "GET /fa/wp-content/uploads/2022/05/clients-removebg-preview-Copy-Copy-3.png HTTP/2.0" 200 8978 "https://saffgroup.com/fa/" "Mozilla/5.0 (X11; Linux x86_64) AppleWebKit/537.36 (KHTML, like Gecko) HeadlessChrome/121.0.0.0 Safari/537.36"
45.80.158.27 - - [06/Jul/2024:01:53:56 +0330] "GET /fa/wp-content/uploads/2022/05/3.png HTTP/2.0" 200 1393 "https://saffgroup.com/fa/" "Mozilla/5.0 (X11; Linux x86_64) AppleWebKit/537.36 (KHTML, like Gecko) HeadlessChrome/121.0.0.0 Safari/537.36"
45.80.158.27 - - [06/Jul/2024:01:53:57 +0330] "GET /fa/wp-content/uploads/2023/01/png-transparent-building-architectural-engineering-home-construction-house-computer-icons-build-90x90.png HTTP/2.0" 200 7929 "https://saffgroup.com/fa/" "Mozilla/5.0 (X11; Linux x86_64) AppleWebKit/537.36 (KHTML, like Gecko) HeadlessChrome/121.0.0.0 Safari/537.36"
45.80.158.27 - - [06/Jul/2024:01:53:59 +0330] "GET /fa/wp-content/uploads/2022/05/slider.jpg HTTP/2.0" 200 170320 "https://saffgroup.com/fa/" "Mozilla/5.0 (X11; Linux x86_64) AppleWebKit/537.36 (KHTML, like Gecko) HeadlessChrome/121.0.0.0 Safari/537.36"
45.80.158.27 - - [06/Jul/2024:01:53:59 +0330] "GET /fa/wp-content/uploads/2022/05/digital-hand-min-1.png HTTP/2.0" 200 345426 "https://saffgroup.com/fa/" "Mozilla/5.0 (X11; Linux x86_64) AppleWebKit/537.36 (KHTML, like Gecko) HeadlessChrome/121.0.0.0 Safari/537.36"
45.80.158.27 - - [06/Jul/2024:01:53:59 +0330] "GET /fa/wp-content/uploads/2022/05/e86efdcc-ce48-4125-bb77-c63c676533a3-removebg-preview.png HTTP/2.0" 200 53563 "https://saffgroup.com/fa/" "Mozilla/5.0 (X11; Linux x86_64) AppleWebKit/537.36 (KHTML, like Gecko) HeadlessChrome/121.0.0.0 Safari/537.36"
45.80.158.27 - - [06/Jul/2024:01:53:59 +0330] "GET /fa/wp-content/themes/Zephyr/fonts/fonts/fonts/woff2/IRANSansWeb_FaNum_Medium.woff2 HTTP/2.0" 200 25782 "https://saffgroup.com/fa/wp-content/themes/Zephyr/fonts/fonts/fonts.css?ver=5.9.3" "Mozilla/5.0 (X11; Linux x86_64) AppleWebKit/537.36 (KHTML, like Gecko) HeadlessChrome/121.0.0.0 Safari/537.36"
45.80.158.27 - - [06/Jul/2024:01:54:00 +0330] "GET /fa/wp-content/themes/Zephyr/fonts/fonts/fonts/woff2/IRANSansWeb_Medium.woff2 HTTP/2.0" 200 26892 "https://saffgroup.com/fa/wp-content/themes/Zephyr/fonts/fonts/fonts.css?ver=5.9.3" "Mozilla/5.0 (X11; Linux x86_64) AppleWebKit/537.36 (KHTML, like Gecko) HeadlessChrome/121.0.0.0 Safari/537.36"
45.80.158.27 - - [06/Jul/2024:01:54:01 +0330] "GET /fa/wp-content/themes/Zephyr/fonts/fonts/fonts/woff2/IRANSansWeb_FaNum_Light.woff2 HTTP/2.0" 200 28404 "https://saffgroup.com/fa/wp-content/themes/Zephyr/fonts/fonts/fonts.css?ver=5.9.3" "Mozilla/5.0 (X11; Linux x86_64) AppleWebKit/537.36 (KHTML, like Gecko) HeadlessChrome/121.0.0.0 Safari/537.36"
45.80.158.27 - - [06/Jul/2024:01:53:58 +0330] "GET /fa/wp-content/uploads/2023/01/Test.mp4 HTTP/2.0" 206 1406063 "https://saffgroup.com/fa/" "Mozilla/5.0 (X11; Linux x86_64) AppleWebKit/537.36 (KHTML, like Gecko) HeadlessChrome/121.0.0.0 Safari/537.36"
45.80.158.27 - - [06/Jul/2024:01:54:31 +0330] "GET /fa/wp-content/themes/Zephyr/fonts/fonts/fonts/woff2/IRANSansWeb_FaNum.woff2 HTTP/2.0" 200 27942 "https://saffgroup.com/fa/wp-content/themes/Zephyr/fonts/fonts/fonts.css?ver=5.9.3" "Mozilla/5.0 (X11; Linux x86_64) AppleWebKit/537.36 (KHTML, like Gecko) HeadlessChrome/121.0.0.0 Safari/537.36"
