66.249.66.40 - - [06/Jul/2024:09:44:32 +0330] "GET /sym404/root/usr/sbin/nl-cls-add HTTP/1.1" 200 4830 "-" "Mozilla/5.0 (Linux; Android 6.0.1; Nexus 5X Build/MMB29P) AppleWebKit/537.36 (KHTML, like Gecko) Chrome/125.0.6422.175 Mobile Safari/537.36 (compatible; GoogleOther)"
13.95.133.245 - - [06/Jul/2024:09:45:03 +0330] "GET / HTTP/1.1" 200 653 "-" "curl/8.6.0"
66.249.66.40 - - [06/Jul/2024:09:47:35 +0330] "GET /configs/sym404/root/usr/lib64/libiptc.so.0.0.0 HTTP/1.1" 200 2067 "-" "Mozilla/5.0 (Linux; Android 6.0.1; Nexus 5X Build/MMB29P) AppleWebKit/537.36 (KHTML, like Gecko) Chrome/125.0.6422.175 Mobile Safari/537.36 (compatible; Googlebot/2.1; +http://www.google.com/bot.html)"
204.15.64.225 - - [06/Jul/2024:09:48:02 +0330] "GET / HTTP/1.0" 200 3132 "-" "Mozilla/4.0 (compatible; MSIE 7.0; Windows NT 6.0; Trident/4.0)"
204.15.64.227 - - [06/Jul/2024:09:48:27 +0330] "GET / HTTP/1.0" 200 3132 "-" "Mozilla/5.0 (Windows NT 5.1; U; en) Opera 8.01"
78.148.78.93 - - [06/Jul/2024:09:51:30 +0330] "GET /host[24.0]/admin/index.php HTTP/1.1" 200 4122 "-" "Mozilla/5.0 (Macintosh; Intel Mac OS X 10_15_7) AppleWebKit/537.36 (KHTML, like Gecko) Chrome/121.0.0.0 Safari/537.36"
37.120.233.41 - - [06/Jul/2024:09:51:30 +0330] "GET /host[24.0]/admin/index.php HTTP/1.1" 200 2342 "-" "Mozilla/5.0 (Macintosh; Intel Mac OS X 10_15_7) AppleWebKit/537.36 (KHTML, like Gecko) Chrome/121.0.0.0 Safari/537.36"
206.189.247.132 - - [06/Jul/2024:09:51:30 +0330] "GET /host[24.0]/admin/index.php HTTP/1.1" 200 2342 "-" "Mozilla/5.0 (Macintosh; Intel Mac OS X 10_15_7) AppleWebKit/537.36 (KHTML, like Gecko) Chrome/121.0.0.0 Safari/537.36"
157.230.195.44 - - [06/Jul/2024:09:51:31 +0330] "GET /host[24.0]/admin/index.php HTTP/1.1" 200 2342 "-" "Mozilla/5.0 (Macintosh; Intel Mac OS X 10_15_7) AppleWebKit/537.36 (KHTML, like Gecko) Chrome/121.0.0.0 Safari/537.36"
78.148.78.93 - - [06/Jul/2024:10:06:03 +0330] "GET /host[24.0]/admin/index.php HTTP/1.1" 200 4133 "-" "Mozilla/5.0 (Windows NT 10.0; Win64; x64) AppleWebKit/537.36 (KHTML, like Gecko) Chrome/120.0.0.0 Safari/537.36 Edg/120.0.0.0"
37.120.233.41 - - [06/Jul/2024:10:06:03 +0330] "GET /host[24.0]/admin/index.php HTTP/1.1" 200 2342 "-" "Mozilla/5.0 (Windows NT 10.0; Win64; x64) AppleWebKit/537.36 (KHTML, like Gecko) Chrome/120.0.0.0 Safari/537.36 Edg/120.0.0.0"
206.189.247.132 - - [06/Jul/2024:10:06:03 +0330] "GET /host[24.0]/admin/index.php HTTP/1.1" 200 2342 "-" "Mozilla/5.0 (Windows NT 10.0; Win64; x64) AppleWebKit/537.36 (KHTML, like Gecko) Chrome/120.0.0.0 Safari/537.36 Edg/120.0.0.0"
157.230.195.44 - - [06/Jul/2024:10:06:05 +0330] "GET /host[24.0]/admin/index.php HTTP/1.1" 200 2342 "-" "Mozilla/5.0 (Windows NT 10.0; Win64; x64) AppleWebKit/537.36 (KHTML, like Gecko) Chrome/120.0.0.0 Safari/537.36 Edg/120.0.0.0"
66.249.66.42 - - [06/Jul/2024:10:10:40 +0330] "GET /configs/sym404/root/usr/lib64/libXmuu.so.1.0.0 HTTP/1.1" 200 6387 "-" "Mozilla/5.0 (Linux; Android 6.0.1; Nexus 5X Build/MMB29P) AppleWebKit/537.36 (KHTML, like Gecko) Chrome/125.0.6422.175 Mobile Safari/537.36 (compatible; Googlebot/2.1; +http://www.google.com/bot.html)"
66.249.66.40 - - [06/Jul/2024:10:12:41 +0330] "GET /configs/sym404/root/bin/busctl HTTP/1.1" 200 182625 "-" "Mozilla/5.0 (Linux; Android 6.0.1; Nexus 5X Build/MMB29P) AppleWebKit/537.36 (KHTML, like Gecko) Chrome/125.0.6422.175 Mobile Safari/537.36 (compatible; Googlebot/2.1; +http://www.google.com/bot.html)"
78.148.78.93 - - [06/Jul/2024:10:21:16 +0330] "GET /host[24.0]/admin/index.php HTTP/1.1" 200 4133 "-" "Mozilla/5.0 (Windows NT 10.0; Win64; x64) AppleWebKit/537.36 (KHTML, like Gecko) Chrome/121.0.0.0 Safari/537.36 Edg/121.0.0.0"
206.189.247.132 - - [06/Jul/2024:10:21:16 +0330] "GET /host[24.0]/admin/index.php HTTP/1.1" 200 2342 "-" "Mozilla/5.0 (Windows NT 10.0; Win64; x64) AppleWebKit/537.36 (KHTML, like Gecko) Chrome/121.0.0.0 Safari/537.36 Edg/121.0.0.0"
157.230.195.44 - - [06/Jul/2024:10:21:18 +0330] "GET /host[24.0]/admin/index.php HTTP/1.1" 200 2342 "-" "Mozilla/5.0 (Windows NT 10.0; Win64; x64) AppleWebKit/537.36 (KHTML, like Gecko) Chrome/121.0.0.0 Safari/537.36 Edg/121.0.0.0"
54.158.34.203 - - [06/Jul/2024:10:32:03 +0330] "GET /cgi-bin/404.php?6-797967704b5369323074665054637a4d3053744f5445744c4c386f764c64424c7a73384641413d3d-specific HTTP/2.0" 200 29763 "-" "Mozilla/5.0 (Windows NT 10.0; Win64; x64) AppleWebKit/537.36 (KHTML, like Gecko) Chrome/120.0.6099.224 Safari/537.36"
54.158.34.203 - - [06/Jul/2024:10:32:06 +0330] "POST /cgi-bin/404.php HTTP/2.0" 200 701 "-" "Mozilla/5.0 (Windows NT 10.0; Win64; x64) AppleWebKit/537.36 (KHTML, like Gecko) Chrome/120.0.6099.224 Safari/537.36"
66.249.66.40 - - [06/Jul/2024:10:33:39 +0330] "GET /configs/sym404/root/usr/lib64/libGL.so.1 HTTP/1.1" 200 111375 "-" "Mozilla/5.0 (Linux; Android 6.0.1; Nexus 5X Build/MMB29P) AppleWebKit/537.36 (KHTML, like Gecko) Chrome/125.0.6422.175 Mobile Safari/537.36 (compatible; Googlebot/2.1; +http://www.google.com/bot.html)"
3.236.81.146 - - [06/Jul/2024:10:34:36 +0330] "GET /cgi-bin/404.php?6-797967704b5369323074665054637a4d3053744f5445744c4c386f764c64424c7a73384641413d3d-specific HTTP/2.0" 200 29626 "-" "Mozilla/5.0 (Windows NT 10.0; Win64; x64) AppleWebKit/537.36 (KHTML, like Gecko) Chrome/120.0.6099.224 Safari/537.36"
3.236.81.146 - - [06/Jul/2024:10:34:40 +0330] "POST /cgi-bin/404.php HTTP/2.0" 200 699 "-" "Mozilla/5.0 (Windows NT 10.0; Win64; x64) AppleWebKit/537.36 (KHTML, like Gecko) Chrome/120.0.6099.224 Safari/537.36"
107.21.188.188 - - [06/Jul/2024:10:34:49 +0330] "GET /cgi-bin/404.php?6-797967704b5369323074665054637a4d3053744f5445744c4c386f764c64424c7a73384641413d3d-specific HTTP/2.0" 200 29723 "-" "Mozilla/5.0 (Windows NT 10.0; Win64; x64) AppleWebKit/537.36 (KHTML, like Gecko) Chrome/120.0.6099.224 Safari/537.36"
107.21.188.188 - - [06/Jul/2024:10:34:53 +0330] "POST /cgi-bin/404.php HTTP/2.0" 200 699 "-" "Mozilla/5.0 (Windows NT 10.0; Win64; x64) AppleWebKit/537.36 (KHTML, like Gecko) Chrome/120.0.6099.224 Safari/537.36"
3.80.63.248 - - [06/Jul/2024:10:35:39 +0330] "GET /cgi-bin/404.php?6-797967704b5369323074665054637a4d3053744f5445744c4c386f764c64424c7a73384641413d3d-specific HTTP/2.0" 200 29797 "-" "Mozilla/5.0 (Windows NT 10.0; Win64; x64) AppleWebKit/537.36 (KHTML, like Gecko) Chrome/120.0.6099.224 Safari/537.36"
3.80.63.248 - - [06/Jul/2024:10:35:42 +0330] "POST /cgi-bin/404.php HTTP/2.0" 200 699 "-" "Mozilla/5.0 (Windows NT 10.0; Win64; x64) AppleWebKit/537.36 (KHTML, like Gecko) Chrome/120.0.6099.224 Safari/537.36"
78.148.78.93 - - [06/Jul/2024:10:36:28 +0330] "GET /host[24.0]/admin/index.php HTTP/1.1" 200 4132 "-" "Mozilla/5.0 (Windows NT 10.0; Win64; x64) AppleWebKit/537.36 (KHTML, like Gecko) Chrome/119.0.0.0 Safari/537.36 Edg/119.0.0.0"
206.189.247.132 - - [06/Jul/2024:10:36:28 +0330] "GET /host[24.0]/admin/index.php HTTP/1.1" 200 2342 "-" "Mozilla/5.0 (Windows NT 10.0; Win64; x64) AppleWebKit/537.36 (KHTML, like Gecko) Chrome/119.0.0.0 Safari/537.36 Edg/119.0.0.0"
37.120.233.40 - - [06/Jul/2024:10:36:28 +0330] "GET /host[24.0]/admin/index.php HTTP/1.1" 200 2342 "-" "Mozilla/5.0 (Windows NT 10.0; Win64; x64) AppleWebKit/537.36 (KHTML, like Gecko) Chrome/119.0.0.0 Safari/537.36 Edg/119.0.0.0"
157.230.195.44 - - [06/Jul/2024:10:36:30 +0330] "GET /host[24.0]/admin/index.php HTTP/1.1" 200 2342 "-" "Mozilla/5.0 (Windows NT 10.0; Win64; x64) AppleWebKit/537.36 (KHTML, like Gecko) Chrome/119.0.0.0 Safari/537.36 Edg/119.0.0.0"
78.148.78.93 - - [06/Jul/2024:10:51:56 +0330] "GET /host[24.0]/admin/index.php HTTP/1.1" 200 4122 "-" "Mozilla/5.0 (Macintosh; Intel Mac OS X 10_15_7) AppleWebKit/537.36 (KHTML, like Gecko) Chrome/120.0.0.0 Safari/537.36"
37.120.233.40 - - [06/Jul/2024:10:51:56 +0330] "GET /host[24.0]/admin/index.php HTTP/1.1" 200 2342 "-" "Mozilla/5.0 (Macintosh; Intel Mac OS X 10_15_7) AppleWebKit/537.36 (KHTML, like Gecko) Chrome/120.0.0.0 Safari/537.36"
206.189.247.132 - - [06/Jul/2024:10:51:56 +0330] "GET /host[24.0]/admin/index.php HTTP/1.1" 200 2342 "-" "Mozilla/5.0 (Macintosh; Intel Mac OS X 10_15_7) AppleWebKit/537.36 (KHTML, like Gecko) Chrome/120.0.0.0 Safari/537.36"
157.230.195.44 - - [06/Jul/2024:10:51:58 +0330] "GET /host[24.0]/admin/index.php HTTP/1.1" 200 2342 "-" "Mozilla/5.0 (Macintosh; Intel Mac OS X 10_15_7) AppleWebKit/537.36 (KHTML, like Gecko) Chrome/120.0.0.0 Safari/537.36"
78.148.78.93 - - [06/Jul/2024:11:06:54 +0330] "GET /host[24.0]/admin/index.php HTTP/1.1" 200 4123 "-" "Mozilla/5.0 (Windows NT 10.0; Win64; x64) AppleWebKit/537.36 (KHTML, like Gecko) Chrome/120.0.0.0 Safari/537.36 Edg/120.0.0.0"
206.189.247.132 - - [06/Jul/2024:11:06:54 +0330] "GET /host[24.0]/admin/index.php HTTP/1.1" 200 2342 "-" "Mozilla/5.0 (Windows NT 10.0; Win64; x64) AppleWebKit/537.36 (KHTML, like Gecko) Chrome/120.0.0.0 Safari/537.36 Edg/120.0.0.0"
157.230.195.44 - - [06/Jul/2024:11:06:56 +0330] "GET /host[24.0]/admin/index.php HTTP/1.1" 200 2342 "-" "Mozilla/5.0 (Windows NT 10.0; Win64; x64) AppleWebKit/537.36 (KHTML, like Gecko) Chrome/120.0.0.0 Safari/537.36 Edg/120.0.0.0"
66.249.66.41 - - [06/Jul/2024:11:13:38 +0330] "GET /configs/sym404/root/usr/lib64/libexslt.so.0.8.17 HTTP/1.1" 200 35105 "-" "Mozilla/5.0 (Linux; Android 6.0.1; Nexus 5X Build/MMB29P) AppleWebKit/537.36 (KHTML, like Gecko) Chrome/125.0.6422.175 Mobile Safari/537.36 (compatible; Googlebot/2.1; +http://www.google.com/bot.html)"
66.249.66.41 - - [06/Jul/2024:11:15:10 +0330] "GET /configs/sym404/root/lib64/aspell-0.60/tex-filter.so HTTP/1.1" 200 13062 "-" "Mozilla/5.0 (Linux; Android 6.0.1; Nexus 5X Build/MMB29P) AppleWebKit/537.36 (KHTML, like Gecko) Chrome/125.0.6422.175 Mobile Safari/537.36 (compatible; GoogleOther)"
78.148.78.93 - - [06/Jul/2024:11:21:44 +0330] "GET /host[24.0]/admin/index.php HTTP/1.1" 200 4132 "-" "Mozilla/5.0 (Macintosh; Intel Mac OS X 10_15_7) AppleWebKit/537.36 (KHTML, like Gecko) Chrome/121.0.0.0 Safari/537.36"
206.189.247.132 - - [06/Jul/2024:11:21:44 +0330] "GET /host[24.0]/admin/index.php HTTP/1.1" 200 2342 "-" "Mozilla/5.0 (Macintosh; Intel Mac OS X 10_15_7) AppleWebKit/537.36 (KHTML, like Gecko) Chrome/121.0.0.0 Safari/537.36"
37.120.233.23 - - [06/Jul/2024:11:21:44 +0330] "GET /host[24.0]/admin/index.php HTTP/1.1" 200 2342 "-" "Mozilla/5.0 (Macintosh; Intel Mac OS X 10_15_7) AppleWebKit/537.36 (KHTML, like Gecko) Chrome/121.0.0.0 Safari/537.36"
157.230.195.44 - - [06/Jul/2024:11:21:46 +0330] "GET /host[24.0]/admin/index.php HTTP/1.1" 200 2342 "-" "Mozilla/5.0 (Macintosh; Intel Mac OS X 10_15_7) AppleWebKit/537.36 (KHTML, like Gecko) Chrome/121.0.0.0 Safari/537.36"
66.249.66.41 - - [06/Jul/2024:11:24:38 +0330] "GET /configs/sym404/root/usr/lib64/libxcb-shape.so.0 HTTP/1.1" 200 4438 "-" "Mozilla/5.0 (Linux; Android 6.0.1; Nexus 5X Build/MMB29P) AppleWebKit/537.36 (KHTML, like Gecko) Chrome/125.0.6422.175 Mobile Safari/537.36 (compatible; Googlebot/2.1; +http://www.google.com/bot.html)"
66.249.66.40 - - [06/Jul/2024:11:24:39 +0330] "GET /sym404/root/proc/340/task/ HTTP/1.1" 200 259 "-" "Mozilla/5.0 (Linux; Android 6.0.1; Nexus 5X Build/MMB29P) AppleWebKit/537.36 (KHTML, like Gecko) Chrome/125.0.6422.175 Mobile Safari/537.36 (compatible; Googlebot/2.1; +http://www.google.com/bot.html)"
78.148.78.93 - - [06/Jul/2024:11:36:17 +0330] "GET /host[24.0]/admin/index.php HTTP/1.1" 200 4121 "-" "Mozilla/5.0 (Macintosh; Intel Mac OS X 10_15_7) AppleWebKit/537.36 (KHTML, like Gecko) Chrome/120.0.0.0 Safari/537.36"
206.189.247.132 - - [06/Jul/2024:11:36:17 +0330] "GET /host[24.0]/admin/index.php HTTP/1.1" 200 2342 "-" "Mozilla/5.0 (Macintosh; Intel Mac OS X 10_15_7) AppleWebKit/537.36 (KHTML, like Gecko) Chrome/120.0.0.0 Safari/537.36"
157.230.195.44 - - [06/Jul/2024:11:36:18 +0330] "GET /host[24.0]/admin/index.php HTTP/1.1" 200 2342 "-" "Mozilla/5.0 (Macintosh; Intel Mac OS X 10_15_7) AppleWebKit/537.36 (KHTML, like Gecko) Chrome/120.0.0.0 Safari/537.36"
66.249.66.42 - - [06/Jul/2024:11:36:47 +0330] "GET /sym404/root/usr/bin/gpg-connect-agent HTTP/1.1" 200 73096 "-" "Mozilla/5.0 (Linux; Android 6.0.1; Nexus 5X Build/MMB29P) AppleWebKit/537.36 (KHTML, like Gecko) Chrome/125.0.6422.175 Mobile Safari/537.36 (compatible; Googlebot/2.1; +http://www.google.com/bot.html)"
66.249.66.40 - - [06/Jul/2024:11:36:48 +0330] "GET /configs/sym404/root/lib64/libtiff.so HTTP/1.1" 200 159260 "-" "Mozilla/5.0 (Linux; Android 6.0.1; Nexus 5X Build/MMB29P) AppleWebKit/537.36 (KHTML, like Gecko) Chrome/125.0.6422.175 Mobile Safari/537.36 (compatible; Googlebot/2.1; +http://www.google.com/bot.html)"
66.249.66.41 - - [06/Jul/2024:11:36:50 +0330] "GET /configs/sym404/root/bin/awk HTTP/1.1" 200 205491 "-" "Mozilla/5.0 (Linux; Android 6.0.1; Nexus 5X Build/MMB29P) AppleWebKit/537.36 (KHTML, like Gecko) Chrome/125.0.6422.175 Mobile Safari/537.36 (compatible; Googlebot/2.1; +http://www.google.com/bot.html)"
3.81.92.76 - - [06/Jul/2024:11:38:39 +0330] "GET /cgi-bin/404.php?6-797967704b5369323074665054637a4d3053744f5445744c4c386f764c64424c7a73384641413d3d-specific HTTP/2.0" 200 29819 "-" "Mozilla/5.0 (Windows NT 10.0; Win64; x64) AppleWebKit/537.36 (KHTML, like Gecko) Chrome/120.0.6099.224 Safari/537.36"
3.81.92.76 - - [06/Jul/2024:11:38:42 +0330] "POST /cgi-bin/404.php HTTP/2.0" 200 699 "-" "Mozilla/5.0 (Windows NT 10.0; Win64; x64) AppleWebKit/537.36 (KHTML, like Gecko) Chrome/120.0.6099.224 Safari/537.36"
3.236.239.80 - - [06/Jul/2024:11:38:49 +0330] "GET /cgi-bin/404.php?6-797967704b5369323074665054637a4d3053744f5445744c4c386f764c64424c7a73384641413d3d-specific HTTP/2.0" 200 29634 "-" "Mozilla/5.0 (Windows NT 10.0; Win64; x64) AppleWebKit/537.36 (KHTML, like Gecko) Chrome/120.0.6099.224 Safari/537.36"
3.236.239.80 - - [06/Jul/2024:11:38:52 +0330] "POST /cgi-bin/404.php HTTP/2.0" 200 692 "-" "Mozilla/5.0 (Windows NT 10.0; Win64; x64) AppleWebKit/537.36 (KHTML, like Gecko) Chrome/120.0.6099.224 Safari/537.36"
3.81.92.76 - - [06/Jul/2024:11:39:48 +0330] "GET /cgi-bin/404.php?6-797967704b5369323074665054637a4d3053744f5445744c4c386f764c64424c7a73384641413d3d-specific HTTP/2.0" 200 29735 "-" "Mozilla/5.0 (Windows NT 10.0; Win64; x64) AppleWebKit/537.36 (KHTML, like Gecko) Chrome/120.0.6099.224 Safari/537.36"
3.81.92.76 - - [06/Jul/2024:11:39:51 +0330] "POST /cgi-bin/404.php HTTP/2.0" 200 699 "-" "Mozilla/5.0 (Windows NT 10.0; Win64; x64) AppleWebKit/537.36 (KHTML, like Gecko) Chrome/120.0.6099.224 Safari/537.36"
54.91.67.213 - - [06/Jul/2024:11:40:30 +0330] "GET /cgi-bin/404.php?6-797967704b5369323074665054637a4d3053744f5445744c4c386f764c64424c7a73384641413d3d-specific HTTP/2.0" 200 29713 "-" "Mozilla/5.0 (Windows NT 10.0; Win64; x64) AppleWebKit/537.36 (KHTML, like Gecko) Chrome/120.0.6099.224 Safari/537.36"
54.91.67.213 - - [06/Jul/2024:11:40:33 +0330] "POST /cgi-bin/404.php HTTP/2.0" 200 699 "-" "Mozilla/5.0 (Windows NT 10.0; Win64; x64) AppleWebKit/537.36 (KHTML, like Gecko) Chrome/120.0.6099.224 Safari/537.36"
78.148.78.93 - - [06/Jul/2024:11:50:54 +0330] "GET /host[24.0]/admin/index.php HTTP/1.1" 200 4122 "-" "Mozilla/5.0 (Windows NT 10.0; Win64; x64) AppleWebKit/537.36 (KHTML, like Gecko) Chrome/121.0.0.0 Safari/537.36 Edg/121.0.0.0"
37.120.233.21 - - [06/Jul/2024:11:50:54 +0330] "GET /host[24.0]/admin/index.php HTTP/1.1" 200 2342 "-" "Mozilla/5.0 (Windows NT 10.0; Win64; x64) AppleWebKit/537.36 (KHTML, like Gecko) Chrome/121.0.0.0 Safari/537.36 Edg/121.0.0.0"
206.189.247.132 - - [06/Jul/2024:11:50:54 +0330] "GET /host[24.0]/admin/index.php HTTP/1.1" 200 2342 "-" "Mozilla/5.0 (Windows NT 10.0; Win64; x64) AppleWebKit/537.36 (KHTML, like Gecko) Chrome/121.0.0.0 Safari/537.36 Edg/121.0.0.0"
157.230.195.44 - - [06/Jul/2024:11:50:55 +0330] "GET /host[24.0]/admin/index.php HTTP/1.1" 200 2342 "-" "Mozilla/5.0 (Windows NT 10.0; Win64; x64) AppleWebKit/537.36 (KHTML, like Gecko) Chrome/121.0.0.0 Safari/537.36 Edg/121.0.0.0"
66.249.66.41 - - [06/Jul/2024:12:00:47 +0330] "GET /sym404/root/usr/bin/c99 HTTP/1.1" 200 169 "-" "Mozilla/5.0 (Linux; Android 6.0.1; Nexus 5X Build/MMB29P) AppleWebKit/537.36 (KHTML, like Gecko) Chrome/125.0.6422.175 Mobile Safari/537.36 (compatible; Googlebot/2.1; +http://www.google.com/bot.html)"
78.148.78.93 - - [06/Jul/2024:12:05:58 +0330] "GET /host[24.0]/admin/index.php HTTP/1.1" 200 4123 "-" "Mozilla/5.0 (Windows NT 10.0; Win64; x64) AppleWebKit/537.36 (KHTML, like Gecko) Chrome/119.0.0.0 Safari/537.36 Edg/119.0.0.0"
37.120.233.21 - - [06/Jul/2024:12:05:58 +0330] "GET /host[24.0]/admin/index.php HTTP/1.1" 200 2342 "-" "Mozilla/5.0 (Windows NT 10.0; Win64; x64) AppleWebKit/537.36 (KHTML, like Gecko) Chrome/119.0.0.0 Safari/537.36 Edg/119.0.0.0"
206.189.247.132 - - [06/Jul/2024:12:05:58 +0330] "GET /host[24.0]/admin/index.php HTTP/1.1" 200 2342 "-" "Mozilla/5.0 (Windows NT 10.0; Win64; x64) AppleWebKit/537.36 (KHTML, like Gecko) Chrome/119.0.0.0 Safari/537.36 Edg/119.0.0.0"
157.230.195.44 - - [06/Jul/2024:12:05:59 +0330] "GET /host[24.0]/admin/index.php HTTP/1.1" 200 2342 "-" "Mozilla/5.0 (Windows NT 10.0; Win64; x64) AppleWebKit/537.36 (KHTML, like Gecko) Chrome/119.0.0.0 Safari/537.36 Edg/119.0.0.0"
188.147.0.66 - - [06/Jul/2024:12:09:35 +0330] "HEAD /?4a54252b93dccd6d2ea53511cef15a0b HTTP/1.1" 200 - "-" "Mozilla/5.0 (Windows NT 10.0; Win64; x64) AppleWebKit/537.36 (KHTML, like Gecko) Chrome/78.0.3904.97 Safari/537.36"
188.147.0.66 - - [06/Jul/2024:12:09:36 +0330] "GET /?4a54252b93dccd6d2ea53511cef15a0b HTTP/1.1" 200 3132 "-" "Mozilla/5.0 (Windows NT 6.1; WOW64; rv:70.0) Gecko/20100101 Firefox/70.0"
208.184.2.35 - - [06/Jul/2024:12:10:05 +0330] "GET /cgi-bin/404.php?6-797967704b5369323074665054637a4d3053744f5445744c4c386f764c64424c7a73384641413d3d-specific HTTP/2.0" 200 29591 "-" "Mozilla/5.0 (Windows NT 10.0; Win64; x64) AppleWebKit/537.36 (KHTML, like Gecko) Chrome/121.0.0.0 Safari/537.36 Edg/121.0.0.0"
208.184.2.35 - - [06/Jul/2024:12:10:09 +0330] "POST /cgi-bin/404.php HTTP/2.0" 200 702 "-" "Mozilla/5.0 (Windows NT 10.0; Win64; x64) AppleWebKit/537.36 (KHTML, like Gecko) Chrome/121.0.0.0 Safari/537.36 Edg/121.0.0.0"
208.184.2.35 - - [06/Jul/2024:12:10:09 +0330] "GET /favicon.ico HTTP/2.0" 404 - "-" "Mozilla/5.0 (Windows NT 10.0; Win64; x64) AppleWebKit/537.36 (KHTML, like Gecko) Chrome/121.0.0.0 Safari/537.36 Edg/121.0.0.0"
208.184.2.35 - - [06/Jul/2024:12:10:12 +0330] "POST /cgi-bin/404.php HTTP/2.0" 200 93 "-" "Mozilla/5.0 (Windows NT 10.0; Win64; x64) AppleWebKit/537.36 (KHTML, like Gecko) Chrome/121.0.0.0 Safari/537.36 Edg/121.0.0.0"
188.147.0.66 - - [06/Jul/2024:12:10:49 +0330] "HEAD /?274969c2e0a28900ef248dd62dc70d36 HTTP/1.1" 200 - "-" "Mozilla/5.0 (Windows NT 6.1; WOW64; rv:70.0) Gecko/20100101 Firefox/70.0"
188.147.0.66 - - [06/Jul/2024:12:10:50 +0330] "GET /?274969c2e0a28900ef248dd62dc70d36 HTTP/1.1" 200 3132 "-" "Mozilla/5.0 (Windows NT 10.0; Win64; x64) AppleWebKit/537.36 (KHTML, like Gecko) Chrome/78.0.3904.97 Safari/537.36"
188.147.0.66 - - [06/Jul/2024:12:13:17 +0330] "HEAD /?c2582b4c517de12c0e4888f024ac741a HTTP/1.1" 200 - "-" "Mozilla/5.0 (Windows NT 6.3; Win64; x64) AppleWebKit/537.36 (KHTML, like Gecko) Chrome/78.0.3904.97 Safari/537.36"
188.147.0.66 - - [06/Jul/2024:12:13:18 +0330] "GET /?c2582b4c517de12c0e4888f024ac741a HTTP/1.1" 200 3132 "-" "Mozilla/5.0 (Windows NT 10.0; Win64; x64) AppleWebKit/537.36 (KHTML, like Gecko) Chrome/78.0.3904.97 Safari/537.36"
66.249.66.40 - - [06/Jul/2024:12:14:28 +0330] "GET /sym404/root/usr/sbin/e2freefrag HTTP/1.1" 200 5132 "-" "Mozilla/5.0 (Linux; Android 6.0.1; Nexus 5X Build/MMB29P) AppleWebKit/537.36 (KHTML, like Gecko) Chrome/125.0.6422.175 Mobile Safari/537.36 (compatible; GoogleOther)"
188.147.0.66 - - [06/Jul/2024:12:18:04 +0330] "HEAD /?c7fe4d997a7c08053eff1820e864ac9c HTTP/1.1" 200 - "-" "Mozilla/5.0 (Windows NT 6.3; WOW64; rv:70.0) Gecko/20100101 Firefox/70.0"
188.147.0.66 - - [06/Jul/2024:12:18:05 +0330] "GET /?c7fe4d997a7c08053eff1820e864ac9c HTTP/1.1" 200 3132 "-" "Mozilla/5.0 (Windows NT 10.0; Win64; x64) AppleWebKit/537.36 (KHTML, like Gecko) Chrome/78.0.3904.97 Safari/537.36 Edge/18.18362"
188.147.0.66 - - [06/Jul/2024:12:18:54 +0330] "HEAD /?c368e12393928517aa4867b12e4ed237 HTTP/1.1" 200 - "-" "Mozilla/5.0 (Windows NT 6.1; WOW64; rv:70.0) Gecko/20100101 Firefox/70.0"
188.147.0.66 - - [06/Jul/2024:12:18:54 +0330] "GET /?c368e12393928517aa4867b12e4ed237 HTTP/1.1" 200 3132 "-" "Mozilla/5.0 (Windows NT 10.0; Win64; x64) AppleWebKit/537.36 (KHTML, like Gecko) Chrome/78.0.3904.97 Safari/537.36 Edge/18.18362"
78.148.78.93 - - [06/Jul/2024:12:20:34 +0330] "GET /host[24.0]/admin/index.php HTTP/1.1" 200 4132 "-" "Mozilla/5.0 (Macintosh; Intel Mac OS X 10_15_7) AppleWebKit/537.36 (KHTML, like Gecko) Chrome/120.0.0.0 Safari/537.36"
37.120.233.62 - - [06/Jul/2024:12:20:35 +0330] "GET /host[24.0]/admin/index.php HTTP/1.1" 200 2342 "-" "Mozilla/5.0 (Macintosh; Intel Mac OS X 10_15_7) AppleWebKit/537.36 (KHTML, like Gecko) Chrome/120.0.0.0 Safari/537.36"
206.189.247.132 - - [06/Jul/2024:12:20:35 +0330] "GET /host[24.0]/admin/index.php HTTP/1.1" 200 2342 "-" "Mozilla/5.0 (Macintosh; Intel Mac OS X 10_15_7) AppleWebKit/537.36 (KHTML, like Gecko) Chrome/120.0.0.0 Safari/537.36"
157.230.195.44 - - [06/Jul/2024:12:20:36 +0330] "GET /host[24.0]/admin/index.php HTTP/1.1" 200 2342 "-" "Mozilla/5.0 (Macintosh; Intel Mac OS X 10_15_7) AppleWebKit/537.36 (KHTML, like Gecko) Chrome/120.0.0.0 Safari/537.36"
54.226.167.143 - - [06/Jul/2024:12:35:46 +0330] "GET /cgi-bin/404.php?6-797967704b5369323074665054637a4d3053744f5445744c4c386f764c64424c7a73384641413d3d-specific HTTP/2.0" 200 29797 "-" "Mozilla/5.0 (Windows NT 10.0; Win64; x64) AppleWebKit/537.36 (KHTML, like Gecko) Chrome/120.0.6099.224 Safari/537.36"
54.226.167.143 - - [06/Jul/2024:12:35:49 +0330] "POST /cgi-bin/404.php HTTP/2.0" 200 691 "-" "Mozilla/5.0 (Windows NT 10.0; Win64; x64) AppleWebKit/537.36 (KHTML, like Gecko) Chrome/120.0.6099.224 Safari/537.36"
54.226.167.143 - - [06/Jul/2024:12:36:26 +0330] "GET /cgi-bin/404.php?6-797967704b5369323074665054637a4d3053744f5445744c4c386f764c64424c7a73384641413d3d-specific HTTP/2.0" 200 29479 "-" "Mozilla/5.0 (Windows NT 10.0; Win64; x64) AppleWebKit/537.36 (KHTML, like Gecko) Chrome/120.0.6099.224 Safari/537.36"
78.148.78.93 - - [06/Jul/2024:12:36:27 +0330] "GET /host[24.0]/admin/index.php HTTP/1.1" 200 4132 "-" "Mozilla/5.0 (Windows NT 10.0; Win64; x64) AppleWebKit/537.36 (KHTML, like Gecko) Chrome/120.0.0.0 Safari/537.36 Edg/120.0.0.0"
206.189.247.132 - - [06/Jul/2024:12:36:27 +0330] "GET /host[24.0]/admin/index.php HTTP/1.1" 200 2342 "-" "Mozilla/5.0 (Windows NT 10.0; Win64; x64) AppleWebKit/537.36 (KHTML, like Gecko) Chrome/120.0.0.0 Safari/537.36 Edg/120.0.0.0"
157.230.195.44 - - [06/Jul/2024:12:36:28 +0330] "GET /host[24.0]/admin/index.php HTTP/1.1" 200 2342 "-" "Mozilla/5.0 (Windows NT 10.0; Win64; x64) AppleWebKit/537.36 (KHTML, like Gecko) Chrome/120.0.0.0 Safari/537.36 Edg/120.0.0.0"
54.226.167.143 - - [06/Jul/2024:12:36:29 +0330] "POST /cgi-bin/404.php HTTP/2.0" 200 691 "-" "Mozilla/5.0 (Windows NT 10.0; Win64; x64) AppleWebKit/537.36 (KHTML, like Gecko) Chrome/120.0.6099.224 Safari/537.36"
3.88.197.11 - - [06/Jul/2024:12:38:30 +0330] "GET /cgi-bin/404.php?6-797967704b5369323074665054637a4d3053744f5445744c4c386f764c64424c7a73384641413d3d-specific HTTP/2.0" 200 29789 "-" "Mozilla/5.0 (Windows NT 10.0; Win64; x64) AppleWebKit/537.36 (KHTML, like Gecko) Chrome/120.0.6099.224 Safari/537.36"
3.88.197.11 - - [06/Jul/2024:12:38:33 +0330] "POST /cgi-bin/404.php HTTP/2.0" 200 696 "-" "Mozilla/5.0 (Windows NT 10.0; Win64; x64) AppleWebKit/537.36 (KHTML, like Gecko) Chrome/120.0.6099.224 Safari/537.36"
78.148.78.93 - - [06/Jul/2024:12:51:38 +0330] "GET /host[24.0]/admin/index.php HTTP/1.1" 200 4133 "-" "Mozilla/5.0 (Windows NT 10.0; Win64; x64) AppleWebKit/537.36 (KHTML, like Gecko) Chrome/121.0.0.0 Safari/537.36 Edg/121.0.0.0"
206.189.247.132 - - [06/Jul/2024:12:51:38 +0330] "GET /host[24.0]/admin/index.php HTTP/1.1" 200 2342 "-" "Mozilla/5.0 (Windows NT 10.0; Win64; x64) AppleWebKit/537.36 (KHTML, like Gecko) Chrome/121.0.0.0 Safari/537.36 Edg/121.0.0.0"
37.120.233.28 - - [06/Jul/2024:12:51:38 +0330] "GET /host[24.0]/admin/index.php HTTP/1.1" 200 2342 "-" "Mozilla/5.0 (Windows NT 10.0; Win64; x64) AppleWebKit/537.36 (KHTML, like Gecko) Chrome/121.0.0.0 Safari/537.36 Edg/121.0.0.0"
157.230.195.44 - - [06/Jul/2024:12:51:39 +0330] "GET /host[24.0]/admin/index.php HTTP/1.1" 200 2342 "-" "Mozilla/5.0 (Windows NT 10.0; Win64; x64) AppleWebKit/537.36 (KHTML, like Gecko) Chrome/121.0.0.0 Safari/537.36 Edg/121.0.0.0"
188.147.0.66 - - [06/Jul/2024:12:52:33 +0330] "HEAD /host24.0/6939549.php HTTP/1.1" 404 - "-" "Mozilla/5.0 (Windows NT 10.0; Win64; x64) AppleWebKit/537.36 (KHTML, like Gecko) Chrome/78.0.3904.97 Safari/537.36"
66.249.66.40 - - [06/Jul/2024:12:55:40 +0330] "GET /configs/sym404/root/proc/1104/auxv HTTP/1.1" 404 - "-" "Mozilla/5.0 (Linux; Android 6.0.1; Nexus 5X Build/MMB29P) AppleWebKit/537.36 (KHTML, like Gecko) Chrome/125.0.6422.175 Mobile Safari/537.36 (compatible; Googlebot/2.1; +http://www.google.com/bot.html)"
66.249.66.42 - - [06/Jul/2024:13:06:11 +0330] "GET /configs/sym404/root/lib64/libXft.so.2.3.2 HTTP/1.1" 200 39329 "-" "Mozilla/5.0 (Linux; Android 6.0.1; Nexus 5X Build/MMB29P) AppleWebKit/537.36 (KHTML, like Gecko) Chrome/125.0.6422.175 Mobile Safari/537.36 (compatible; Googlebot/2.1; +http://www.google.com/bot.html)"
78.148.78.93 - - [06/Jul/2024:13:07:19 +0330] "GET /host[24.0]/admin/index.php HTTP/1.1" 200 4132 "-" "Mozilla/5.0 (Macintosh; Intel Mac OS X 10_15_7) AppleWebKit/537.36 (KHTML, like Gecko) Chrome/121.0.0.0 Safari/537.36"
37.120.233.23 - - [06/Jul/2024:13:07:19 +0330] "GET /host[24.0]/admin/index.php HTTP/1.1" 200 2342 "-" "Mozilla/5.0 (Macintosh; Intel Mac OS X 10_15_7) AppleWebKit/537.36 (KHTML, like Gecko) Chrome/121.0.0.0 Safari/537.36"
206.189.247.132 - - [06/Jul/2024:13:07:19 +0330] "GET /host[24.0]/admin/index.php HTTP/1.1" 200 2342 "-" "Mozilla/5.0 (Macintosh; Intel Mac OS X 10_15_7) AppleWebKit/537.36 (KHTML, like Gecko) Chrome/121.0.0.0 Safari/537.36"
157.230.195.44 - - [06/Jul/2024:13:07:20 +0330] "GET /host[24.0]/admin/index.php HTTP/1.1" 200 2342 "-" "Mozilla/5.0 (Macintosh; Intel Mac OS X 10_15_7) AppleWebKit/537.36 (KHTML, like Gecko) Chrome/121.0.0.0 Safari/537.36"
78.148.78.93 - - [06/Jul/2024:13:22:48 +0330] "GET /host[24.0]/admin/index.php HTTP/1.1" 200 4122 "-" "Mozilla/5.0 (Macintosh; Intel Mac OS X 10_15_7) AppleWebKit/537.36 (KHTML, like Gecko) Chrome/121.0.0.0 Safari/537.36"
37.120.233.23 - - [06/Jul/2024:13:22:48 +0330] "GET /host[24.0]/admin/index.php HTTP/1.1" 200 2342 "-" "Mozilla/5.0 (Macintosh; Intel Mac OS X 10_15_7) AppleWebKit/537.36 (KHTML, like Gecko) Chrome/121.0.0.0 Safari/537.36"
206.189.247.132 - - [06/Jul/2024:13:22:49 +0330] "GET /host[24.0]/admin/index.php HTTP/1.1" 200 2342 "-" "Mozilla/5.0 (Macintosh; Intel Mac OS X 10_15_7) AppleWebKit/537.36 (KHTML, like Gecko) Chrome/121.0.0.0 Safari/537.36"
157.230.195.44 - - [06/Jul/2024:13:22:50 +0330] "GET /host[24.0]/admin/index.php HTTP/1.1" 200 2342 "-" "Mozilla/5.0 (Macintosh; Intel Mac OS X 10_15_7) AppleWebKit/537.36 (KHTML, like Gecko) Chrome/121.0.0.0 Safari/537.36"
66.249.66.40 - - [06/Jul/2024:13:33:40 +0330] "GET /configs/sym404/root/lib/firmware/rtlwifi/ HTTP/1.1" 200 628 "-" "Mozilla/5.0 (Linux; Android 6.0.1; Nexus 5X Build/MMB29P) AppleWebKit/537.36 (KHTML, like Gecko) Chrome/125.0.6422.175 Mobile Safari/537.36 (compatible; Googlebot/2.1; +http://www.google.com/bot.html)"
66.249.66.41 - - [06/Jul/2024:13:33:40 +0330] "GET /sym404/root/usr/sbin/lvmdiskscan HTTP/1.1" 200 817111 "-" "Mozilla/5.0 (Linux; Android 6.0.1; Nexus 5X Build/MMB29P) AppleWebKit/537.36 (KHTML, like Gecko) Chrome/125.0.6422.175 Mobile Safari/537.36 (compatible; Googlebot/2.1; +http://www.google.com/bot.html)"
66.249.66.42 - - [06/Jul/2024:13:33:42 +0330] "GET /configs/sym404/root/lib/firmware/iwlwifi-cc-a0-46.ucode HTTP/1.1" 200 432526 "-" "Mozilla/5.0 (Linux; Android 6.0.1; Nexus 5X Build/MMB29P) AppleWebKit/537.36 (KHTML, like Gecko) Chrome/125.0.6422.175 Mobile Safari/537.36 (compatible; Googlebot/2.1; +http://www.google.com/bot.html)"
3.235.170.207 - - [06/Jul/2024:13:35:48 +0330] "GET /cgi-bin/404.php?6-797967704b5369323074665054637a4d3053744f5445744c4c386f764c64424c7a73384641413d3d-specific HTTP/2.0" 200 29514 "-" "Mozilla/5.0 (Windows NT 10.0; Win64; x64) AppleWebKit/537.36 (KHTML, like Gecko) Chrome/120.0.6099.224 Safari/537.36"
3.235.170.207 - - [06/Jul/2024:13:35:51 +0330] "POST /cgi-bin/404.php HTTP/2.0" 200 702 "-" "Mozilla/5.0 (Windows NT 10.0; Win64; x64) AppleWebKit/537.36 (KHTML, like Gecko) Chrome/120.0.6099.224 Safari/537.36"
54.224.244.72 - - [06/Jul/2024:13:37:13 +0330] "GET /cgi-bin/404.php?6-797967704b5369323074665054637a4d3053744f5445744c4c386f764c64424c7a73384641413d3d-specific HTTP/2.0" 200 29575 "-" "Mozilla/5.0 (Windows NT 10.0; Win64; x64) AppleWebKit/537.36 (KHTML, like Gecko) Chrome/120.0.6099.224 Safari/537.36"
54.224.244.72 - - [06/Jul/2024:13:37:16 +0330] "POST /cgi-bin/404.php HTTP/2.0" 200 696 "-" "Mozilla/5.0 (Windows NT 10.0; Win64; x64) AppleWebKit/537.36 (KHTML, like Gecko) Chrome/120.0.6099.224 Safari/537.36"
44.213.65.170 - - [06/Jul/2024:13:37:27 +0330] "GET /cgi-bin/404.php?6-797967704b5369323074665054637a4d3053744f5445744c4c386f764c64424c7a73384641413d3d-specific HTTP/2.0" 200 29538 "-" "Mozilla/5.0 (Windows NT 10.0; Win64; x64) AppleWebKit/537.36 (KHTML, like Gecko) Chrome/120.0.6099.224 Safari/537.36"
44.213.65.170 - - [06/Jul/2024:13:37:30 +0330] "POST /cgi-bin/404.php HTTP/2.0" 200 699 "-" "Mozilla/5.0 (Windows NT 10.0; Win64; x64) AppleWebKit/537.36 (KHTML, like Gecko) Chrome/120.0.6099.224 Safari/537.36"
78.148.78.93 - - [06/Jul/2024:13:38:23 +0330] "GET /host[24.0]/admin/index.php HTTP/1.1" 200 4134 "-" "Mozilla/5.0 (Macintosh; Intel Mac OS X 10_15_7) AppleWebKit/537.36 (KHTML, like Gecko) Chrome/120.0.0.0 Safari/537.36"
37.120.233.23 - - [06/Jul/2024:13:38:23 +0330] "GET /host[24.0]/admin/index.php HTTP/1.1" 200 2342 "-" "Mozilla/5.0 (Macintosh; Intel Mac OS X 10_15_7) AppleWebKit/537.36 (KHTML, like Gecko) Chrome/120.0.0.0 Safari/537.36"
206.189.247.132 - - [06/Jul/2024:13:38:23 +0330] "GET /host[24.0]/admin/index.php HTTP/1.1" 200 2342 "-" "Mozilla/5.0 (Macintosh; Intel Mac OS X 10_15_7) AppleWebKit/537.36 (KHTML, like Gecko) Chrome/120.0.0.0 Safari/537.36"
157.230.195.44 - - [06/Jul/2024:13:38:25 +0330] "GET /host[24.0]/admin/index.php HTTP/1.1" 200 2342 "-" "Mozilla/5.0 (Macintosh; Intel Mac OS X 10_15_7) AppleWebKit/537.36 (KHTML, like Gecko) Chrome/120.0.0.0 Safari/537.36"
54.166.179.120 - - [06/Jul/2024:13:41:44 +0330] "GET /cgi-bin/404.php?6-797967704b5369323074665054637a4d3053744f5445744c4c386f764c64424c7a73384641413d3d-specific HTTP/2.0" 200 29750 "-" "Mozilla/5.0 (Windows NT 10.0; Win64; x64) AppleWebKit/537.36 (KHTML, like Gecko) Chrome/120.0.6099.224 Safari/537.36"
54.166.179.120 - - [06/Jul/2024:13:41:48 +0330] "POST /cgi-bin/404.php HTTP/2.0" 200 702 "-" "Mozilla/5.0 (Windows NT 10.0; Win64; x64) AppleWebKit/537.36 (KHTML, like Gecko) Chrome/120.0.6099.224 Safari/537.36"
78.148.78.93 - - [06/Jul/2024:13:52:40 +0330] "GET /host[24.0]/admin/index.php HTTP/1.1" 200 4133 "-" "Mozilla/5.0 (Macintosh; Intel Mac OS X 10_15_7) AppleWebKit/537.36 (KHTML, like Gecko) Chrome/121.0.0.0 Safari/537.36"
206.189.247.132 - - [06/Jul/2024:13:52:40 +0330] "GET /host[24.0]/admin/index.php HTTP/1.1" 200 2342 "-" "Mozilla/5.0 (Macintosh; Intel Mac OS X 10_15_7) AppleWebKit/537.36 (KHTML, like Gecko) Chrome/121.0.0.0 Safari/537.36"
157.230.195.44 - - [06/Jul/2024:13:52:41 +0330] "GET /host[24.0]/admin/index.php HTTP/1.1" 200 2342 "-" "Mozilla/5.0 (Macintosh; Intel Mac OS X 10_15_7) AppleWebKit/537.36 (KHTML, like Gecko) Chrome/121.0.0.0 Safari/537.36"
66.249.66.41 - - [06/Jul/2024:13:54:42 +0330] "GET /sym404/root/usr/bin/utmpdump HTTP/1.1" 200 6312 "-" "Mozilla/5.0 (Linux; Android 6.0.1; Nexus 5X Build/MMB29P) AppleWebKit/537.36 (KHTML, like Gecko) Chrome/125.0.6422.175 Mobile Safari/537.36 (compatible; Googlebot/2.1; +http://www.google.com/bot.html)"
66.249.66.40 - - [06/Jul/2024:13:54:42 +0330] "GET /robots.txt HTTP/1.1" 404 - "-" "Mozilla/5.0 (compatible; Googlebot/2.1; +http://www.google.com/bot.html)"
78.148.78.93 - - [06/Jul/2024:14:06:48 +0330] "GET /host[24.0]/admin/index.php HTTP/1.1" 200 4122 "-" "Mozilla/5.0 (Macintosh; Intel Mac OS X 10_15_7) AppleWebKit/537.36 (KHTML, like Gecko) Chrome/121.0.0.0 Safari/537.36"
206.189.247.132 - - [06/Jul/2024:14:06:49 +0330] "GET /host[24.0]/admin/index.php HTTP/1.1" 200 2342 "-" "Mozilla/5.0 (Macintosh; Intel Mac OS X 10_15_7) AppleWebKit/537.36 (KHTML, like Gecko) Chrome/121.0.0.0 Safari/537.36"
37.120.233.27 - - [06/Jul/2024:14:06:50 +0330] "GET /host[24.0]/admin/index.php HTTP/1.1" 200 2342 "-" "Mozilla/5.0 (Macintosh; Intel Mac OS X 10_15_7) AppleWebKit/537.36 (KHTML, like Gecko) Chrome/121.0.0.0 Safari/537.36"
157.230.195.44 - - [06/Jul/2024:14:06:50 +0330] "GET /host[24.0]/admin/index.php HTTP/1.1" 200 2342 "-" "Mozilla/5.0 (Macintosh; Intel Mac OS X 10_15_7) AppleWebKit/537.36 (KHTML, like Gecko) Chrome/121.0.0.0 Safari/537.36"
66.249.66.41 - - [06/Jul/2024:14:14:36 +0330] "GET /configs/sym404/root/lib/firmware/v4l-cx2341x-init.mpg HTTP/1.1" 200 5943 "-" "Googlebot-Video/1.0"
66.249.66.41 - - [06/Jul/2024:14:18:36 +0330] "GET /sym404/root/usr/sbin/vpddecode HTTP/1.1" 200 6751 "-" "Mozilla/5.0 (Linux; Android 6.0.1; Nexus 5X Build/MMB29P) AppleWebKit/537.36 (KHTML, like Gecko) Chrome/125.0.6422.175 Mobile Safari/537.36 (compatible; GoogleOther)"
18.218.17.203 - - [06/Jul/2024:14:20:32 +0330] "GET /robots.txt HTTP/2.0" 404 - "-" "Mozilla/5.0 AppleWebKit/537.36 (KHTML, like Gecko; compatible; ClaudeBot/1.0; +claudebot@anthropic.com)"
18.218.17.203 - - [06/Jul/2024:14:20:32 +0330] "GET /sym404/root/bin/msguniq HTTP/2.0" 200 7070 "-" "Mozilla/5.0 AppleWebKit/537.36 (KHTML, like Gecko; compatible; ClaudeBot/1.0; +claudebot@anthropic.com)"
18.218.17.203 - - [06/Jul/2024:14:20:32 +0330] "GET /sym404/root/bin/wmf2svg HTTP/2.0" 200 6152 "-" "Mozilla/5.0 AppleWebKit/537.36 (KHTML, like Gecko; compatible; ClaudeBot/1.0; +claudebot@anthropic.com)"
18.218.17.203 - - [06/Jul/2024:14:20:32 +0330] "GET /sym404/root/bin/systemd-delta HTTP/2.0" 200 36151 "-" "Mozilla/5.0 AppleWebKit/537.36 (KHTML, like Gecko; compatible; ClaudeBot/1.0; +claudebot@anthropic.com)"
18.218.17.203 - - [06/Jul/2024:14:20:33 +0330] "GET /sym404/root/bin/nohup HTTP/2.0" 200 14954 "-" "Mozilla/5.0 AppleWebKit/537.36 (KHTML, like Gecko; compatible; ClaudeBot/1.0; +claudebot@anthropic.com)"
18.218.17.203 - - [06/Jul/2024:14:20:33 +0330] "GET /sym404/root/bin/pango-list HTTP/2.0" 200 3303 "-" "Mozilla/5.0 AppleWebKit/537.36 (KHTML, like Gecko; compatible; ClaudeBot/1.0; +claudebot@anthropic.com)"
18.218.17.203 - - [06/Jul/2024:14:20:34 +0330] "GET /sym404/root/bin/rpm2cpio HTTP/2.0" 200 3776 "-" "Mozilla/5.0 AppleWebKit/537.36 (KHTML, like Gecko; compatible; ClaudeBot/1.0; +claudebot@anthropic.com)"
3.147.238.179 - - [06/Jul/2024:14:20:42 +0330] "GET /sym404/root/bin/systemd-tty-ask-password-agent HTTP/2.0" 200 39970 "-" "Mozilla/5.0 AppleWebKit/537.36 (KHTML, like Gecko; compatible; ClaudeBot/1.0; +claudebot@anthropic.com)"
3.147.238.179 - - [06/Jul/2024:14:20:43 +0330] "GET /sym404/root/bin/fgconsole HTTP/2.0" 200 4168 "-" "Mozilla/5.0 AppleWebKit/537.36 (KHTML, like Gecko; compatible; ClaudeBot/1.0; +claudebot@anthropic.com)"
3.147.238.179 - - [06/Jul/2024:14:20:43 +0330] "GET /sym404/root/bin/login HTTP/2.0" 200 15029 "-" "Mozilla/5.0 AppleWebKit/537.36 (KHTML, like Gecko; compatible; ClaudeBot/1.0; +claudebot@anthropic.com)"
3.135.208.253 - - [06/Jul/2024:14:20:43 +0330] "GET /list.php?path=%2F%2Fetc%2Fvfilters HTTP/2.0" 200 1147 "-" "Mozilla/5.0 AppleWebKit/537.36 (KHTML, like Gecko; compatible; ClaudeBot/1.0; +claudebot@anthropic.com)"
3.147.238.179 - - [06/Jul/2024:14:20:44 +0330] "GET /sym404/root/bin/troff HTTP/2.0" 200 207675 "-" "Mozilla/5.0 AppleWebKit/537.36 (KHTML, like Gecko; compatible; ClaudeBot/1.0; +claudebot@anthropic.com)"
3.147.238.179 - - [06/Jul/2024:14:20:45 +0330] "GET /sym404/root/bin/semodule_package HTTP/2.0" 200 5095 "-" "Mozilla/5.0 AppleWebKit/537.36 (KHTML, like Gecko; compatible; ClaudeBot/1.0; +claudebot@anthropic.com)"

© KUJUNTI.ID