206.189.247.132 - - [05/Jul/2024:22:08:19 +0330] "GET /host[24.0]/admin/index.php HTTP/1.1" 200 2342 "-" "Mozilla/5.0 (Windows NT 10.0; Win64; x64) AppleWebKit/537.36 (KHTML, like Gecko) Chrome/121.0.0.0 Safari/537.36 Edg/121.0.0.0"
157.230.195.44 - - [05/Jul/2024:22:08:20 +0330] "GET /host[24.0]/admin/index.php HTTP/1.1" 200 2342 "-" "Mozilla/5.0 (Windows NT 10.0; Win64; x64) AppleWebKit/537.36 (KHTML, like Gecko) Chrome/121.0.0.0 Safari/537.36 Edg/121.0.0.0"
66.249.66.41 - - [05/Jul/2024:22:13:11 +0330] "GET /configs/sym404/root/etc/sysconfig/readonly-root HTTP/1.1" 200 428 "-" "Mozilla/5.0 (Linux; Android 6.0.1; Nexus 5X Build/MMB29P) AppleWebKit/537.36 (KHTML, like Gecko) Chrome/125.0.6422.175 Mobile Safari/537.36 (compatible; GoogleOther)"
66.249.66.41 - - [05/Jul/2024:22:18:28 +0330] "GET /sym404/root/usr/sbin/dnssec-coverage HTTP/1.1" 200 413 "-" "Mozilla/5.0 (Linux; Android 6.0.1; Nexus 5X Build/MMB29P) AppleWebKit/537.36 (KHTML, like Gecko) Chrome/125.0.6422.175 Mobile Safari/537.36 (compatible; GoogleOther)"
78.148.78.93 - - [05/Jul/2024:22:22:24 +0330] "GET /host[24.0]/admin/index.php HTTP/1.1" 200 4133 "-" "Mozilla/5.0 (Windows NT 10.0; Win64; x64) AppleWebKit/537.36 (KHTML, like Gecko) Chrome/119.0.0.0 Safari/537.36 Edg/119.0.0.0"
37.120.233.46 - - [05/Jul/2024:22:22:24 +0330] "GET /host[24.0]/admin/index.php HTTP/1.1" 200 2342 "-" "Mozilla/5.0 (Windows NT 10.0; Win64; x64) AppleWebKit/537.36 (KHTML, like Gecko) Chrome/119.0.0.0 Safari/537.36 Edg/119.0.0.0"
206.189.247.132 - - [05/Jul/2024:22:22:24 +0330] "GET /host[24.0]/admin/index.php HTTP/1.1" 200 2342 "-" "Mozilla/5.0 (Windows NT 10.0; Win64; x64) AppleWebKit/537.36 (KHTML, like Gecko) Chrome/119.0.0.0 Safari/537.36 Edg/119.0.0.0"
157.230.195.44 - - [05/Jul/2024:22:22:25 +0330] "GET /host[24.0]/admin/index.php HTTP/1.1" 200 2342 "-" "Mozilla/5.0 (Windows NT 10.0; Win64; x64) AppleWebKit/537.36 (KHTML, like Gecko) Chrome/119.0.0.0 Safari/537.36 Edg/119.0.0.0"
66.249.66.41 - - [05/Jul/2024:22:26:27 +0330] "GET /configs/sym404/root/lib64/libiculx.so.50.2 HTTP/1.1" 200 17075 "-" "Mozilla/5.0 (Linux; Android 6.0.1; Nexus 5X Build/MMB29P) AppleWebKit/537.36 (KHTML, like Gecko) Chrome/125.0.6422.175 Mobile Safari/537.36 (compatible; Googlebot/2.1; +http://www.google.com/bot.html)"
66.249.66.42 - - [05/Jul/2024:22:26:28 +0330] "GET /sym404/root/proc/33/timers HTTP/1.1" 200 1 "-" "Mozilla/5.0 (Linux; Android 6.0.1; Nexus 5X Build/MMB29P) AppleWebKit/537.36 (KHTML, like Gecko) Chrome/125.0.6422.175 Mobile Safari/537.36 (compatible; Googlebot/2.1; +http://www.google.com/bot.html)"
66.249.66.40 - - [05/Jul/2024:22:26:37 +0330] "GET /sym404/root/usr/sbin/nl-qdisc-delete HTTP/1.1" 200 4375 "-" "Mozilla/5.0 (Linux; Android 6.0.1; Nexus 5X Build/MMB29P) AppleWebKit/537.36 (KHTML, like Gecko) Chrome/125.0.6422.175 Mobile Safari/537.36 (compatible; GoogleOther)"
66.249.66.41 - - [05/Jul/2024:22:29:29 +0330] "GET /configs/sym404/root/lib64/libplds4.so HTTP/1.1" 200 6477 "-" "Mozilla/5.0 (Linux; Android 6.0.1; Nexus 5X Build/MMB29P) AppleWebKit/537.36 (KHTML, like Gecko) Chrome/125.0.6422.175 Mobile Safari/537.36 (compatible; Googlebot/2.1; +http://www.google.com/bot.html)"
44.193.213.87 - - [05/Jul/2024:22:32:28 +0330] "GET /cgi-bin/404.php?6-797967704b5369323074665054637a4d3053744f5445744c4c386f764c64424c7a73384641413d3d-specific HTTP/2.0" 200 29744 "-" "Mozilla/5.0 (Windows NT 10.0; Win64; x64) AppleWebKit/537.36 (KHTML, like Gecko) Chrome/120.0.6099.224 Safari/537.36"
20.235.94.113 - - [05/Jul/2024:22:32:30 +0330] "GET /host%5b24.0%5d/admin/js/mf.php?id=FsgJF HTTP/2.0" 200 20 "-" "Mozilla/5.0 (Windows NT 6.2; Win64; x64) AppleWebKit/537.36 (KHTML, like Gecko) Chrome/84.0.4147.89 Safari/537.36"
20.235.94.113 - - [05/Jul/2024:22:32:31 +0330] "GET /favicon.ico HTTP/1.1" 404 - "-" "-"
44.193.213.87 - - [05/Jul/2024:22:32:32 +0330] "POST /cgi-bin/404.php HTTP/2.0" 200 699 "-" "Mozilla/5.0 (Windows NT 10.0; Win64; x64) AppleWebKit/537.36 (KHTML, like Gecko) Chrome/120.0.6099.224 Safari/537.36"
40.113.118.83 - - [05/Jul/2024:22:32:42 +0330] "GET / HTTP/1.1" 200 653 "-" "curl/8.6.0"
81.95.5.35 - - [05/Jul/2024:22:34:23 +0330] "GET /host%5b24.0%5d/admin/js/mf.php?id=FsgJF HTTP/2.0" 200 20 "-" "Mozilla/5.0 (Windows NT 10.0; Win64; x64) AppleWebKit/537.36 (KHTML, like Gecko) Chrome/126.0.0.0 Safari/537.36"
81.95.5.35 - - [05/Jul/2024:22:34:23 +0330] "GET /favicon.ico HTTP/2.0" 404 - "https://mail.saffgroup.com/host%5b24.0%5d/admin/js/mf.php?id=FsgJF" "Mozilla/5.0 (Windows NT 10.0; Win64; x64) AppleWebKit/537.36 (KHTML, like Gecko) Chrome/126.0.0.0 Safari/537.36"
66.249.66.41 - - [05/Jul/2024:22:34:48 +0330] "GET /sym404/root/usr/sbin/try-from HTTP/1.1" 200 9847 "-" "Mozilla/5.0 (Linux; Android 6.0.1; Nexus 5X Build/MMB29P) AppleWebKit/537.36 (KHTML, like Gecko) Chrome/125.0.6422.175 Mobile Safari/537.36 (compatible; GoogleOther)"
94.102.63.27 - - [05/Jul/2024:22:35:38 +0330] "GET /host%5b24.0%5d/admin/js/mf.php?id=FsgJF HTTP/2.0" 200 20 "-" "Mozilla/5.0 (Windows NT 6.1; WOW64) AppleWebKit/537.36 (KHTML, like Gecko) Chrome/45.0.2454.85 Safari/537.36"
195.201.198.102 - - [05/Jul/2024:22:35:49 +0330] "GET /favicon.png HTTP/1.1" 404 - "-" "axios/0.24.0"
195.201.198.102 - - [05/Jul/2024:22:35:49 +0330] "GET /favicon.ico HTTP/1.1" 404 - "-" "axios/0.24.0"
212.143.94.254 - - [05/Jul/2024:22:36:25 +0330] "GET /host%5B24.0%5D/admin/js/mf.php?id=FsgJF HTTP/1.1" 200 20 "https://www.google.ie/" "Mozilla/5.0 (Windows NT 6.1; Win64; x64) AppleWebKit/537.36 (KHTML, like Gecko) Chrome/111.0.5563.65 Safari/537.36"
78.148.78.93 - - [05/Jul/2024:22:36:44 +0330] "GET /host[24.0]/admin/index.php HTTP/1.1" 200 4133 "-" "Mozilla/5.0 (Windows NT 10.0; Win64; x64) AppleWebKit/537.36 (KHTML, like Gecko) Chrome/120.0.0.0 Safari/537.36 Edg/120.0.0.0"
206.189.247.132 - - [05/Jul/2024:22:36:44 +0330] "GET /host[24.0]/admin/index.php HTTP/1.1" 200 2342 "-" "Mozilla/5.0 (Windows NT 10.0; Win64; x64) AppleWebKit/537.36 (KHTML, like Gecko) Chrome/120.0.0.0 Safari/537.36 Edg/120.0.0.0"
157.230.195.44 - - [05/Jul/2024:22:36:45 +0330] "GET /host[24.0]/admin/index.php HTTP/1.1" 200 2342 "-" "Mozilla/5.0 (Windows NT 10.0; Win64; x64) AppleWebKit/537.36 (KHTML, like Gecko) Chrome/120.0.0.0 Safari/537.36 Edg/120.0.0.0"
3.80.1.93 - - [05/Jul/2024:22:38:08 +0330] "GET /cgi-bin/404.php?6-797967704b5369323074665054637a4d3053744f5445744c4c386f764c64424c7a73384641413d3d-specific HTTP/2.0" 200 29621 "-" "Mozilla/5.0 (Windows NT 10.0; Win64; x64) AppleWebKit/537.36 (KHTML, like Gecko) Chrome/120.0.6099.224 Safari/537.36"
3.80.1.93 - - [05/Jul/2024:22:38:11 +0330] "POST /cgi-bin/404.php HTTP/2.0" 200 701 "-" "Mozilla/5.0 (Windows NT 10.0; Win64; x64) AppleWebKit/537.36 (KHTML, like Gecko) Chrome/120.0.6099.224 Safari/537.36"
54.166.141.113 - - [05/Jul/2024:22:38:19 +0330] "GET /cgi-bin/404.php?6-797967704b5369323074665054637a4d3053744f5445744c4c386f764c64424c7a73384641413d3d-specific HTTP/2.0" 200 29535 "-" "Mozilla/5.0 (Windows NT 10.0; Win64; x64) AppleWebKit/537.36 (KHTML, like Gecko) Chrome/120.0.6099.224 Safari/537.36"
54.166.141.113 - - [05/Jul/2024:22:38:22 +0330] "POST /cgi-bin/404.php HTTP/2.0" 200 698 "-" "Mozilla/5.0 (Windows NT 10.0; Win64; x64) AppleWebKit/537.36 (KHTML, like Gecko) Chrome/120.0.6099.224 Safari/537.36"
89.248.171.23 - - [05/Jul/2024:22:38:30 +0330] "GET /host%5b24.0%5d/admin/js/mf.php?id=FsgJF HTTP/2.0" 200 20 "-" "Mozilla/5.0 (Windows NT 10.0; Win64; x64) AppleWebKit/537.36 (KHTML, like Gecko) Chrome/104.0.0.0 Safari/537.36"
23.27.145.156 - - [05/Jul/2024:22:38:31 +0330] "GET /host%5b24.0%5d/admin/js/mf.php?id=FsgJF HTTP/1.1" 200 20 "-" "Mozilla/5.0 (Windows NT 10.0; Win64; x64) AppleWebKit/537.36 (KHTML, like Gecko) Chrome/86.0.4240.111 Safari/537.36"
44.211.117.191 - - [05/Jul/2024:22:39:05 +0330] "GET /cgi-bin/404.php?6-797967704b5369323074665054637a4d3053744f5445744c4c386f764c64424c7a73384641413d3d-specific HTTP/2.0" 200 29766 "-" "Mozilla/5.0 (Windows NT 10.0; Win64; x64) AppleWebKit/537.36 (KHTML, like Gecko) Chrome/120.0.6099.224 Safari/537.36"
44.211.117.191 - - [05/Jul/2024:22:39:09 +0330] "POST /cgi-bin/404.php HTTP/2.0" 200 698 "-" "Mozilla/5.0 (Windows NT 10.0; Win64; x64) AppleWebKit/537.36 (KHTML, like Gecko) Chrome/120.0.6099.224 Safari/537.36"
66.249.66.40 - - [05/Jul/2024:22:40:42 +0330] "GET /configs/sym404/root/lib64/libxcb-xkb.so.1 HTTP/1.1" 200 28857 "-" "Mozilla/5.0 (Linux; Android 6.0.1; Nexus 5X Build/MMB29P) AppleWebKit/537.36 (KHTML, like Gecko) Chrome/125.0.6422.175 Mobile Safari/537.36 (compatible; Googlebot/2.1; +http://www.google.com/bot.html)"
66.249.66.42 - - [05/Jul/2024:22:43:00 +0330] "GET /sym404/root/usr/sbin/vgrename HTTP/1.1" 200 817111 "-" "Mozilla/5.0 (Linux; Android 6.0.1; Nexus 5X Build/MMB29P) AppleWebKit/537.36 (KHTML, like Gecko) Chrome/125.0.6422.175 Mobile Safari/537.36 (compatible; GoogleOther)"
66.249.66.41 - - [05/Jul/2024:22:51:10 +0330] "GET /sym404/root/usr/sbin/nl-qdisc-add HTTP/1.1" 200 4454 "-" "Mozilla/5.0 (Linux; Android 6.0.1; Nexus 5X Build/MMB29P) AppleWebKit/537.36 (KHTML, like Gecko) Chrome/125.0.6422.175 Mobile Safari/537.36 (compatible; GoogleOther)"
78.148.78.93 - - [05/Jul/2024:22:51:24 +0330] "GET /host[24.0]/admin/index.php HTTP/1.1" 200 4132 "-" "Mozilla/5.0 (Macintosh; Intel Mac OS X 10_15_7) AppleWebKit/537.36 (KHTML, like Gecko) Chrome/120.0.0.0 Safari/537.36"
206.189.247.132 - - [05/Jul/2024:22:51:24 +0330] "GET /host[24.0]/admin/index.php HTTP/1.1" 200 2342 "-" "Mozilla/5.0 (Macintosh; Intel Mac OS X 10_15_7) AppleWebKit/537.36 (KHTML, like Gecko) Chrome/120.0.0.0 Safari/537.36"
37.120.233.23 - - [05/Jul/2024:22:51:25 +0330] "GET /host[24.0]/admin/index.php HTTP/1.1" 200 2342 "-" "Mozilla/5.0 (Macintosh; Intel Mac OS X 10_15_7) AppleWebKit/537.36 (KHTML, like Gecko) Chrome/120.0.0.0 Safari/537.36"
157.230.195.44 - - [05/Jul/2024:22:51:25 +0330] "GET /host[24.0]/admin/index.php HTTP/1.1" 200 2342 "-" "Mozilla/5.0 (Macintosh; Intel Mac OS X 10_15_7) AppleWebKit/537.36 (KHTML, like Gecko) Chrome/120.0.0.0 Safari/537.36"
66.249.66.42 - - [05/Jul/2024:22:59:21 +0330] "GET /sym404/root/usr/sbin/hardlink HTTP/1.1" 200 6529 "-" "Mozilla/5.0 (Linux; Android 6.0.1; Nexus 5X Build/MMB29P) AppleWebKit/537.36 (KHTML, like Gecko) Chrome/125.0.6422.175 Mobile Safari/537.36 (compatible; GoogleOther)"
66.249.66.42 - - [05/Jul/2024:23:04:39 +0330] "GET /sym404/root/proc/464/clear_refs HTTP/1.1" 404 - "-" "Mozilla/5.0 (Linux; Android 6.0.1; Nexus 5X Build/MMB29P) AppleWebKit/537.36 (KHTML, like Gecko) Chrome/125.0.6422.175 Mobile Safari/537.36 (compatible; Googlebot/2.1; +http://www.google.com/bot.html)"
37.120.233.53 - - [05/Jul/2024:23:06:25 +0330] "GET /host[24.0]/admin/index.php HTTP/1.1" 200 4132 "-" "Mozilla/5.0 (Windows NT 10.0; Win64; x64) AppleWebKit/537.36 (KHTML, like Gecko) Chrome/121.0.0.0 Safari/537.36 Edg/121.0.0.0"
78.148.78.93 - - [05/Jul/2024:23:06:25 +0330] "GET /host[24.0]/admin/index.php HTTP/1.1" 200 2342 "-" "Mozilla/5.0 (Windows NT 10.0; Win64; x64) AppleWebKit/537.36 (KHTML, like Gecko) Chrome/121.0.0.0 Safari/537.36 Edg/121.0.0.0"
206.189.247.132 - - [05/Jul/2024:23:06:25 +0330] "GET /host[24.0]/admin/index.php HTTP/1.1" 200 2342 "-" "Mozilla/5.0 (Windows NT 10.0; Win64; x64) AppleWebKit/537.36 (KHTML, like Gecko) Chrome/121.0.0.0 Safari/537.36 Edg/121.0.0.0"
157.230.195.44 - - [05/Jul/2024:23:06:26 +0330] "GET /host[24.0]/admin/index.php HTTP/1.1" 200 2342 "-" "Mozilla/5.0 (Windows NT 10.0; Win64; x64) AppleWebKit/537.36 (KHTML, like Gecko) Chrome/121.0.0.0 Safari/537.36 Edg/121.0.0.0"
66.249.66.42 - - [05/Jul/2024:23:07:32 +0330] "GET /sym404/root/usr/sbin/restorecon HTTP/1.1" 200 11496 "-" "Mozilla/5.0 (Linux; Android 6.0.1; Nexus 5X Build/MMB29P) AppleWebKit/537.36 (KHTML, like Gecko) Chrome/125.0.6422.175 Mobile Safari/537.36 (compatible; GoogleOther)"
66.249.66.41 - - [05/Jul/2024:23:14:29 +0330] "GET /sym404/root/proc/4071/environ HTTP/1.1" 404 - "-" "Mozilla/5.0 (Linux; Android 6.0.1; Nexus 5X Build/MMB29P) AppleWebKit/537.36 (KHTML, like Gecko) Chrome/125.0.6422.175 Mobile Safari/537.36 (compatible; Googlebot/2.1; +http://www.google.com/bot.html)"
78.148.78.93 - - [05/Jul/2024:23:21:41 +0330] "GET /host[24.0]/admin/index.php HTTP/1.1" 200 4132 "-" "Mozilla/5.0 (Windows NT 10.0; Win64; x64) AppleWebKit/537.36 (KHTML, like Gecko) Chrome/120.0.0.0 Safari/537.36 Edg/120.0.0.0"
37.120.233.42 - - [05/Jul/2024:23:21:41 +0330] "GET /host[24.0]/admin/index.php HTTP/1.1" 200 2342 "-" "Mozilla/5.0 (Windows NT 10.0; Win64; x64) AppleWebKit/537.36 (KHTML, like Gecko) Chrome/120.0.0.0 Safari/537.36 Edg/120.0.0.0"
206.189.247.132 - - [05/Jul/2024:23:21:42 +0330] "GET /host[24.0]/admin/index.php HTTP/1.1" 200 2342 "-" "Mozilla/5.0 (Windows NT 10.0; Win64; x64) AppleWebKit/537.36 (KHTML, like Gecko) Chrome/120.0.0.0 Safari/537.36 Edg/120.0.0.0"
157.230.195.44 - - [05/Jul/2024:23:21:43 +0330] "GET /host[24.0]/admin/index.php HTTP/1.1" 200 2342 "-" "Mozilla/5.0 (Windows NT 10.0; Win64; x64) AppleWebKit/537.36 (KHTML, like Gecko) Chrome/120.0.0.0 Safari/537.36 Edg/120.0.0.0"
66.249.66.40 - - [05/Jul/2024:23:22:42 +0330] "GET /configs/sym404/root/bin/eps2eps HTTP/1.1" 200 396 "-" "Mozilla/5.0 (Linux; Android 6.0.1; Nexus 5X Build/MMB29P) AppleWebKit/537.36 (KHTML, like Gecko) Chrome/125.0.6422.175 Mobile Safari/537.36 (compatible; Googlebot/2.1; +http://www.google.com/bot.html)"
66.249.66.42 - - [05/Jul/2024:23:23:43 +0330] "GET /sym404/root/proc/455/cpuset HTTP/1.1" 200 1 "-" "Mozilla/5.0 (Linux; Android 6.0.1; Nexus 5X Build/MMB29P) AppleWebKit/537.36 (KHTML, like Gecko) Chrome/125.0.6422.175 Mobile Safari/537.36 (compatible; Googlebot/2.1; +http://www.google.com/bot.html)"
66.249.66.41 - - [05/Jul/2024:23:23:53 +0330] "GET /sym404/root/usr/sbin/nl-cls-delete HTTP/1.1" 200 4688 "-" "Mozilla/5.0 (Linux; Android 6.0.1; Nexus 5X Build/MMB29P) AppleWebKit/537.36 (KHTML, like Gecko) Chrome/125.0.6422.175 Mobile Safari/537.36 (compatible; GoogleOther)"
66.249.66.42 - - [05/Jul/2024:23:24:43 +0330] "GET /sym404/root/usr/lib/polkit-1/polkit-agent-helper-1 HTTP/1.1" 200 5987 "-" "Mozilla/5.0 (Linux; Android 6.0.1; Nexus 5X Build/MMB29P) AppleWebKit/537.36 (KHTML, like Gecko) Chrome/125.0.6422.175 Mobile Safari/537.36 (compatible; Googlebot/2.1; +http://www.google.com/bot.html)"
20.22.207.237 - - [05/Jul/2024:23:34:20 +0330] "GET /cgi-bin/404.php?6-797967704b5369323074665054637a4d3053744f5445744c4c386f764c64424c7a73384641413d3d-specific HTTP/2.0" 200 29560 "-" "Mozilla/5.0 (Windows NT 10.0; Win64; x64) AppleWebKit/537.36 (KHTML, like Gecko) Chrome/126.0.6478.36 Safari/537.36"
20.22.207.237 - - [05/Jul/2024:23:34:24 +0330] "POST /cgi-bin/404.php HTTP/2.0" 200 697 "-" "Mozilla/5.0 (Windows NT 10.0; Win64; x64) AppleWebKit/537.36 (KHTML, like Gecko) Chrome/126.0.6478.36 Safari/537.36"
20.22.207.237 - - [05/Jul/2024:23:34:26 +0330] "POST /cgi-bin/404.php HTTP/2.0" 200 90 "-" "Mozilla/5.0 (Windows NT 10.0; Win64; x64) AppleWebKit/537.36 (KHTML, like Gecko) Chrome/126.0.6478.36 Safari/537.36"
40.83.148.99 - - [05/Jul/2024:23:34:40 +0330] "GET /cgi-bin/404.php?6-797967704b5369323074665054637a4d3053744f5445744c4c386f764c64424c7a73384641413d3d-specific HTTP/2.0" 200 29588 "-" "Mozilla/5.0 (Windows NT 10.0; Win64; x64) AppleWebKit/537.36 (KHTML, like Gecko) Chrome/125.0.6422.141 Safari/537.36"
40.83.148.99 - - [05/Jul/2024:23:34:44 +0330] "POST /cgi-bin/404.php HTTP/2.0" 200 692 "-" "Mozilla/5.0 (Windows NT 10.0; Win64; x64) AppleWebKit/537.36 (KHTML, like Gecko) Chrome/125.0.6422.141 Safari/537.36"
40.83.148.99 - - [05/Jul/2024:23:34:48 +0330] "POST /cgi-bin/404.php HTTP/2.0" 200 87 "-" "Mozilla/5.0 (Windows NT 10.0; Win64; x64) AppleWebKit/537.36 (KHTML, like Gecko) Chrome/125.0.6422.141 Safari/537.36"
37.120.233.29 - - [05/Jul/2024:23:35:43 +0330] "GET /host[24.0]/admin/index.php HTTP/1.1" 200 4132 "-" "Mozilla/5.0 (Windows NT 10.0; Win64; x64) AppleWebKit/537.36 (KHTML, like Gecko) Chrome/119.0.0.0 Safari/537.36 Edg/119.0.0.0"
78.148.78.93 - - [05/Jul/2024:23:35:43 +0330] "GET /host[24.0]/admin/index.php HTTP/1.1" 200 2342 "-" "Mozilla/5.0 (Windows NT 10.0; Win64; x64) AppleWebKit/537.36 (KHTML, like Gecko) Chrome/119.0.0.0 Safari/537.36 Edg/119.0.0.0"
206.189.247.132 - - [05/Jul/2024:23:35:43 +0330] "GET /host[24.0]/admin/index.php HTTP/1.1" 200 2342 "-" "Mozilla/5.0 (Windows NT 10.0; Win64; x64) AppleWebKit/537.36 (KHTML, like Gecko) Chrome/119.0.0.0 Safari/537.36 Edg/119.0.0.0"
157.230.195.44 - - [05/Jul/2024:23:35:44 +0330] "GET /host[24.0]/admin/index.php HTTP/1.1" 200 2342 "-" "Mozilla/5.0 (Windows NT 10.0; Win64; x64) AppleWebKit/537.36 (KHTML, like Gecko) Chrome/119.0.0.0 Safari/537.36 Edg/119.0.0.0"
66.249.66.42 - - [05/Jul/2024:23:36:44 +0330] "GET /configs/sym404/root/lib64/aspell-0.60/koi8-r.cset HTTP/1.1" 200 2728 "-" "Mozilla/5.0 (Linux; Android 6.0.1; Nexus 5X Build/MMB29P) AppleWebKit/537.36 (KHTML, like Gecko) Chrome/125.0.6422.175 Mobile Safari/537.36 (compatible; Googlebot/2.1; +http://www.google.com/bot.html)"
66.249.66.41 - - [05/Jul/2024:23:37:44 +0330] "GET /sym404/root/proc/4071/coredump_filter HTTP/1.1" 200 1 "-" "Mozilla/5.0 (Linux; Android 6.0.1; Nexus 5X Build/MMB29P) AppleWebKit/537.36 (KHTML, like Gecko) Chrome/125.0.6422.175 Mobile Safari/537.36 (compatible; Googlebot/2.1; +http://www.google.com/bot.html)"
44.201.124.81 - - [05/Jul/2024:23:38:56 +0330] "GET /cgi-bin/404.php?6-797967704b5369323074665054637a4d3053744f5445744c4c386f764c64424c7a73384641413d3d-specific HTTP/2.0" 200 29552 "-" "Mozilla/5.0 (Windows NT 10.0; Win64; x64) AppleWebKit/537.36 (KHTML, like Gecko) Chrome/120.0.6099.224 Safari/537.36"
44.201.124.81 - - [05/Jul/2024:23:38:59 +0330] "POST /cgi-bin/404.php HTTP/2.0" 200 694 "-" "Mozilla/5.0 (Windows NT 10.0; Win64; x64) AppleWebKit/537.36 (KHTML, like Gecko) Chrome/120.0.6099.224 Safari/537.36"
3.85.38.52 - - [05/Jul/2024:23:39:06 +0330] "GET /cgi-bin/404.php?6-797967704b5369323074665054637a4d3053744f5445744c4c386f764c64424c7a73384641413d3d-specific HTTP/2.0" 200 29734 "-" "Mozilla/5.0 (Windows NT 10.0; Win64; x64) AppleWebKit/537.36 (KHTML, like Gecko) Chrome/120.0.6099.224 Safari/537.36"
3.85.38.52 - - [05/Jul/2024:23:39:09 +0330] "POST /cgi-bin/404.php HTTP/2.0" 200 699 "-" "Mozilla/5.0 (Windows NT 10.0; Win64; x64) AppleWebKit/537.36 (KHTML, like Gecko) Chrome/120.0.6099.224 Safari/537.36"
35.170.82.51 - - [05/Jul/2024:23:39:38 +0330] "GET /cgi-bin/404.php?6-797967704b5369323074665054637a4d3053744f5445744c4c386f764c64424c7a73384641413d3d-specific HTTP/2.0" 200 29719 "-" "Mozilla/5.0 (Windows NT 10.0; Win64; x64) AppleWebKit/537.36 (KHTML, like Gecko) Chrome/120.0.6099.224 Safari/537.36"
35.170.82.51 - - [05/Jul/2024:23:39:41 +0330] "POST /cgi-bin/404.php HTTP/2.0" 200 698 "-" "Mozilla/5.0 (Windows NT 10.0; Win64; x64) AppleWebKit/537.36 (KHTML, like Gecko) Chrome/120.0.6099.224 Safari/537.36"
44.223.39.160 - - [05/Jul/2024:23:39:51 +0330] "GET /cgi-bin/404.php?6-797967704b5369323074665054637a4d3053744f5445744c4c386f764c64424c7a73384641413d3d-specific HTTP/2.0" 200 29792 "-" "Mozilla/5.0 (Windows NT 10.0; Win64; x64) AppleWebKit/537.36 (KHTML, like Gecko) Chrome/120.0.6099.224 Safari/537.36"
44.223.39.160 - - [05/Jul/2024:23:39:54 +0330] "POST /cgi-bin/404.php HTTP/2.0" 200 702 "-" "Mozilla/5.0 (Windows NT 10.0; Win64; x64) AppleWebKit/537.36 (KHTML, like Gecko) Chrome/120.0.6099.224 Safari/537.36"
66.249.66.42 - - [05/Jul/2024:23:40:15 +0330] "GET /sym404/root/usr/sbin/chroot HTTP/1.1" 200 15852 "-" "Mozilla/5.0 (Linux; Android 6.0.1; Nexus 5X Build/MMB29P) AppleWebKit/537.36 (KHTML, like Gecko) Chrome/125.0.6422.175 Mobile Safari/537.36 (compatible; GoogleOther)"
193.35.18.250 - - [05/Jul/2024:23:41:07 +0330] "GET /.git/config HTTP/1.1" 404 - "-" "Mozilla/5.0 (Linux; Android 8.0.0; moto e5 plus Build/OPPS27.91-122-3) AppleWebKit/537.36 (KHTML, like Gecko) Chrome/66.0.3359.126 Mobile Safari/537.36"
185.109.48.197 - - [05/Jul/2024:23:41:44 +0330] "GET /host%5b24.0%5d/admin/js/mf.php?id=FsgJF HTTP/2.0" 200 20 "-" "Mozilla/5.0 (Windows NT 10.0; Win64; x64) AppleWebKit/537.36 (KHTML, like Gecko) Chrome/126.0.0.0 Safari/537.36"
185.109.48.197 - - [05/Jul/2024:23:45:33 +0330] "GET /host%5b24.0%5d/admin/js/mf.php?id=FsgJF HTTP/2.0" 200 20 "-" "Mozilla/5.0 (Windows NT 10.0; Win64; x64) AppleWebKit/537.36 (KHTML, like Gecko) Chrome/126.0.0.0 Safari/537.36"
20.69.122.32 - - [05/Jul/2024:23:46:53 +0330] "GET /cgi-bin/404.php?6-797967704b5369323074665054637a4d3053744f5445744c4c386f764c64424c7a73384641413d3d-specific HTTP/2.0" 200 29689 "-" "Mozilla/5.0 (Windows NT 10.0; Win64; x64) AppleWebKit/537.36 (KHTML, like Gecko) Chrome/125.0.6422.78 Safari/537.36"
20.69.122.32 - - [05/Jul/2024:23:46:57 +0330] "POST /cgi-bin/404.php HTTP/2.0" 200 700 "-" "Mozilla/5.0 (Windows NT 10.0; Win64; x64) AppleWebKit/537.36 (KHTML, like Gecko) Chrome/125.0.6422.78 Safari/537.36"
20.69.122.32 - - [05/Jul/2024:23:46:59 +0330] "POST /cgi-bin/404.php HTTP/2.0" 200 92 "-" "Mozilla/5.0 (Windows NT 10.0; Win64; x64) AppleWebKit/537.36 (KHTML, like Gecko) Chrome/125.0.6422.78 Safari/537.36"
66.249.66.40 - - [05/Jul/2024:23:49:03 +0330] "GET /configs/sym404/root/lib64/libply-boot-client.so.2 HTTP/1.1" 200 7865 "-" "Mozilla/5.0 (Linux; Android 6.0.1; Nexus 5X Build/MMB29P) AppleWebKit/537.36 (KHTML, like Gecko) Chrome/125.0.6422.175 Mobile Safari/537.36 (compatible; Googlebot/2.1; +http://www.google.com/bot.html)"
185.109.48.197 - - [05/Jul/2024:23:50:11 +0330] "GET /cgi-bin/404.php?6-797967704b5369323074665054637a4d3053744f5445744c4c386f764c64424c7a73384641413d3d-specific HTTP/2.0" 200 29636 "-" "Mozilla/5.0 (Windows NT 10.0; Win64; x64) AppleWebKit/537.36 (KHTML, like Gecko) Chrome/126.0.0.0 Safari/537.36"
78.148.78.93 - - [05/Jul/2024:23:50:17 +0330] "GET /host[24.0]/admin/index.php HTTP/1.1" 200 4131 "-" "Mozilla/5.0 (Macintosh; Intel Mac OS X 10_15_7) AppleWebKit/537.36 (KHTML, like Gecko) Chrome/120.0.0.0 Safari/537.36"
206.189.247.132 - - [05/Jul/2024:23:50:17 +0330] "GET /host[24.0]/admin/index.php HTTP/1.1" 200 2342 "-" "Mozilla/5.0 (Macintosh; Intel Mac OS X 10_15_7) AppleWebKit/537.36 (KHTML, like Gecko) Chrome/120.0.0.0 Safari/537.36"
37.120.233.29 - - [05/Jul/2024:23:50:17 +0330] "GET /host[24.0]/admin/index.php HTTP/1.1" 200 2342 "-" "Mozilla/5.0 (Macintosh; Intel Mac OS X 10_15_7) AppleWebKit/537.36 (KHTML, like Gecko) Chrome/120.0.0.0 Safari/537.36"
157.230.195.44 - - [05/Jul/2024:23:50:21 +0330] "GET /host[24.0]/admin/index.php HTTP/1.1" 200 2342 "-" "Mozilla/5.0 (Macintosh; Intel Mac OS X 10_15_7) AppleWebKit/537.36 (KHTML, like Gecko) Chrome/120.0.0.0 Safari/537.36"
66.249.66.41 - - [05/Jul/2024:23:56:37 +0330] "GET /sym404/root/usr/sbin/virt-what HTTP/1.1" 200 4023 "-" "Mozilla/5.0 (Linux; Android 6.0.1; Nexus 5X Build/MMB29P) AppleWebKit/537.36 (KHTML, like Gecko) Chrome/125.0.6422.175 Mobile Safari/537.36 (compatible; GoogleOther)"
34.210.78.0 - - [06/Jul/2024:00:03:30 +0330] "GET / HTTP/2.0" 200 582 "-" "Mozilla/5.0 (Windows NT 10.0; Win64; x64; rv:109.0) Gecko/20100101 Firefox/109.0"
35.90.55.143 - - [06/Jul/2024:00:03:37 +0330] "GET /favicon.ico HTTP/1.1" 404 - "-" "curl/7.58.0"
37.120.233.60 - - [06/Jul/2024:00:06:08 +0330] "GET /host[24.0]/admin/index.php HTTP/1.1" 200 4132 "-" "Mozilla/5.0 (Macintosh; Intel Mac OS X 10_15_7) AppleWebKit/537.36 (KHTML, like Gecko) Chrome/121.0.0.0 Safari/537.36"
78.148.78.93 - - [06/Jul/2024:00:06:08 +0330] "GET /host[24.0]/admin/index.php HTTP/1.1" 200 2342 "-" "Mozilla/5.0 (Macintosh; Intel Mac OS X 10_15_7) AppleWebKit/537.36 (KHTML, like Gecko) Chrome/121.0.0.0 Safari/537.36"
206.189.247.132 - - [06/Jul/2024:00:06:08 +0330] "GET /host[24.0]/admin/index.php HTTP/1.1" 200 2342 "-" "Mozilla/5.0 (Macintosh; Intel Mac OS X 10_15_7) AppleWebKit/537.36 (KHTML, like Gecko) Chrome/121.0.0.0 Safari/537.36"
157.230.195.44 - - [06/Jul/2024:00:06:10 +0330] "GET /host[24.0]/admin/index.php HTTP/1.1" 200 2342 "-" "Mozilla/5.0 (Macintosh; Intel Mac OS X 10_15_7) AppleWebKit/537.36 (KHTML, like Gecko) Chrome/121.0.0.0 Safari/537.36"
204.15.64.225 - - [06/Jul/2024:00:11:31 +0330] "GET / HTTP/1.0" 200 3132 "-" "Mozilla/5.0 (Macintosh; U; Intel Mac OS X 10.6; en-US) Gecko/20101012 Firefox/3.6.11"
204.15.64.228 - - [06/Jul/2024:00:12:20 +0330] "GET / HTTP/1.0" 200 3132 "-" "Mozilla/5.0 (Macintosh; Intel Mac OS X 10_6_6) AppleWebKit/535.1 (KHTML, like Gecko) Chrome/14.0.835.202 Safari/535.1"
66.249.66.40 - - [06/Jul/2024:00:12:59 +0330] "GET /sym404/root/usr/sbin/pwhistory_helper HTTP/1.1" 200 6302 "-" "Mozilla/5.0 (Linux; Android 6.0.1; Nexus 5X Build/MMB29P) AppleWebKit/537.36 (KHTML, like Gecko) Chrome/125.0.6422.175 Mobile Safari/537.36 (compatible; GoogleOther)"
66.249.66.40 - - [06/Jul/2024:00:14:28 +0330] "GET /configs/sym404/root/lib64/aspell-0.60/split.kbd HTTP/1.1" 200 78 "-" "Mozilla/5.0 (Linux; Android 6.0.1; Nexus 5X Build/MMB29P) AppleWebKit/537.36 (KHTML, like Gecko) Chrome/125.0.6422.175 Mobile Safari/537.36 (compatible; Googlebot/2.1; +http://www.google.com/bot.html)"
66.249.66.41 - - [06/Jul/2024:00:14:29 +0330] "GET /sym404/root/usr/lib64/libuuid.so.1 HTTP/1.1" 200 8116 "-" "Mozilla/5.0 (Linux; Android 6.0.1; Nexus 5X Build/MMB29P) AppleWebKit/537.36 (KHTML, like Gecko) Chrome/125.0.6422.175 Mobile Safari/537.36 (compatible; Googlebot/2.1; +http://www.google.com/bot.html)"
66.249.66.42 - - [06/Jul/2024:00:14:30 +0330] "GET /configs/sym404/root/lib64/aspell-0.60/ HTTP/1.1" 200 917 "-" "Mozilla/5.0 (Linux; Android 6.0.1; Nexus 5X Build/MMB29P) AppleWebKit/537.36 (KHTML, like Gecko) Chrome/125.0.6422.175 Mobile Safari/537.36 (compatible; Googlebot/2.1; +http://www.google.com/bot.html)"
78.148.78.93 - - [06/Jul/2024:00:22:03 +0330] "GET /host[24.0]/admin/index.php HTTP/1.1" 200 4121 "-" "Mozilla/5.0 (Windows NT 10.0; Win64; x64) AppleWebKit/537.36 (KHTML, like Gecko) Chrome/120.0.0.0 Safari/537.36 Edg/120.0.0.0"
37.120.233.60 - - [06/Jul/2024:00:22:03 +0330] "GET /host[24.0]/admin/index.php HTTP/1.1" 200 2342 "-" "Mozilla/5.0 (Windows NT 10.0; Win64; x64) AppleWebKit/537.36 (KHTML, like Gecko) Chrome/120.0.0.0 Safari/537.36 Edg/120.0.0.0"
206.189.247.132 - - [06/Jul/2024:00:22:03 +0330] "GET /host[24.0]/admin/index.php HTTP/1.1" 200 2342 "-" "Mozilla/5.0 (Windows NT 10.0; Win64; x64) AppleWebKit/537.36 (KHTML, like Gecko) Chrome/120.0.0.0 Safari/537.36 Edg/120.0.0.0"
157.230.195.44 - - [06/Jul/2024:00:22:04 +0330] "GET /host[24.0]/admin/index.php HTTP/1.1" 200 2342 "-" "Mozilla/5.0 (Windows NT 10.0; Win64; x64) AppleWebKit/537.36 (KHTML, like Gecko) Chrome/120.0.0.0 Safari/537.36 Edg/120.0.0.0"
124.221.186.82 - - [06/Jul/2024:00:24:47 +0330] "GET / HTTP/1.1" 200 653 "-" "Mozilla/5.0 (Linux; Android 10; LIO-AN00 Build/HUAWEILIO-AN00; wv) MicroMessenger Weixin QQ AppleWebKit/537.36 (KHTML, like Gecko) Version/4.0 Chrome/78.0.3904.62 XWEB/2692 MMWEBSDK/200901 Mobile Safari/537.36"
66.249.66.42 - - [06/Jul/2024:00:29:21 +0330] "GET /sym404/root/usr/sbin/accessdb HTTP/1.1" 200 4234 "-" "Mozilla/5.0 (Linux; Android 6.0.1; Nexus 5X Build/MMB29P) AppleWebKit/537.36 (KHTML, like Gecko) Chrome/125.0.6422.175 Mobile Safari/537.36 (compatible; GoogleOther)"
18.205.109.48 - - [06/Jul/2024:00:32:18 +0330] "GET /cgi-bin/404.php?6-797967704b5369323074665054637a4d3053744f5445744c4c386f764c64424c7a73384641413d3d-specific HTTP/2.0" 200 29802 "-" "Mozilla/5.0 (Windows NT 10.0; Win64; x64) AppleWebKit/537.36 (KHTML, like Gecko) Chrome/120.0.6099.224 Safari/537.36"
18.205.109.48 - - [06/Jul/2024:00:32:21 +0330] "POST /cgi-bin/404.php HTTP/2.0" 200 699 "-" "Mozilla/5.0 (Windows NT 10.0; Win64; x64) AppleWebKit/537.36 (KHTML, like Gecko) Chrome/120.0.6099.224 Safari/537.36"
66.249.66.42 - - [06/Jul/2024:00:32:36 +0330] "GET /configs/sym404/root/bin/gsbj HTTP/1.1" 200 232 "-" "Mozilla/5.0 (Linux; Android 6.0.1; Nexus 5X Build/MMB29P) AppleWebKit/537.36 (KHTML, like Gecko) Chrome/125.0.6422.175 Mobile Safari/537.36 (compatible; Googlebot/2.1; +http://www.google.com/bot.html)"
66.249.66.41 - - [06/Jul/2024:00:34:42 +0330] "GET /configs/sym404/root/bin/lscpu HTTP/1.1" 200 27371 "-" "Mozilla/5.0 (Linux; Android 6.0.1; Nexus 5X Build/MMB29P) AppleWebKit/537.36 (KHTML, like Gecko) Chrome/125.0.6422.175 Mobile Safari/537.36 (compatible; Googlebot/2.1; +http://www.google.com/bot.html)"
3.81.187.131 - - [06/Jul/2024:00:37:06 +0330] "GET /cgi-bin/404.php?6-797967704b5369323074665054637a4d3053744f5445744c4c386f764c64424c7a73384641413d3d-specific HTTP/2.0" 200 29588 "-" "Mozilla/5.0 (Windows NT 10.0; Win64; x64) AppleWebKit/537.36 (KHTML, like Gecko) Chrome/120.0.6099.224 Safari/537.36"
3.81.187.131 - - [06/Jul/2024:00:37:10 +0330] "POST /cgi-bin/404.php HTTP/2.0" 200 694 "-" "Mozilla/5.0 (Windows NT 10.0; Win64; x64) AppleWebKit/537.36 (KHTML, like Gecko) Chrome/120.0.6099.224 Safari/537.36"
78.148.78.93 - - [06/Jul/2024:00:37:16 +0330] "GET /host[24.0]/admin/index.php HTTP/1.1" 200 4132 "-" "Mozilla/5.0 (Macintosh; Intel Mac OS X 10_15_7) AppleWebKit/537.36 (KHTML, like Gecko) Chrome/121.0.0.0 Safari/537.36"
37.120.233.59 - - [06/Jul/2024:00:37:16 +0330] "GET /host[24.0]/admin/index.php HTTP/1.1" 200 2342 "-" "Mozilla/5.0 (Macintosh; Intel Mac OS X 10_15_7) AppleWebKit/537.36 (KHTML, like Gecko) Chrome/121.0.0.0 Safari/537.36"
206.189.247.132 - - [06/Jul/2024:00:37:16 +0330] "GET /host[24.0]/admin/index.php HTTP/1.1" 200 2342 "-" "Mozilla/5.0 (Macintosh; Intel Mac OS X 10_15_7) AppleWebKit/537.36 (KHTML, like Gecko) Chrome/121.0.0.0 Safari/537.36"
157.230.195.44 - - [06/Jul/2024:00:37:17 +0330] "GET /host[24.0]/admin/index.php HTTP/1.1" 200 2342 "-" "Mozilla/5.0 (Macintosh; Intel Mac OS X 10_15_7) AppleWebKit/537.36 (KHTML, like Gecko) Chrome/121.0.0.0 Safari/537.36"
35.153.132.151 - - [06/Jul/2024:00:37:18 +0330] "GET /cgi-bin/404.php?6-797967704b5369323074665054637a4d3053744f5445744c4c386f764c64424c7a73384641413d3d-specific HTTP/2.0" 200 29724 "-" "Mozilla/5.0 (Windows NT 10.0; Win64; x64) AppleWebKit/537.36 (KHTML, like Gecko) Chrome/120.0.6099.224 Safari/537.36"
35.153.132.151 - - [06/Jul/2024:00:37:21 +0330] "POST /cgi-bin/404.php HTTP/2.0" 200 697 "-" "Mozilla/5.0 (Windows NT 10.0; Win64; x64) AppleWebKit/537.36 (KHTML, like Gecko) Chrome/120.0.6099.224 Safari/537.36"
66.249.66.40 - - [06/Jul/2024:00:37:44 +0330] "GET /sym404/root/proc/4071/patch_state HTTP/1.1" 404 - "-" "Mozilla/5.0 (Linux; Android 6.0.1; Nexus 5X Build/MMB29P) AppleWebKit/537.36 (KHTML, like Gecko) Chrome/125.0.6422.175 Mobile Safari/537.36 (compatible; Googlebot/2.1; +http://www.google.com/bot.html)"
3.81.187.131 - - [06/Jul/2024:00:38:01 +0330] "GET /cgi-bin/404.php?6-797967704b5369323074665054637a4d3053744f5445744c4c386f764c64424c7a73384641413d3d-specific HTTP/2.0" 200 29728 "-" "Mozilla/5.0 (Windows NT 10.0; Win64; x64) AppleWebKit/537.36 (KHTML, like Gecko) Chrome/120.0.6099.224 Safari/537.36"
3.81.187.131 - - [06/Jul/2024:00:38:04 +0330] "POST /cgi-bin/404.php HTTP/2.0" 200 694 "-" "Mozilla/5.0 (Windows NT 10.0; Win64; x64) AppleWebKit/537.36 (KHTML, like Gecko) Chrome/120.0.6099.224 Safari/537.36"
66.249.66.41 - - [06/Jul/2024:00:39:44 +0330] "GET /configs/sym404/root/lib64/aspell-0.60/html-filter.info HTTP/1.1" 200 259 "-" "Mozilla/5.0 (Linux; Android 6.0.1; Nexus 5X Build/MMB29P) AppleWebKit/537.36 (KHTML, like Gecko) Chrome/125.0.6422.175 Mobile Safari/537.36 (compatible; Googlebot/2.1; +http://www.google.com/bot.html)"
66.249.66.40 - - [06/Jul/2024:00:45:28 +0330] "GET /configs/sym404/root/lib64/aspell-0.60/sgml.amf HTTP/1.1" 200 169 "-" "Mozilla/5.0 (Linux; Android 6.0.1; Nexus 5X Build/MMB29P) AppleWebKit/537.36 (KHTML, like Gecko) Chrome/125.0.6422.175 Mobile Safari/537.36 (compatible; Googlebot/2.1; +http://www.google.com/bot.html)"
66.249.66.41 - - [06/Jul/2024:00:45:29 +0330] "GET /configs/sym404/root/lib64/libxcb-render.so HTTP/1.1" 200 13735 "-" "Mozilla/5.0 (Linux; Android 6.0.1; Nexus 5X Build/MMB29P) AppleWebKit/537.36 (KHTML, like Gecko) Chrome/125.0.6422.175 Mobile Safari/537.36 (compatible; Googlebot/2.1; +http://www.google.com/bot.html)"
66.249.66.40 - - [06/Jul/2024:00:51:31 +0330] "GET /configs/sym404/root/bin/rpcgen HTTP/1.1" 200 38510 "-" "Mozilla/5.0 (Linux; Android 6.0.1; Nexus 5X Build/MMB29P) AppleWebKit/537.36 (KHTML, like Gecko) Chrome/125.0.6422.175 Mobile Safari/537.36 (compatible; Googlebot/2.1; +http://www.google.com/bot.html)"
37.120.233.59 - - [06/Jul/2024:00:52:45 +0330] "GET /host[24.0]/admin/index.php HTTP/1.1" 200 4133 "-" "Mozilla/5.0 (Macintosh; Intel Mac OS X 10_15_7) AppleWebKit/537.36 (KHTML, like Gecko) Chrome/121.0.0.0 Safari/537.36"
206.189.247.132 - - [06/Jul/2024:00:52:45 +0330] "GET /host[24.0]/admin/index.php HTTP/1.1" 200 2342 "-" "Mozilla/5.0 (Macintosh; Intel Mac OS X 10_15_7) AppleWebKit/537.36 (KHTML, like Gecko) Chrome/121.0.0.0 Safari/537.36"
78.148.78.93 - - [06/Jul/2024:00:52:46 +0330] "GET /host[24.0]/admin/index.php HTTP/1.1" 200 2342 "-" "Mozilla/5.0 (Macintosh; Intel Mac OS X 10_15_7) AppleWebKit/537.36 (KHTML, like Gecko) Chrome/121.0.0.0 Safari/537.36"
157.230.195.44 - - [06/Jul/2024:00:52:47 +0330] "GET /host[24.0]/admin/index.php HTTP/1.1" 200 2342 "-" "Mozilla/5.0 (Macintosh; Intel Mac OS X 10_15_7) AppleWebKit/537.36 (KHTML, like Gecko) Chrome/121.0.0.0 Safari/537.36"
66.249.66.42 - - [06/Jul/2024:01:06:39 +0330] "GET /configs/sym404/root/scripts/syslog_check HTTP/1.1" 200 552 "-" "Mozilla/5.0 (Linux; Android 6.0.1; Nexus 5X Build/MMB29P) AppleWebKit/537.36 (KHTML, like Gecko) Chrome/125.0.6422.175 Mobile Safari/537.36 (compatible; Googlebot/2.1; +http://www.google.com/bot.html)"
78.148.78.93 - - [06/Jul/2024:01:08:30 +0330] "GET /host[24.0]/admin/index.php HTTP/1.1" 200 4124 "-" "Mozilla/5.0 (Macintosh; Intel Mac OS X 10_15_7) AppleWebKit/537.36 (KHTML, like Gecko) Chrome/121.0.0.0 Safari/537.36"
37.120.233.58 - - [06/Jul/2024:01:08:30 +0330] "GET /host[24.0]/admin/index.php HTTP/1.1" 200 2342 "-" "Mozilla/5.0 (Macintosh; Intel Mac OS X 10_15_7) AppleWebKit/537.36 (KHTML, like Gecko) Chrome/121.0.0.0 Safari/537.36"
206.189.247.132 - - [06/Jul/2024:01:08:30 +0330] "GET /host[24.0]/admin/index.php HTTP/1.1" 200 2342 "-" "Mozilla/5.0 (Macintosh; Intel Mac OS X 10_15_7) AppleWebKit/537.36 (KHTML, like Gecko) Chrome/121.0.0.0 Safari/537.36"
157.230.195.44 - - [06/Jul/2024:01:08:31 +0330] "GET /host[24.0]/admin/index.php HTTP/1.1" 200 2342 "-" "Mozilla/5.0 (Macintosh; Intel Mac OS X 10_15_7) AppleWebKit/537.36 (KHTML, like Gecko) Chrome/121.0.0.0 Safari/537.36"
66.249.66.42 - - [06/Jul/2024:01:10:42 +0330] "GET /sym404/root/usr/ HTTP/1.1" 200 433 "-" "Mozilla/5.0 (Linux; Android 6.0.1; Nexus 5X Build/MMB29P) AppleWebKit/537.36 (KHTML, like Gecko) Chrome/125.0.6422.175 Mobile Safari/537.36 (compatible; Googlebot/2.1; +http://www.google.com/bot.html)"
66.249.66.41 - - [06/Jul/2024:01:10:43 +0330] "GET /configs/sym404/root/lib/firmware/emi26/ HTTP/1.1" 200 310 "-" "Mozilla/5.0 (Linux; Android 6.0.1; Nexus 5X Build/MMB29P) AppleWebKit/537.36 (KHTML, like Gecko) Chrome/125.0.6422.175 Mobile Safari/537.36 (compatible; Googlebot/2.1; +http://www.google.com/bot.html)"
66.249.66.41 - - [06/Jul/2024:01:10:44 +0330] "GET /configs/sym404/root/usr/lib64/libmagic.so.1 HTTP/1.1" 200 54014 "-" "Mozilla/5.0 (Linux; Android 6.0.1; Nexus 5X Build/MMB29P) AppleWebKit/537.36 (KHTML, like Gecko) Chrome/125.0.6422.175 Mobile Safari/537.36 (compatible; Googlebot/2.1; +http://www.google.com/bot.html)"
66.249.66.40 - - [06/Jul/2024:01:11:45 +0330] "GET /configs/sym404/root/lib64/aspell-0.60/iso-8859-4.cmap HTTP/1.1" 200 4588 "-" "Mozilla/5.0 (Linux; Android 6.0.1; Nexus 5X Build/MMB29P) AppleWebKit/537.36 (KHTML, like Gecko) Chrome/125.0.6422.175 Mobile Safari/537.36 (compatible; Googlebot/2.1; +http://www.google.com/bot.html)"
66.249.66.42 - - [06/Jul/2024:01:16:33 +0330] "GET /configs/sym404/root/usr/lib64/libxcb-present.so.0 HTTP/1.1" 200 3991 "-" "Mozilla/5.0 (Linux; Android 6.0.1; Nexus 5X Build/MMB29P) AppleWebKit/537.36 (KHTML, like Gecko) Chrome/125.0.6422.175 Mobile Safari/537.36 (compatible; Googlebot/2.1; +http://www.google.com/bot.html)"
78.148.78.93 - - [06/Jul/2024:01:23:42 +0330] "GET /host[24.0]/admin/index.php HTTP/1.1" 200 4123 "-" "Mozilla/5.0 (Windows NT 10.0; Win64; x64) AppleWebKit/537.36 (KHTML, like Gecko) Chrome/119.0.0.0 Safari/537.36 Edg/119.0.0.0"
37.120.233.58 - - [06/Jul/2024:01:23:42 +0330] "GET /host[24.0]/admin/index.php HTTP/1.1" 200 2342 "-" "Mozilla/5.0 (Windows NT 10.0; Win64; x64) AppleWebKit/537.36 (KHTML, like Gecko) Chrome/119.0.0.0 Safari/537.36 Edg/119.0.0.0"
206.189.247.132 - - [06/Jul/2024:01:23:42 +0330] "GET /host[24.0]/admin/index.php HTTP/1.1" 200 2342 "-" "Mozilla/5.0 (Windows NT 10.0; Win64; x64) AppleWebKit/537.36 (KHTML, like Gecko) Chrome/119.0.0.0 Safari/537.36 Edg/119.0.0.0"
157.230.195.44 - - [06/Jul/2024:01:23:45 +0330] "GET /host[24.0]/admin/index.php HTTP/1.1" 200 2342 "-" "Mozilla/5.0 (Windows NT 10.0; Win64; x64) AppleWebKit/537.36 (KHTML, like Gecko) Chrome/119.0.0.0 Safari/537.36 Edg/119.0.0.0"
141.8.142.44 - - [06/Jul/2024:01:28:50 +0330] "GET /cgi-bin/404.php?0-797967704b536932307466505353784c72557a4e53306b744b7459724b74584c537933524e7a4e4d796a58517a77534b5665686c6c4f546d4141413d-c3RhcnRAc3BoLmNvbS5zZw== HTTP/1.1" 200 1506 "-" "python-requests/2.19.1"
66.249.66.42 - - [06/Jul/2024:01:29:40 +0330] "GET /configs/sym404/root/lib/systemd/rhel-readonly HTTP/1.1" 200 2087 "-" "Mozilla/5.0 (Linux; Android 6.0.1; Nexus 5X Build/MMB29P) AppleWebKit/537.36 (KHTML, like Gecko) Chrome/125.0.6422.175 Mobile Safari/537.36 (compatible; Googlebot/2.1; +http://www.google.com/bot.html)"
66.249.66.40 - - [06/Jul/2024:01:31:40 +0330] "GET /configs/sym404/root/usr/lib64/libmenu.so HTTP/1.1" 200 15210 "-" "Mozilla/5.0 (Linux; Android 6.0.1; Nexus 5X Build/MMB29P) AppleWebKit/537.36 (KHTML, like Gecko) Chrome/125.0.6422.175 Mobile Safari/537.36 (compatible; Googlebot/2.1; +http://www.google.com/bot.html)"
3.87.17.27 - - [06/Jul/2024:01:34:28 +0330] "GET /cgi-bin/404.php?6-797967704b5369323074665054637a4d3053744f5445744c4c386f764c64424c7a73384641413d3d-specific HTTP/2.0" 200 29623 "-" "Mozilla/5.0 (Windows NT 10.0; Win64; x64) AppleWebKit/537.36 (KHTML, like Gecko) Chrome/120.0.6099.224 Safari/537.36"
3.87.17.27 - - [06/Jul/2024:01:34:31 +0330] "POST /cgi-bin/404.php HTTP/2.0" 200 700 "-" "Mozilla/5.0 (Windows NT 10.0; Win64; x64) AppleWebKit/537.36 (KHTML, like Gecko) Chrome/120.0.6099.224 Safari/537.36"
44.197.226.95 - - [06/Jul/2024:01:34:34 +0330] "GET /cgi-bin/404.php?6-797967704b5369323074665054637a4d3053744f5445744c4c386f764c64424c7a73384641413d3d-specific HTTP/2.0" 200 29615 "-" "Mozilla/5.0 (Windows NT 10.0; Win64; x64) AppleWebKit/537.36 (KHTML, like Gecko) Chrome/120.0.6099.224 Safari/537.36"
44.197.226.95 - - [06/Jul/2024:01:34:37 +0330] "POST /cgi-bin/404.php HTTP/2.0" 200 697 "-" "Mozilla/5.0 (Windows NT 10.0; Win64; x64) AppleWebKit/537.36 (KHTML, like Gecko) Chrome/120.0.6099.224 Safari/537.36"
3.87.17.27 - - [06/Jul/2024:01:34:39 +0330] "GET /cgi-bin/404.php?6-797967704b5369323074665054637a4d3053744f5445744c4c386f764c64424c7a73384641413d3d-specific HTTP/2.0" 200 29791 "-" "Mozilla/5.0 (Windows NT 10.0; Win64; x64) AppleWebKit/537.36 (KHTML, like Gecko) Chrome/120.0.6099.224 Safari/537.36"
66.249.66.40 - - [06/Jul/2024:01:34:41 +0330] "GET /configs/sym404/root/usr/lib64/libdrm_intel.so.1 HTTP/1.1" 200 64077 "-" "Mozilla/5.0 (Linux; Android 6.0.1; Nexus 5X Build/MMB29P) AppleWebKit/537.36 (KHTML, like Gecko) Chrome/125.0.6422.175 Mobile Safari/537.36 (compatible; Googlebot/2.1; +http://www.google.com/bot.html)"
3.87.17.27 - - [06/Jul/2024:01:34:42 +0330] "POST /cgi-bin/404.php HTTP/2.0" 200 700 "-" "Mozilla/5.0 (Windows NT 10.0; Win64; x64) AppleWebKit/537.36 (KHTML, like Gecko) Chrome/120.0.6099.224 Safari/537.36"
3.237.11.151 - - [06/Jul/2024:01:35:21 +0330] "GET /cgi-bin/404.php?6-797967704b5369323074665054637a4d3053744f5445744c4c386f764c64424c7a73384641413d3d-specific HTTP/2.0" 200 29647 "-" "Mozilla/5.0 (Windows NT 10.0; Win64; x64) AppleWebKit/537.36 (KHTML, like Gecko) Chrome/120.0.6099.224 Safari/537.36"
3.237.11.151 - - [06/Jul/2024:01:35:24 +0330] "POST /cgi-bin/404.php HTTP/2.0" 200 697 "-" "Mozilla/5.0 (Windows NT 10.0; Win64; x64) AppleWebKit/537.36 (KHTML, like Gecko) Chrome/120.0.6099.224 Safari/537.36"
78.148.78.93 - - [06/Jul/2024:01:40:24 +0330] "GET /host[24.0]/admin/index.php HTTP/1.1" 200 4122 "-" "Mozilla/5.0 (Macintosh; Intel Mac OS X 10_15_7) AppleWebKit/537.36 (KHTML, like Gecko) Chrome/121.0.0.0 Safari/537.36"
37.120.233.58 - - [06/Jul/2024:01:40:24 +0330] "GET /host[24.0]/admin/index.php HTTP/1.1" 200 2342 "-" "Mozilla/5.0 (Macintosh; Intel Mac OS X 10_15_7) AppleWebKit/537.36 (KHTML, like Gecko) Chrome/121.0.0.0 Safari/537.36"
206.189.247.132 - - [06/Jul/2024:01:40:24 +0330] "GET /host[24.0]/admin/index.php HTTP/1.1" 200 2342 "-" "Mozilla/5.0 (Macintosh; Intel Mac OS X 10_15_7) AppleWebKit/537.36 (KHTML, like Gecko) Chrome/121.0.0.0 Safari/537.36"
157.230.195.44 - - [06/Jul/2024:01:40:26 +0330] "GET /host[24.0]/admin/index.php HTTP/1.1" 200 2342 "-" "Mozilla/5.0 (Macintosh; Intel Mac OS X 10_15_7) AppleWebKit/537.36 (KHTML, like Gecko) Chrome/121.0.0.0 Safari/537.36"
66.249.66.42 - - [06/Jul/2024:01:43:42 +0330] "GET /configs/sym404/root/lib/firmware/mwlwifi/ HTTP/1.1" 200 297 "-" "Mozilla/5.0 (Linux; Android 6.0.1; Nexus 5X Build/MMB29P) AppleWebKit/537.36 (KHTML, like Gecko) Chrome/125.0.6422.175 Mobile Safari/537.36 (compatible; Googlebot/2.1; +http://www.google.com/bot.html)"
66.249.66.41 - - [06/Jul/2024:01:44:28 +0330] "GET /robots.txt HTTP/1.1" 404 - "-" "Mozilla/5.0 (compatible; Googlebot/2.1; +http://www.google.com/bot.html)"
66.249.66.41 - - [06/Jul/2024:01:44:28 +0330] "GET /sym404/root/usr/sbin/ifup HTTP/1.1" 200 1753 "-" "Mozilla/5.0 (Linux; Android 6.0.1; Nexus 5X Build/MMB29P) AppleWebKit/537.36 (KHTML, like Gecko) Chrome/125.0.6422.175 Mobile Safari/537.36 (compatible; GoogleOther)"
185.41.240.29 - - [06/Jul/2024:01:47:44 +0330] "GET /host%5B24.0%5D/admin/js/mf.php?id=FsgJF HTTP/1.1" 200 20 "-" "Mozilla/5.0 (Windows NT 10.0; Win64; x64) AppleWebKit/537.36 (KHTML, like Gecko) Chrome/84.0.4147.89 Safari/537.36"
66.249.66.40 - - [06/Jul/2024:01:52:39 +0330] "GET /robots.txt HTTP/1.1" 404 - "-" "Mozilla/5.0 (compatible; Googlebot/2.1; +http://www.google.com/bot.html)"
66.249.66.40 - - [06/Jul/2024:01:52:39 +0330] "GET /sym404/root/usr/sbin/vgs HTTP/1.1" 200 817111 "-" "Mozilla/5.0 (Linux; Android 6.0.1; Nexus 5X Build/MMB29P) AppleWebKit/537.36 (KHTML, like Gecko) Chrome/125.0.6422.175 Mobile Safari/537.36 (compatible; GoogleOther)"
78.148.78.93 - - [06/Jul/2024:01:58:19 +0330] "GET /host[24.0]/admin/index.php HTTP/1.1" 200 4131 "-" "Mozilla/5.0 (Macintosh; Intel Mac OS X 10_15_7) AppleWebKit/537.36 (KHTML, like Gecko) Chrome/121.0.0.0 Safari/537.36"
206.189.247.132 - - [06/Jul/2024:01:58:19 +0330] "GET /host[24.0]/admin/index.php HTTP/1.1" 200 2342 "-" "Mozilla/5.0 (Macintosh; Intel Mac OS X 10_15_7) AppleWebKit/537.36 (KHTML, like Gecko) Chrome/121.0.0.0 Safari/537.36"
37.120.233.29 - - [06/Jul/2024:01:58:19 +0330] "GET /host[24.0]/admin/index.php HTTP/1.1" 200 2342 "-" "Mozilla/5.0 (Macintosh; Intel Mac OS X 10_15_7) AppleWebKit/537.36 (KHTML, like Gecko) Chrome/121.0.0.0 Safari/537.36"
157.230.195.44 - - [06/Jul/2024:01:58:21 +0330] "GET /host[24.0]/admin/index.php HTTP/1.1" 200 2342 "-" "Mozilla/5.0 (Macintosh; Intel Mac OS X 10_15_7) AppleWebKit/537.36 (KHTML, like Gecko) Chrome/121.0.0.0 Safari/537.36"
66.249.66.41 - - [06/Jul/2024:02:00:41 +0330] "GET /configs/sym404/root/usr/lib64/libauparse.so.0 HTTP/1.1" 200 55707 "-" "Mozilla/5.0 (Linux; Android 6.0.1; Nexus 5X Build/MMB29P) AppleWebKit/537.36 (KHTML, like Gecko) Chrome/125.0.6422.175 Mobile Safari/537.36 (compatible; Googlebot/2.1; +http://www.google.com/bot.html)"
66.249.66.40 - - [06/Jul/2024:02:00:50 +0330] "GET /sym404/root/usr/sbin/pure-authd HTTP/1.1" 200 6151 "-" "Mozilla/5.0 (Linux; Android 6.0.1; Nexus 5X Build/MMB29P) AppleWebKit/537.36 (KHTML, like Gecko) Chrome/125.0.6422.175 Mobile Safari/537.36 (compatible; GoogleOther)"
66.249.66.42 - - [06/Jul/2024:02:02:43 +0330] "GET /configs/sym404/root/lib64/aspell-0.60/tex-filter.info HTTP/1.1" 200 746 "-" "Mozilla/5.0 (Linux; Android 6.0.1; Nexus 5X Build/MMB29P) AppleWebKit/537.36 (KHTML, like Gecko) Chrome/125.0.6422.175 Mobile Safari/537.36 (compatible; Googlebot/2.1; +http://www.google.com/bot.html)"
66.249.66.40 - - [06/Jul/2024:02:06:46 +0330] "GET /sym404/root/usr/lib64/python2.7/pydoc.pyc HTTP/1.1" 200 32796 "-" "Mozilla/5.0 (Linux; Android 6.0.1; Nexus 5X Build/MMB29P) AppleWebKit/537.36 (KHTML, like Gecko) Chrome/125.0.6422.175 Mobile Safari/537.36 (compatible; Googlebot/2.1; +http://www.google.com/bot.html)"
204.15.64.227 - - [06/Jul/2024:02:08:28 +0330] "GET / HTTP/1.0" 200 3132 "-" "Mozilla/5.0 (Windows; U; Windows NT 6.1; en-US; rv:1.9.2.18) Gecko/20110614 Firefox/3.6.18"
66.249.66.40 - - [06/Jul/2024:02:09:01 +0330] "GET /sym404/root/usr/sbin/intel-microcode2ucode HTTP/1.1" 200 3799 "-" "Mozilla/5.0 (Linux; Android 6.0.1; Nexus 5X Build/MMB29P) AppleWebKit/537.36 (KHTML, like Gecko) Chrome/125.0.6422.175 Mobile Safari/537.36 (compatible; GoogleOther)"
204.15.64.228 - - [06/Jul/2024:02:11:22 +0330] "GET / HTTP/1.0" 200 3132 "-" "Mozilla/5.0 (Windows; U; Windows NT 6.0; en-US) AppleWebKit/534.16 (KHTML, like Gecko) Chrome/10.0.648.151 Safari/534.16"
78.148.78.93 - - [06/Jul/2024:02:14:37 +0330] "GET /host[24.0]/admin/index.php HTTP/1.1" 200 4123 "-" "Mozilla/5.0 (Macintosh; Intel Mac OS X 10_15_7) AppleWebKit/537.36 (KHTML, like Gecko) Chrome/120.0.0.0 Safari/537.36"
37.120.233.29 - - [06/Jul/2024:02:14:37 +0330] "GET /host[24.0]/admin/index.php HTTP/1.1" 200 2342 "-" "Mozilla/5.0 (Macintosh; Intel Mac OS X 10_15_7) AppleWebKit/537.36 (KHTML, like Gecko) Chrome/120.0.0.0 Safari/537.36"
206.189.247.132 - - [06/Jul/2024:02:14:38 +0330] "GET /host[24.0]/admin/index.php HTTP/1.1" 200 2342 "-" "Mozilla/5.0 (Macintosh; Intel Mac OS X 10_15_7) AppleWebKit/537.36 (KHTML, like Gecko) Chrome/120.0.0.0 Safari/537.36"
157.230.195.44 - - [06/Jul/2024:02:14:39 +0330] "GET /host[24.0]/admin/index.php HTTP/1.1" 200 2342 "-" "Mozilla/5.0 (Macintosh; Intel Mac OS X 10_15_7) AppleWebKit/537.36 (KHTML, like Gecko) Chrome/120.0.0.0 Safari/537.36"
66.249.66.41 - - [06/Jul/2024:02:19:36 +0330] "GET /sym404/root/proc/1200/ HTTP/1.1" 200 660 "-" "Mozilla/5.0 (Linux; Android 6.0.1; Nexus 5X Build/MMB29P) AppleWebKit/537.36 (KHTML, like Gecko) Chrome/125.0.6422.175 Mobile Safari/537.36 (compatible; Googlebot/2.1; +http://www.google.com/bot.html)"
78.148.78.93 - - [06/Jul/2024:02:30:03 +0330] "GET /host[24.0]/admin/index.php HTTP/1.1" 200 4131 "-" "Mozilla/5.0 (Macintosh; Intel Mac OS X 10_15_7) AppleWebKit/537.36 (KHTML, like Gecko) Chrome/121.0.0.0 Safari/537.36"
37.120.233.29 - - [06/Jul/2024:02:30:03 +0330] "GET /host[24.0]/admin/index.php HTTP/1.1" 200 2342 "-" "Mozilla/5.0 (Macintosh; Intel Mac OS X 10_15_7) AppleWebKit/537.36 (KHTML, like Gecko) Chrome/121.0.0.0 Safari/537.36"
206.189.247.132 - - [06/Jul/2024:02:30:04 +0330] "GET /host[24.0]/admin/index.php HTTP/1.1" 200 2342 "-" "Mozilla/5.0 (Macintosh; Intel Mac OS X 10_15_7) AppleWebKit/537.36 (KHTML, like Gecko) Chrome/121.0.0.0 Safari/537.36"
206.189.247.132 - - [06/Jul/2024:02:30:13 +0330] "GET /host[24.0]/admin/index.php HTTP/1.1" 200 2342 "-" "Mozilla/5.0 (Macintosh; Intel Mac OS X 10_15_7) AppleWebKit/537.36 (KHTML, like Gecko) Chrome/121.0.0.0 Safari/537.36"
78.148.78.93 - - [06/Jul/2024:02:30:13 +0330] "GET /host[24.0]/admin/index.php HTTP/1.1" 200 2342 "-" "Mozilla/5.0 (Macintosh; Intel Mac OS X 10_15_7) AppleWebKit/537.36 (KHTML, like Gecko) Chrome/121.0.0.0 Safari/537.36"
37.120.233.29 - - [06/Jul/2024:02:30:13 +0330] "GET /host[24.0]/admin/index.php HTTP/1.1" 200 2342 "-" "Mozilla/5.0 (Macintosh; Intel Mac OS X 10_15_7) AppleWebKit/537.36 (KHTML, like Gecko) Chrome/121.0.0.0 Safari/537.36"
157.230.195.44 - - [06/Jul/2024:02:30:14 +0330] "GET /host[24.0]/admin/index.php HTTP/1.1" 200 2342 "-" "Mozilla/5.0 (Macintosh; Intel Mac OS X 10_15_7) AppleWebKit/537.36 (KHTML, like Gecko) Chrome/121.0.0.0 Safari/537.36"
23.22.18.33 - - [06/Jul/2024:02:33:45 +0330] "GET /cgi-bin/404.php?6-797967704b5369323074665054637a4d3053744f5445744c4c386f764c64424c7a73384641413d3d-specific HTTP/2.0" 200 29677 "-" "Mozilla/5.0 (Windows NT 10.0; Win64; x64) AppleWebKit/537.36 (KHTML, like Gecko) Chrome/120.0.6099.224 Safari/537.36"
23.22.18.33 - - [06/Jul/2024:02:33:49 +0330] "POST /cgi-bin/404.php HTTP/2.0" 200 692 "-" "Mozilla/5.0 (Windows NT 10.0; Win64; x64) AppleWebKit/537.36 (KHTML, like Gecko) Chrome/120.0.6099.224 Safari/537.36"
18.207.136.233 - - [06/Jul/2024:02:40:04 +0330] "GET /cgi-bin/404.php?6-797967704b5369323074665054637a4d3053744f5445744c4c386f764c64424c7a73384641413d3d-specific HTTP/2.0" 200 29835 "-" "Mozilla/5.0 (Windows NT 10.0; Win64; x64) AppleWebKit/537.36 (KHTML, like Gecko) Chrome/120.0.6099.224 Safari/537.36"
18.207.136.233 - - [06/Jul/2024:02:40:08 +0330] "POST /cgi-bin/404.php HTTP/2.0" 200 698 "-" "Mozilla/5.0 (Windows NT 10.0; Win64; x64) AppleWebKit/537.36 (KHTML, like Gecko) Chrome/120.0.6099.224 Safari/537.36"
3.237.174.197 - - [06/Jul/2024:02:40:16 +0330] "GET /cgi-bin/404.php?6-797967704b5369323074665054637a4d3053744f5445744c4c386f764c64424c7a73384641413d3d-specific HTTP/2.0" 200 29778 "-" "Mozilla/5.0 (Windows NT 10.0; Win64; x64) AppleWebKit/537.36 (KHTML, like Gecko) Chrome/120.0.6099.224 Safari/537.36"
3.237.174.197 - - [06/Jul/2024:02:40:19 +0330] "POST /cgi-bin/404.php HTTP/2.0" 200 703 "-" "Mozilla/5.0 (Windows NT 10.0; Win64; x64) AppleWebKit/537.36 (KHTML, like Gecko) Chrome/120.0.6099.224 Safari/537.36"
66.249.66.40 - - [06/Jul/2024:02:40:43 +0330] "GET /sym404/root/lib/firmware/sb16/ HTTP/1.1" 200 342 "-" "Mozilla/5.0 (Linux; Android 6.0.1; Nexus 5X Build/MMB29P) AppleWebKit/537.36 (KHTML, like Gecko) Chrome/125.0.6422.175 Mobile Safari/537.36 (compatible; Googlebot/2.1; +http://www.google.com/bot.html)"
