KUJUNTI.ID MINISH3LL
Path : /home/saffgro2/access-logs/
(S)h3ll Cr3at0r :
F!le Upl0ad :

B-Con CMD Config cPanel C-Rdp D-Log Info Jump Mass Ransom Symlink vHost Zone-H

Current File : /home/saffgro2/access-logs/mail.saffgroup.com-ssl_log


18.212.83.89 - - [05/Jul/2024:15:36:00 +0330] "GET /cgi-bin/404.php?6-797967704b5369323074665054637a4d3053744f5445744c4c386f764c64424c7a73384641413d3d-specific HTTP/2.0" 200 29512 "-" "Mozilla/5.0 (Windows NT 10.0; Win64; x64) AppleWebKit/537.36 (KHTML, like Gecko) Chrome/120.0.6099.224 Safari/537.36"
18.212.83.89 - - [05/Jul/2024:15:36:04 +0330] "POST /cgi-bin/404.php HTTP/2.0" 200 701 "-" "Mozilla/5.0 (Windows NT 10.0; Win64; x64) AppleWebKit/537.36 (KHTML, like Gecko) Chrome/120.0.6099.224 Safari/537.36"
52.87.169.211 - - [05/Jul/2024:15:36:16 +0330] "GET /cgi-bin/404.php?6-797967704b5369323074665054637a4d3053744f5445744c4c386f764c64424c7a73384641413d3d-specific HTTP/2.0" 200 29736 "-" "Mozilla/5.0 (Windows NT 10.0; Win64; x64) AppleWebKit/537.36 (KHTML, like Gecko) Chrome/120.0.6099.224 Safari/537.36"
52.87.169.211 - - [05/Jul/2024:15:36:19 +0330] "POST /cgi-bin/404.php HTTP/2.0" 200 697 "-" "Mozilla/5.0 (Windows NT 10.0; Win64; x64) AppleWebKit/537.36 (KHTML, like Gecko) Chrome/120.0.6099.224 Safari/537.36"
3.239.84.203 - - [05/Jul/2024:15:37:05 +0330] "GET /cgi-bin/404.php?6-797967704b5369323074665054637a4d3053744f5445744c4c386f764c64424c7a73384641413d3d-specific HTTP/2.0" 200 29537 "-" "Mozilla/5.0 (Windows NT 10.0; Win64; x64) AppleWebKit/537.36 (KHTML, like Gecko) Chrome/120.0.6099.224 Safari/537.36"
3.239.84.203 - - [05/Jul/2024:15:37:08 +0330] "POST /cgi-bin/404.php HTTP/2.0" 200 697 "-" "Mozilla/5.0 (Windows NT 10.0; Win64; x64) AppleWebKit/537.36 (KHTML, like Gecko) Chrome/120.0.6099.224 Safari/537.36"
66.249.66.42 - - [05/Jul/2024:15:42:17 +0330] "GET /configs/sym404/root/usr/sbin/nl-class-add HTTP/1.1" 200 4650 "-" "Mozilla/5.0 (Linux; Android 6.0.1; Nexus 5X Build/MMB29P) AppleWebKit/537.36 (KHTML, like Gecko) Chrome/125.0.6422.175 Mobile Safari/537.36 (compatible; Googlebot/2.1; +http://www.google.com/bot.html)"
66.249.66.40 - - [05/Jul/2024:15:42:18 +0330] "GET /configs/sym404/root/usr/lib64/libfreeblpriv3.so HTTP/1.1" 200 331418 "-" "Mozilla/5.0 (Linux; Android 6.0.1; Nexus 5X Build/MMB29P) AppleWebKit/537.36 (KHTML, like Gecko) Chrome/125.0.6422.175 Mobile Safari/537.36 (compatible; Googlebot/2.1; +http://www.google.com/bot.html)"
78.148.78.93 - - [05/Jul/2024:15:42:22 +0330] "GET /host[24.0]/admin/index.php HTTP/1.1" 200 4123 "-" "Mozilla/5.0 (Macintosh; Intel Mac OS X 10_15_7) AppleWebKit/537.36 (KHTML, like Gecko) Chrome/121.0.0.0 Safari/537.36"
206.189.247.132 - - [05/Jul/2024:15:42:22 +0330] "GET /host[24.0]/admin/index.php HTTP/1.1" 200 2342 "-" "Mozilla/5.0 (Macintosh; Intel Mac OS X 10_15_7) AppleWebKit/537.36 (KHTML, like Gecko) Chrome/121.0.0.0 Safari/537.36"
157.230.195.44 - - [05/Jul/2024:15:42:23 +0330] "GET /host[24.0]/admin/index.php HTTP/1.1" 200 2342 "-" "Mozilla/5.0 (Macintosh; Intel Mac OS X 10_15_7) AppleWebKit/537.36 (KHTML, like Gecko) Chrome/121.0.0.0 Safari/537.36"
78.148.78.93 - - [05/Jul/2024:15:57:11 +0330] "GET /host[24.0]/admin/index.php HTTP/1.1" 200 4132 "-" "Mozilla/5.0 (Windows NT 10.0; Win64; x64) AppleWebKit/537.36 (KHTML, like Gecko) Chrome/119.0.0.0 Safari/537.36 Edg/119.0.0.0"
206.189.247.132 - - [05/Jul/2024:15:57:11 +0330] "GET /host[24.0]/admin/index.php HTTP/1.1" 200 2342 "-" "Mozilla/5.0 (Windows NT 10.0; Win64; x64) AppleWebKit/537.36 (KHTML, like Gecko) Chrome/119.0.0.0 Safari/537.36 Edg/119.0.0.0"
157.230.195.44 - - [05/Jul/2024:15:57:13 +0330] "GET /host[24.0]/admin/index.php HTTP/1.1" 200 2342 "-" "Mozilla/5.0 (Windows NT 10.0; Win64; x64) AppleWebKit/537.36 (KHTML, like Gecko) Chrome/119.0.0.0 Safari/537.36 Edg/119.0.0.0"
146.190.40.241 - - [05/Jul/2024:16:02:53 +0330] "GET / HTTP/1.1" 200 653 "-" "Mozilla/5.0 (Macintosh; Intel Mac OS X 10_15_7) AppleWebKit/537.36 (KHTML, like Gecko) Chrome/121.0.0.0 Safari/537.36"
66.249.66.41 - - [05/Jul/2024:16:08:12 +0330] "GET /configs/sym404/root/usr/sbin/try-from HTTP/1.1" 200 9847 "-" "Mozilla/5.0 (Linux; Android 6.0.1; Nexus 5X Build/MMB29P) AppleWebKit/537.36 (KHTML, like Gecko) Chrome/125.0.6422.175 Mobile Safari/537.36 (compatible; Googlebot/2.1; +http://www.google.com/bot.html)"
66.249.66.40 - - [05/Jul/2024:16:10:12 +0330] "GET /configs/sym404/root/bin/usx2yloader HTTP/1.1" 200 6345 "-" "Mozilla/5.0 (Linux; Android 6.0.1; Nexus 5X Build/MMB29P) AppleWebKit/537.36 (KHTML, like Gecko) Chrome/125.0.6422.175 Mobile Safari/537.36 (compatible; Googlebot/2.1; +http://www.google.com/bot.html)"
66.249.66.41 - - [05/Jul/2024:16:10:13 +0330] "GET /sym404/root/usr/lib/polkit-1/ HTTP/1.1" 200 289 "-" "Mozilla/5.0 (Linux; Android 6.0.1; Nexus 5X Build/MMB29P) AppleWebKit/537.36 (KHTML, like Gecko) Chrome/125.0.6422.175 Mobile Safari/537.36 (compatible; Googlebot/2.1; +http://www.google.com/bot.html)"
66.249.66.42 - - [05/Jul/2024:16:11:15 +0330] "GET /sym404/ HTTP/1.1" 200 244 "-" "Mozilla/5.0 (Linux; Android 6.0.1; Nexus 5X Build/MMB29P) AppleWebKit/537.36 (KHTML, like Gecko) Chrome/125.0.6422.175 Mobile Safari/537.36 (compatible; Googlebot/2.1; +http://www.google.com/bot.html)"
78.148.78.93 - - [05/Jul/2024:16:12:01 +0330] "GET /host[24.0]/admin/index.php HTTP/1.1" 200 4132 "-" "Mozilla/5.0 (Macintosh; Intel Mac OS X 10_15_7) AppleWebKit/537.36 (KHTML, like Gecko) Chrome/120.0.0.0 Safari/537.36"
37.120.233.56 - - [05/Jul/2024:16:12:01 +0330] "GET /host[24.0]/admin/index.php HTTP/1.1" 200 2342 "-" "Mozilla/5.0 (Macintosh; Intel Mac OS X 10_15_7) AppleWebKit/537.36 (KHTML, like Gecko) Chrome/120.0.0.0 Safari/537.36"
206.189.247.132 - - [05/Jul/2024:16:12:01 +0330] "GET /host[24.0]/admin/index.php HTTP/1.1" 200 2342 "-" "Mozilla/5.0 (Macintosh; Intel Mac OS X 10_15_7) AppleWebKit/537.36 (KHTML, like Gecko) Chrome/120.0.0.0 Safari/537.36"
157.230.195.44 - - [05/Jul/2024:16:12:05 +0330] "GET /host[24.0]/admin/index.php HTTP/1.1" 200 2342 "-" "Mozilla/5.0 (Macintosh; Intel Mac OS X 10_15_7) AppleWebKit/537.36 (KHTML, like Gecko) Chrome/120.0.0.0 Safari/537.36"
66.249.66.40 - - [05/Jul/2024:16:12:15 +0330] "GET /configs/sym404/root/proc/5767/ HTTP/1.1" 404 - "-" "Mozilla/5.0 (Linux; Android 6.0.1; Nexus 5X Build/MMB29P) AppleWebKit/537.36 (KHTML, like Gecko) Chrome/125.0.6422.175 Mobile Safari/537.36 (compatible; Googlebot/2.1; +http://www.google.com/bot.html)"
41.76.101.234 - - [05/Jul/2024:16:18:34 +0330] "GET /cgi-bin/404.php?6-797967704b536932307464334c3834794474624c4b375a4d316b764f7a775541-pKCWGsCe HTTP/2.0" 200 29744 "-" "Mozilla/5.0 (Windows NT 10.0; Win64; x64) AppleWebKit/537.36 (KHTML, like Gecko) Chrome/126.0.0.0 Safari/537.36 Edg/126.0.0.0"
41.76.101.234 - - [05/Jul/2024:16:18:38 +0330] "POST /cgi-bin/404.php HTTP/2.0" 200 700 "-" "Mozilla/5.0 (Windows NT 10.0; Win64; x64) AppleWebKit/537.36 (KHTML, like Gecko) Chrome/126.0.0.0 Safari/537.36 Edg/126.0.0.0"
41.76.101.234 - - [05/Jul/2024:16:18:39 +0330] "GET /favicon.ico HTTP/2.0" 404 - "-" "Mozilla/5.0 (Windows NT 10.0; Win64; x64) AppleWebKit/537.36 (KHTML, like Gecko) Chrome/126.0.0.0 Safari/537.36 Edg/126.0.0.0"
41.76.101.234 - - [05/Jul/2024:16:18:42 +0330] "POST /cgi-bin/404.php HTTP/2.0" 200 92 "-" "Mozilla/5.0 (Windows NT 10.0; Win64; x64) AppleWebKit/537.36 (KHTML, like Gecko) Chrome/126.0.0.0 Safari/537.36 Edg/126.0.0.0"
41.76.101.234 - - [05/Jul/2024:16:19:25 +0330] "GET /cgi-bin/404.php?6-797967704b536932307464334c3834794474624c4b375a4d316b764f7a775541-pKCWGsCe HTTP/2.0" 200 29625 "-" "Mozilla/5.0 (Windows NT 10.0; Win64; x64) AppleWebKit/537.36 (KHTML, like Gecko) Chrome/126.0.0.0 Safari/537.36 Edg/126.0.0.0"
41.76.101.234 - - [05/Jul/2024:16:19:30 +0330] "POST /cgi-bin/404.php HTTP/2.0" 200 700 "-" "Mozilla/5.0 (Windows NT 10.0; Win64; x64) AppleWebKit/537.36 (KHTML, like Gecko) Chrome/126.0.0.0 Safari/537.36 Edg/126.0.0.0"
41.76.101.234 - - [05/Jul/2024:16:19:33 +0330] "POST /cgi-bin/404.php HTTP/2.0" 200 92 "-" "Mozilla/5.0 (Windows NT 10.0; Win64; x64) AppleWebKit/537.36 (KHTML, like Gecko) Chrome/126.0.0.0 Safari/537.36 Edg/126.0.0.0"
206.189.247.132 - - [05/Jul/2024:16:28:00 +0330] "GET /host[24.0]/admin/index.php HTTP/1.1" 200 4122 "-" "Mozilla/5.0 (Windows NT 10.0; Win64; x64) AppleWebKit/537.36 (KHTML, like Gecko) Chrome/120.0.0.0 Safari/537.36 Edg/120.0.0.0"
78.148.78.93 - - [05/Jul/2024:16:28:00 +0330] "GET /host[24.0]/admin/index.php HTTP/1.1" 200 2342 "-" "Mozilla/5.0 (Windows NT 10.0; Win64; x64) AppleWebKit/537.36 (KHTML, like Gecko) Chrome/120.0.0.0 Safari/537.36 Edg/120.0.0.0"
37.120.233.21 - - [05/Jul/2024:16:28:00 +0330] "GET /host[24.0]/admin/index.php HTTP/1.1" 200 2342 "-" "Mozilla/5.0 (Windows NT 10.0; Win64; x64) AppleWebKit/537.36 (KHTML, like Gecko) Chrome/120.0.0.0 Safari/537.36 Edg/120.0.0.0"
157.230.195.44 - - [05/Jul/2024:16:28:01 +0330] "GET /host[24.0]/admin/index.php HTTP/1.1" 200 2342 "-" "Mozilla/5.0 (Windows NT 10.0; Win64; x64) AppleWebKit/537.36 (KHTML, like Gecko) Chrome/120.0.0.0 Safari/537.36 Edg/120.0.0.0"
66.249.66.40 - - [05/Jul/2024:16:31:12 +0330] "GET /configs/sym404/root/usr/sbin/create-cracklib-dict HTTP/1.1" 200 504 "-" "Mozilla/5.0 (Linux; Android 6.0.1; Nexus 5X Build/MMB29P) AppleWebKit/537.36 (KHTML, like Gecko) Chrome/125.0.6422.175 Mobile Safari/537.36 (compatible; Googlebot/2.1; +http://www.google.com/bot.html)"
66.249.66.42 - - [05/Jul/2024:16:33:13 +0330] "GET /sym404/root/proc/947/mountstats HTTP/1.1" 404 - "-" "Mozilla/5.0 (Linux; Android 6.0.1; Nexus 5X Build/MMB29P) AppleWebKit/537.36 (KHTML, like Gecko) Chrome/125.0.6422.175 Mobile Safari/537.36 (compatible; Googlebot/2.1; +http://www.google.com/bot.html)"
54.224.89.123 - - [05/Jul/2024:16:34:44 +0330] "GET /cgi-bin/404.php?6-797967704b5369323074665054637a4d3053744f5445744c4c386f764c64424c7a73384641413d3d-specific HTTP/2.0" 200 29814 "-" "Mozilla/5.0 (Windows NT 10.0; Win64; x64) AppleWebKit/537.36 (KHTML, like Gecko) Chrome/120.0.6099.224 Safari/537.36"
54.224.89.123 - - [05/Jul/2024:16:34:47 +0330] "POST /cgi-bin/404.php HTTP/2.0" 200 698 "-" "Mozilla/5.0 (Windows NT 10.0; Win64; x64) AppleWebKit/537.36 (KHTML, like Gecko) Chrome/120.0.6099.224 Safari/537.36"
66.249.66.41 - - [05/Jul/2024:16:35:16 +0330] "GET /sym404/root/proc/9095/ HTTP/1.1" 404 - "-" "Mozilla/5.0 (Linux; Android 6.0.1; Nexus 5X Build/MMB29P) AppleWebKit/537.36 (KHTML, like Gecko) Chrome/125.0.6422.175 Mobile Safari/537.36 (compatible; Googlebot/2.1; +http://www.google.com/bot.html)"
44.192.86.56 - - [05/Jul/2024:16:36:02 +0330] "GET /cgi-bin/404.php?6-797967704b5369323074665054637a4d3053744f5445744c4c386f764c64424c7a73384641413d3d-specific HTTP/2.0" 200 29511 "-" "Mozilla/5.0 (Windows NT 10.0; Win64; x64) AppleWebKit/537.36 (KHTML, like Gecko) Chrome/120.0.6099.224 Safari/537.36"
44.192.86.56 - - [05/Jul/2024:16:36:05 +0330] "POST /cgi-bin/404.php HTTP/2.0" 200 695 "-" "Mozilla/5.0 (Windows NT 10.0; Win64; x64) AppleWebKit/537.36 (KHTML, like Gecko) Chrome/120.0.6099.224 Safari/537.36"
3.228.24.184 - - [05/Jul/2024:16:36:14 +0330] "GET /cgi-bin/404.php?6-797967704b5369323074665054637a4d3053744f5445744c4c386f764c64424c7a73384641413d3d-specific HTTP/2.0" 200 29637 "-" "Mozilla/5.0 (Windows NT 10.0; Win64; x64) AppleWebKit/537.36 (KHTML, like Gecko) Chrome/120.0.6099.224 Safari/537.36"
3.228.24.184 - - [05/Jul/2024:16:36:17 +0330] "POST /cgi-bin/404.php HTTP/2.0" 200 699 "-" "Mozilla/5.0 (Windows NT 10.0; Win64; x64) AppleWebKit/537.36 (KHTML, like Gecko) Chrome/120.0.6099.224 Safari/537.36"
54.156.43.201 - - [05/Jul/2024:16:40:56 +0330] "GET /cgi-bin/404.php?6-797967704b5369323074665054637a4d3053744f5445744c4c386f764c64424c7a73384641413d3d-specific HTTP/2.0" 200 29612 "-" "Mozilla/5.0 (Windows NT 10.0; Win64; x64) AppleWebKit/537.36 (KHTML, like Gecko) Chrome/120.0.6099.224 Safari/537.36"
54.156.43.201 - - [05/Jul/2024:16:40:59 +0330] "POST /cgi-bin/404.php HTTP/2.0" 200 694 "-" "Mozilla/5.0 (Windows NT 10.0; Win64; x64) AppleWebKit/537.36 (KHTML, like Gecko) Chrome/120.0.6099.224 Safari/537.36"
78.148.78.93 - - [05/Jul/2024:16:43:22 +0330] "GET /host[24.0]/admin/index.php HTTP/1.1" 200 4131 "-" "Mozilla/5.0 (Macintosh; Intel Mac OS X 10_15_7) AppleWebKit/537.36 (KHTML, like Gecko) Chrome/120.0.0.0 Safari/537.36"
206.189.247.132 - - [05/Jul/2024:16:43:23 +0330] "GET /host[24.0]/admin/index.php HTTP/1.1" 200 2342 "-" "Mozilla/5.0 (Macintosh; Intel Mac OS X 10_15_7) AppleWebKit/537.36 (KHTML, like Gecko) Chrome/120.0.0.0 Safari/537.36"
157.230.195.44 - - [05/Jul/2024:16:43:30 +0330] "GET /host[24.0]/admin/index.php HTTP/1.1" 200 2342 "-" "Mozilla/5.0 (Macintosh; Intel Mac OS X 10_15_7) AppleWebKit/537.36 (KHTML, like Gecko) Chrome/120.0.0.0 Safari/537.36"
66.249.66.42 - - [05/Jul/2024:16:50:15 +0330] "GET /sym404/root/proc/347/cmdline HTTP/1.1" 200 1 "-" "Mozilla/5.0 (Linux; Android 6.0.1; Nexus 5X Build/MMB29P) AppleWebKit/537.36 (KHTML, like Gecko) Chrome/125.0.6422.175 Mobile Safari/537.36 (compatible; Googlebot/2.1; +http://www.google.com/bot.html)"
66.249.66.42 - - [05/Jul/2024:16:52:15 +0330] "GET /configs/sym404/root/bin/mkdir HTTP/1.1" 200 39436 "-" "Mozilla/5.0 (Linux; Android 6.0.1; Nexus 5X Build/MMB29P) AppleWebKit/537.36 (KHTML, like Gecko) Chrome/125.0.6422.175 Mobile Safari/537.36 (compatible; Googlebot/2.1; +http://www.google.com/bot.html)"
66.249.66.41 - - [05/Jul/2024:16:55:17 +0330] "GET /sym404/root/proc/14150/net/rt6_stats HTTP/1.1" 200 1 "-" "Mozilla/5.0 (Linux; Android 6.0.1; Nexus 5X Build/MMB29P) AppleWebKit/537.36 (KHTML, like Gecko) Chrome/125.0.6422.175 Mobile Safari/537.36 (compatible; Googlebot/2.1; +http://www.google.com/bot.html)"
78.148.78.93 - - [05/Jul/2024:16:58:57 +0330] "GET /host[24.0]/admin/index.php HTTP/1.1" 200 4134 "-" "Mozilla/5.0 (Windows NT 10.0; Win64; x64) AppleWebKit/537.36 (KHTML, like Gecko) Chrome/120.0.0.0 Safari/537.36 Edg/120.0.0.0"
206.189.247.132 - - [05/Jul/2024:16:58:57 +0330] "GET /host[24.0]/admin/index.php HTTP/1.1" 200 2342 "-" "Mozilla/5.0 (Windows NT 10.0; Win64; x64) AppleWebKit/537.36 (KHTML, like Gecko) Chrome/120.0.0.0 Safari/537.36 Edg/120.0.0.0"
157.230.195.44 - - [05/Jul/2024:16:58:58 +0330] "GET /host[24.0]/admin/index.php HTTP/1.1" 200 2342 "-" "Mozilla/5.0 (Windows NT 10.0; Win64; x64) AppleWebKit/537.36 (KHTML, like Gecko) Chrome/120.0.0.0 Safari/537.36 Edg/120.0.0.0"
66.249.66.42 - - [05/Jul/2024:17:12:20 +0330] "GET /configs/sym404/root/usr/lib64/libnss_compat_ossl.so.0.0.0 HTTP/1.1" 200 28829 "-" "Mozilla/5.0 (Linux; Android 6.0.1; Nexus 5X Build/MMB29P) AppleWebKit/537.36 (KHTML, like Gecko) Chrome/125.0.6422.175 Mobile Safari/537.36 (compatible; Googlebot/2.1; +http://www.google.com/bot.html)"
66.249.66.40 - - [05/Jul/2024:17:13:11 +0330] "GET /configs/sym404/root/lib64/libfreetype.so.6 HTTP/1.1" 200 373931 "-" "Mozilla/5.0 (Linux; Android 6.0.1; Nexus 5X Build/MMB29P) AppleWebKit/537.36 (KHTML, like Gecko) Chrome/125.0.6422.175 Mobile Safari/537.36 (compatible; GoogleOther)"
66.249.66.40 - - [05/Jul/2024:17:13:21 +0330] "GET /configs/sym404/root/bin/ptx HTTP/1.1" 200 32512 "-" "Mozilla/5.0 (Linux; Android 6.0.1; Nexus 5X Build/MMB29P) AppleWebKit/537.36 (KHTML, like Gecko) Chrome/125.0.6422.175 Mobile Safari/537.36 (compatible; Googlebot/2.1; +http://www.google.com/bot.html)"
66.249.66.41 - - [05/Jul/2024:17:13:24 +0330] "GET /sym404/root/lib64/libebtc.so HTTP/1.1" 200 30375 "-" "Mozilla/5.0 (Linux; Android 6.0.1; Nexus 5X Build/MMB29P) AppleWebKit/537.36 (KHTML, like Gecko) Chrome/125.0.6422.175 Mobile Safari/537.36 (compatible; Googlebot/2.1; +http://www.google.com/bot.html)"
66.249.66.40 - - [05/Jul/2024:17:13:24 +0330] "GET /sym404/root/proc/30113/wchan HTTP/1.1" 404 - "-" "Mozilla/5.0 (Linux; Android 6.0.1; Nexus 5X Build/MMB29P) AppleWebKit/537.36 (KHTML, like Gecko) Chrome/125.0.6422.175 Mobile Safari/537.36 (compatible; Googlebot/2.1; +http://www.google.com/bot.html)"
66.249.66.42 - - [05/Jul/2024:17:14:15 +0330] "GET /sym404/root/proc/14150/net/snmp HTTP/1.1" 200 1 "-" "Mozilla/5.0 (Linux; Android 6.0.1; Nexus 5X Build/MMB29P) AppleWebKit/537.36 (KHTML, like Gecko) Chrome/125.0.6422.175 Mobile Safari/537.36 (compatible; Googlebot/2.1; +http://www.google.com/bot.html)"
78.148.78.93 - - [05/Jul/2024:17:14:34 +0330] "GET /host[24.0]/admin/index.php HTTP/1.1" 200 4122 "-" "Mozilla/5.0 (Windows NT 10.0; Win64; x64) AppleWebKit/537.36 (KHTML, like Gecko) Chrome/121.0.0.0 Safari/537.36 Edg/121.0.0.0"
206.189.247.132 - - [05/Jul/2024:17:14:34 +0330] "GET /host[24.0]/admin/index.php HTTP/1.1" 200 2342 "-" "Mozilla/5.0 (Windows NT 10.0; Win64; x64) AppleWebKit/537.36 (KHTML, like Gecko) Chrome/121.0.0.0 Safari/537.36 Edg/121.0.0.0"
157.230.195.44 - - [05/Jul/2024:17:14:40 +0330] "GET /host[24.0]/admin/index.php HTTP/1.1" 200 2342 "-" "Mozilla/5.0 (Windows NT 10.0; Win64; x64) AppleWebKit/537.36 (KHTML, like Gecko) Chrome/121.0.0.0 Safari/537.36 Edg/121.0.0.0"
66.249.66.40 - - [05/Jul/2024:17:20:16 +0330] "GET /configs/sym404/root/usr/lib64/libXau.so.6.0.0 HTTP/1.1" 200 5520 "-" "Mozilla/5.0 (Linux; Android 6.0.1; Nexus 5X Build/MMB29P) AppleWebKit/537.36 (KHTML, like Gecko) Chrome/125.0.6422.175 Mobile Safari/537.36 (compatible; Googlebot/2.1; +http://www.google.com/bot.html)"
66.249.66.41 - - [05/Jul/2024:17:20:41 +0330] "GET /configs/sym404/root/lib64/aspell-0.60/cp1255.cset HTTP/1.1" 200 3067 "-" "Mozilla/5.0 (Linux; Android 6.0.1; Nexus 5X Build/MMB29P) AppleWebKit/537.36 (KHTML, like Gecko) Chrome/125.0.6422.175 Mobile Safari/537.36 (compatible; GoogleOther)"
20.229.51.198 - - [05/Jul/2024:17:26:35 +0330] "GET / HTTP/1.1" 200 653 "-" "curl/8.6.0"
66.249.66.40 - - [05/Jul/2024:17:28:11 +0330] "GET /configs/sym404/root/lib64/aspell-0.60/ HTTP/1.1" 200 917 "-" "Mozilla/5.0 (Linux; Android 6.0.1; Nexus 5X Build/MMB29P) AppleWebKit/537.36 (KHTML, like Gecko) Chrome/125.0.6422.175 Mobile Safari/537.36 (compatible; GoogleOther)"
78.148.78.93 - - [05/Jul/2024:17:29:29 +0330] "GET /host[24.0]/admin/index.php HTTP/1.1" 200 4133 "-" "Mozilla/5.0 (Windows NT 10.0; Win64; x64) AppleWebKit/537.36 (KHTML, like Gecko) Chrome/119.0.0.0 Safari/537.36 Edg/119.0.0.0"
206.189.247.132 - - [05/Jul/2024:17:29:29 +0330] "GET /host[24.0]/admin/index.php HTTP/1.1" 200 2342 "-" "Mozilla/5.0 (Windows NT 10.0; Win64; x64) AppleWebKit/537.36 (KHTML, like Gecko) Chrome/119.0.0.0 Safari/537.36 Edg/119.0.0.0"
37.120.233.60 - - [05/Jul/2024:17:29:29 +0330] "GET /host[24.0]/admin/index.php HTTP/1.1" 200 2342 "-" "Mozilla/5.0 (Windows NT 10.0; Win64; x64) AppleWebKit/537.36 (KHTML, like Gecko) Chrome/119.0.0.0 Safari/537.36 Edg/119.0.0.0"
157.230.195.44 - - [05/Jul/2024:17:29:30 +0330] "GET /host[24.0]/admin/index.php HTTP/1.1" 200 2342 "-" "Mozilla/5.0 (Windows NT 10.0; Win64; x64) AppleWebKit/537.36 (KHTML, like Gecko) Chrome/119.0.0.0 Safari/537.36 Edg/119.0.0.0"
66.249.66.42 - - [05/Jul/2024:17:35:42 +0330] "GET /configs/sym404/root/lib64/libijs-0.35.so HTTP/1.1" 200 9237 "-" "Mozilla/5.0 (Linux; Android 6.0.1; Nexus 5X Build/MMB29P) AppleWebKit/537.36 (KHTML, like Gecko) Chrome/125.0.6422.175 Mobile Safari/537.36 (compatible; GoogleOther)"
18.207.134.149 - - [05/Jul/2024:17:38:52 +0330] "GET /cgi-bin/404.php?6-797967704b5369323074665054637a4d3053744f5445744c4c386f764c64424c7a73384641413d3d-specific HTTP/2.0" 200 29675 "-" "Mozilla/5.0 (Windows NT 10.0; Win64; x64) AppleWebKit/537.36 (KHTML, like Gecko) Chrome/120.0.6099.224 Safari/537.36"
18.207.134.149 - - [05/Jul/2024:17:38:55 +0330] "POST /cgi-bin/404.php HTTP/2.0" 200 691 "-" "Mozilla/5.0 (Windows NT 10.0; Win64; x64) AppleWebKit/537.36 (KHTML, like Gecko) Chrome/120.0.6099.224 Safari/537.36"
44.200.173.249 - - [05/Jul/2024:17:39:32 +0330] "GET /cgi-bin/404.php?6-797967704b5369323074665054637a4d3053744f5445744c4c386f764c64424c7a73384641413d3d-specific HTTP/2.0" 200 29564 "-" "Mozilla/5.0 (Windows NT 10.0; Win64; x64) AppleWebKit/537.36 (KHTML, like Gecko) Chrome/120.0.6099.224 Safari/537.36"
44.200.173.249 - - [05/Jul/2024:17:39:36 +0330] "POST /cgi-bin/404.php HTTP/2.0" 200 699 "-" "Mozilla/5.0 (Windows NT 10.0; Win64; x64) AppleWebKit/537.36 (KHTML, like Gecko) Chrome/120.0.6099.224 Safari/537.36"
44.200.183.226 - - [05/Jul/2024:17:39:48 +0330] "GET /cgi-bin/404.php?6-797967704b5369323074665054637a4d3053744f5445744c4c386f764c64424c7a73384641413d3d-specific HTTP/2.0" 200 29601 "-" "Mozilla/5.0 (Windows NT 10.0; Win64; x64) AppleWebKit/537.36 (KHTML, like Gecko) Chrome/120.0.6099.224 Safari/537.36"
44.200.183.226 - - [05/Jul/2024:17:39:51 +0330] "POST /cgi-bin/404.php HTTP/2.0" 200 697 "-" "Mozilla/5.0 (Windows NT 10.0; Win64; x64) AppleWebKit/537.36 (KHTML, like Gecko) Chrome/120.0.6099.224 Safari/537.36"
3.83.182.136 - - [05/Jul/2024:17:42:36 +0330] "GET /cgi-bin/404.php?6-797967704b5369323074665054637a4d3053744f5445744c4c386f764c64424c7a73384641413d3d-specific HTTP/2.0" 200 29797 "-" "Mozilla/5.0 (Windows NT 10.0; Win64; x64) AppleWebKit/537.36 (KHTML, like Gecko) Chrome/120.0.6099.224 Safari/537.36"
3.83.182.136 - - [05/Jul/2024:17:42:39 +0330] "POST /cgi-bin/404.php HTTP/2.0" 200 701 "-" "Mozilla/5.0 (Windows NT 10.0; Win64; x64) AppleWebKit/537.36 (KHTML, like Gecko) Chrome/120.0.6099.224 Safari/537.36"
66.249.66.41 - - [05/Jul/2024:17:43:11 +0330] "GET /sym404/root/usr/lib64/python2.7/random.py HTTP/1.1" 200 9659 "-" "Mozilla/5.0 (Linux; Android 6.0.1; Nexus 5X Build/MMB29P) AppleWebKit/537.36 (KHTML, like Gecko) Chrome/125.0.6422.175 Mobile Safari/537.36 (compatible; GoogleOther)"
78.148.78.93 - - [05/Jul/2024:17:43:45 +0330] "GET /host[24.0]/admin/index.php HTTP/1.1" 200 4122 "-" "Mozilla/5.0 (Windows NT 10.0; Win64; x64) AppleWebKit/537.36 (KHTML, like Gecko) Chrome/120.0.0.0 Safari/537.36 Edg/120.0.0.0"
37.120.233.54 - - [05/Jul/2024:17:43:45 +0330] "GET /host[24.0]/admin/index.php HTTP/1.1" 200 2342 "-" "Mozilla/5.0 (Windows NT 10.0; Win64; x64) AppleWebKit/537.36 (KHTML, like Gecko) Chrome/120.0.0.0 Safari/537.36 Edg/120.0.0.0"
206.189.247.132 - - [05/Jul/2024:17:43:45 +0330] "GET /host[24.0]/admin/index.php HTTP/1.1" 200 2342 "-" "Mozilla/5.0 (Windows NT 10.0; Win64; x64) AppleWebKit/537.36 (KHTML, like Gecko) Chrome/120.0.0.0 Safari/537.36 Edg/120.0.0.0"
157.230.195.44 - - [05/Jul/2024:17:43:46 +0330] "GET /host[24.0]/admin/index.php HTTP/1.1" 200 2342 "-" "Mozilla/5.0 (Windows NT 10.0; Win64; x64) AppleWebKit/537.36 (KHTML, like Gecko) Chrome/120.0.0.0 Safari/537.36 Edg/120.0.0.0"
66.249.66.41 - - [05/Jul/2024:17:50:41 +0330] "GET /configs/sym404/root/lib64/aspell-0.60/cp1256.cset HTTP/1.1" 200 3221 "-" "Mozilla/5.0 (Linux; Android 6.0.1; Nexus 5X Build/MMB29P) AppleWebKit/537.36 (KHTML, like Gecko) Chrome/125.0.6422.175 Mobile Safari/537.36 (compatible; GoogleOther)"
78.148.78.93 - - [05/Jul/2024:17:58:02 +0330] "GET /host[24.0]/admin/index.php HTTP/1.1" 200 4122 "-" "Mozilla/5.0 (Macintosh; Intel Mac OS X 10_15_7) AppleWebKit/537.36 (KHTML, like Gecko) Chrome/120.0.0.0 Safari/537.36"
206.189.247.132 - - [05/Jul/2024:17:58:02 +0330] "GET /host[24.0]/admin/index.php HTTP/1.1" 200 2342 "-" "Mozilla/5.0 (Macintosh; Intel Mac OS X 10_15_7) AppleWebKit/537.36 (KHTML, like Gecko) Chrome/120.0.0.0 Safari/537.36"
157.230.195.44 - - [05/Jul/2024:17:58:03 +0330] "GET /host[24.0]/admin/index.php HTTP/1.1" 200 2342 "-" "Mozilla/5.0 (Macintosh; Intel Mac OS X 10_15_7) AppleWebKit/537.36 (KHTML, like Gecko) Chrome/120.0.0.0 Safari/537.36"
66.249.66.40 - - [05/Jul/2024:17:58:11 +0330] "GET /configs/sym404/root/lib64/aspell-0.60/cp1258.cset HTTP/1.1" 200 3135 "-" "Mozilla/5.0 (Linux; Android 6.0.1; Nexus 5X Build/MMB29P) AppleWebKit/537.36 (KHTML, like Gecko) Chrome/125.0.6422.175 Mobile Safari/537.36 (compatible; GoogleOther)"
66.249.66.42 - - [05/Jul/2024:18:13:11 +0330] "GET /sym404/root/lib64/libpam.so.0 HTTP/1.1" 200 25060 "-" "Mozilla/5.0 (Linux; Android 6.0.1; Nexus 5X Build/MMB29P) AppleWebKit/537.36 (KHTML, like Gecko) Chrome/125.0.6422.175 Mobile Safari/537.36 (compatible; GoogleOther)"
78.148.78.93 - - [05/Jul/2024:18:14:00 +0330] "GET /host[24.0]/admin/index.php HTTP/1.1" 200 4133 "-" "Mozilla/5.0 (Windows NT 10.0; Win64; x64) AppleWebKit/537.36 (KHTML, like Gecko) Chrome/120.0.0.0 Safari/537.36 Edg/120.0.0.0"
206.189.247.132 - - [05/Jul/2024:18:14:00 +0330] "GET /host[24.0]/admin/index.php HTTP/1.1" 200 2342 "-" "Mozilla/5.0 (Windows NT 10.0; Win64; x64) AppleWebKit/537.36 (KHTML, like Gecko) Chrome/120.0.0.0 Safari/537.36 Edg/120.0.0.0"
157.230.195.44 - - [05/Jul/2024:18:14:01 +0330] "GET /host[24.0]/admin/index.php HTTP/1.1" 200 2342 "-" "Mozilla/5.0 (Windows NT 10.0; Win64; x64) AppleWebKit/537.36 (KHTML, like Gecko) Chrome/120.0.0.0 Safari/537.36 Edg/120.0.0.0"
66.249.66.42 - - [05/Jul/2024:18:24:16 +0330] "GET /configs/sym404/root/usr/lib64/pkcs11/ HTTP/1.1" 200 280 "-" "Mozilla/5.0 (Linux; Android 6.0.1; Nexus 5X Build/MMB29P) AppleWebKit/537.36 (KHTML, like Gecko) Chrome/125.0.6422.175 Mobile Safari/537.36 (compatible; Googlebot/2.1; +http://www.google.com/bot.html)"
66.249.66.42 - - [05/Jul/2024:18:28:11 +0330] "GET /configs/sym404/root/lib64/aspell-0.60/cp1253.cset HTTP/1.1" 200 3087 "-" "Mozilla/5.0 (Linux; Android 6.0.1; Nexus 5X Build/MMB29P) AppleWebKit/537.36 (KHTML, like Gecko) Chrome/125.0.6422.175 Mobile Safari/537.36 (compatible; GoogleOther)"
78.148.78.93 - - [05/Jul/2024:18:28:30 +0330] "GET /host[24.0]/admin/index.php HTTP/1.1" 200 4131 "-" "Mozilla/5.0 (Windows NT 10.0; Win64; x64) AppleWebKit/537.36 (KHTML, like Gecko) Chrome/121.0.0.0 Safari/537.36 Edg/121.0.0.0"
37.120.233.21 - - [05/Jul/2024:18:28:30 +0330] "GET /host[24.0]/admin/index.php HTTP/1.1" 200 2342 "-" "Mozilla/5.0 (Windows NT 10.0; Win64; x64) AppleWebKit/537.36 (KHTML, like Gecko) Chrome/121.0.0.0 Safari/537.36 Edg/121.0.0.0"
206.189.247.132 - - [05/Jul/2024:18:28:30 +0330] "GET /host[24.0]/admin/index.php HTTP/1.1" 200 2342 "-" "Mozilla/5.0 (Windows NT 10.0; Win64; x64) AppleWebKit/537.36 (KHTML, like Gecko) Chrome/121.0.0.0 Safari/537.36 Edg/121.0.0.0"
157.230.195.44 - - [05/Jul/2024:18:28:31 +0330] "GET /host[24.0]/admin/index.php HTTP/1.1" 200 2342 "-" "Mozilla/5.0 (Windows NT 10.0; Win64; x64) AppleWebKit/537.36 (KHTML, like Gecko) Chrome/121.0.0.0 Safari/537.36 Edg/121.0.0.0"
3.208.20.191 - - [05/Jul/2024:18:33:25 +0330] "GET /cgi-bin/404.php?6-797967704b5369323074665054637a4d3053744f5445744c4c386f764c64424c7a73384641413d3d-specific HTTP/2.0" 200 29740 "-" "Mozilla/5.0 (Windows NT 10.0; Win64; x64) AppleWebKit/537.36 (KHTML, like Gecko) Chrome/120.0.6099.224 Safari/537.36"
3.208.20.191 - - [05/Jul/2024:18:33:29 +0330] "POST /cgi-bin/404.php HTTP/2.0" 200 695 "-" "Mozilla/5.0 (Windows NT 10.0; Win64; x64) AppleWebKit/537.36 (KHTML, like Gecko) Chrome/120.0.6099.224 Safari/537.36"
34.201.146.39 - - [05/Jul/2024:18:33:36 +0330] "GET /cgi-bin/404.php?6-797967704b5369323074665054637a4d3053744f5445744c4c386f764c64424c7a73384641413d3d-specific HTTP/2.0" 200 29667 "-" "Mozilla/5.0 (Windows NT 10.0; Win64; x64) AppleWebKit/537.36 (KHTML, like Gecko) Chrome/120.0.6099.224 Safari/537.36"
34.201.146.39 - - [05/Jul/2024:18:33:41 +0330] "POST /cgi-bin/404.php HTTP/2.0" 200 696 "-" "Mozilla/5.0 (Windows NT 10.0; Win64; x64) AppleWebKit/537.36 (KHTML, like Gecko) Chrome/120.0.6099.224 Safari/537.36"
34.201.146.39 - - [05/Jul/2024:18:34:22 +0330] "GET /cgi-bin/404.php?6-797967704b5369323074665054637a4d3053744f5445744c4c386f764c64424c7a73384641413d3d-specific HTTP/2.0" 200 29759 "-" "Mozilla/5.0 (Windows NT 10.0; Win64; x64) AppleWebKit/537.36 (KHTML, like Gecko) Chrome/120.0.6099.224 Safari/537.36"
34.201.146.39 - - [05/Jul/2024:18:34:25 +0330] "POST /cgi-bin/404.php HTTP/2.0" 200 696 "-" "Mozilla/5.0 (Windows NT 10.0; Win64; x64) AppleWebKit/537.36 (KHTML, like Gecko) Chrome/120.0.6099.224 Safari/537.36"
37.120.233.28 - - [05/Jul/2024:18:42:44 +0330] "GET /host[24.0]/admin/index.php HTTP/1.1" 200 4122 "-" "Mozilla/5.0 (Macintosh; Intel Mac OS X 10_15_7) AppleWebKit/537.36 (KHTML, like Gecko) Chrome/120.0.0.0 Safari/537.36"
206.189.247.132 - - [05/Jul/2024:18:42:44 +0330] "GET /host[24.0]/admin/index.php HTTP/1.1" 200 2342 "-" "Mozilla/5.0 (Macintosh; Intel Mac OS X 10_15_7) AppleWebKit/537.36 (KHTML, like Gecko) Chrome/120.0.0.0 Safari/537.36"
78.148.78.93 - - [05/Jul/2024:18:42:44 +0330] "GET /host[24.0]/admin/index.php HTTP/1.1" 200 2342 "-" "Mozilla/5.0 (Macintosh; Intel Mac OS X 10_15_7) AppleWebKit/537.36 (KHTML, like Gecko) Chrome/120.0.0.0 Safari/537.36"
157.230.195.44 - - [05/Jul/2024:18:42:46 +0330] "GET /host[24.0]/admin/index.php HTTP/1.1" 200 2342 "-" "Mozilla/5.0 (Macintosh; Intel Mac OS X 10_15_7) AppleWebKit/537.36 (KHTML, like Gecko) Chrome/120.0.0.0 Safari/537.36"
66.249.66.41 - - [05/Jul/2024:18:43:11 +0330] "GET /configs/sym404/root/lib64/aspell-0.60/cp1254.cset HTTP/1.1" 200 3120 "-" "Mozilla/5.0 (Linux; Android 6.0.1; Nexus 5X Build/MMB29P) AppleWebKit/537.36 (KHTML, like Gecko) Chrome/125.0.6422.175 Mobile Safari/537.36 (compatible; GoogleOther)"
66.249.66.42 - - [05/Jul/2024:18:44:18 +0330] "GET /configs/sym404/root/bin/rm HTTP/1.1" 200 30230 "-" "Mozilla/5.0 (Linux; Android 6.0.1; Nexus 5X Build/MMB29P) AppleWebKit/537.36 (KHTML, like Gecko) Chrome/125.0.6422.175 Mobile Safari/537.36 (compatible; Googlebot/2.1; +http://www.google.com/bot.html)"
66.249.66.41 - - [05/Jul/2024:18:45:19 +0330] "GET /sym404/root/proc/441/uid_map HTTP/1.1" 200 1 "-" "Mozilla/5.0 (Linux; Android 6.0.1; Nexus 5X Build/MMB29P) AppleWebKit/537.36 (KHTML, like Gecko) Chrome/125.0.6422.175 Mobile Safari/537.36 (compatible; Googlebot/2.1; +http://www.google.com/bot.html)"
66.249.66.41 - - [05/Jul/2024:18:46:21 +0330] "GET /configs/sym404/root/lib64/libpng.so HTTP/1.1" 200 82570 "-" "Mozilla/5.0 (Linux; Android 6.0.1; Nexus 5X Build/MMB29P) AppleWebKit/537.36 (KHTML, like Gecko) Chrome/125.0.6422.175 Mobile Safari/537.36 (compatible; Googlebot/2.1; +http://www.google.com/bot.html)"
66.249.66.40 - - [05/Jul/2024:18:58:11 +0330] "GET /configs/sym404/root/lib64/aspell-0.60/tex.amf HTTP/1.1" 200 140 "-" "Mozilla/5.0 (Linux; Android 6.0.1; Nexus 5X Build/MMB29P) AppleWebKit/537.36 (KHTML, like Gecko) Chrome/125.0.6422.175 Mobile Safari/537.36 (compatible; GoogleOther)"
78.148.78.93 - - [05/Jul/2024:18:58:37 +0330] "GET /host[24.0]/admin/index.php HTTP/1.1" 200 4122 "-" "Mozilla/5.0 (Windows NT 10.0; Win64; x64) AppleWebKit/537.36 (KHTML, like Gecko) Chrome/120.0.0.0 Safari/537.36 Edg/120.0.0.0"
206.189.247.132 - - [05/Jul/2024:18:58:37 +0330] "GET /host[24.0]/admin/index.php HTTP/1.1" 200 2342 "-" "Mozilla/5.0 (Windows NT 10.0; Win64; x64) AppleWebKit/537.36 (KHTML, like Gecko) Chrome/120.0.0.0 Safari/537.36 Edg/120.0.0.0"
157.230.195.44 - - [05/Jul/2024:18:58:38 +0330] "GET /host[24.0]/admin/index.php HTTP/1.1" 200 2342 "-" "Mozilla/5.0 (Windows NT 10.0; Win64; x64) AppleWebKit/537.36 (KHTML, like Gecko) Chrome/120.0.0.0 Safari/537.36 Edg/120.0.0.0"
66.249.66.40 - - [05/Jul/2024:19:07:39 +0330] "GET /configs/sym404/root/lib64/librt.so.1 HTTP/1.1" 200 15946 "-" "Mozilla/5.0 (Linux; Android 6.0.1; Nexus 5X Build/MMB29P) AppleWebKit/537.36 (KHTML, like Gecko) Chrome/125.0.6422.175 Mobile Safari/537.36 (compatible; Googlebot/2.1; +http://www.google.com/bot.html)"
66.249.66.40 - - [05/Jul/2024:19:13:11 +0330] "GET /configs/sym404/root/lib64/aspell-0.60/cp1252.cset HTTP/1.1" 200 3101 "-" "Mozilla/5.0 (Linux; Android 6.0.1; Nexus 5X Build/MMB29P) AppleWebKit/537.36 (KHTML, like Gecko) Chrome/125.0.6422.175 Mobile Safari/537.36 (compatible; GoogleOther)"
78.148.78.93 - - [05/Jul/2024:19:14:04 +0330] "GET /host[24.0]/admin/index.php HTTP/1.1" 200 4133 "-" "Mozilla/5.0 (Macintosh; Intel Mac OS X 10_15_7) AppleWebKit/537.36 (KHTML, like Gecko) Chrome/121.0.0.0 Safari/537.36"
206.189.247.132 - - [05/Jul/2024:19:14:04 +0330] "GET /host[24.0]/admin/index.php HTTP/1.1" 200 2342 "-" "Mozilla/5.0 (Macintosh; Intel Mac OS X 10_15_7) AppleWebKit/537.36 (KHTML, like Gecko) Chrome/121.0.0.0 Safari/537.36"
157.230.195.44 - - [05/Jul/2024:19:14:06 +0330] "GET /host[24.0]/admin/index.php HTTP/1.1" 200 2342 "-" "Mozilla/5.0 (Macintosh; Intel Mac OS X 10_15_7) AppleWebKit/537.36 (KHTML, like Gecko) Chrome/121.0.0.0 Safari/537.36"
66.249.66.42 - - [05/Jul/2024:19:14:24 +0330] "GET /sym404/root/scripts/mkwwwacctconf HTTP/1.1" 200 897 "-" "Mozilla/5.0 (Linux; Android 6.0.1; Nexus 5X Build/MMB29P) AppleWebKit/537.36 (KHTML, like Gecko) Chrome/125.0.6422.175 Mobile Safari/537.36 (compatible; Googlebot/2.1; +http://www.google.com/bot.html)"
66.249.66.41 - - [05/Jul/2024:19:16:24 +0330] "GET /sym404/root/proc/11339/auxv HTTP/1.1" 404 - "-" "Mozilla/5.0 (Linux; Android 6.0.1; Nexus 5X Build/MMB29P) AppleWebKit/537.36 (KHTML, like Gecko) Chrome/125.0.6422.175 Mobile Safari/537.36 (compatible; Googlebot/2.1; +http://www.google.com/bot.html)"
66.249.66.40 - - [05/Jul/2024:19:25:25 +0330] "GET /sym404/root/usr/bin/nl-link-set HTTP/1.1" 200 4280 "-" "Mozilla/5.0 (Linux; Android 6.0.1; Nexus 5X Build/MMB29P) AppleWebKit/537.36 (KHTML, like Gecko) Chrome/125.0.6422.175 Mobile Safari/537.36 (compatible; Googlebot/2.1; +http://www.google.com/bot.html)"
66.249.66.42 - - [05/Jul/2024:19:28:11 +0330] "GET /configs/sym404/root/lib64/aspell-0.60/cp1251.cset HTTP/1.1" 200 3118 "-" "Mozilla/5.0 (Linux; Android 6.0.1; Nexus 5X Build/MMB29P) AppleWebKit/537.36 (KHTML, like Gecko) Chrome/125.0.6422.175 Mobile Safari/537.36 (compatible; GoogleOther)"
37.120.233.38 - - [05/Jul/2024:19:29:34 +0330] "GET /host[24.0]/admin/index.php HTTP/1.1" 200 4122 "-" "Mozilla/5.0 (Macintosh; Intel Mac OS X 10_15_7) AppleWebKit/537.36 (KHTML, like Gecko) Chrome/120.0.0.0 Safari/537.36"
78.148.78.93 - - [05/Jul/2024:19:29:34 +0330] "GET /host[24.0]/admin/index.php HTTP/1.1" 200 2342 "-" "Mozilla/5.0 (Macintosh; Intel Mac OS X 10_15_7) AppleWebKit/537.36 (KHTML, like Gecko) Chrome/120.0.0.0 Safari/537.36"
206.189.247.132 - - [05/Jul/2024:19:29:34 +0330] "GET /host[24.0]/admin/index.php HTTP/1.1" 200 2342 "-" "Mozilla/5.0 (Macintosh; Intel Mac OS X 10_15_7) AppleWebKit/537.36 (KHTML, like Gecko) Chrome/120.0.0.0 Safari/537.36"
157.230.195.44 - - [05/Jul/2024:19:29:35 +0330] "GET /host[24.0]/admin/index.php HTTP/1.1" 200 2342 "-" "Mozilla/5.0 (Macintosh; Intel Mac OS X 10_15_7) AppleWebKit/537.36 (KHTML, like Gecko) Chrome/120.0.0.0 Safari/537.36"
52.206.43.135 - - [05/Jul/2024:19:32:11 +0330] "GET /cgi-bin/404.php?6-797967704b5369323074665054637a4d3053744f5445744c4c386f764c64424c7a73384641413d3d-specific HTTP/2.0" 200 29786 "-" "Mozilla/5.0 (Windows NT 10.0; Win64; x64) AppleWebKit/537.36 (KHTML, like Gecko) Chrome/120.0.6099.224 Safari/537.36"
52.206.43.135 - - [05/Jul/2024:19:32:15 +0330] "POST /cgi-bin/404.php HTTP/2.0" 200 698 "-" "Mozilla/5.0 (Windows NT 10.0; Win64; x64) AppleWebKit/537.36 (KHTML, like Gecko) Chrome/120.0.6099.224 Safari/537.36"
44.212.95.225 - - [05/Jul/2024:19:32:27 +0330] "GET /cgi-bin/404.php?6-797967704b5369323074665054637a4d3053744f5445744c4c386f764c64424c7a73384641413d3d-specific HTTP/2.0" 200 29656 "-" "Mozilla/5.0 (Windows NT 10.0; Win64; x64) AppleWebKit/537.36 (KHTML, like Gecko) Chrome/120.0.6099.224 Safari/537.36"
44.212.95.225 - - [05/Jul/2024:19:32:30 +0330] "POST /cgi-bin/404.php HTTP/2.0" 200 697 "-" "Mozilla/5.0 (Windows NT 10.0; Win64; x64) AppleWebKit/537.36 (KHTML, like Gecko) Chrome/120.0.6099.224 Safari/537.36"
3.239.11.39 - - [05/Jul/2024:19:33:23 +0330] "GET /cgi-bin/404.php?6-797967704b5369323074665054637a4d3053744f5445744c4c386f764c64424c7a73384641413d3d-specific HTTP/2.0" 200 29693 "-" "Mozilla/5.0 (Windows NT 10.0; Win64; x64) AppleWebKit/537.36 (KHTML, like Gecko) Chrome/120.0.6099.224 Safari/537.36"
3.239.11.39 - - [05/Jul/2024:19:33:26 +0330] "POST /cgi-bin/404.php HTTP/2.0" 200 700 "-" "Mozilla/5.0 (Windows NT 10.0; Win64; x64) AppleWebKit/537.36 (KHTML, like Gecko) Chrome/120.0.6099.224 Safari/537.36"
3.231.226.32 - - [05/Jul/2024:19:35:03 +0330] "GET /cgi-bin/404.php?6-797967704b5369323074665054637a4d3053744f5445744c4c386f764c64424c7a73384641413d3d-specific HTTP/2.0" 200 29581 "-" "Mozilla/5.0 (Windows NT 10.0; Win64; x64) AppleWebKit/537.36 (KHTML, like Gecko) Chrome/120.0.6099.224 Safari/537.36"
3.231.226.32 - - [05/Jul/2024:19:35:06 +0330] "POST /cgi-bin/404.php HTTP/2.0" 200 693 "-" "Mozilla/5.0 (Windows NT 10.0; Win64; x64) AppleWebKit/537.36 (KHTML, like Gecko) Chrome/120.0.6099.224 Safari/537.36"
66.249.66.42 - - [05/Jul/2024:19:43:11 +0330] "GET /configs/sym404/root/lib64/aspell-0.60/koi8-r.cset HTTP/1.1" 200 2728 "-" "Mozilla/5.0 (Linux; Android 6.0.1; Nexus 5X Build/MMB29P) AppleWebKit/537.36 (KHTML, like Gecko) Chrome/125.0.6422.175 Mobile Safari/537.36 (compatible; GoogleOther)"
78.148.78.93 - - [05/Jul/2024:19:47:36 +0330] "GET /host[24.0]/admin/index.php HTTP/1.1" 200 4132 "-" "Mozilla/5.0 (Macintosh; Intel Mac OS X 10_15_7) AppleWebKit/537.36 (KHTML, like Gecko) Chrome/120.0.0.0 Safari/537.36"
37.120.233.37 - - [05/Jul/2024:19:47:37 +0330] "GET /host[24.0]/admin/index.php HTTP/1.1" 200 2342 "-" "Mozilla/5.0 (Macintosh; Intel Mac OS X 10_15_7) AppleWebKit/537.36 (KHTML, like Gecko) Chrome/120.0.0.0 Safari/537.36"
206.189.247.132 - - [05/Jul/2024:19:47:37 +0330] "GET /host[24.0]/admin/index.php HTTP/1.1" 200 2342 "-" "Mozilla/5.0 (Macintosh; Intel Mac OS X 10_15_7) AppleWebKit/537.36 (KHTML, like Gecko) Chrome/120.0.0.0 Safari/537.36"
157.230.195.44 - - [05/Jul/2024:19:47:38 +0330] "GET /host[24.0]/admin/index.php HTTP/1.1" 200 2342 "-" "Mozilla/5.0 (Macintosh; Intel Mac OS X 10_15_7) AppleWebKit/537.36 (KHTML, like Gecko) Chrome/120.0.0.0 Safari/537.36"
66.249.66.40 - - [05/Jul/2024:19:57:27 +0330] "GET /configs/sym404/root/bin/signver HTTP/1.1" 200 43583 "-" "Mozilla/5.0 (Linux; Android 6.0.1; Nexus 5X Build/MMB29P) AppleWebKit/537.36 (KHTML, like Gecko) Chrome/125.0.6422.175 Mobile Safari/537.36 (compatible; Googlebot/2.1; +http://www.google.com/bot.html)"
66.249.66.42 - - [05/Jul/2024:19:58:11 +0330] "GET /configs/sym404/root/lib64/aspell-0.60/cp1250.cset HTTP/1.1" 200 3105 "-" "Mozilla/5.0 (Linux; Android 6.0.1; Nexus 5X Build/MMB29P) AppleWebKit/537.36 (KHTML, like Gecko) Chrome/125.0.6422.175 Mobile Safari/537.36 (compatible; GoogleOther)"
66.249.66.42 - - [05/Jul/2024:20:13:11 +0330] "GET /configs/sym404/root/lib64/aspell-0.60/cp1257.cset HTTP/1.1" 200 3113 "-" "Mozilla/5.0 (Linux; Android 6.0.1; Nexus 5X Build/MMB29P) AppleWebKit/537.36 (KHTML, like Gecko) Chrome/125.0.6422.175 Mobile Safari/537.36 (compatible; GoogleOther)"
66.249.66.41 - - [05/Jul/2024:20:28:11 +0330] "GET /configs/sym404/root/lib64/aspell-0.60/koi8-u.cset HTTP/1.1" 200 2819 "-" "Mozilla/5.0 (Linux; Android 6.0.1; Nexus 5X Build/MMB29P) AppleWebKit/537.36 (KHTML, like Gecko) Chrome/125.0.6422.175 Mobile Safari/537.36 (compatible; GoogleOther)"
3.209.10.101 - - [05/Jul/2024:20:35:50 +0330] "GET /cgi-bin/404.php?6-797967704b5369323074665054637a4d3053744f5445744c4c386f764c64424c7a73384641413d3d-specific HTTP/2.0" 200 29677 "-" "Mozilla/5.0 (Windows NT 10.0; Win64; x64) AppleWebKit/537.36 (KHTML, like Gecko) Chrome/120.0.6099.224 Safari/537.36"
3.209.10.101 - - [05/Jul/2024:20:35:53 +0330] "POST /cgi-bin/404.php HTTP/2.0" 200 697 "-" "Mozilla/5.0 (Windows NT 10.0; Win64; x64) AppleWebKit/537.36 (KHTML, like Gecko) Chrome/120.0.6099.224 Safari/537.36"
54.160.26.185 - - [05/Jul/2024:20:38:18 +0330] "GET /cgi-bin/404.php?6-797967704b5369323074665054637a4d3053744f5445744c4c386f764c64424c7a73384641413d3d-specific HTTP/2.0" 200 29796 "-" "Mozilla/5.0 (Windows NT 10.0; Win64; x64) AppleWebKit/537.36 (KHTML, like Gecko) Chrome/120.0.6099.224 Safari/537.36"
54.160.26.185 - - [05/Jul/2024:20:38:21 +0330] "POST /cgi-bin/404.php HTTP/2.0" 200 699 "-" "Mozilla/5.0 (Windows NT 10.0; Win64; x64) AppleWebKit/537.36 (KHTML, like Gecko) Chrome/120.0.6099.224 Safari/537.36"
52.207.235.141 - - [05/Jul/2024:20:39:01 +0330] "GET /cgi-bin/404.php?6-797967704b5369323074665054637a4d3053744f5445744c4c386f764c64424c7a73384641413d3d-specific HTTP/2.0" 200 29528 "-" "Mozilla/5.0 (Windows NT 10.0; Win64; x64) AppleWebKit/537.36 (KHTML, like Gecko) Chrome/120.0.6099.224 Safari/537.36"
52.207.235.141 - - [05/Jul/2024:20:39:04 +0330] "POST /cgi-bin/404.php HTTP/2.0" 200 700 "-" "Mozilla/5.0 (Windows NT 10.0; Win64; x64) AppleWebKit/537.36 (KHTML, like Gecko) Chrome/120.0.6099.224 Safari/537.36"
3.239.54.10 - - [05/Jul/2024:20:42:33 +0330] "GET /cgi-bin/404.php?6-797967704b5369323074665054637a4d3053744f5445744c4c386f764c64424c7a73384641413d3d-specific HTTP/2.0" 200 29799 "-" "Mozilla/5.0 (Windows NT 10.0; Win64; x64) AppleWebKit/537.36 (KHTML, like Gecko) Chrome/120.0.6099.224 Safari/537.36"
3.239.54.10 - - [05/Jul/2024:20:42:36 +0330] "POST /cgi-bin/404.php HTTP/2.0" 200 699 "-" "Mozilla/5.0 (Windows NT 10.0; Win64; x64) AppleWebKit/537.36 (KHTML, like Gecko) Chrome/120.0.6099.224 Safari/537.36"
66.249.66.40 - - [05/Jul/2024:20:43:11 +0330] "GET /configs/sym404/root/usr/sbin/intel-microcode2ucode HTTP/1.1" 200 3799 "-" "Mozilla/5.0 (Linux; Android 6.0.1; Nexus 5X Build/MMB29P) AppleWebKit/537.36 (KHTML, like Gecko) Chrome/125.0.6422.175 Mobile Safari/537.36 (compatible; GoogleOther)"
78.148.78.93 - - [05/Jul/2024:20:45:12 +0330] "GET /host[24.0]/admin/index.php HTTP/1.1" 200 4132 "-" "Mozilla/5.0 (Windows NT 10.0; Win64; x64) AppleWebKit/537.36 (KHTML, like Gecko) Chrome/119.0.0.0 Safari/537.36 Edg/119.0.0.0"
37.120.233.21 - - [05/Jul/2024:20:45:12 +0330] "GET /host[24.0]/admin/index.php HTTP/1.1" 200 2342 "-" "Mozilla/5.0 (Windows NT 10.0; Win64; x64) AppleWebKit/537.36 (KHTML, like Gecko) Chrome/119.0.0.0 Safari/537.36 Edg/119.0.0.0"
206.189.247.132 - - [05/Jul/2024:20:45:12 +0330] "GET /host[24.0]/admin/index.php HTTP/1.1" 200 2342 "-" "Mozilla/5.0 (Windows NT 10.0; Win64; x64) AppleWebKit/537.36 (KHTML, like Gecko) Chrome/119.0.0.0 Safari/537.36 Edg/119.0.0.0"
157.230.195.44 - - [05/Jul/2024:20:45:14 +0330] "GET /host[24.0]/admin/index.php HTTP/1.1" 200 2342 "-" "Mozilla/5.0 (Windows NT 10.0; Win64; x64) AppleWebKit/537.36 (KHTML, like Gecko) Chrome/119.0.0.0 Safari/537.36 Edg/119.0.0.0"
66.249.66.42 - - [05/Jul/2024:20:58:11 +0330] "GET /sym404/root/proc/34/auxv HTTP/1.1" 404 - "-" "Mozilla/5.0 (Linux; Android 6.0.1; Nexus 5X Build/MMB29P) AppleWebKit/537.36 (KHTML, like Gecko) Chrome/125.0.6422.175 Mobile Safari/537.36 (compatible; GoogleOther)"
185.82.218.208 - - [05/Jul/2024:21:07:28 +0330] "GET /host[24.0]/admin/js/mf.php?id=FsgJF HTTP/2.0" 200 20 "-" "Mozilla/5.0 (X11; Linux x86_64) AppleWebKit/537.36 (KHTML, like Gecko) Chrome/85.0.4183.83 Safari/537.36"
78.148.78.93 - - [05/Jul/2024:21:08:14 +0330] "GET /host[24.0]/admin/index.php HTTP/1.1" 200 4122 "-" "Mozilla/5.0 (Windows NT 10.0; Win64; x64) AppleWebKit/537.36 (KHTML, like Gecko) Chrome/119.0.0.0 Safari/537.36 Edg/119.0.0.0"
37.120.233.61 - - [05/Jul/2024:21:08:14 +0330] "GET /host[24.0]/admin/index.php HTTP/1.1" 200 2342 "-" "Mozilla/5.0 (Windows NT 10.0; Win64; x64) AppleWebKit/537.36 (KHTML, like Gecko) Chrome/119.0.0.0 Safari/537.36 Edg/119.0.0.0"
206.189.247.132 - - [05/Jul/2024:21:08:14 +0330] "GET /host[24.0]/admin/index.php HTTP/1.1" 200 2342 "-" "Mozilla/5.0 (Windows NT 10.0; Win64; x64) AppleWebKit/537.36 (KHTML, like Gecko) Chrome/119.0.0.0 Safari/537.36 Edg/119.0.0.0"
157.230.195.44 - - [05/Jul/2024:21:08:16 +0330] "GET /host[24.0]/admin/index.php HTTP/1.1" 200 2342 "-" "Mozilla/5.0 (Windows NT 10.0; Win64; x64) AppleWebKit/537.36 (KHTML, like Gecko) Chrome/119.0.0.0 Safari/537.36 Edg/119.0.0.0"
66.249.66.42 - - [05/Jul/2024:21:13:11 +0330] "GET /configs/sym404/root/lib64/libpci.so.3 HTTP/1.1" 200 25031 "-" "Mozilla/5.0 (Linux; Android 6.0.1; Nexus 5X Build/MMB29P) AppleWebKit/537.36 (KHTML, like Gecko) Chrome/125.0.6422.175 Mobile Safari/537.36 (compatible; GoogleOther)"
66.249.66.41 - - [05/Jul/2024:21:21:51 +0330] "GET /configs/sym404/root/usr/local/apache/htdocs/ HTTP/1.1" 200 357 "-" "Mozilla/5.0 (Linux; Android 6.0.1; Nexus 5X Build/MMB29P) AppleWebKit/537.36 (KHTML, like Gecko) Chrome/125.0.6422.175 Mobile Safari/537.36 (compatible; Googlebot/2.1; +http://www.google.com/bot.html)"
78.148.78.93 - - [05/Jul/2024:21:22:50 +0330] "GET /host[24.0]/admin/index.php HTTP/1.1" 200 4132 "-" "Mozilla/5.0 (Windows NT 10.0; Win64; x64) AppleWebKit/537.36 (KHTML, like Gecko) Chrome/121.0.0.0 Safari/537.36 Edg/121.0.0.0"
37.120.233.61 - - [05/Jul/2024:21:22:50 +0330] "GET /host[24.0]/admin/index.php HTTP/1.1" 200 2342 "-" "Mozilla/5.0 (Windows NT 10.0; Win64; x64) AppleWebKit/537.36 (KHTML, like Gecko) Chrome/121.0.0.0 Safari/537.36 Edg/121.0.0.0"
206.189.247.132 - - [05/Jul/2024:21:22:50 +0330] "GET /host[24.0]/admin/index.php HTTP/1.1" 200 2342 "-" "Mozilla/5.0 (Windows NT 10.0; Win64; x64) AppleWebKit/537.36 (KHTML, like Gecko) Chrome/121.0.0.0 Safari/537.36 Edg/121.0.0.0"
157.230.195.44 - - [05/Jul/2024:21:22:52 +0330] "GET /host[24.0]/admin/index.php HTTP/1.1" 200 2342 "-" "Mozilla/5.0 (Windows NT 10.0; Win64; x64) AppleWebKit/537.36 (KHTML, like Gecko) Chrome/121.0.0.0 Safari/537.36 Edg/121.0.0.0"
66.249.66.42 - - [05/Jul/2024:21:28:12 +0330] "GET /sym404/root/lib64/libcidn.so.1 HTTP/1.1" 200 48834 "-" "Mozilla/5.0 (Linux; Android 6.0.1; Nexus 5X Build/MMB29P) AppleWebKit/537.36 (KHTML, like Gecko) Chrome/125.0.6422.175 Mobile Safari/537.36 (compatible; GoogleOther)"
44.221.73.198 - - [05/Jul/2024:21:36:14 +0330] "GET /cgi-bin/404.php?6-797967704b5369323074665054637a4d3053744f5445744c4c386f764c64424c7a73384641413d3d-specific HTTP/2.0" 200 29625 "-" "Mozilla/5.0 (Windows NT 10.0; Win64; x64) AppleWebKit/537.36 (KHTML, like Gecko) Chrome/120.0.6099.224 Safari/537.36"
44.221.73.198 - - [05/Jul/2024:21:36:17 +0330] "POST /cgi-bin/404.php HTTP/2.0" 200 699 "-" "Mozilla/5.0 (Windows NT 10.0; Win64; x64) AppleWebKit/537.36 (KHTML, like Gecko) Chrome/120.0.6099.224 Safari/537.36"
78.148.78.93 - - [05/Jul/2024:21:38:04 +0330] "GET /host[24.0]/admin/index.php HTTP/1.1" 200 4132 "-" "Mozilla/5.0 (Windows NT 10.0; Win64; x64) AppleWebKit/537.36 (KHTML, like Gecko) Chrome/120.0.0.0 Safari/537.36 Edg/120.0.0.0"
206.189.247.132 - - [05/Jul/2024:21:38:04 +0330] "GET /host[24.0]/admin/index.php HTTP/1.1" 200 2342 "-" "Mozilla/5.0 (Windows NT 10.0; Win64; x64) AppleWebKit/537.36 (KHTML, like Gecko) Chrome/120.0.0.0 Safari/537.36 Edg/120.0.0.0"
157.230.195.44 - - [05/Jul/2024:21:38:06 +0330] "GET /host[24.0]/admin/index.php HTTP/1.1" 200 2342 "-" "Mozilla/5.0 (Windows NT 10.0; Win64; x64) AppleWebKit/537.36 (KHTML, like Gecko) Chrome/120.0.0.0 Safari/537.36 Edg/120.0.0.0"
107.21.62.110 - - [05/Jul/2024:21:38:44 +0330] "GET /cgi-bin/404.php?6-797967704b5369323074665054637a4d3053744f5445744c4c386f764c64424c7a73384641413d3d-specific HTTP/2.0" 200 29627 "-" "Mozilla/5.0 (Windows NT 10.0; Win64; x64) AppleWebKit/537.36 (KHTML, like Gecko) Chrome/120.0.6099.224 Safari/537.36"
107.21.62.110 - - [05/Jul/2024:21:38:47 +0330] "POST /cgi-bin/404.php HTTP/2.0" 200 695 "-" "Mozilla/5.0 (Windows NT 10.0; Win64; x64) AppleWebKit/537.36 (KHTML, like Gecko) Chrome/120.0.6099.224 Safari/537.36"
54.162.94.210 - - [05/Jul/2024:21:39:02 +0330] "GET /cgi-bin/404.php?6-797967704b5369323074665054637a4d3053744f5445744c4c386f764c64424c7a73384641413d3d-specific HTTP/2.0" 200 29557 "-" "Mozilla/5.0 (Windows NT 10.0; Win64; x64) AppleWebKit/537.36 (KHTML, like Gecko) Chrome/120.0.6099.224 Safari/537.36"
54.162.94.210 - - [05/Jul/2024:21:39:05 +0330] "POST /cgi-bin/404.php HTTP/2.0" 200 699 "-" "Mozilla/5.0 (Windows NT 10.0; Win64; x64) AppleWebKit/537.36 (KHTML, like Gecko) Chrome/120.0.6099.224 Safari/537.36"
3.91.235.168 - - [05/Jul/2024:21:39:53 +0330] "GET /cgi-bin/404.php?6-797967704b5369323074665054637a4d3053744f5445744c4c386f764c64424c7a73384641413d3d-specific HTTP/2.0" 200 29779 "-" "Mozilla/5.0 (Windows NT 10.0; Win64; x64) AppleWebKit/537.36 (KHTML, like Gecko) Chrome/120.0.6099.224 Safari/537.36"
3.91.235.168 - - [05/Jul/2024:21:39:56 +0330] "POST /cgi-bin/404.php HTTP/2.0" 200 699 "-" "Mozilla/5.0 (Windows NT 10.0; Win64; x64) AppleWebKit/537.36 (KHTML, like Gecko) Chrome/120.0.6099.224 Safari/537.36"
66.249.66.42 - - [05/Jul/2024:21:43:12 +0330] "GET /sym404/root/lib64/libnss_files.so.2 HTTP/1.1" 200 20331 "-" "Mozilla/5.0 (Linux; Android 6.0.1; Nexus 5X Build/MMB29P) AppleWebKit/537.36 (KHTML, like Gecko) Chrome/125.0.6422.175 Mobile Safari/537.36 (compatible; GoogleOther)"
66.249.66.40 - - [05/Jul/2024:21:46:26 +0330] "GET /configs/sym404/root/scripts/hook HTTP/1.1" 200 634 "-" "Mozilla/5.0 (Linux; Android 6.0.1; Nexus 5X Build/MMB29P) AppleWebKit/537.36 (KHTML, like Gecko) Chrome/125.0.6422.175 Mobile Safari/537.36 (compatible; Googlebot/2.1; +http://www.google.com/bot.html)"
78.148.78.93 - - [05/Jul/2024:21:53:35 +0330] "GET /host[24.0]/admin/index.php HTTP/1.1" 200 4133 "-" "Mozilla/5.0 (Macintosh; Intel Mac OS X 10_15_7) AppleWebKit/537.36 (KHTML, like Gecko) Chrome/121.0.0.0 Safari/537.36"
206.189.247.132 - - [05/Jul/2024:21:53:35 +0330] "GET /host[24.0]/admin/index.php HTTP/1.1" 200 2342 "-" "Mozilla/5.0 (Macintosh; Intel Mac OS X 10_15_7) AppleWebKit/537.36 (KHTML, like Gecko) Chrome/121.0.0.0 Safari/537.36"
157.230.195.44 - - [05/Jul/2024:21:53:36 +0330] "GET /host[24.0]/admin/index.php HTTP/1.1" 200 2342 "-" "Mozilla/5.0 (Macintosh; Intel Mac OS X 10_15_7) AppleWebKit/537.36 (KHTML, like Gecko) Chrome/121.0.0.0 Safari/537.36"
66.249.66.40 - - [05/Jul/2024:21:58:11 +0330] "GET /configs/sym404/root/lib64/aspell-0.60/cp1256.cmap HTTP/1.1" 200 6459 "-" "Mozilla/5.0 (Linux; Android 6.0.1; Nexus 5X Build/MMB29P) AppleWebKit/537.36 (KHTML, like Gecko) Chrome/125.0.6422.175 Mobile Safari/537.36 (compatible; GoogleOther)"
78.148.78.93 - - [05/Jul/2024:22:08:19 +0330] "GET /host[24.0]/admin/index.php HTTP/1.1" 200 4121 "-" "Mozilla/5.0 (Windows NT 10.0; Win64; x64) AppleWebKit/537.36 (KHTML, like Gecko) Chrome/121.0.0.0 Safari/537.36 Edg/121.0.0.0"
37.120.233.56 - - [05/Jul/2024:22:08:19 +0330] "GET /host[24.0]/admin/index.php HTTP/1.1" 200 2342 "-" "Mozilla/5.0 (Windows NT 10.0; Win64; x64) AppleWebKit/537.36 (KHTML, like Gecko) Chrome/121.0.0.0 Safari/537.36 Edg/121.0.0.0"
