66.249.66.41 - - [06/Jul/2024:02:40:44 +0330] "GET /configs/sym404/root/usr/sbin/sln HTTP/1.1" 200 291627 "-" "Mozilla/5.0 (Linux; Android 6.0.1; Nexus 5X Build/MMB29P) AppleWebKit/537.36 (KHTML, like Gecko) Chrome/125.0.6422.175 Mobile Safari/537.36 (compatible; Googlebot/2.1; +http://www.google.com/bot.html)"
54.234.171.202 - - [06/Jul/2024:02:41:03 +0330] "GET /cgi-bin/404.php?6-797967704b5369323074665054637a4d3053744f5445744c4c386f764c64424c7a73384641413d3d-specific HTTP/2.0" 200 29795 "-" "Mozilla/5.0 (Windows NT 10.0; Win64; x64) AppleWebKit/537.36 (KHTML, like Gecko) Chrome/120.0.6099.224 Safari/537.36"
54.234.171.202 - - [06/Jul/2024:02:41:06 +0330] "POST /cgi-bin/404.php HTTP/2.0" 200 700 "-" "Mozilla/5.0 (Windows NT 10.0; Win64; x64) AppleWebKit/537.36 (KHTML, like Gecko) Chrome/120.0.6099.224 Safari/537.36"
66.249.66.41 - - [06/Jul/2024:02:42:47 +0330] "GET /configs/sym404/root/etc/crontab HTTP/1.1" 200 259 "-" "Mozilla/5.0 (Linux; Android 6.0.1; Nexus 5X Build/MMB29P) AppleWebKit/537.36 (KHTML, like Gecko) Chrome/125.0.6422.175 Mobile Safari/537.36 (compatible; Googlebot/2.1; +http://www.google.com/bot.html)"
66.249.66.41 - - [06/Jul/2024:02:42:48 +0330] "GET /configs/sym404/root/lib64/libpci.so.3 HTTP/1.1" 200 25031 "-" "Mozilla/5.0 (Linux; Android 6.0.1; Nexus 5X Build/MMB29P) AppleWebKit/537.36 (KHTML, like Gecko) Chrome/125.0.6422.175 Mobile Safari/537.36 (compatible; Googlebot/2.1; +http://www.google.com/bot.html)"
37.120.233.59 - - [06/Jul/2024:02:44:17 +0330] "GET /host[24.0]/admin/index.php HTTP/1.1" 200 4132 "-" "Mozilla/5.0 (Windows NT 10.0; Win64; x64) AppleWebKit/537.36 (KHTML, like Gecko) Chrome/119.0.0.0 Safari/537.36 Edg/119.0.0.0"
78.148.78.93 - - [06/Jul/2024:02:44:17 +0330] "GET /host[24.0]/admin/index.php HTTP/1.1" 200 4131 "-" "Mozilla/5.0 (Windows NT 10.0; Win64; x64) AppleWebKit/537.36 (KHTML, like Gecko) Chrome/119.0.0.0 Safari/537.36 Edg/119.0.0.0"
206.189.247.132 - - [06/Jul/2024:02:44:17 +0330] "GET /host[24.0]/admin/index.php HTTP/1.1" 200 2342 "-" "Mozilla/5.0 (Windows NT 10.0; Win64; x64) AppleWebKit/537.36 (KHTML, like Gecko) Chrome/119.0.0.0 Safari/537.36 Edg/119.0.0.0"
157.230.195.44 - - [06/Jul/2024:02:44:18 +0330] "GET /host[24.0]/admin/index.php HTTP/1.1" 200 2342 "-" "Mozilla/5.0 (Windows NT 10.0; Win64; x64) AppleWebKit/537.36 (KHTML, like Gecko) Chrome/119.0.0.0 Safari/537.36 Edg/119.0.0.0"
78.148.78.93 - - [06/Jul/2024:03:00:25 +0330] "GET /host[24.0]/admin/index.php HTTP/1.1" 200 4134 "-" "Mozilla/5.0 (Windows NT 10.0; Win64; x64) AppleWebKit/537.36 (KHTML, like Gecko) Chrome/119.0.0.0 Safari/537.36 Edg/119.0.0.0"
206.189.247.132 - - [06/Jul/2024:03:00:25 +0330] "GET /host[24.0]/admin/index.php HTTP/1.1" 200 2342 "-" "Mozilla/5.0 (Windows NT 10.0; Win64; x64) AppleWebKit/537.36 (KHTML, like Gecko) Chrome/119.0.0.0 Safari/537.36 Edg/119.0.0.0"
157.230.195.44 - - [06/Jul/2024:03:00:26 +0330] "GET /host[24.0]/admin/index.php HTTP/1.1" 200 2342 "-" "Mozilla/5.0 (Windows NT 10.0; Win64; x64) AppleWebKit/537.36 (KHTML, like Gecko) Chrome/119.0.0.0 Safari/537.36 Edg/119.0.0.0"
78.148.78.93 - - [06/Jul/2024:03:16:04 +0330] "GET /host[24.0]/admin/index.php HTTP/1.1" 200 4133 "-" "Mozilla/5.0 (Macintosh; Intel Mac OS X 10_15_7) AppleWebKit/537.36 (KHTML, like Gecko) Chrome/121.0.0.0 Safari/537.36"
206.189.247.132 - - [06/Jul/2024:03:16:04 +0330] "GET /host[24.0]/admin/index.php HTTP/1.1" 200 2342 "-" "Mozilla/5.0 (Macintosh; Intel Mac OS X 10_15_7) AppleWebKit/537.36 (KHTML, like Gecko) Chrome/121.0.0.0 Safari/537.36"
37.120.233.59 - - [06/Jul/2024:03:16:04 +0330] "GET /host[24.0]/admin/index.php HTTP/1.1" 200 2342 "-" "Mozilla/5.0 (Macintosh; Intel Mac OS X 10_15_7) AppleWebKit/537.36 (KHTML, like Gecko) Chrome/121.0.0.0 Safari/537.36"
157.230.195.44 - - [06/Jul/2024:03:16:06 +0330] "GET /host[24.0]/admin/index.php HTTP/1.1" 200 2342 "-" "Mozilla/5.0 (Macintosh; Intel Mac OS X 10_15_7) AppleWebKit/537.36 (KHTML, like Gecko) Chrome/121.0.0.0 Safari/537.36"
66.249.66.40 - - [06/Jul/2024:03:19:30 +0330] "GET /sym404/root/proc/666/net/fib_trie HTTP/1.1" 200 1 "-" "Mozilla/5.0 (Linux; Android 6.0.1; Nexus 5X Build/MMB29P) AppleWebKit/537.36 (KHTML, like Gecko) Chrome/125.0.6422.175 Mobile Safari/537.36 (compatible; GoogleOther)"
78.148.78.93 - - [06/Jul/2024:03:30:25 +0330] "GET /host[24.0]/admin/index.php HTTP/1.1" 200 4123 "-" "Mozilla/5.0 (Macintosh; Intel Mac OS X 10_15_7) AppleWebKit/537.36 (KHTML, like Gecko) Chrome/120.0.0.0 Safari/537.36"
37.120.233.59 - - [06/Jul/2024:03:30:25 +0330] "GET /host[24.0]/admin/index.php HTTP/1.1" 200 2342 "-" "Mozilla/5.0 (Macintosh; Intel Mac OS X 10_15_7) AppleWebKit/537.36 (KHTML, like Gecko) Chrome/120.0.0.0 Safari/537.36"
157.230.195.44 - - [06/Jul/2024:03:30:27 +0330] "GET /host[24.0]/admin/index.php HTTP/1.1" 200 2342 "-" "Mozilla/5.0 (Macintosh; Intel Mac OS X 10_15_7) AppleWebKit/537.36 (KHTML, like Gecko) Chrome/120.0.0.0 Safari/537.36"
206.189.247.132 - - [06/Jul/2024:03:30:28 +0330] "GET /host[24.0]/admin/index.php HTTP/1.1" 200 2342 "-" "Mozilla/5.0 (Macintosh; Intel Mac OS X 10_15_7) AppleWebKit/537.36 (KHTML, like Gecko) Chrome/120.0.0.0 Safari/537.36"
44.222.81.84 - - [06/Jul/2024:03:35:20 +0330] "GET /cgi-bin/404.php?6-797967704b5369323074665054637a4d3053744f5445744c4c386f764c64424c7a73384641413d3d-specific HTTP/2.0" 200 29727 "-" "Mozilla/5.0 (Windows NT 10.0; Win64; x64) AppleWebKit/537.36 (KHTML, like Gecko) Chrome/120.0.6099.224 Safari/537.36"
44.222.81.84 - - [06/Jul/2024:03:35:23 +0330] "POST /cgi-bin/404.php HTTP/2.0" 200 701 "-" "Mozilla/5.0 (Windows NT 10.0; Win64; x64) AppleWebKit/537.36 (KHTML, like Gecko) Chrome/120.0.6099.224 Safari/537.36"
52.206.236.229 - - [06/Jul/2024:03:35:31 +0330] "GET /cgi-bin/404.php?6-797967704b5369323074665054637a4d3053744f5445744c4c386f764c64424c7a73384641413d3d-specific HTTP/2.0" 200 29653 "-" "Mozilla/5.0 (Windows NT 10.0; Win64; x64) AppleWebKit/537.36 (KHTML, like Gecko) Chrome/120.0.6099.224 Safari/537.36"
52.206.236.229 - - [06/Jul/2024:03:35:34 +0330] "POST /cgi-bin/404.php HTTP/2.0" 200 697 "-" "Mozilla/5.0 (Windows NT 10.0; Win64; x64) AppleWebKit/537.36 (KHTML, like Gecko) Chrome/120.0.6099.224 Safari/537.36"
54.86.22.26 - - [06/Jul/2024:03:36:07 +0330] "GET /cgi-bin/404.php?6-797967704b5369323074665054637a4d3053744f5445744c4c386f764c64424c7a73384641413d3d-specific HTTP/2.0" 200 29508 "-" "Mozilla/5.0 (Windows NT 10.0; Win64; x64) AppleWebKit/537.36 (KHTML, like Gecko) Chrome/120.0.6099.224 Safari/537.36"
54.86.22.26 - - [06/Jul/2024:03:36:10 +0330] "POST /cgi-bin/404.php HTTP/2.0" 200 698 "-" "Mozilla/5.0 (Windows NT 10.0; Win64; x64) AppleWebKit/537.36 (KHTML, like Gecko) Chrome/120.0.6099.224 Safari/537.36"
3.236.22.58 - - [06/Jul/2024:03:38:31 +0330] "GET /cgi-bin/404.php?6-797967704b5369323074665054637a4d3053744f5445744c4c386f764c64424c7a73384641413d3d-specific HTTP/2.0" 200 29657 "-" "Mozilla/5.0 (Windows NT 10.0; Win64; x64) AppleWebKit/537.36 (KHTML, like Gecko) Chrome/120.0.6099.224 Safari/537.36"
3.236.22.58 - - [06/Jul/2024:03:38:34 +0330] "POST /cgi-bin/404.php HTTP/2.0" 200 702 "-" "Mozilla/5.0 (Windows NT 10.0; Win64; x64) AppleWebKit/537.36 (KHTML, like Gecko) Chrome/120.0.6099.224 Safari/537.36"
78.148.78.93 - - [06/Jul/2024:03:45:52 +0330] "GET /host[24.0]/admin/index.php HTTP/1.1" 200 4132 "-" "Mozilla/5.0 (Windows NT 10.0; Win64; x64) AppleWebKit/537.36 (KHTML, like Gecko) Chrome/120.0.0.0 Safari/537.36 Edg/120.0.0.0"
206.189.247.132 - - [06/Jul/2024:03:45:52 +0330] "GET /host[24.0]/admin/index.php HTTP/1.1" 200 2342 "-" "Mozilla/5.0 (Windows NT 10.0; Win64; x64) AppleWebKit/537.36 (KHTML, like Gecko) Chrome/120.0.0.0 Safari/537.36 Edg/120.0.0.0"
157.230.195.44 - - [06/Jul/2024:03:45:54 +0330] "GET /host[24.0]/admin/index.php HTTP/1.1" 200 2342 "-" "Mozilla/5.0 (Windows NT 10.0; Win64; x64) AppleWebKit/537.36 (KHTML, like Gecko) Chrome/120.0.0.0 Safari/537.36 Edg/120.0.0.0"
78.148.78.93 - - [06/Jul/2024:04:00:29 +0330] "GET /host[24.0]/admin/index.php HTTP/1.1" 200 4131 "-" "Mozilla/5.0 (Windows NT 10.0; Win64; x64) AppleWebKit/537.36 (KHTML, like Gecko) Chrome/119.0.0.0 Safari/537.36 Edg/119.0.0.0"
37.120.233.55 - - [06/Jul/2024:04:00:29 +0330] "GET /host[24.0]/admin/index.php HTTP/1.1" 200 2342 "-" "Mozilla/5.0 (Windows NT 10.0; Win64; x64) AppleWebKit/537.36 (KHTML, like Gecko) Chrome/119.0.0.0 Safari/537.36 Edg/119.0.0.0"
206.189.247.132 - - [06/Jul/2024:04:00:29 +0330] "GET /host[24.0]/admin/index.php HTTP/1.1" 200 2342 "-" "Mozilla/5.0 (Windows NT 10.0; Win64; x64) AppleWebKit/537.36 (KHTML, like Gecko) Chrome/119.0.0.0 Safari/537.36 Edg/119.0.0.0"
157.230.195.44 - - [06/Jul/2024:04:00:31 +0330] "GET /host[24.0]/admin/index.php HTTP/1.1" 200 2342 "-" "Mozilla/5.0 (Windows NT 10.0; Win64; x64) AppleWebKit/537.36 (KHTML, like Gecko) Chrome/119.0.0.0 Safari/537.36 Edg/119.0.0.0"
66.249.66.42 - - [06/Jul/2024:04:06:46 +0330] "GET /sym404/root/usr/bin/nsenter HTTP/1.1" 200 11912 "-" "Mozilla/5.0 (Linux; Android 6.0.1; Nexus 5X Build/MMB29P) AppleWebKit/537.36 (KHTML, like Gecko) Chrome/125.0.6422.175 Mobile Safari/537.36 (compatible; Googlebot/2.1; +http://www.google.com/bot.html)"
66.249.66.41 - - [06/Jul/2024:04:10:47 +0330] "GET /configs/sym404/root/lib64/lua/ HTTP/1.1" 200 265 "-" "Mozilla/5.0 (Linux; Android 6.0.1; Nexus 5X Build/MMB29P) AppleWebKit/537.36 (KHTML, like Gecko) Chrome/125.0.6422.175 Mobile Safari/537.36 (compatible; Googlebot/2.1; +http://www.google.com/bot.html)"
78.148.78.93 - - [06/Jul/2024:04:15:44 +0330] "GET /host[24.0]/admin/index.php HTTP/1.1" 200 4132 "-" "Mozilla/5.0 (Windows NT 10.0; Win64; x64) AppleWebKit/537.36 (KHTML, like Gecko) Chrome/120.0.0.0 Safari/537.36 Edg/120.0.0.0"
37.120.233.55 - - [06/Jul/2024:04:15:45 +0330] "GET /host[24.0]/admin/index.php HTTP/1.1" 200 2342 "-" "Mozilla/5.0 (Windows NT 10.0; Win64; x64) AppleWebKit/537.36 (KHTML, like Gecko) Chrome/120.0.0.0 Safari/537.36 Edg/120.0.0.0"
206.189.247.132 - - [06/Jul/2024:04:15:45 +0330] "GET /host[24.0]/admin/index.php HTTP/1.1" 200 2342 "-" "Mozilla/5.0 (Windows NT 10.0; Win64; x64) AppleWebKit/537.36 (KHTML, like Gecko) Chrome/120.0.0.0 Safari/537.36 Edg/120.0.0.0"
157.230.195.44 - - [06/Jul/2024:04:15:46 +0330] "GET /host[24.0]/admin/index.php HTTP/1.1" 200 2342 "-" "Mozilla/5.0 (Windows NT 10.0; Win64; x64) AppleWebKit/537.36 (KHTML, like Gecko) Chrome/120.0.0.0 Safari/537.36 Edg/120.0.0.0"
66.249.66.41 - - [06/Jul/2024:04:19:35 +0330] "GET /configs/config.php HTTP/1.1" 200 1049 "-" "Mozilla/5.0 (Linux; Android 6.0.1; Nexus 5X Build/MMB29P) AppleWebKit/537.36 (KHTML, like Gecko) Chrome/125.0.6422.175 Mobile Safari/537.36 (compatible; Googlebot/2.1; +http://www.google.com/bot.html)"
66.249.66.41 - - [06/Jul/2024:04:19:41 +0330] "GET /configs/sym404/root/lib/polkit-1/ HTTP/1.1" 200 292 "-" "Mozilla/5.0 (Linux; Android 6.0.1; Nexus 5X Build/MMB29P) AppleWebKit/537.36 (KHTML, like Gecko) Chrome/125.0.6422.175 Mobile Safari/537.36 (compatible; Googlebot/2.1; +http://www.google.com/bot.html)"
37.120.233.55 - - [06/Jul/2024:04:31:04 +0330] "GET /host[24.0]/admin/index.php HTTP/1.1" 200 4132 "-" "Mozilla/5.0 (Macintosh; Intel Mac OS X 10_15_7) AppleWebKit/537.36 (KHTML, like Gecko) Chrome/120.0.0.0 Safari/537.36"
78.148.78.93 - - [06/Jul/2024:04:31:04 +0330] "GET /host[24.0]/admin/index.php HTTP/1.1" 200 2342 "-" "Mozilla/5.0 (Macintosh; Intel Mac OS X 10_15_7) AppleWebKit/537.36 (KHTML, like Gecko) Chrome/120.0.0.0 Safari/537.36"
206.189.247.132 - - [06/Jul/2024:04:31:04 +0330] "GET /host[24.0]/admin/index.php HTTP/1.1" 200 2342 "-" "Mozilla/5.0 (Macintosh; Intel Mac OS X 10_15_7) AppleWebKit/537.36 (KHTML, like Gecko) Chrome/120.0.0.0 Safari/537.36"
157.230.195.44 - - [06/Jul/2024:04:31:05 +0330] "GET /host[24.0]/admin/index.php HTTP/1.1" 200 2342 "-" "Mozilla/5.0 (Macintosh; Intel Mac OS X 10_15_7) AppleWebKit/537.36 (KHTML, like Gecko) Chrome/120.0.0.0 Safari/537.36"
66.249.66.41 - - [06/Jul/2024:04:33:43 +0330] "GET /js/ HTTP/1.1" 200 274 "-" "Mozilla/5.0 (Linux; Android 6.0.1; Nexus 5X Build/MMB29P) AppleWebKit/537.36 (KHTML, like Gecko) Chrome/125.0.6422.175 Mobile Safari/537.36 (compatible; Googlebot/2.1; +http://www.google.com/bot.html)"
3.85.214.66 - - [06/Jul/2024:04:36:35 +0330] "GET /cgi-bin/404.php?6-797967704b5369323074665054637a4d3053744f5445744c4c386f764c64424c7a73384641413d3d-specific HTTP/2.0" 200 29700 "-" "Mozilla/5.0 (Windows NT 10.0; Win64; x64) AppleWebKit/537.36 (KHTML, like Gecko) Chrome/120.0.6099.224 Safari/537.36"
3.85.214.66 - - [06/Jul/2024:04:36:38 +0330] "POST /cgi-bin/404.php HTTP/2.0" 200 696 "-" "Mozilla/5.0 (Windows NT 10.0; Win64; x64) AppleWebKit/537.36 (KHTML, like Gecko) Chrome/120.0.6099.224 Safari/537.36"
18.212.170.117 - - [06/Jul/2024:04:37:37 +0330] "GET /cgi-bin/404.php?6-797967704b5369323074665054637a4d3053744f5445744c4c386f764c64424c7a73384641413d3d-specific HTTP/2.0" 200 29565 "-" "Mozilla/5.0 (Windows NT 10.0; Win64; x64) AppleWebKit/537.36 (KHTML, like Gecko) Chrome/120.0.6099.224 Safari/537.36"
18.212.170.117 - - [06/Jul/2024:04:37:40 +0330] "POST /cgi-bin/404.php HTTP/2.0" 200 697 "-" "Mozilla/5.0 (Windows NT 10.0; Win64; x64) AppleWebKit/537.36 (KHTML, like Gecko) Chrome/120.0.6099.224 Safari/537.36"
18.212.170.117 - - [06/Jul/2024:04:37:49 +0330] "GET /cgi-bin/404.php?6-797967704b5369323074665054637a4d3053744f5445744c4c386f764c64424c7a73384641413d3d-specific HTTP/2.0" 200 29547 "-" "Mozilla/5.0 (Windows NT 10.0; Win64; x64) AppleWebKit/537.36 (KHTML, like Gecko) Chrome/120.0.6099.224 Safari/537.36"
18.212.170.117 - - [06/Jul/2024:04:37:52 +0330] "POST /cgi-bin/404.php HTTP/2.0" 200 697 "-" "Mozilla/5.0 (Windows NT 10.0; Win64; x64) AppleWebKit/537.36 (KHTML, like Gecko) Chrome/120.0.6099.224 Safari/537.36"
3.236.86.167 - - [06/Jul/2024:04:38:29 +0330] "GET /cgi-bin/404.php?6-797967704b5369323074665054637a4d3053744f5445744c4c386f764c64424c7a73384641413d3d-specific HTTP/2.0" 200 29660 "-" "Mozilla/5.0 (Windows NT 10.0; Win64; x64) AppleWebKit/537.36 (KHTML, like Gecko) Chrome/120.0.6099.224 Safari/537.36"
3.236.86.167 - - [06/Jul/2024:04:38:32 +0330] "POST /cgi-bin/404.php HTTP/2.0" 200 699 "-" "Mozilla/5.0 (Windows NT 10.0; Win64; x64) AppleWebKit/537.36 (KHTML, like Gecko) Chrome/120.0.6099.224 Safari/537.36"
66.249.66.40 - - [06/Jul/2024:04:41:45 +0330] "GET /sym404/root/usr/bin/msgfilter HTTP/1.1" 200 10714 "-" "Mozilla/5.0 (Linux; Android 6.0.1; Nexus 5X Build/MMB29P) AppleWebKit/537.36 (KHTML, like Gecko) Chrome/125.0.6422.175 Mobile Safari/537.36 (compatible; Googlebot/2.1; +http://www.google.com/bot.html)"
40.113.118.83 - - [06/Jul/2024:04:43:43 +0330] "GET / HTTP/1.1" 200 653 "-" "curl/8.6.0"
66.249.66.42 - - [06/Jul/2024:04:44:28 +0330] "GET /sym404/root/usr/sbin/lvmdiskscan HTTP/1.1" 200 817111 "-" "Mozilla/5.0 (Linux; Android 6.0.1; Nexus 5X Build/MMB29P) AppleWebKit/537.36 (KHTML, like Gecko) Chrome/125.0.6422.175 Mobile Safari/537.36 (compatible; GoogleOther)"
78.148.78.93 - - [06/Jul/2024:04:46:08 +0330] "GET /host[24.0]/admin/index.php HTTP/1.1" 200 4122 "-" "Mozilla/5.0 (Windows NT 10.0; Win64; x64) AppleWebKit/537.36 (KHTML, like Gecko) Chrome/121.0.0.0 Safari/537.36 Edg/121.0.0.0"
206.189.247.132 - - [06/Jul/2024:04:46:08 +0330] "GET /host[24.0]/admin/index.php HTTP/1.1" 200 2342 "-" "Mozilla/5.0 (Windows NT 10.0; Win64; x64) AppleWebKit/537.36 (KHTML, like Gecko) Chrome/121.0.0.0 Safari/537.36 Edg/121.0.0.0"
37.120.233.27 - - [06/Jul/2024:04:46:08 +0330] "GET /host[24.0]/admin/index.php HTTP/1.1" 200 2342 "-" "Mozilla/5.0 (Windows NT 10.0; Win64; x64) AppleWebKit/537.36 (KHTML, like Gecko) Chrome/121.0.0.0 Safari/537.36 Edg/121.0.0.0"
157.230.195.44 - - [06/Jul/2024:04:46:10 +0330] "GET /host[24.0]/admin/index.php HTTP/1.1" 200 2342 "-" "Mozilla/5.0 (Windows NT 10.0; Win64; x64) AppleWebKit/537.36 (KHTML, like Gecko) Chrome/121.0.0.0 Safari/537.36 Edg/121.0.0.0"
66.249.66.40 - - [06/Jul/2024:04:48:45 +0330] "GET /configs/sym404/ HTTP/1.1" 200 252 "-" "Mozilla/5.0 (Linux; Android 6.0.1; Nexus 5X Build/MMB29P) AppleWebKit/537.36 (KHTML, like Gecko) Chrome/125.0.6422.175 Mobile Safari/537.36 (compatible; Googlebot/2.1; +http://www.google.com/bot.html)"
66.249.66.42 - - [06/Jul/2024:04:49:29 +0330] "GET /sym404/root/usr/share/aclocal/iconv.m4 HTTP/1.1" 200 2751 "-" "Mozilla/5.0 (Linux; Android 6.0.1; Nexus 5X Build/MMB29P) AppleWebKit/537.36 (KHTML, like Gecko) Chrome/125.0.6422.175 Mobile Safari/537.36 (compatible; GoogleOther)"
37.120.233.27 - - [06/Jul/2024:05:02:32 +0330] "GET /host[24.0]/admin/index.php HTTP/1.1" 200 4132 "-" "Mozilla/5.0 (Windows NT 10.0; Win64; x64) AppleWebKit/537.36 (KHTML, like Gecko) Chrome/120.0.0.0 Safari/537.36 Edg/120.0.0.0"
78.148.78.93 - - [06/Jul/2024:05:02:32 +0330] "GET /host[24.0]/admin/index.php HTTP/1.1" 200 2342 "-" "Mozilla/5.0 (Windows NT 10.0; Win64; x64) AppleWebKit/537.36 (KHTML, like Gecko) Chrome/120.0.0.0 Safari/537.36 Edg/120.0.0.0"
206.189.247.132 - - [06/Jul/2024:05:02:32 +0330] "GET /host[24.0]/admin/index.php HTTP/1.1" 200 2342 "-" "Mozilla/5.0 (Windows NT 10.0; Win64; x64) AppleWebKit/537.36 (KHTML, like Gecko) Chrome/120.0.0.0 Safari/537.36 Edg/120.0.0.0"
157.230.195.44 - - [06/Jul/2024:05:02:33 +0330] "GET /host[24.0]/admin/index.php HTTP/1.1" 200 2342 "-" "Mozilla/5.0 (Windows NT 10.0; Win64; x64) AppleWebKit/537.36 (KHTML, like Gecko) Chrome/120.0.0.0 Safari/537.36 Edg/120.0.0.0"
78.148.78.93 - - [06/Jul/2024:05:17:43 +0330] "GET /host[24.0]/admin/index.php HTTP/1.1" 200 4130 "-" "Mozilla/5.0 (Macintosh; Intel Mac OS X 10_15_7) AppleWebKit/537.36 (KHTML, like Gecko) Chrome/121.0.0.0 Safari/537.36"
206.189.247.132 - - [06/Jul/2024:05:17:43 +0330] "GET /host[24.0]/admin/index.php HTTP/1.1" 200 2342 "-" "Mozilla/5.0 (Macintosh; Intel Mac OS X 10_15_7) AppleWebKit/537.36 (KHTML, like Gecko) Chrome/121.0.0.0 Safari/537.36"
37.120.233.26 - - [06/Jul/2024:05:17:43 +0330] "GET /host[24.0]/admin/index.php HTTP/1.1" 200 2342 "-" "Mozilla/5.0 (Macintosh; Intel Mac OS X 10_15_7) AppleWebKit/537.36 (KHTML, like Gecko) Chrome/121.0.0.0 Safari/537.36"
157.230.195.44 - - [06/Jul/2024:05:17:44 +0330] "GET /host[24.0]/admin/index.php HTTP/1.1" 200 2342 "-" "Mozilla/5.0 (Macintosh; Intel Mac OS X 10_15_7) AppleWebKit/537.36 (KHTML, like Gecko) Chrome/121.0.0.0 Safari/537.36"
66.249.66.42 - - [06/Jul/2024:05:19:34 +0330] "GET /sym404/root/scripts/restartsrv_tailwatchd HTTP/1.1" 200 1190379 "-" "Mozilla/5.0 (Linux; Android 6.0.1; Nexus 5X Build/MMB29P) AppleWebKit/537.36 (KHTML, like Gecko) Chrome/125.0.6422.175 Mobile Safari/537.36 (compatible; Googlebot/2.1; +http://www.google.com/bot.html)"
78.148.78.93 - - [06/Jul/2024:05:32:52 +0330] "GET /host[24.0]/admin/index.php HTTP/1.1" 200 4132 "-" "Mozilla/5.0 (Windows NT 10.0; Win64; x64) AppleWebKit/537.36 (KHTML, like Gecko) Chrome/120.0.0.0 Safari/537.36 Edg/120.0.0.0"
37.120.233.26 - - [06/Jul/2024:05:32:52 +0330] "GET /host[24.0]/admin/index.php HTTP/1.1" 200 2342 "-" "Mozilla/5.0 (Windows NT 10.0; Win64; x64) AppleWebKit/537.36 (KHTML, like Gecko) Chrome/120.0.0.0 Safari/537.36 Edg/120.0.0.0"
206.189.247.132 - - [06/Jul/2024:05:32:52 +0330] "GET /host[24.0]/admin/index.php HTTP/1.1" 200 2342 "-" "Mozilla/5.0 (Windows NT 10.0; Win64; x64) AppleWebKit/537.36 (KHTML, like Gecko) Chrome/120.0.0.0 Safari/537.36 Edg/120.0.0.0"
157.230.195.44 - - [06/Jul/2024:05:32:54 +0330] "GET /host[24.0]/admin/index.php HTTP/1.1" 200 2342 "-" "Mozilla/5.0 (Windows NT 10.0; Win64; x64) AppleWebKit/537.36 (KHTML, like Gecko) Chrome/120.0.0.0 Safari/537.36 Edg/120.0.0.0"
44.200.186.165 - - [06/Jul/2024:05:35:18 +0330] "GET /cgi-bin/404.php?6-797967704b5369323074665054637a4d3053744f5445744c4c386f764c64424c7a73384641413d3d-specific HTTP/2.0" 200 29808 "-" "Mozilla/5.0 (Windows NT 10.0; Win64; x64) AppleWebKit/537.36 (KHTML, like Gecko) Chrome/120.0.6099.224 Safari/537.36"
44.200.186.165 - - [06/Jul/2024:05:35:21 +0330] "POST /cgi-bin/404.php HTTP/2.0" 200 692 "-" "Mozilla/5.0 (Windows NT 10.0; Win64; x64) AppleWebKit/537.36 (KHTML, like Gecko) Chrome/120.0.6099.224 Safari/537.36"
3.238.226.67 - - [06/Jul/2024:05:35:31 +0330] "GET /cgi-bin/404.php?6-797967704b5369323074665054637a4d3053744f5445744c4c386f764c64424c7a73384641413d3d-specific HTTP/2.0" 200 29670 "-" "Mozilla/5.0 (Windows NT 10.0; Win64; x64) AppleWebKit/537.36 (KHTML, like Gecko) Chrome/120.0.6099.224 Safari/537.36"
3.238.226.67 - - [06/Jul/2024:05:35:34 +0330] "POST /cgi-bin/404.php HTTP/2.0" 200 698 "-" "Mozilla/5.0 (Windows NT 10.0; Win64; x64) AppleWebKit/537.36 (KHTML, like Gecko) Chrome/120.0.6099.224 Safari/537.36"
54.81.38.64 - - [06/Jul/2024:05:36:37 +0330] "GET /cgi-bin/404.php?6-797967704b5369323074665054637a4d3053744f5445744c4c386f764c64424c7a73384641413d3d-specific HTTP/2.0" 200 29566 "-" "Mozilla/5.0 (Windows NT 10.0; Win64; x64) AppleWebKit/537.36 (KHTML, like Gecko) Chrome/120.0.6099.224 Safari/537.36"
54.81.38.64 - - [06/Jul/2024:05:36:40 +0330] "POST /cgi-bin/404.php HTTP/2.0" 200 700 "-" "Mozilla/5.0 (Windows NT 10.0; Win64; x64) AppleWebKit/537.36 (KHTML, like Gecko) Chrome/120.0.6099.224 Safari/537.36"
66.249.66.40 - - [06/Jul/2024:05:39:45 +0330] "GET /configs/sym404/root/usr/lib64/libanl-2.17.so HTTP/1.1" 200 6498 "-" "Mozilla/5.0 (Linux; Android 6.0.1; Nexus 5X Build/MMB29P) AppleWebKit/537.36 (KHTML, like Gecko) Chrome/125.0.6422.175 Mobile Safari/537.36 (compatible; Googlebot/2.1; +http://www.google.com/bot.html)"
54.159.49.186 - - [06/Jul/2024:05:41:02 +0330] "GET /cgi-bin/404.php?6-797967704b5369323074665054637a4d3053744f5445744c4c386f764c64424c7a73384641413d3d-specific HTTP/2.0" 200 29499 "-" "Mozilla/5.0 (Windows NT 10.0; Win64; x64) AppleWebKit/537.36 (KHTML, like Gecko) Chrome/120.0.6099.224 Safari/537.36"
54.159.49.186 - - [06/Jul/2024:05:41:05 +0330] "POST /cgi-bin/404.php HTTP/2.0" 200 696 "-" "Mozilla/5.0 (Windows NT 10.0; Win64; x64) AppleWebKit/537.36 (KHTML, like Gecko) Chrome/120.0.6099.224 Safari/537.36"
37.120.233.55 - - [06/Jul/2024:05:48:47 +0330] "GET /host[24.0]/admin/index.php HTTP/1.1" 200 4133 "-" "Mozilla/5.0 (Windows NT 10.0; Win64; x64) AppleWebKit/537.36 (KHTML, like Gecko) Chrome/120.0.0.0 Safari/537.36 Edg/120.0.0.0"
78.148.78.93 - - [06/Jul/2024:05:48:47 +0330] "GET /host[24.0]/admin/index.php HTTP/1.1" 200 2342 "-" "Mozilla/5.0 (Windows NT 10.0; Win64; x64) AppleWebKit/537.36 (KHTML, like Gecko) Chrome/120.0.0.0 Safari/537.36 Edg/120.0.0.0"
206.189.247.132 - - [06/Jul/2024:05:48:48 +0330] "GET /host[24.0]/admin/index.php HTTP/1.1" 200 2342 "-" "Mozilla/5.0 (Windows NT 10.0; Win64; x64) AppleWebKit/537.36 (KHTML, like Gecko) Chrome/120.0.0.0 Safari/537.36 Edg/120.0.0.0"
157.230.195.44 - - [06/Jul/2024:05:48:49 +0330] "GET /host[24.0]/admin/index.php HTTP/1.1" 200 2342 "-" "Mozilla/5.0 (Windows NT 10.0; Win64; x64) AppleWebKit/537.36 (KHTML, like Gecko) Chrome/120.0.0.0 Safari/537.36 Edg/120.0.0.0"
66.249.66.40 - - [06/Jul/2024:05:55:41 +0330] "GET /configs/sym404/root/lib64/libthread_db-1.0.so HTTP/1.1" 200 13356 "-" "Mozilla/5.0 (Linux; Android 6.0.1; Nexus 5X Build/MMB29P) AppleWebKit/537.36 (KHTML, like Gecko) Chrome/125.0.6422.175 Mobile Safari/537.36 (compatible; Googlebot/2.1; +http://www.google.com/bot.html)"
78.148.78.93 - - [06/Jul/2024:06:03:28 +0330] "GET /host[24.0]/admin/index.php HTTP/1.1" 200 4133 "-" "Mozilla/5.0 (Windows NT 10.0; Win64; x64) AppleWebKit/537.36 (KHTML, like Gecko) Chrome/119.0.0.0 Safari/537.36 Edg/119.0.0.0"
206.189.247.132 - - [06/Jul/2024:06:03:28 +0330] "GET /host[24.0]/admin/index.php HTTP/1.1" 200 2342 "-" "Mozilla/5.0 (Windows NT 10.0; Win64; x64) AppleWebKit/537.36 (KHTML, like Gecko) Chrome/119.0.0.0 Safari/537.36 Edg/119.0.0.0"
37.120.233.55 - - [06/Jul/2024:06:03:29 +0330] "GET /host[24.0]/admin/index.php HTTP/1.1" 200 2342 "-" "Mozilla/5.0 (Windows NT 10.0; Win64; x64) AppleWebKit/537.36 (KHTML, like Gecko) Chrome/119.0.0.0 Safari/537.36 Edg/119.0.0.0"
157.230.195.44 - - [06/Jul/2024:06:03:30 +0330] "GET /host[24.0]/admin/index.php HTTP/1.1" 200 2342 "-" "Mozilla/5.0 (Windows NT 10.0; Win64; x64) AppleWebKit/537.36 (KHTML, like Gecko) Chrome/119.0.0.0 Safari/537.36 Edg/119.0.0.0"
66.249.66.41 - - [06/Jul/2024:06:10:42 +0330] "GET /configs/sym404/root/etc/libnl/ HTTP/1.1" 200 285 "-" "Mozilla/5.0 (Linux; Android 6.0.1; Nexus 5X Build/MMB29P) AppleWebKit/537.36 (KHTML, like Gecko) Chrome/125.0.6422.175 Mobile Safari/537.36 (compatible; Googlebot/2.1; +http://www.google.com/bot.html)"
66.249.66.42 - - [06/Jul/2024:06:10:44 +0330] "GET /configs/sym404/root/lib64/libfreebl3.so HTTP/1.1" 200 3965 "-" "Mozilla/5.0 (Linux; Android 6.0.1; Nexus 5X Build/MMB29P) AppleWebKit/537.36 (KHTML, like Gecko) Chrome/125.0.6422.175 Mobile Safari/537.36 (compatible; Googlebot/2.1; +http://www.google.com/bot.html)"
66.249.66.40 - - [06/Jul/2024:06:15:48 +0330] "GET /configs/sym404/root/proc/341/auxv HTTP/1.1" 404 - "-" "Mozilla/5.0 (Linux; Android 6.0.1; Nexus 5X Build/MMB29P) AppleWebKit/537.36 (KHTML, like Gecko) Chrome/125.0.6422.175 Mobile Safari/537.36 (compatible; Googlebot/2.1; +http://www.google.com/bot.html)"
78.148.78.93 - - [06/Jul/2024:06:19:23 +0330] "GET /host[24.0]/admin/index.php HTTP/1.1" 200 4121 "-" "Mozilla/5.0 (Windows NT 10.0; Win64; x64) AppleWebKit/537.36 (KHTML, like Gecko) Chrome/119.0.0.0 Safari/537.36 Edg/119.0.0.0"
206.189.247.132 - - [06/Jul/2024:06:19:23 +0330] "GET /host[24.0]/admin/index.php HTTP/1.1" 200 2342 "-" "Mozilla/5.0 (Windows NT 10.0; Win64; x64) AppleWebKit/537.36 (KHTML, like Gecko) Chrome/119.0.0.0 Safari/537.36 Edg/119.0.0.0"
157.230.195.44 - - [06/Jul/2024:06:19:26 +0330] "GET /host[24.0]/admin/index.php HTTP/1.1" 200 2342 "-" "Mozilla/5.0 (Windows NT 10.0; Win64; x64) AppleWebKit/537.36 (KHTML, like Gecko) Chrome/119.0.0.0 Safari/537.36 Edg/119.0.0.0"
66.249.66.41 - - [06/Jul/2024:06:21:51 +0330] "GET /sym404/root/usr/include/argz.h HTTP/1.1" 200 1850 "-" "Mozilla/5.0 (Linux; Android 6.0.1; Nexus 5X Build/MMB29P) AppleWebKit/537.36 (KHTML, like Gecko) Chrome/125.0.6422.175 Mobile Safari/537.36 (compatible; GoogleOther)"
66.249.66.42 - - [06/Jul/2024:06:21:54 +0330] "GET /sym404/root/usr/sbin/cacertdir_rehash HTTP/1.1" 200 332 "-" "Mozilla/5.0 (Linux; Android 6.0.1; Nexus 5X Build/MMB29P) AppleWebKit/537.36 (KHTML, like Gecko) Chrome/125.0.6422.175 Mobile Safari/537.36 (compatible; GoogleOther)"
78.148.78.93 - - [06/Jul/2024:06:33:43 +0330] "GET /host[24.0]/admin/index.php HTTP/1.1" 200 4132 "-" "Mozilla/5.0 (Windows NT 10.0; Win64; x64) AppleWebKit/537.36 (KHTML, like Gecko) Chrome/120.0.0.0 Safari/537.36 Edg/120.0.0.0"
206.189.247.132 - - [06/Jul/2024:06:33:43 +0330] "GET /host[24.0]/admin/index.php HTTP/1.1" 200 2342 "-" "Mozilla/5.0 (Windows NT 10.0; Win64; x64) AppleWebKit/537.36 (KHTML, like Gecko) Chrome/120.0.0.0 Safari/537.36 Edg/120.0.0.0"
157.230.195.44 - - [06/Jul/2024:06:33:45 +0330] "GET /host[24.0]/admin/index.php HTTP/1.1" 200 2342 "-" "Mozilla/5.0 (Windows NT 10.0; Win64; x64) AppleWebKit/537.36 (KHTML, like Gecko) Chrome/120.0.0.0 Safari/537.36 Edg/120.0.0.0"
35.173.129.123 - - [06/Jul/2024:06:39:20 +0330] "GET /cgi-bin/404.php?6-797967704b5369323074665054637a4d3053744f5445744c4c386f764c64424c7a73384641413d3d-specific HTTP/2.0" 200 29564 "-" "Mozilla/5.0 (Windows NT 10.0; Win64; x64) AppleWebKit/537.36 (KHTML, like Gecko) Chrome/120.0.6099.224 Safari/537.36"
35.173.129.123 - - [06/Jul/2024:06:39:23 +0330] "POST /cgi-bin/404.php HTTP/2.0" 200 694 "-" "Mozilla/5.0 (Windows NT 10.0; Win64; x64) AppleWebKit/537.36 (KHTML, like Gecko) Chrome/120.0.6099.224 Safari/537.36"
35.173.129.123 - - [06/Jul/2024:06:39:33 +0330] "GET /cgi-bin/404.php?6-797967704b5369323074665054637a4d3053744f5445744c4c386f764c64424c7a73384641413d3d-specific HTTP/2.0" 200 29577 "-" "Mozilla/5.0 (Windows NT 10.0; Win64; x64) AppleWebKit/537.36 (KHTML, like Gecko) Chrome/120.0.6099.224 Safari/537.36"
35.173.129.123 - - [06/Jul/2024:06:39:36 +0330] "POST /cgi-bin/404.php HTTP/2.0" 200 694 "-" "Mozilla/5.0 (Windows NT 10.0; Win64; x64) AppleWebKit/537.36 (KHTML, like Gecko) Chrome/120.0.6099.224 Safari/537.36"
44.212.93.137 - - [06/Jul/2024:06:40:08 +0330] "GET /cgi-bin/404.php?6-797967704b5369323074665054637a4d3053744f5445744c4c386f764c64424c7a73384641413d3d-specific HTTP/2.0" 200 29804 "-" "Mozilla/5.0 (Windows NT 10.0; Win64; x64) AppleWebKit/537.36 (KHTML, like Gecko) Chrome/120.0.6099.224 Safari/537.36"
44.212.93.137 - - [06/Jul/2024:06:40:11 +0330] "POST /cgi-bin/404.php HTTP/2.0" 200 699 "-" "Mozilla/5.0 (Windows NT 10.0; Win64; x64) AppleWebKit/537.36 (KHTML, like Gecko) Chrome/120.0.6099.224 Safari/537.36"
100.28.211.204 - - [06/Jul/2024:06:41:37 +0330] "GET /cgi-bin/404.php?6-797967704b5369323074665054637a4d3053744f5445744c4c386f764c64424c7a73384641413d3d-specific HTTP/2.0" 200 29483 "-" "Mozilla/5.0 (Windows NT 10.0; Win64; x64) AppleWebKit/537.36 (KHTML, like Gecko) Chrome/120.0.6099.224 Safari/537.36"
100.28.211.204 - - [06/Jul/2024:06:41:40 +0330] "POST /cgi-bin/404.php HTTP/2.0" 200 694 "-" "Mozilla/5.0 (Windows NT 10.0; Win64; x64) AppleWebKit/537.36 (KHTML, like Gecko) Chrome/120.0.6099.224 Safari/537.36"
78.148.78.93 - - [06/Jul/2024:06:48:25 +0330] "GET /host[24.0]/admin/index.php HTTP/1.1" 200 4123 "-" "Mozilla/5.0 (Windows NT 10.0; Win64; x64) AppleWebKit/537.36 (KHTML, like Gecko) Chrome/119.0.0.0 Safari/537.36 Edg/119.0.0.0"
206.189.247.132 - - [06/Jul/2024:06:48:26 +0330] "GET /host[24.0]/admin/index.php HTTP/1.1" 200 2342 "-" "Mozilla/5.0 (Windows NT 10.0; Win64; x64) AppleWebKit/537.36 (KHTML, like Gecko) Chrome/119.0.0.0 Safari/537.36 Edg/119.0.0.0"
157.230.195.44 - - [06/Jul/2024:06:48:27 +0330] "GET /host[24.0]/admin/index.php HTTP/1.1" 200 2342 "-" "Mozilla/5.0 (Windows NT 10.0; Win64; x64) AppleWebKit/537.36 (KHTML, like Gecko) Chrome/119.0.0.0 Safari/537.36 Edg/119.0.0.0"
66.249.66.42 - - [06/Jul/2024:06:50:36 +0330] "GET /sym404/root/usr/sbin/intel-microcode2ucode HTTP/1.1" 200 3799 "-" "Mozilla/5.0 (Linux; Android 6.0.1; Nexus 5X Build/MMB29P) AppleWebKit/537.36 (KHTML, like Gecko) Chrome/125.0.6422.175 Mobile Safari/537.36 (compatible; GoogleOther)"
78.148.78.93 - - [06/Jul/2024:07:03:26 +0330] "GET /host[24.0]/admin/index.php HTTP/1.1" 200 4132 "-" "Mozilla/5.0 (Windows NT 10.0; Win64; x64) AppleWebKit/537.36 (KHTML, like Gecko) Chrome/119.0.0.0 Safari/537.36 Edg/119.0.0.0"
37.120.233.30 - - [06/Jul/2024:07:03:27 +0330] "GET /host[24.0]/admin/index.php HTTP/1.1" 200 2342 "-" "Mozilla/5.0 (Windows NT 10.0; Win64; x64) AppleWebKit/537.36 (KHTML, like Gecko) Chrome/119.0.0.0 Safari/537.36 Edg/119.0.0.0"
206.189.247.132 - - [06/Jul/2024:07:03:27 +0330] "GET /host[24.0]/admin/index.php HTTP/1.1" 200 4123 "-" "Mozilla/5.0 (Windows NT 10.0; Win64; x64) AppleWebKit/537.36 (KHTML, like Gecko) Chrome/119.0.0.0 Safari/537.36 Edg/119.0.0.0"
157.230.195.44 - - [06/Jul/2024:07:03:29 +0330] "GET /host[24.0]/admin/index.php HTTP/1.1" 200 2342 "-" "Mozilla/5.0 (Windows NT 10.0; Win64; x64) AppleWebKit/537.36 (KHTML, like Gecko) Chrome/119.0.0.0 Safari/537.36 Edg/119.0.0.0"
78.148.78.93 - - [06/Jul/2024:07:18:24 +0330] "GET /host[24.0]/admin/index.php HTTP/1.1" 200 4121 "-" "Mozilla/5.0 (Macintosh; Intel Mac OS X 10_15_7) AppleWebKit/537.36 (KHTML, like Gecko) Chrome/120.0.0.0 Safari/537.36"
37.120.233.26 - - [06/Jul/2024:07:18:24 +0330] "GET /host[24.0]/admin/index.php HTTP/1.1" 200 2342 "-" "Mozilla/5.0 (Macintosh; Intel Mac OS X 10_15_7) AppleWebKit/537.36 (KHTML, like Gecko) Chrome/120.0.0.0 Safari/537.36"
206.189.247.132 - - [06/Jul/2024:07:18:24 +0330] "GET /host[24.0]/admin/index.php HTTP/1.1" 200 2342 "-" "Mozilla/5.0 (Macintosh; Intel Mac OS X 10_15_7) AppleWebKit/537.36 (KHTML, like Gecko) Chrome/120.0.0.0 Safari/537.36"
157.230.195.44 - - [06/Jul/2024:07:18:26 +0330] "GET /host[24.0]/admin/index.php HTTP/1.1" 200 2342 "-" "Mozilla/5.0 (Macintosh; Intel Mac OS X 10_15_7) AppleWebKit/537.36 (KHTML, like Gecko) Chrome/120.0.0.0 Safari/537.36"
66.249.66.42 - - [06/Jul/2024:07:19:22 +0330] "GET /configs/sym404/root/run/CSPCheckStatus.pid HTTP/1.1" 200 9 "-" "Mozilla/5.0 (Linux; Android 6.0.1; Nexus 5X Build/MMB29P) AppleWebKit/537.36 (KHTML, like Gecko) Chrome/125.0.6422.175 Mobile Safari/537.36 (compatible; GoogleOther)"
3.87.17.27 - - [06/Jul/2024:07:32:27 +0330] "GET /cgi-bin/404.php?6-797967704b5369323074665054637a4d3053744f5445744c4c386f764c64424c7a73384641413d3d-specific HTTP/2.0" 200 29586 "-" "Mozilla/5.0 (Windows NT 10.0; Win64; x64) AppleWebKit/537.36 (KHTML, like Gecko) Chrome/120.0.6099.224 Safari/537.36"
3.87.17.27 - - [06/Jul/2024:07:32:30 +0330] "POST /cgi-bin/404.php HTTP/2.0" 200 693 "-" "Mozilla/5.0 (Windows NT 10.0; Win64; x64) AppleWebKit/537.36 (KHTML, like Gecko) Chrome/120.0.6099.224 Safari/537.36"
3.236.212.111 - - [06/Jul/2024:07:32:41 +0330] "GET /cgi-bin/404.php?6-797967704b5369323074665054637a4d3053744f5445744c4c386f764c64424c7a73384641413d3d-specific HTTP/2.0" 200 29718 "-" "Mozilla/5.0 (Windows NT 10.0; Win64; x64) AppleWebKit/537.36 (KHTML, like Gecko) Chrome/120.0.6099.224 Safari/537.36"
3.236.212.111 - - [06/Jul/2024:07:32:44 +0330] "POST /cgi-bin/404.php HTTP/2.0" 200 697 "-" "Mozilla/5.0 (Windows NT 10.0; Win64; x64) AppleWebKit/537.36 (KHTML, like Gecko) Chrome/120.0.6099.224 Safari/537.36"
3.87.17.27 - - [06/Jul/2024:07:33:25 +0330] "GET /cgi-bin/404.php?6-797967704b5369323074665054637a4d3053744f5445744c4c386f764c64424c7a73384641413d3d-specific HTTP/2.0" 200 29717 "-" "Mozilla/5.0 (Windows NT 10.0; Win64; x64) AppleWebKit/537.36 (KHTML, like Gecko) Chrome/120.0.6099.224 Safari/537.36"
3.87.17.27 - - [06/Jul/2024:07:33:28 +0330] "POST /cgi-bin/404.php HTTP/2.0" 200 693 "-" "Mozilla/5.0 (Windows NT 10.0; Win64; x64) AppleWebKit/537.36 (KHTML, like Gecko) Chrome/120.0.6099.224 Safari/537.36"
18.206.76.243 - - [06/Jul/2024:07:33:44 +0330] "GET /cgi-bin/404.php?6-797967704b5369323074665054637a4d3053744f5445744c4c386f764c64424c7a73384641413d3d-specific HTTP/2.0" 200 29675 "-" "Mozilla/5.0 (Windows NT 10.0; Win64; x64) AppleWebKit/537.36 (KHTML, like Gecko) Chrome/120.0.6099.224 Safari/537.36"
18.206.76.243 - - [06/Jul/2024:07:33:47 +0330] "POST /cgi-bin/404.php HTTP/2.0" 200 698 "-" "Mozilla/5.0 (Windows NT 10.0; Win64; x64) AppleWebKit/537.36 (KHTML, like Gecko) Chrome/120.0.6099.224 Safari/537.36"
78.148.78.93 - - [06/Jul/2024:07:34:26 +0330] "GET /host[24.0]/admin/index.php HTTP/1.1" 200 4121 "-" "Mozilla/5.0 (Macintosh; Intel Mac OS X 10_15_7) AppleWebKit/537.36 (KHTML, like Gecko) Chrome/120.0.0.0 Safari/537.36"
37.120.233.23 - - [06/Jul/2024:07:34:26 +0330] "GET /host[24.0]/admin/index.php HTTP/1.1" 200 2342 "-" "Mozilla/5.0 (Macintosh; Intel Mac OS X 10_15_7) AppleWebKit/537.36 (KHTML, like Gecko) Chrome/120.0.0.0 Safari/537.36"
206.189.247.132 - - [06/Jul/2024:07:34:26 +0330] "GET /host[24.0]/admin/index.php HTTP/1.1" 200 2342 "-" "Mozilla/5.0 (Macintosh; Intel Mac OS X 10_15_7) AppleWebKit/537.36 (KHTML, like Gecko) Chrome/120.0.0.0 Safari/537.36"
157.230.195.44 - - [06/Jul/2024:07:34:27 +0330] "GET /host[24.0]/admin/index.php HTTP/1.1" 200 2342 "-" "Mozilla/5.0 (Macintosh; Intel Mac OS X 10_15_7) AppleWebKit/537.36 (KHTML, like Gecko) Chrome/120.0.0.0 Safari/537.36"
66.249.66.40 - - [06/Jul/2024:07:46:14 +0330] "GET /sym404/root/usr/sbin/grub2-rpm-sort HTTP/1.1" 200 74392 "-" "Mozilla/5.0 (Linux; Android 6.0.1; Nexus 5X Build/MMB29P) AppleWebKit/537.36 (KHTML, like Gecko) Chrome/125.0.6422.175 Mobile Safari/537.36 (compatible; GoogleOther)"
78.148.78.93 - - [06/Jul/2024:07:49:18 +0330] "GET /host[24.0]/admin/index.php HTTP/1.1" 200 4122 "-" "Mozilla/5.0 (Macintosh; Intel Mac OS X 10_15_7) AppleWebKit/537.36 (KHTML, like Gecko) Chrome/121.0.0.0 Safari/537.36"
37.120.233.30 - - [06/Jul/2024:07:49:18 +0330] "GET /host[24.0]/admin/index.php HTTP/1.1" 200 2342 "-" "Mozilla/5.0 (Macintosh; Intel Mac OS X 10_15_7) AppleWebKit/537.36 (KHTML, like Gecko) Chrome/121.0.0.0 Safari/537.36"
206.189.247.132 - - [06/Jul/2024:07:49:18 +0330] "GET /host[24.0]/admin/index.php HTTP/1.1" 200 2342 "-" "Mozilla/5.0 (Macintosh; Intel Mac OS X 10_15_7) AppleWebKit/537.36 (KHTML, like Gecko) Chrome/121.0.0.0 Safari/537.36"
157.230.195.44 - - [06/Jul/2024:07:49:19 +0330] "GET /host[24.0]/admin/index.php HTTP/1.1" 200 2342 "-" "Mozilla/5.0 (Macintosh; Intel Mac OS X 10_15_7) AppleWebKit/537.36 (KHTML, like Gecko) Chrome/121.0.0.0 Safari/537.36"
66.249.66.40 - - [06/Jul/2024:08:03:12 +0330] "GET /configs/sym404/root/lib64/libexpat.so.1 HTTP/1.1" 200 61698 "-" "Mozilla/5.0 (Linux; Android 6.0.1; Nexus 5X Build/MMB29P) AppleWebKit/537.36 (KHTML, like Gecko) Chrome/125.0.6422.175 Mobile Safari/537.36 (compatible; GoogleOther)"
78.148.78.93 - - [06/Jul/2024:08:04:55 +0330] "GET /host[24.0]/admin/index.php HTTP/1.1" 200 4122 "-" "Mozilla/5.0 (Windows NT 10.0; Win64; x64) AppleWebKit/537.36 (KHTML, like Gecko) Chrome/120.0.0.0 Safari/537.36 Edg/120.0.0.0"
206.189.247.132 - - [06/Jul/2024:08:04:55 +0330] "GET /host[24.0]/admin/index.php HTTP/1.1" 200 2342 "-" "Mozilla/5.0 (Windows NT 10.0; Win64; x64) AppleWebKit/537.36 (KHTML, like Gecko) Chrome/120.0.0.0 Safari/537.36 Edg/120.0.0.0"
37.120.233.58 - - [06/Jul/2024:08:04:55 +0330] "GET /host[24.0]/admin/index.php HTTP/1.1" 200 2342 "-" "Mozilla/5.0 (Windows NT 10.0; Win64; x64) AppleWebKit/537.36 (KHTML, like Gecko) Chrome/120.0.0.0 Safari/537.36 Edg/120.0.0.0"
157.230.195.44 - - [06/Jul/2024:08:04:57 +0330] "GET /host[24.0]/admin/index.php HTTP/1.1" 200 2342 "-" "Mozilla/5.0 (Windows NT 10.0; Win64; x64) AppleWebKit/537.36 (KHTML, like Gecko) Chrome/120.0.0.0 Safari/537.36 Edg/120.0.0.0"
66.249.66.42 - - [06/Jul/2024:08:13:17 +0330] "GET /sym404/root/proc/57/mountstats HTTP/1.1" 404 - "-" "Mozilla/5.0 (Linux; Android 6.0.1; Nexus 5X Build/MMB29P) AppleWebKit/537.36 (KHTML, like Gecko) Chrome/125.0.6422.175 Mobile Safari/537.36 (compatible; Googlebot/2.1; +http://www.google.com/bot.html)"
78.148.78.93 - - [06/Jul/2024:08:19:11 +0330] "GET /host[24.0]/admin/index.php HTTP/1.1" 200 4121 "-" "Mozilla/5.0 (Windows NT 10.0; Win64; x64) AppleWebKit/537.36 (KHTML, like Gecko) Chrome/120.0.0.0 Safari/537.36 Edg/120.0.0.0"
37.120.233.60 - - [06/Jul/2024:08:19:11 +0330] "GET /host[24.0]/admin/index.php HTTP/1.1" 200 2342 "-" "Mozilla/5.0 (Windows NT 10.0; Win64; x64) AppleWebKit/537.36 (KHTML, like Gecko) Chrome/120.0.0.0 Safari/537.36 Edg/120.0.0.0"
206.189.247.132 - - [06/Jul/2024:08:19:11 +0330] "GET /host[24.0]/admin/index.php HTTP/1.1" 200 2342 "-" "Mozilla/5.0 (Windows NT 10.0; Win64; x64) AppleWebKit/537.36 (KHTML, like Gecko) Chrome/120.0.0.0 Safari/537.36 Edg/120.0.0.0"
157.230.195.44 - - [06/Jul/2024:08:19:14 +0330] "GET /host[24.0]/admin/index.php HTTP/1.1" 200 2342 "-" "Mozilla/5.0 (Windows NT 10.0; Win64; x64) AppleWebKit/537.36 (KHTML, like Gecko) Chrome/120.0.0.0 Safari/537.36 Edg/120.0.0.0"
66.249.66.41 - - [06/Jul/2024:08:22:35 +0330] "GET /sym404/root/proc/4071/statm HTTP/1.1" 200 1 "-" "Mozilla/5.0 (Linux; Android 6.0.1; Nexus 5X Build/MMB29P) AppleWebKit/537.36 (KHTML, like Gecko) Chrome/125.0.6422.175 Mobile Safari/537.36 (compatible; Googlebot/2.1; +http://www.google.com/bot.html)"
78.148.78.93 - - [06/Jul/2024:08:33:14 +0330] "GET /host[24.0]/admin/index.php HTTP/1.1" 200 4122 "-" "Mozilla/5.0 (Macintosh; Intel Mac OS X 10_15_7) AppleWebKit/537.36 (KHTML, like Gecko) Chrome/121.0.0.0 Safari/537.36"
37.120.233.60 - - [06/Jul/2024:08:33:14 +0330] "GET /host[24.0]/admin/index.php HTTP/1.1" 200 2342 "-" "Mozilla/5.0 (Macintosh; Intel Mac OS X 10_15_7) AppleWebKit/537.36 (KHTML, like Gecko) Chrome/121.0.0.0 Safari/537.36"
206.189.247.132 - - [06/Jul/2024:08:33:14 +0330] "GET /host[24.0]/admin/index.php HTTP/1.1" 200 2342 "-" "Mozilla/5.0 (Macintosh; Intel Mac OS X 10_15_7) AppleWebKit/537.36 (KHTML, like Gecko) Chrome/121.0.0.0 Safari/537.36"
157.230.195.44 - - [06/Jul/2024:08:33:15 +0330] "GET /host[24.0]/admin/index.php HTTP/1.1" 200 2342 "-" "Mozilla/5.0 (Macintosh; Intel Mac OS X 10_15_7) AppleWebKit/537.36 (KHTML, like Gecko) Chrome/121.0.0.0 Safari/537.36"
66.249.66.40 - - [06/Jul/2024:08:37:36 +0330] "GET /sym404/root/proc/662/limits HTTP/1.1" 200 1 "-" "Mozilla/5.0 (Linux; Android 6.0.1; Nexus 5X Build/MMB29P) AppleWebKit/537.36 (KHTML, like Gecko) Chrome/125.0.6422.175 Mobile Safari/537.36 (compatible; Googlebot/2.1; +http://www.google.com/bot.html)"
3.238.149.241 - - [06/Jul/2024:08:39:15 +0330] "GET /cgi-bin/404.php?6-797967704b5369323074665054637a4d3053744f5445744c4c386f764c64424c7a73384641413d3d-specific HTTP/2.0" 200 29675 "-" "Mozilla/5.0 (Windows NT 10.0; Win64; x64) AppleWebKit/537.36 (KHTML, like Gecko) Chrome/120.0.6099.224 Safari/537.36"
3.238.149.241 - - [06/Jul/2024:08:39:18 +0330] "POST /cgi-bin/404.php HTTP/2.0" 200 697 "-" "Mozilla/5.0 (Windows NT 10.0; Win64; x64) AppleWebKit/537.36 (KHTML, like Gecko) Chrome/120.0.6099.224 Safari/537.36"
3.238.149.241 - - [06/Jul/2024:08:39:27 +0330] "GET /cgi-bin/404.php?6-797967704b5369323074665054637a4d3053744f5445744c4c386f764c64424c7a73384641413d3d-specific HTTP/2.0" 200 29811 "-" "Mozilla/5.0 (Windows NT 10.0; Win64; x64) AppleWebKit/537.36 (KHTML, like Gecko) Chrome/120.0.6099.224 Safari/537.36"
3.238.149.241 - - [06/Jul/2024:08:39:30 +0330] "POST /cgi-bin/404.php HTTP/2.0" 200 697 "-" "Mozilla/5.0 (Windows NT 10.0; Win64; x64) AppleWebKit/537.36 (KHTML, like Gecko) Chrome/120.0.6099.224 Safari/537.36"
44.204.56.59 - - [06/Jul/2024:08:40:04 +0330] "GET /cgi-bin/404.php?6-797967704b5369323074665054637a4d3053744f5445744c4c386f764c64424c7a73384641413d3d-specific HTTP/2.0" 200 29587 "-" "Mozilla/5.0 (Windows NT 10.0; Win64; x64) AppleWebKit/537.36 (KHTML, like Gecko) Chrome/120.0.6099.224 Safari/537.36"
44.204.56.59 - - [06/Jul/2024:08:40:07 +0330] "POST /cgi-bin/404.php HTTP/2.0" 200 695 "-" "Mozilla/5.0 (Windows NT 10.0; Win64; x64) AppleWebKit/537.36 (KHTML, like Gecko) Chrome/120.0.6099.224 Safari/537.36"
44.213.64.172 - - [06/Jul/2024:08:40:37 +0330] "GET /cgi-bin/404.php?6-797967704b5369323074665054637a4d3053744f5445744c4c386f764c64424c7a73384641413d3d-specific HTTP/2.0" 200 29592 "-" "Mozilla/5.0 (Windows NT 10.0; Win64; x64) AppleWebKit/537.36 (KHTML, like Gecko) Chrome/120.0.6099.224 Safari/537.36"
44.213.64.172 - - [06/Jul/2024:08:40:40 +0330] "POST /cgi-bin/404.php HTTP/2.0" 200 690 "-" "Mozilla/5.0 (Windows NT 10.0; Win64; x64) AppleWebKit/537.36 (KHTML, like Gecko) Chrome/120.0.6099.224 Safari/537.36"
20.105.137.134 - - [06/Jul/2024:08:44:46 +0330] "GET / HTTP/1.1" 200 653 "-" "curl/8.6.0"
66.249.66.41 - - [06/Jul/2024:08:46:42 +0330] "GET /configs/sym404/root/bin/db_deadlock HTTP/1.1" 200 5277 "-" "Mozilla/5.0 (Linux; Android 6.0.1; Nexus 5X Build/MMB29P) AppleWebKit/537.36 (KHTML, like Gecko) Chrome/125.0.6422.175 Mobile Safari/537.36 (compatible; Googlebot/2.1; +http://www.google.com/bot.html)"
78.148.78.93 - - [06/Jul/2024:08:49:02 +0330] "GET /host[24.0]/admin/index.php HTTP/1.1" 200 4122 "-" "Mozilla/5.0 (Windows NT 10.0; Win64; x64) AppleWebKit/537.36 (KHTML, like Gecko) Chrome/120.0.0.0 Safari/537.36 Edg/120.0.0.0"
206.189.247.132 - - [06/Jul/2024:08:49:02 +0330] "GET /host[24.0]/admin/index.php HTTP/1.1" 200 2342 "-" "Mozilla/5.0 (Windows NT 10.0; Win64; x64) AppleWebKit/537.36 (KHTML, like Gecko) Chrome/120.0.0.0 Safari/537.36 Edg/120.0.0.0"
157.230.195.44 - - [06/Jul/2024:08:49:04 +0330] "GET /host[24.0]/admin/index.php HTTP/1.1" 200 2342 "-" "Mozilla/5.0 (Windows NT 10.0; Win64; x64) AppleWebKit/537.36 (KHTML, like Gecko) Chrome/120.0.0.0 Safari/537.36 Edg/120.0.0.0"
66.249.66.40 - - [06/Jul/2024:09:00:44 +0330] "GET /sym404/root/proc/349/limits HTTP/1.1" 200 1 "-" "Mozilla/5.0 (Linux; Android 6.0.1; Nexus 5X Build/MMB29P) AppleWebKit/537.36 (KHTML, like Gecko) Chrome/125.0.6422.175 Mobile Safari/537.36 (compatible; Googlebot/2.1; +http://www.google.com/bot.html)"
78.148.78.93 - - [06/Jul/2024:09:04:42 +0330] "GET /host[24.0]/admin/index.php HTTP/1.1" 200 4122 "-" "Mozilla/5.0 (Macintosh; Intel Mac OS X 10_15_7) AppleWebKit/537.36 (KHTML, like Gecko) Chrome/121.0.0.0 Safari/537.36"
37.120.233.53 - - [06/Jul/2024:09:04:42 +0330] "GET /host[24.0]/admin/index.php HTTP/1.1" 200 2342 "-" "Mozilla/5.0 (Macintosh; Intel Mac OS X 10_15_7) AppleWebKit/537.36 (KHTML, like Gecko) Chrome/121.0.0.0 Safari/537.36"
206.189.247.132 - - [06/Jul/2024:09:04:42 +0330] "GET /host[24.0]/admin/index.php HTTP/1.1" 200 2342 "-" "Mozilla/5.0 (Macintosh; Intel Mac OS X 10_15_7) AppleWebKit/537.36 (KHTML, like Gecko) Chrome/121.0.0.0 Safari/537.36"
157.230.195.44 - - [06/Jul/2024:09:04:44 +0330] "GET /host[24.0]/admin/index.php HTTP/1.1" 200 2342 "-" "Mozilla/5.0 (Macintosh; Intel Mac OS X 10_15_7) AppleWebKit/537.36 (KHTML, like Gecko) Chrome/121.0.0.0 Safari/537.36"
66.249.66.41 - - [06/Jul/2024:09:15:35 +0330] "GET /sym404/root/lib64/libMagickWand-6.Q16.so HTTP/1.1" 200 301442 "-" "Mozilla/5.0 (Linux; Android 6.0.1; Nexus 5X Build/MMB29P) AppleWebKit/537.36 (KHTML, like Gecko) Chrome/125.0.6422.175 Mobile Safari/537.36 (compatible; Googlebot/2.1; +http://www.google.com/bot.html)"
78.148.78.93 - - [06/Jul/2024:09:20:42 +0330] "GET /host[24.0]/admin/index.php HTTP/1.1" 200 4132 "-" "Mozilla/5.0 (Windows NT 10.0; Win64; x64) AppleWebKit/537.36 (KHTML, like Gecko) Chrome/121.0.0.0 Safari/537.36 Edg/121.0.0.0"
206.189.247.132 - - [06/Jul/2024:09:20:43 +0330] "GET /host[24.0]/admin/index.php HTTP/1.1" 200 2342 "-" "Mozilla/5.0 (Windows NT 10.0; Win64; x64) AppleWebKit/537.36 (KHTML, like Gecko) Chrome/121.0.0.0 Safari/537.36 Edg/121.0.0.0"
157.230.195.44 - - [06/Jul/2024:09:20:44 +0330] "GET /host[24.0]/admin/index.php HTTP/1.1" 200 2342 "-" "Mozilla/5.0 (Windows NT 10.0; Win64; x64) AppleWebKit/537.36 (KHTML, like Gecko) Chrome/121.0.0.0 Safari/537.36 Edg/121.0.0.0"
66.249.66.41 - - [06/Jul/2024:09:24:45 +0330] "GET /configs/sym404/root/usr/lib64/libltdl.so.7.3.0 HTTP/1.1" 200 18085 "-" "Mozilla/5.0 (Linux; Android 6.0.1; Nexus 5X Build/MMB29P) AppleWebKit/537.36 (KHTML, like Gecko) Chrome/125.0.6422.175 Mobile Safari/537.36 (compatible; Googlebot/2.1; +http://www.google.com/bot.html)"
3.93.17.166 - - [06/Jul/2024:09:31:41 +0330] "GET /cgi-bin/404.php?6-797967704b5369323074665054637a4d3053744f5445744c4c386f764c64424c7a73384641413d3d-specific HTTP/2.0" 200 29511 "-" "Mozilla/5.0 (Windows NT 10.0; Win64; x64) AppleWebKit/537.36 (KHTML, like Gecko) Chrome/120.0.6099.224 Safari/537.36"
3.93.17.166 - - [06/Jul/2024:09:31:44 +0330] "POST /cgi-bin/404.php HTTP/2.0" 200 697 "-" "Mozilla/5.0 (Windows NT 10.0; Win64; x64) AppleWebKit/537.36 (KHTML, like Gecko) Chrome/120.0.6099.224 Safari/537.36"
66.249.66.41 - - [06/Jul/2024:09:34:47 +0330] "GET /sym404/root/usr/bin/nf-monitor HTTP/1.1" 200 3868 "-" "Mozilla/5.0 (Linux; Android 6.0.1; Nexus 5X Build/MMB29P) AppleWebKit/537.36 (KHTML, like Gecko) Chrome/125.0.6422.175 Mobile Safari/537.36 (compatible; Googlebot/2.1; +http://www.google.com/bot.html)"
66.249.66.42 - - [06/Jul/2024:09:34:48 +0330] "GET /configs/sym404/root/lib64/libaspell.so.15 HTTP/1.1" 200 281560 "-" "Mozilla/5.0 (Linux; Android 6.0.1; Nexus 5X Build/MMB29P) AppleWebKit/537.36 (KHTML, like Gecko) Chrome/125.0.6422.175 Mobile Safari/537.36 (compatible; Googlebot/2.1; +http://www.google.com/bot.html)"
78.148.78.93 - - [06/Jul/2024:09:35:33 +0330] "GET /host[24.0]/admin/index.php HTTP/1.1" 200 4132 "-" "Mozilla/5.0 (Macintosh; Intel Mac OS X 10_15_7) AppleWebKit/537.36 (KHTML, like Gecko) Chrome/120.0.0.0 Safari/537.36"
206.189.247.132 - - [06/Jul/2024:09:35:33 +0330] "GET /host[24.0]/admin/index.php HTTP/1.1" 200 2342 "-" "Mozilla/5.0 (Macintosh; Intel Mac OS X 10_15_7) AppleWebKit/537.36 (KHTML, like Gecko) Chrome/120.0.0.0 Safari/537.36"
37.120.233.41 - - [06/Jul/2024:09:35:33 +0330] "GET /host[24.0]/admin/index.php HTTP/1.1" 200 2342 "-" "Mozilla/5.0 (Macintosh; Intel Mac OS X 10_15_7) AppleWebKit/537.36 (KHTML, like Gecko) Chrome/120.0.0.0 Safari/537.36"
157.230.195.44 - - [06/Jul/2024:09:35:35 +0330] "GET /host[24.0]/admin/index.php HTTP/1.1" 200 2342 "-" "Mozilla/5.0 (Macintosh; Intel Mac OS X 10_15_7) AppleWebKit/537.36 (KHTML, like Gecko) Chrome/120.0.0.0 Safari/537.36"
3.238.249.11 - - [06/Jul/2024:09:35:43 +0330] "GET /cgi-bin/404.php?6-797967704b5369323074665054637a4d3053744f5445744c4c386f764c64424c7a73384641413d3d-specific HTTP/2.0" 200 29538 "-" "Mozilla/5.0 (Windows NT 10.0; Win64; x64) AppleWebKit/537.36 (KHTML, like Gecko) Chrome/120.0.6099.224 Safari/537.36"
3.238.249.11 - - [06/Jul/2024:09:35:46 +0330] "POST /cgi-bin/404.php HTTP/2.0" 200 693 "-" "Mozilla/5.0 (Windows NT 10.0; Win64; x64) AppleWebKit/537.36 (KHTML, like Gecko) Chrome/120.0.6099.224 Safari/537.36"
66.249.66.41 - - [06/Jul/2024:09:35:53 +0330] "GET /sym404/root/proc/14150/net/mcfilter6 HTTP/1.1" 404 - "-" "Mozilla/5.0 (Linux; Android 6.0.1; Nexus 5X Build/MMB29P) AppleWebKit/537.36 (KHTML, like Gecko) Chrome/125.0.6422.175 Mobile Safari/537.36 (compatible; Googlebot/2.1; +http://www.google.com/bot.html)"
44.199.213.138 - - [06/Jul/2024:09:36:01 +0330] "GET /cgi-bin/404.php?6-797967704b5369323074665054637a4d3053744f5445744c4c386f764c64424c7a73384641413d3d-specific HTTP/2.0" 200 29591 "-" "Mozilla/5.0 (Windows NT 10.0; Win64; x64) AppleWebKit/537.36 (KHTML, like Gecko) Chrome/120.0.6099.224 Safari/537.36"
44.199.213.138 - - [06/Jul/2024:09:36:05 +0330] "POST /cgi-bin/404.php HTTP/2.0" 200 695 "-" "Mozilla/5.0 (Windows NT 10.0; Win64; x64) AppleWebKit/537.36 (KHTML, like Gecko) Chrome/120.0.6099.224 Safari/537.36"
107.21.188.188 - - [06/Jul/2024:09:36:45 +0330] "GET /cgi-bin/404.php?6-797967704b5369323074665054637a4d3053744f5445744c4c386f764c64424c7a73384641413d3d-specific HTTP/2.0" 200 29631 "-" "Mozilla/5.0 (Windows NT 10.0; Win64; x64) AppleWebKit/537.36 (KHTML, like Gecko) Chrome/120.0.6099.224 Safari/537.36"
107.21.188.188 - - [06/Jul/2024:09:36:48 +0330] "POST /cgi-bin/404.php HTTP/2.0" 200 698 "-" "Mozilla/5.0 (Windows NT 10.0; Win64; x64) AppleWebKit/537.36 (KHTML, like Gecko) Chrome/120.0.6099.224 Safari/537.36"
66.249.66.40 - - [06/Jul/2024:09:39:11 +0330] "GET /configs/sym404/root/lib64/aspell-0.60/cp1251.cmap HTTP/1.1" 200 4433 "-" "Mozilla/5.0 (Linux; Android 6.0.1; Nexus 5X Build/MMB29P) AppleWebKit/537.36 (KHTML, like Gecko) Chrome/125.0.6422.175 Mobile Safari/537.36 (compatible; GoogleOther)"
